Plack-Middleware-Session v0.31 Perl 5 v5.18.4 amd64-freebsd
- Status
- Fail
- From
- Slaven Rezić (SREZIC)
- Dist
-
Plack-Middleware-Session v0.31
- Platform
- Perl 5 v5.18.4 amd64-freebsd
- Date
- 2019-02-26 19:23:30
- ID
- ffa89bdc-39fb-11e9-8a5f-fdb7fe1b39d4
This distribution has been tested as part of the CPAN Testers
project, supporting the Perl programming language. See
http://wiki.cpantesters.org/ for more information or email
questions to cpan-testers-discuss@perl.org
--
Dear Tatsuhiko Miyagawa,
This is a computer-generated report for Plack-Middleware-Session-0.31
on perl 5.18.4, created by CPAN-Reporter-1.2018.
Thank you for uploading your work to CPAN. However, there was a problem
testing your distribution.
If you think this report is invalid, please consult the CPAN Testers Wiki
for suggestions on how to avoid getting FAIL reports for missing library
or binary dependencies, unsupported operating systems, and so on:
http://wiki.cpantesters.org/wiki/CPANAuthorNotes
Sections of this report:
* Tester comments
* Program output
* Prerequisites
* Environment and other context
------------------------------
TESTER COMMENTS
------------------------------
Additional comments from tester:
none provided
------------------------------
PROGRAM OUTPUT
------------------------------
Output from './Build test':
t/000_load.t ................... ok
t/001_basic.t .................. ok
t/001a_basic.t ................. ok
t/002_basic_w_cookie.t ......... ok
t/002a_basic_w_cookie.t ........ ok
t/003_basic_w_file_store.t ..... ok
t/003a_basic_w_file_store.t .... ok
t/004_basic_file_w_customs.t ... ok
t/004a_basic_file_w_customs.t .. ok
t/005_basic_w_cache_store.t .... ok
t/005a_basic_w_cache_store.t ... ok
t/006_basic_w_dbi_store.t ...... ok
t/010_middleware.t ............. ok
t/010a_middleware.t ............ ok
t/012_streaming.t .............. ok
t/013_cookiestore.t ............ ok
t/014_cookie_options.t ......... ok
# Failed test at t/015_cookie_options_mw.t line 28.
# 'plack_session=24b6133fbe6c62c4c8f555cb8f6976f5361a8095; domain=.example.com; HttpOnly'
# doesn't match '(?^:plack_session=\w+; domain=.example.com; SameSite=Lax; HttpOnly)'
# Failed test at t/015_cookie_options_mw.t line 31.
# 'plack_session=59bb8e8f292acfb9784e114a16637f1670fc4def; domain=.example.com; path=/foo; HttpOnly'
# doesn't match '(?^:plack_session=\w+; domain=.example.com; path=/foo; SameSite=Lax; HttpOnly)'
# Looks like you failed 2 tests of 2.
t/015_cookie_options_mw.t ......
Dubious, test returned 2 (wstat 512, 0x200)
Failed 2/2 subtests
t/016_cookiestore_w_customs.t .. ok
t/author-pod-syntax.t .......... skipped: these tests are for testing by the author
Test Summary Report
-------------------
t/015_cookie_options_mw.t (Wstat: 512 Tests: 2 Failed: 2)
Failed tests: 1-2
Non-zero exit status: 2
Files=20, Tests=513, 6 wallclock secs ( 0.10 usr 0.07 sys + 3.02 cusr 0.98 csys = 4.17 CPU)
Result: FAIL
------------------------------
PREREQUISITES
------------------------------
Prerequisite modules loaded:
requires:
Module Need Have
------------------- ------ --------
Cookie::Baker 0 0.08
Digest::HMAC_SHA1 1.03 1.03
Digest::SHA1 0 2.13
Plack 0.9910 1.0047
build_requires:
Module Need Have
------------------- ------ --------
HTTP::Cookies 0 6.04
LWP::UserAgent 0 6.34
Test::Fatal 0.006 0.014
Test::More 0.88 1.302162
Test::Requires 0 0.10
configure_requires:
Module Need Have
------------------- ------ --------
Module::Build::Tiny 0.034 0.039
------------------------------
ENVIRONMENT AND OTHER CONTEXT
------------------------------
Environment variables:
PATH = /usr/local/bin:/usr/bin:/bin:/usr/local/sbin:/usr/sbin:/sbin:/home/cpansand/bin/sh:/home/cpansand/bin:/usr/games:/home/cpansand/devel:/home/eserte/src/srezic-misc/scripts
PERL5LIB = /home/cpansand/.cpan/build/2019022703/EPublisher-Source-Plugin-PerltutsCom-0.6_01-1/blib/arch:/home/cpansand/.cpan/build/2019022703/EPublisher-Source-Plugin-PerltutsCom-0.6_01-1/blib/lib:/home/cpansand/.cpan/build/2019022703/EPublisher-1.27-1/blib/arch:/home/cpansand/.cpan/build/2019022703/EPublisher-1.27-1/blib/lib:/home/cpansand/.cpan/build/2019022703/Map-Tube-London-1.28-1/blib/arch:/home/cpansand/.cpan/build/2019022703/Map-Tube-London-1.28-1/blib/lib:/home/cpansand/.cpan/build/2019022703/Map-Tube-3.60-1/blib/arch:/home/cpansand/.cpan/build/2019022703/Map-Tube-3.60-1/blib/lib:/home/cpansand/.cpan/build/2019022703/Map-Tube-Exception-3.19-1/blib/arch:/home/cpansand/.cpan/build/2019022703/Map-Tube-Exception-3.19-1/blib/lib
PERL5OPT =
PERL5_CPANPLUS_IS_RUNNING = 81893
PERL5_CPAN_IS_RUNNING = 81893
PERL5_CPAN_IS_RUNNING_IN_RECURSION = 81324,81893
PERL_BATCH = yes
PERL_CANARY_STABILITY_NOPROMPT = 1
PERL_CPAN_REPORTER_CONFIG = /var/tmp/cpansmoker-1023/2019022703/cpanreporter_000_config.ini
PERL_EXTUTILS_AUTOINSTALL = --defaultdeps
SHELL = /bin/sh
TMPDIR = /var/tmp/cpansmoker-1023/2019022703
Perl special variables (and OS-specific diagnostics, for MSWin32):
$^X = /usr/perl5.18.4p/bin/perl
$UID/$EUID = 1023 / 1023
$GID = 1023 1023
$EGID = 1023 1023
Perl module toolchain versions installed:
Module Have
------------------- --------
CPAN 2.16
CPAN::Meta 2.150010
Cwd 3.75
ExtUtils::CBuilder 0.280230
ExtUtils::Command 7.34
ExtUtils::Install 2.06
ExtUtils::MakeMaker 7.34
ExtUtils::Manifest 1.70
ExtUtils::ParseXS 3.35
File::Spec 3.75
JSON 4.02
JSON::PP 4.02
Module::Build 0.4224
Module::Signature 0.81
Parse::CPAN::Meta 2.150010
Test::Harness 3.42
Test::More 1.302162
YAML 1.26
YAML::Syck 1.30
version 0.9924
--
Summary of my perl5 (revision 5 version 18 subversion 4) configuration:
Platform:
osname=freebsd, osvers=11.1-stable, archname=amd64-freebsd
uname='freebsd ali3.bbbike.org 11.1-stable freebsd 11.1-stable #0 b7ba9aef7e5(stable11): wed oct 11 00:23:27 utc 2017 root@ali3.bbbike.org:usrobjhomeprojectsfreebsdsysgeneric amd64 '
config_args='-ds -e -Dprefix=/usr/perl5.18.4p -Dcf_email=srezic@cpan.org -Doptimize=-O2 -pipe'
hint=recommended, useposix=true, d_sigaction=define
useithreads=undef, usemultiplicity=undef
useperlio=define, d_sfio=undef, uselargefiles=define, usesocks=undef
use64bitint=define, use64bitall=define, uselongdouble=undef
usemymalloc=n, bincompat5005=undef
Compiler:
cc='cc', ccflags ='-DHAS_FPSETMASK -DHAS_FLOATINGPOINT_H -fno-strict-aliasing -pipe -fstack-protector -I/usr/local/include',
optimize='-O2 -pipe',
cppflags='-DHAS_FPSETMASK -DHAS_FLOATINGPOINT_H -fno-strict-aliasing -pipe -fstack-protector -I/usr/local/include'
ccversion='', gccversion='4.2.1 Compatible FreeBSD Clang 5.0.0 (tags/RELEASE_500/final 312559)', gccosandvers=''
intsize=4, longsize=8, ptrsize=8, doublesize=8, byteorder=12345678
d_longlong=define, longlongsize=8, d_longdbl=define, longdblsize=16
ivtype='long', ivsize=8, nvtype='double', nvsize=8, Off_t='off_t', lseeksize=8
alignbytes=8, prototype=define
Linker and Libraries:
ld='cc', ldflags ='-pthread -Wl,-E -fstack-protector -L/usr/local/lib'
libpth=/usr/lib /usr/local/lib
libs=-lgdbm -lm -lcrypt -lutil -lc
perllibs=-lm -lcrypt -lutil -lc
libc=, so=so, useshrplib=false, libperl=libperl.a
gnulibc_version=''
Dynamic Linking:
dlsrc=dl_dlopen.xs, dlext=so, d_dlsymun=undef, ccdlflags=' '
cccdlflags='-DPIC -fPIC', lddlflags='-shared -L/usr/local/lib -fstack-protector'
Characteristics of this binary (from libperl):
Compile-time options: HAS_TIMES PERLIO_LAYERS PERL_DONT_CREATE_GVSV
PERL_HASH_FUNC_ONE_AT_A_TIME_HARD PERL_MALLOC_WRAP
PERL_PRESERVE_IVUV PERL_SAWAMPERSAND USE_64_BIT_ALL
USE_64_BIT_INT USE_LARGE_FILES USE_LOCALE
USE_LOCALE_COLLATE USE_LOCALE_CTYPE
USE_LOCALE_NUMERIC USE_PERLIO USE_PERL_ATOF
Built under freebsd
Compiled at Oct 19 2017 14:17:00
%ENV:
PERL5LIB="/home/cpansand/.cpan/build/2019022703/EPublisher-Source-Plugin-PerltutsCom-0.6_01-1/blib/arch:/home/cpansand/.cpan/build/2019022703/EPublisher-Source-Plugin-PerltutsCom-0.6_01-1/blib/lib:/home/cpansand/.cpan/build/2019022703/EPublisher-1.27-1/blib/arch:/home/cpansand/.cpan/build/2019022703/EPublisher-1.27-1/blib/lib:/home/cpansand/.cpan/build/2019022703/Map-Tube-London-1.28-1/blib/arch:/home/cpansand/.cpan/build/2019022703/Map-Tube-London-1.28-1/blib/lib:/home/cpansand/.cpan/build/2019022703/Map-Tube-3.60-1/blib/arch:/home/cpansand/.cpan/build/2019022703/Map-Tube-3.60-1/blib/lib:/home/cpansand/.cpan/build/2019022703/Map-Tube-Exception-3.19-1/blib/arch:/home/cpansand/.cpan/build/2019022703/Map-Tube-Exception-3.19-1/blib/lib"
PERL5OPT=""
PERL5_CPANPLUS_IS_RUNNING="81893"
PERL5_CPAN_IS_RUNNING="81893"
PERL5_CPAN_IS_RUNNING_IN_RECURSION="81324,81893"
PERL_BATCH="yes"
PERL_CANARY_STABILITY_NOPROMPT="1"
PERL_CPAN_REPORTER_CONFIG="/var/tmp/cpansmoker-1023/2019022703/cpanreporter_000_config.ini"
PERL_EXTUTILS_AUTOINSTALL="--defaultdeps"
@INC:
/home/cpansand/.cpan/build/2019022703/EPublisher-Source-Plugin-PerltutsCom-0.6_01-1/blib/arch
/home/cpansand/.cpan/build/2019022703/EPublisher-Source-Plugin-PerltutsCom-0.6_01-1/blib/lib
/home/cpansand/.cpan/build/2019022703/EPublisher-1.27-1/blib/arch
/home/cpansand/.cpan/build/2019022703/EPublisher-1.27-1/blib/lib
/home/cpansand/.cpan/build/2019022703/Map-Tube-London-1.28-1/blib/arch
/home/cpansand/.cpan/build/2019022703/Map-Tube-London-1.28-1/blib/lib
/home/cpansand/.cpan/build/2019022703/Map-Tube-3.60-1/blib/arch
/home/cpansand/.cpan/build/2019022703/Map-Tube-3.60-1/blib/lib
/home/cpansand/.cpan/build/2019022703/Map-Tube-Exception-3.19-1/blib/arch
/home/cpansand/.cpan/build/2019022703/Map-Tube-Exception-3.19-1/blib/lib
/usr/perl5.18.4p/lib/site_perl/5.18.4/amd64-freebsd
/usr/perl5.18.4p/lib/site_perl/5.18.4
/usr/perl5.18.4p/lib/5.18.4/amd64-freebsd
/usr/perl5.18.4p/lib/5.18.4
.