Signals-XSIG v1.00 Perl 5 v5.34.1 amd64-freebsd-thread-multi

Status
Fail
From
Chris Williams (BINGOS)
Dist
Signals-XSIG v1.00
Platform
Perl 5 v5.34.1 amd64-freebsd-thread-multi
Date
2022-06-02 23:01:55
ID
ff7b3ba6-e2c7-11ec-8f4e-c962458f5e5b
This distribution has been tested as part of the CPAN Testers
project, supporting the Perl programming language.  See
http://wiki.cpantesters.org/ for more information or email
questions to cpan-testers-discuss@perl.org


--

Dear MOB,

This is a computer-generated error report created automatically by
CPANPLUS, version 0.9914. Testers personal comments may appear
at the end of this report.


Thank you for uploading your work to CPAN.  However, it appears that
there were some problems testing your distribution.

TEST RESULTS:

Below is the error stack from stage 'make test':

PERL_DL_NONLAZY=1 "/usr/home/cpan/pit/thr/perl-5.34.1/bin/perl" "-MExtUtils::Command::MM" "-MTest::Harness" "-e" "undef *Test::Harness::Switches; test_harness(0, 'blib/lib', 'blib/arch')" t/*.t
# Testing Signals::XSIG 1.00, Perl 5.034001, /usr/home/cpan/pit/thr/perl-5.34.1/bin/perl
t/00-load.t ............... ok
No such signal: SIGxyz at /usr/home/cpan/pit/thr/conf/perl-5.34.1/.cpanplus/5.34.1/build/OZUy9IxNt7/Signals-XSIG-1.00/blib/lib/Signals/XSIG.pm line 247, <DATA> line 292.
t/01-SIG.t ................ ok
t/02-SIGhash.t ............ ok
t/03-XSIG.t ............... ok
t/04-XSIGarray.t .......... ok
t/05-XSIGhash.t ........... ok
t/10-handlers.t ........... ok
# local %SIG is not tied on 5.034001
t/11-local.t .............. ok
t/12-unimport.t ........... ok
t/20a-defaults.t .......... ok

#   Failed test 'SIGTSTP exit status match: 9 == 0'
#   at t/20-defaults.tt line 277.

#   Failed test 'program output with SIGTSTP match: system: [] ; module: [Hello world
# Foo!] ; 0 === 16'
#   at t/20-defaults.tt line 293.

#   Failed test 'suspend behavior for SIGTSTP matches (0 1622 / 1623 1623)'
#   at t/20-defaults.tt line 298.
# Default behavior failures for SIGTSTP

#   Failed test 'SIGTTIN exit status match: 9 == 0'
#   at t/20-defaults.tt line 277.

#   Failed test 'program output with SIGTTIN match: system: [] ; module: [Hello world
# Foo!] ; 0 === 16'
#   at t/20-defaults.tt line 293.

#   Failed test 'suspend behavior for SIGTTIN matches (0 1626 / 1627 1627)'
#   at t/20-defaults.tt line 298.
# Default behavior failures for SIGTTIN

#   Failed test 'SIGTTOU exit status match: 9 == 0'
#   at t/20-defaults.tt line 277.

#   Failed test 'program output with SIGTTOU match: system: [] ; module: [Hello world
# Foo!] ; 0 === 16'
#   at t/20-defaults.tt line 293.

#   Failed test 'suspend behavior for SIGTTOU matches (0 1628 / 1629 1629)'
#   at t/20-defaults.tt line 298.
# Default behavior failures for SIGTTOU
# Failures detected with PAUSE_TIME=5
# If these are intermittent failures, they might go away if you
# increase the pause time. Try
# 
#      PAUSE_TIME=10 make test
# 
Can't open perl script "spike/analyze_default_signal_behavior1.pl": No such file or directory
# Looks like you failed 9 tests of 15.
t/20b-defaults.t .......... 
Dubious, test returned 9 (wstat 2304, 0x900)
Failed 9/15 subtests 
t/20c-defaults.t .......... ok
t/21-override-defaults.t .. ok
t/manifest.t .............. skipped: Author tests not required for installation
t/pod-coverage.t .......... skipped: Test::Pod::Coverage 1.08 required for testing POD coverage
t/pod.t ................... skipped: Test::Pod 1.22 required for testing POD

Test Summary Report
-------------------
t/20b-defaults.t        (Wstat: 2304 (exited 9) Tests: 15 Failed: 9)
  Failed tests:  4-12
  Non-zero exit status: 9
Files=16, Tests=397, 185 wallclock secs ( 0.12 usr  0.08 sys +  3.54 cusr  6.23 csys =  9.98 CPU)
Result: FAIL
Failed 1/16 test programs. 9/397 subtests failed.
*** Error code 255

Stop.
make: stopped in /usr/home/cpan/pit/thr/conf/perl-5.34.1/.cpanplus/5.34.1/build/OZUy9IxNt7/Signals-XSIG-1.00


PREREQUISITES:

Here is a list of prerequisites you specified and versions we
managed to load:

	  Module Name                        Have     Want
	  ExtUtils::MakeMaker                7.64        0
	  Test::More                     1.302190        0

Perl module toolchain versions installed:
	Module Name                        Have
	CPANPLUS                         0.9914
	CPANPLUS::Dist::Build              0.90
	Cwd                                3.80
	ExtUtils::CBuilder             0.280236
	ExtUtils::Command                  7.64
	ExtUtils::Install                  2.20
	ExtUtils::MakeMaker                7.64
	ExtUtils::Manifest                 1.73
	ExtUtils::ParseXS                  3.44
	File::Spec                         3.80
	Module::Build                    0.4231
	Pod::Parser                           0
	Pod::Simple                        3.42
	Test2                          1.302190
	Test::Harness                      3.44
	Test::More                     1.302190
	version                          0.9929

******************************** NOTE ********************************
The comments above are created mechanically, possibly without manual
checking by the sender.  As there are many people performing automatic
tests on each upload to CPAN, it is likely that you will receive
identical messages about the same problem.

If you believe that the message is mistaken, please reply to the first
one with correction and/or additional informations, and do not take
it personally.  We appreciate your patience. :)
**********************************************************************

Additional comments:


This report was machine-generated by CPANPLUS::Dist::YACSmoke 1.08.
Powered by minismokebox version 0.68

CPANPLUS is prefering Build.PL

------------------------------
ENVIRONMENT AND OTHER CONTEXT
------------------------------

Environment variables:

    AUTOMATED_TESTING = 1
    NONINTERACTIVE_TESTING = 1
    PATH = /usr/home/cpan/pit/jail/5GXHC7MoaR/bin:/sbin:/bin:/usr/sbin:/usr/bin:/usr/local/sbin:/usr/local/bin:/home/cpan/bin
    PERL5LIB = /usr/home/cpan/pit/jail/5GXHC7MoaR/lib/perl5:/usr/home/cpan/pit/thr/conf/perl-5.34.1/.cpanplus/5.34.1/build/OZUy9IxNt7/Signals-XSIG-1.00/blib/lib:/usr/home/cpan/pit/thr/conf/perl-5.34.1/.cpanplus/5.34.1/build/OZUy9IxNt7/Signals-XSIG-1.00/blib/arch
    PERL5_CPANPLUS_IS_RUNNING = 1485
    PERL5_CPANPLUS_IS_VERSION = 0.9914
    PERL5_MINISMOKEBOX = 0.68
    PERL5_YACSMOKE_BASE = /usr/home/cpan/pit/thr/conf/perl-5.34.1
    PERL_EXTUTILS_AUTOINSTALL = --defaultdeps
    PERL_LOCAL_LIB_ROOT = /usr/home/cpan/pit/jail/5GXHC7MoaR
    PERL_MB_OPT = --install_base "/usr/home/cpan/pit/jail/5GXHC7MoaR"
    PERL_MM_OPT = INSTALL_BASE=/usr/home/cpan/pit/jail/5GXHC7MoaR
    PERL_MM_USE_DEFAULT = 1
    SHELL = /usr/local/bin/bash
    TERM = screen

Perl special variables (and OS-specific diagnostics, for MSWin32):

    Perl: $^X = /usr/home/cpan/pit/thr/perl-5.34.1/bin/perl
    UID:  $<  = 1002
    EUID: $>  = 1002
    GID:  $(  = 1002 1002
    EGID: $)  = 1002 1002


-------------------------------


--

Summary of my perl5 (revision 5 version 34 subversion 1) configuration:
   
  Platform:
    osname=freebsd
    osvers=12.3-release
    archname=amd64-freebsd-thread-multi
    uname='freebsd fforc 12.3-release freebsd 12.3-release r371126 generic amd64 '
    config_args='-des -Dprefix=/usr/home/cpan/pit/thr/perl-5.34.1 -Dusethreads'
    hint=recommended
    useposix=true
    d_sigaction=define
    useithreads=define
    usemultiplicity=define
    use64bitint=define
    use64bitall=define
    uselongdouble=undef
    usemymalloc=n
    default_inc_excludes_dot=define
  Compiler:
    cc='cc'
    ccflags ='-DHAS_FPSETMASK -DHAS_FLOATINGPOINT_H -fno-strict-aliasing -pipe -fstack-protector-strong -I/usr/local/include'
    optimize='-O2'
    cppflags='-DHAS_FPSETMASK -DHAS_FLOATINGPOINT_H -fno-strict-aliasing -pipe -fstack-protector-strong -I/usr/local/include'
    ccversion=''
    gccversion='FreeBSD Clang 10.0.1 (git@github.com:llvm/llvm-project.git llvmorg-10.0.1-0-gef32c611aa2)'
    gccosandvers=''
    intsize=4
    longsize=8
    ptrsize=8
    doublesize=8
    byteorder=12345678
    doublekind=3
    d_longlong=define
    longlongsize=8
    d_longdbl=define
    longdblsize=16
    longdblkind=3
    ivtype='long'
    ivsize=8
    nvtype='double'
    nvsize=8
    Off_t='off_t'
    lseeksize=8
    alignbytes=8
    prototype=define
  Linker and Libraries:
    ld='cc'
    ldflags ='-pthread -Wl,-E  -fstack-protector-strong -L/usr/local/lib'
    libpth=/usr/lib /usr/local/lib /usr/lib/clang/10.0.1/lib
    libs=-lpthread -lgdbm -ldl -lm -lcrypt -lutil
    perllibs=-lpthread -ldl -lm -lcrypt -lutil
    libc=
    so=so
    useshrplib=false
    libperl=libperl.a
    gnulibc_version=''
  Dynamic Linking:
    dlsrc=dl_dlopen.xs
    dlext=so
    d_dlsymun=undef
    ccdlflags=' '
    cccdlflags='-DPIC -fPIC'
    lddlflags='-shared  -L/usr/local/lib -fstack-protector-strong'


Characteristics of this binary (from libperl): 
  Compile-time options:
    HAS_TIMES
    MULTIPLICITY
    PERLIO_LAYERS
    PERL_COPY_ON_WRITE
    PERL_DONT_CREATE_GVSV
    PERL_IMPLICIT_CONTEXT
    PERL_MALLOC_WRAP
    PERL_OP_PARENT
    PERL_PRESERVE_IVUV
    USE_64_BIT_ALL
    USE_64_BIT_INT
    USE_ITHREADS
    USE_LARGE_FILES
    USE_LOCALE
    USE_LOCALE_COLLATE
    USE_LOCALE_CTYPE
    USE_LOCALE_NUMERIC
    USE_LOCALE_TIME
    USE_PERLIO
    USE_PERL_ATOF
    USE_REENTRANT_API
    USE_THREAD_SAFE_LOCALE
  Built under freebsd
  Compiled at Mar 22 2022 21:52:04
  %ENV:
    PERL5LIB="/usr/home/cpan/pit/jail/5GXHC7MoaR/lib/perl5:/usr/home/cpan/pit/thr/conf/perl-5.34.1/.cpanplus/5.34.1/build/OZUy9IxNt7/Signals-XSIG-1.00/blib/lib:/usr/home/cpan/pit/thr/conf/perl-5.34.1/.cpanplus/5.34.1/build/OZUy9IxNt7/Signals-XSIG-1.00/blib/arch"
    PERL5_CPANPLUS_IS_RUNNING="1485"
    PERL5_CPANPLUS_IS_VERSION="0.9914"
    PERL5_MINISMOKEBOX="0.68"
    PERL5_YACSMOKE_BASE="/usr/home/cpan/pit/thr/conf/perl-5.34.1"
    PERL_EXTUTILS_AUTOINSTALL="--defaultdeps"
    PERL_LOCAL_LIB_ROOT="/usr/home/cpan/pit/jail/5GXHC7MoaR"
    PERL_MB_OPT="--install_base "/usr/home/cpan/pit/jail/5GXHC7MoaR""
    PERL_MM_OPT="INSTALL_BASE=/usr/home/cpan/pit/jail/5GXHC7MoaR"
    PERL_MM_USE_DEFAULT="1"
  @INC:
    /usr/home/cpan/pit/jail/5GXHC7MoaR/lib/perl5/5.34.1/amd64-freebsd-thread-multi
    /usr/home/cpan/pit/jail/5GXHC7MoaR/lib/perl5/5.34.1
    /usr/home/cpan/pit/jail/5GXHC7MoaR/lib/perl5/amd64-freebsd-thread-multi
    /usr/home/cpan/pit/jail/5GXHC7MoaR/lib/perl5
    /usr/home/cpan/pit/thr/conf/perl-5.34.1/.cpanplus/5.34.1/build/OZUy9IxNt7/Signals-XSIG-1.00/blib/lib
    /usr/home/cpan/pit/thr/conf/perl-5.34.1/.cpanplus/5.34.1/build/OZUy9IxNt7/Signals-XSIG-1.00/blib/arch
    /usr/home/cpan/pit/thr/perl-5.34.1/lib/site_perl/5.34.1/amd64-freebsd-thread-multi
    /usr/home/cpan/pit/thr/perl-5.34.1/lib/site_perl/5.34.1
    /usr/home/cpan/pit/thr/perl-5.34.1/lib/5.34.1/amd64-freebsd-thread-multi
    /usr/home/cpan/pit/thr/perl-5.34.1/lib/5.34.1