Report for ApacheBench-0.70

Back
From: metabase:user:322078bc-2aae-11df-837a-5e0a49663a4f
Subject: FAIL ApacheBench-0.70 v5.12.1 NetBSD
Date: 2010-11-20T11:54:58Z

This distribution has been tested as part of the CPAN Testers
project, supporting the Perl programming language.  See
http://wiki.cpantesters.org/ for more information or email
questions to cpan-testers-discuss@perl.org


--

Dear ADIRAJ,
    
This is a computer-generated error report created automatically by
CPANPLUS, version 0.9010. Testers personal comments may appear 
at the end of this report.


Thank you for uploading your work to CPAN.  However, it appears that
there were some problems testing your distribution.

TEST RESULTS:

Below is the error stack from stage 'make test':

[MSG] [Sat Nov 20 11:54:50 2010] Trying to get 'ftp://cpan.bingosnet.co.uk/CPAN/authors/id/A/AD/ADIRAJ/CHECKSUMS'
[MSG] [Sat Nov 20 11:54:51 2010] Archive size is not known for 'ApacheBench-0.70.tar.gz'
[MSG] [Sat Nov 20 11:54:51 2010] No 'md5' checksum known for 'ApacheBench-0.70.tar.gz'
[MSG] [Sat Nov 20 11:54:52 2010] Extracted 'ApacheBench' to '/home/cpan/pit/bare/conf/perl-5.12.1/.cpanplus/5.12.1/build/ApacheBench-0.70'
[MSG] [Sat Nov 20 11:54:52 2010] CPANPLUS is prefering Build.PL
[MSG] [Sat Nov 20 11:54:52 2010] Loading YACSmoke database "/home/cpan/pit/bare/conf/perl-5.12.1/.cpanplus/cpansmoke.dat"
[MSG] [Sat Nov 20 11:54:53 2010] Checking if your kit is complete...
Looks good
Writing Makefile for HTTPD::Bench::ApacheBench
Writing Makefile for HTTPD::Bench::ApacheBench

[MSG] [Sat Nov 20 11:54:53 2010] DEFAULT 'filter_prereqs' HANDLER RETURNING 'sub return value'
[MSG] [Sat Nov 20 11:54:53 2010] Checking for previous PASS result for "ApacheBench-0.70"
[MSG] [Sat Nov 20 11:54:57 2010] cp lib/HTTPD/Bench/ApacheBench/Regression.pm blib/lib/HTTPD/Bench/ApacheBench/Regression.pm
cp lib/HTTPD/Bench/ApacheBench/Run.pm blib/lib/HTTPD/Bench/ApacheBench/Run.pm
cp lib/HTTPD/Bench/ApacheBench.pm blib/lib/HTTPD/Bench/ApacheBench.pm
/home/cpan/pit/bare/perl-5.12.1/bin/perl /home/cpan/pit/bare/perl-5.12.1/lib/5.12.1/ExtUtils/xsubpp  -typemap /home/cpan/pit/bare/perl-5.12.1/lib/5.12.1/ExtUtils/typemap  ApacheBench.xs > ApacheBench.xsc && mv ApacheBench.xsc ApacheBench.c
cc -c    -fno-strict-aliasing -pipe -fstack-protector -I/usr/pkg/include -O    -DVERSION=\"0.70\"  -DXS_VERSION=\"0.70\" -DPIC -fPIC "-I/home/cpan/pit/bare/perl-5.12.1/lib/5.12.1/i386-netbsd/CORE"   ApacheBench.c
Running Mkbootstrap for HTTPD::Bench::ApacheBench ()
chmod 644 ApacheBench.bs
rm -f ../blib/arch/auto/HTTPD/Bench/ApacheBench/ApacheBench.so
cc  --whole-archive -shared  -L/usr/pkg/lib -fstack-protector ApacheBench.o  -o ../blib/arch/auto/HTTPD/Bench/ApacheBench/ApacheBench.so 	    	 
chmod 755 ../blib/arch/auto/HTTPD/Bench/ApacheBench/ApacheBench.so
cp ApacheBench.bs ../blib/arch/auto/HTTPD/Bench/ApacheBench/ApacheBench.bs
chmod 644 ../blib/arch/auto/HTTPD/Bench/ApacheBench/ApacheBench.bs
Manifying blib/man3/HTTPD::Bench::ApacheBench.3

[ERROR] [Sat Nov 20 11:54:57 2010] MAKE TEST failed: No such file or directory PERL_DL_NONLAZY=1 /home/cpan/pit/bare/perl-5.12.1/bin/perl "-MExtUtils::Command::MM" "-e" "test_harness(0, 'blib/lib', 'blib/arch')" t/*.t
Can't load '/home/cpan/pit/bare/conf/perl-5.12.1/.cpanplus/5.12.1/build/ApacheBench-0.70/blib/arch/auto/HTTPD/Bench/ApacheBench/ApacheBench.so' for module HTTPD::Bench::ApacheBench: /home/cpan/pit/bare/conf/perl-5.12.1/.cpanplus/5.12.1/build/ApacheBench-0.70/blib/arch/auto/HTTPD/Bench/ApacheBench/ApacheBench.so: Undefined PLT symbol "strnstr" (symnum = 68) at /home/cpan/pit/bare/perl-5.12.1/lib/5.12.1/i386-netbsd/DynaLoader.pm line 200.
 at t/test1_global_config.t line 8
Compilation failed in require at t/test1_global_config.t line 8.
BEGIN failed--compilation aborted at t/test1_global_config.t line 8.
t/test1_global_config.t .. 
Dubious, test returned 2 (wstat 512, 0x200)
Failed 7/7 subtests 
Can't load '/home/cpan/pit/bare/conf/perl-5.12.1/.cpanplus/5.12.1/build/ApacheBench-0.70/blib/arch/auto/HTTPD/Bench/ApacheBench/ApacheBench.so' for module HTTPD::Bench::ApacheBench: /home/cpan/pit/bare/conf/perl-5.12.1/.cpanplus/5.12.1/build/ApacheBench-0.70/blib/arch/auto/HTTPD/Bench/ApacheBench/ApacheBench.so: Undefined PLT symbol "strnstr" (symnum = 68) at /home/cpan/pit/bare/perl-5.12.1/lib/5.12.1/i386-netbsd/DynaLoader.pm line 200.
 at t/test2_run_config.t line 8
Compilation failed in require at t/test2_run_config.t line 8.
BEGIN failed--compilation aborted at t/test2_run_config.t line 8.
t/test2_run_config.t ..... 
Dubious, test returned 2 (wstat 512, 0x200)
Failed 14/14 subtests 
Can't load '/home/cpan/pit/bare/conf/perl-5.12.1/.cpanplus/5.12.1/build/ApacheBench-0.70/blib/arch/auto/HTTPD/Bench/ApacheBench/ApacheBench.so' for module HTTPD::Bench::ApacheBench: /home/cpan/pit/bare/conf/perl-5.12.1/.cpanplus/5.12.1/build/ApacheBench-0.70/blib/arch/auto/HTTPD/Bench/ApacheBench/ApacheBench.so: Undefined PLT symbol "strnstr" (symnum = 68) at /home/cpan/pit/bare/perl-5.12.1/lib/5.12.1/i386-netbsd/DynaLoader.pm line 200.
 at t/test3_execute.t line 5
Compilation failed in require at t/test3_execute.t line 5.
BEGIN failed--compilation aborted at t/test3_execute.t line 5.
t/test3_execute.t ........ 
Dubious, test returned 2 (wstat 512, 0x200)
No subtests run 

Test Summary Report
-------------------
t/test1_global_config.t (Wstat: 512 Tests: 0 Failed: 0)
  Non-zero exit status: 2
  Parse errors: Bad plan.  You planned 7 tests but ran 0.
t/test2_run_config.t   (Wstat: 512 Tests: 0 Failed: 0)
  Non-zero exit status: 2
  Parse errors: Bad plan.  You planned 14 tests but ran 0.
t/test3_execute.t      (Wstat: 512 Tests: 0 Failed: 0)
  Non-zero exit status: 2
  Parse errors: No plan found in TAP output
Files=3, Tests=0,  0 wallclock secs ( 0.03 usr  0.06 sys +  0.10 cusr  0.10 csys =  0.29 CPU)
Result: FAIL


Stop.
make: stopped in /home/cpan/pit/bare/conf/perl-5.12.1/.cpanplus/5.12.1/build/ApacheBench-0.70
Failed 3/3 test programs. 0/0 subtests failed.
*** Error code 2
[MSG] [Sat Nov 20 11:54:57 2010] DEFAULT 'proceed_on_test_failure' HANDLER RETURNING 'sub return value'


Perl module toolchain versions installed:
	Module Name                        Have
	CPANPLUS                         0.9010
	CPANPLUS::Dist::Build              0.50
	Cwd                                3.33
	ExtUtils::CBuilder               0.2703
	ExtUtils::Command                  1.16
	ExtUtils::Install                  1.55
	ExtUtils::MakeMaker                6.56
	ExtUtils::Manifest                 1.58
	ExtUtils::ParseXS                2.2206
	File::Spec                         3.33
	Module::Build                    0.3607
	Test::Harness                      3.22
	Test::More                         0.96
	version                            0.85

******************************** NOTE ********************************
The comments above are created mechanically, possibly without manual
checking by the sender.  As there are many people performing automatic
tests on each upload to CPAN, it is likely that you will receive 
identical messages about the same problem.

If you believe that the message is mistaken, please reply to the first
one with correction and/or additional informations, and do not take
it personally.  We appreciate your patience. :)
**********************************************************************

Additional comments:
 

This report was machine-generated by CPANPLUS::Dist::YACSmoke 0.58.
Powered by minismokebox version 0.36

------------------------------
ENVIRONMENT AND OTHER CONTEXT
------------------------------

Environment variables:

    AUTOMATED_TESTING = 1
    PATH = /home/cpan/bin:/bin:/sbin:/usr/bin:/usr/sbin:/usr/X11R7/bin:/usr/X11R6/bin:/usr/pkg/bin:/usr/pkg/sbin:/usr/games:/usr/local/bin:/usr/local/sbin
    PERL5LIB = :/home/cpan/pit/bare/conf/perl-5.12.1/.cpanplus/5.12.1/build/ApacheBench-0.70/blib/lib:/home/cpan/pit/bare/conf/perl-5.12.1/.cpanplus/5.12.1/build/ApacheBench-0.70/blib/arch
    PERL5_CPANPLUS_IS_RUNNING = 20590
    PERL5_CPANPLUS_IS_VERSION = 0.9010
    PERL5_MINISMOKEBOX = 0.36
    PERL5_YACSMOKE_BASE = /home/cpan/pit/bare/conf/perl-5.12.1
    PERL_EXTUTILS_AUTOINSTALL = --defaultdeps
    PERL_MM_USE_DEFAULT = 1
    SHELL = /usr/pkg/bin/bash
    TERM = screen

Perl special variables (and OS-specific diagnostics, for MSWin32):

    Perl: $^X = /home/cpan/pit/bare/perl-5.12.1/bin/perl
    UID:  $<  = 1000
    EUID: $>  = 1000
    GID:  $(  = 100 100
    EGID: $)  = 100 100


-------------------------------


--

Summary of my perl5 (revision 5 version 12 subversion 1) configuration:
   
  Platform:
    osname=netbsd, osvers=5.0.2, archname=i386-netbsd
    uname='netbsd neville.bingosnet.co.uk 5.0.2 netbsd 5.0.2 (generic) #0: sat feb 6 17:53:27 utc 2010 builds@b7.netbsd.org:homebuildsabnetbsd-5-0-2-releasei386201002061851z-objhomebuildsabnetbsd-5-0-2-releasesrcsysarchi386compilegeneric i386 '
    config_args='-des -Dprefix=/home/cpan/pit/bare/perl-5.12.1 -Dusemallocwrap=y -Dusemymalloc=n'
    hint=recommended, useposix=true, d_sigaction=define
    useithreads=undef, usemultiplicity=undef
    useperlio=define, d_sfio=undef, uselargefiles=define, usesocks=undef
    use64bitint=undef, use64bitall=undef, uselongdouble=undef
    usemymalloc=n, bincompat5005=undef
  Compiler:
    cc='cc', ccflags ='-fno-strict-aliasing -pipe -fstack-protector -I/usr/pkg/include',
    optimize='-O',
    cppflags='-fno-strict-aliasing -pipe -fstack-protector -I/usr/pkg/include'
    ccversion='', gccversion='4.1.3 20080704 prerelease (NetBSD nb2 20081120)', gccosandvers=''
    intsize=4, longsize=4, ptrsize=4, doublesize=8, byteorder=1234
    d_longlong=define, longlongsize=8, d_longdbl=define, longdblsize=12
    ivtype='long', ivsize=4, nvtype='double', nvsize=8, Off_t='off_t', lseeksize=8
    alignbytes=4, prototype=define
  Linker and Libraries:
    ld='cc', ldflags =' -Wl,-rpath,/usr/pkg/lib -Wl,-rpath,/usr/local/lib -fstack-protector -L/usr/pkg/lib'
    libpth=/usr/pkg/lib /lib /usr/lib
    libs=-lm -lcrypt -lutil -lc -lposix
    perllibs=-lm -lcrypt -lutil -lc -lposix
    libc=/lib/libc.so, so=so, useshrplib=false, libperl=libperl.a
    gnulibc_version=''
  Dynamic Linking:
    dlsrc=dl_dlopen.xs, dlext=so, d_dlsymun=undef, ccdlflags='-Wl,-E '
    cccdlflags='-DPIC -fPIC ', lddlflags='--whole-archive -shared  -L/usr/pkg/lib -fstack-protector'


Characteristics of this binary (from libperl): 
  Compile-time options: PERL_DONT_CREATE_GVSV PERL_MALLOC_WRAP
                        USE_LARGE_FILES USE_PERLIO USE_PERL_ATOF
  Built under netbsd
  Compiled at Jul 25 2010 13:11:43
  %ENV:
    PERL5LIB=":/home/cpan/pit/bare/conf/perl-5.12.1/.cpanplus/5.12.1/build/ApacheBench-0.70/blib/lib:/home/cpan/pit/bare/conf/perl-5.12.1/.cpanplus/5.12.1/build/ApacheBench-0.70/blib/arch"
    PERL5_CPANPLUS_IS_RUNNING="20590"
    PERL5_CPANPLUS_IS_VERSION="0.9010"
    PERL5_MINISMOKEBOX="0.36"
    PERL5_YACSMOKE_BASE="/home/cpan/pit/bare/conf/perl-5.12.1"
    PERL_EXTUTILS_AUTOINSTALL="--defaultdeps"
    PERL_MM_USE_DEFAULT="1"
  @INC:
    /home/cpan/pit/bare/conf/perl-5.12.1/.cpanplus/5.12.1/build/ApacheBench-0.70/blib/lib
    /home/cpan/pit/bare/conf/perl-5.12.1/.cpanplus/5.12.1/build/ApacheBench-0.70/blib/arch
    /home/cpan/pit/bare/perl-5.12.1/lib/site_perl/5.12.1/i386-netbsd
    /home/cpan/pit/bare/perl-5.12.1/lib/site_perl/5.12.1
    /home/cpan/pit/bare/perl-5.12.1/lib/5.12.1/i386-netbsd
    /home/cpan/pit/bare/perl-5.12.1/lib/5.12.1
    .