BioPerl v1.7.8 Perl 5 v5.36.3 x86_64-linux

Status
Fail
From
Slaven Rezić
Dist
BioPerl v1.7.8
Platform
Perl 5 v5.36.3 x86_64-linux
Date
2023-12-28 13:57:11
ID
ff3dcb42-a588-11ee-a4f8-de486e8775ea
This distribution has been tested as part of the CPAN Testers
project, supporting the Perl programming language.  See
http://wiki.cpantesters.org/ for more information or email
questions to cpan-testers-discuss@perl.org


--
Dear Christopher Fields,

This is a computer-generated report for BioPerl-1.7.8
on perl 5.36.3, created by CPAN-Reporter-1.2019.

Thank you for uploading your work to CPAN.  However, there was a problem
testing your distribution.

If you think this report is invalid, please consult the CPAN Testers Wiki
for suggestions on how to avoid getting FAIL reports for missing library
or binary dependencies, unsupported operating systems, and so on:

http://wiki.cpantesters.org/wiki/CPANAuthorNotes

Sections of this report:

    * Tester comments
    * Program output
    * Prerequisites
    * Environment and other context

------------------------------
TESTER COMMENTS
------------------------------

Additional comments from tester:

none provided

------------------------------
PROGRAM OUTPUT
------------------------------

Output from '/usr/bin/make test':

PERL_DL_NONLAZY=1 "/opt/perl-5.36.3/bin/perl" "-MExtUtils::Command::MM" "-MTest::Harness" "-e" "undef *Test::Harness::Switches; test_harness(0, 'blib/lib', 'blib/arch')" t/*.t t/Align/*.t t/AlignIO/*.t t/Annotation/*.t t/LocalDB/*.t t/LocalDB/Index/*.t t/LocalDB/Taxonomy/*.t t/Matrix/*.t t/Matrix/IO/*.t t/Ontology/*.t t/Ontology/IO/*.t t/RemoteDB/*.t t/Root/*.t t/SearchIO/*.t t/SearchIO/Writer/*.t t/Seq/*.t t/SeqFeature/*.t t/SeqIO/*.t t/SeqTools/*.t t/Tools/*.t t/Tools/Alignment/*.t t/Tools/EMBOSS/*.t t/Tools/Phylo/*.t t/Tools/Phylo/Phylip/*.t t/Tools/Signalp/*.t t/Tools/Spidey/*.t t/Tree/*.t t/Tree/TreeIO/*.t
t/00-compile.t ...................... ok
t/Align/AlignStats.t ................ ok
t/Align/AlignUtil.t ................. ok
t/Align/SimpleAlign.t ............... ok
t/Align/TreeBuild.t ................. ok
t/Align/Utilities.t ................. ok
t/AlignIO/AlignIO.t ................. ok
t/AlignIO/arp.t ..................... ok
t/AlignIO/bl2seq.t .................. ok
t/AlignIO/clustalw.t ................ ok
t/AlignIO/emboss.t .................. ok
t/AlignIO/fasta.t ................... ok
t/AlignIO/largemultifasta.t ......... ok
t/AlignIO/maf.t ..................... ok
t/AlignIO/mase.t .................... ok
t/AlignIO/mega.t .................... ok
t/AlignIO/meme.t .................... ok
t/AlignIO/metafasta.t ............... ok
t/AlignIO/msf.t ..................... ok
t/AlignIO/nexus.t ................... ok
t/AlignIO/pfam.t .................... ok
t/AlignIO/phylip.t .................. ok
t/AlignIO/po.t ...................... ok
t/AlignIO/prodom.t .................. ok
t/AlignIO/psi.t ..................... ok
t/AlignIO/selex.t ................... ok
t/AlignIO/xmfa.t .................... ok
t/Annotation/Annotation.t ........... ok
t/Annotation/AnnotationAdaptor.t .... ok
t/author-mojibake.t ................. skipped: these tests are for testing by the author
t/author-pod-syntax.t ............... skipped: these tests are for testing by the author
t/LocalDB/Fasta.t ................... ok
t/LocalDB/Flat.t .................... ok
t/LocalDB/Index/Blast.t ............. ok
t/LocalDB/Index/BlastTable.t ........ ok
t/LocalDB/Index/Index.t ............. ok
t/LocalDB/Qual.t .................... ok

--------------------- WARNING ---------------------
MSG: Couldn't load Bio::DB::BioFetch
---------------------------------------------------

--------------------- WARNING ---------------------
MSG: Couldn't load Bio::DB::BioFetch
---------------------------------------------------
t/LocalDB/Registry.t ................ ok
t/LocalDB/Taxonomy/greengenes.t ..... ok
t/LocalDB/Taxonomy/silva.t .......... ok
t/Matrix/InstanceSite.t ............. ok
t/Matrix/IO/masta.t ................. ok
t/Matrix/IO/psm.t ................... ok
t/Matrix/Matrix.t ................... ok
t/Matrix/ProtMatrix.t ............... ok
t/Matrix/ProtPsm.t .................. ok
t/Matrix/SiteMatrix.t ............... ok
t/Ontology/GOterm.t ................. ok
t/Ontology/GraphAdaptor.t ........... ok
t/Ontology/IO/go.t .................. ok
t/Ontology/IO/interpro.t ............ ok
t/Ontology/IO/obo.t ................. ok
t/Ontology/Ontology.t ............... ok
t/Ontology/OntologyEngine.t ......... ok
t/Ontology/OntologyStore.t .......... ok
t/Ontology/Relationship.t ........... ok
t/Ontology/RelationshipType.t ....... ok
t/Ontology/Term.t ................... ok
t/RemoteDB/SeqRead_fail.t ........... ok
t/RemoteDB/Taxonomy.t ............... ok
t/Root/Exception.t .................. ok
t/Root/HTTPget.t .................... ok
t/Root/IO.t ......................... ok
t/Root/RootI.t ...................... ok

--------------------- WARNING ---------------------
MSG: [1/5] tried to fetch http://www.google.com/index.html, but server threw 403.  retrying...
---------------------------------------------------

--------------------- WARNING ---------------------
MSG: [2/5] tried to fetch http://www.google.com/index.html, but server threw 403.  retrying...
---------------------------------------------------

--------------------- WARNING ---------------------
MSG: [3/5] tried to fetch http://www.google.com/index.html, but server threw 403.  retrying...
---------------------------------------------------

--------------------- WARNING ---------------------
MSG: [4/5] tried to fetch http://www.google.com/index.html, but server threw 403.  retrying...
---------------------------------------------------

--------------------- WARNING ---------------------
MSG: [5/5] tried to fetch http://www.google.com/index.html, but server threw 403.  retrying...
---------------------------------------------------

------------- EXCEPTION: Bio::Root::Exception -------------
MSG: Failed to fetch http://www.google.com/index.html, server threw 403
STACK: Error::throw
STACK: Bio::Root::Root::throw /home/cpansand/.cpan/build/2023122811/BioPerl-1.7.8-0/blib/lib/Bio/Root/Root.pm:449
STACK: Bio::Root::IO::_initialize_io /home/cpansand/.cpan/build/2023122811/BioPerl-1.7.8-0/blib/lib/Bio/Root/IO.pm:224
STACK: Bio::Root::IO::new /home/cpansand/.cpan/build/2023122811/BioPerl-1.7.8-0/blib/lib/Bio/Root/IO.pm:167
STACK: t/Root/RootIO.t:19
-----------------------------------------------------------
# Looks like your test exited with 255 just after 1.
t/Root/RootIO.t ..................... 
Dubious, test returned 255 (wstat 65280, 0xff00)
Failed 2/3 subtests 
t/Root/Storable.t ................... ok

--------------------- WARNING ---------------------
MSG: find_exe: Multiple paths to 'gzip' found. Using /usr/bin/gzip.
---------------------------------------------------

--------------------- WARNING ---------------------
MSG: find_exe: Multiple paths to 'gzip' found. Using /usr/bin/gzip.
---------------------------------------------------

--------------------- WARNING ---------------------
MSG: find_exe: Multiple paths to 'gunzip' found. Using /usr/bin/gunzip.
---------------------------------------------------

--------------------- WARNING ---------------------
MSG: find_exe: Multiple paths to 'gzip' found. Using /usr/bin/gzip.
---------------------------------------------------

--------------------- WARNING ---------------------
MSG: find_exe: Multiple paths to 'gunzip' found. Using /usr/bin/gunzip.
---------------------------------------------------
t/Root/Utilities.t .................. ok
t/SearchIO/axt.t .................... ok
t/SearchIO/blast.t .................. ok
t/SearchIO/blast_pull.t ............. ok
t/SearchIO/blasttable.t ............. ok
t/SearchIO/CigarString.t ............ ok
t/SearchIO/cross_match.t ............ ok
t/SearchIO/erpin.t .................. ok
t/SearchIO/exonerate.t .............. ok
t/SearchIO/fasta.t .................. ok
t/SearchIO/gmap_f9.t ................ ok
t/SearchIO/infernal.t ............... ok
t/SearchIO/megablast.t .............. ok
t/SearchIO/psl.t .................... ok
t/SearchIO/rnamotif.t ............... ok
t/SearchIO/SearchIO.t ............... ok
t/SearchIO/sim4.t ................... ok
t/SearchIO/SimilarityPair.t ......... ok
t/SearchIO/Tiling.t ................. ok
t/SearchIO/waba.t ................... ok
t/SearchIO/wise.t ................... ok
t/SearchIO/Writer/GbrowseGFF.t ...... ok
t/SearchIO/Writer/HitTableWriter.t .. ok
t/SearchIO/Writer/HSPTableWriter.t .. ok
t/SearchIO/Writer/HTMLWriter.t ...... ok
t/SearchIO/Writer/TextWriter.t ...... ok
t/Seq/DBLink.t ...................... ok
t/Seq/EncodedSeq.t .................. ok
t/Seq/LargeLocatableSeq.t ........... ok
t/Seq/LargePSeq.t ................... ok
t/Seq/LocatableSeq.t ................ ok
t/Seq/MetaSeq.t ..................... ok
t/Seq/PrimaryQual.t ................. ok
t/Seq/PrimarySeq.t .................. ok
t/Seq/PrimedSeq.t ................... ok
t/Seq/Quality.t ..................... ok
t/Seq/Seq.t ......................... ok
t/Seq/SimulatedRead.t ............... ok
t/SeqFeature/Amplicon.t ............. ok
t/SeqFeature/Clone.t ................ ok
t/SeqFeature/Collection.t ........... ok
t/SeqFeature/Computation.t .......... ok
t/SeqFeature/FeaturePair.t .......... ok
t/SeqFeature/Gene.t ................. ok
t/SeqFeature/Generic.t .............. ok
t/SeqFeature/Location.t ............. ok
t/SeqFeature/LocationFactory.t ...... ok
t/SeqFeature/Primer.t ............... ok
t/SeqFeature/Range.t ................ ok
t/SeqFeature/RangeI.t ............... ok
t/SeqFeature/SeqAnalysisParser.t .... ok
t/SeqFeature/SubSeq.t ............... ok
t/SeqFeature/Unflattener.t .......... ok
t/SeqIO/ace.t ....................... ok
t/SeqIO/asciitree.t ................. ok
t/SeqIO/bsml.t ...................... ok
t/SeqIO/bsml_sax.t .................. ok
t/SeqIO/embl.t ...................... ok
t/SeqIO/fasta.t ..................... ok
t/SeqIO/fastq.t ..................... ok
t/SeqIO/game.t ...................... ok
t/SeqIO/gbxml.t ..................... ok
t/SeqIO/gcg.t ....................... ok
t/SeqIO/genbank.t ................... ok
t/SeqIO/Handler.t ................... ok
t/SeqIO/kegg.t ...................... ok
t/SeqIO/largefasta.t ................ ok
t/SeqIO/locuslink.t ................. ok
t/SeqIO/mbsout.t .................... ok
t/SeqIO/metafasta.t ................. ok
t/SeqIO/msout.t ..................... ok
t/SeqIO/MultiFile.t ................. ok
t/SeqIO/Multiple_fasta.t ............ ok
t/SeqIO/phd.t ....................... ok
t/SeqIO/pir.t ....................... ok
t/SeqIO/qual.t ...................... ok
t/SeqIO/raw.t ....................... ok
t/SeqIO/scf.t ....................... ok
t/SeqIO/SeqBuilder.t ................ ok
t/SeqIO/SeqIO.t ..................... ok
t/SeqIO/seqxml.t .................... ok
t/SeqIO/Splicedseq.t ................ ok
t/SeqIO/swiss.t ..................... ok
t/SeqIO/tab.t ....................... ok
t/SeqIO/table.t ..................... ok
t/SeqIO/tigr.t ...................... ok
t/SeqIO/tigrxml.t ................... ok
t/SeqIO/tinyseq.t ................... ok
t/SeqTools/Backtranslate.t .......... ok
t/SeqTools/CodonTable.t ............. ok
t/SeqTools/ECnumber.t ............... ok
t/SeqTools/GuessSeqFormat.t ......... ok
t/SeqTools/OddCodes.t ............... ok
t/SeqTools/SeqPattern.t ............. ok
t/SeqTools/SeqStats.t ............... ok
t/SeqTools/SeqUtils.t ............... ok
t/SeqTools/SeqWords.t ............... ok
t/Species.t ......................... ok
t/Tools/Alignment/Consed.t .......... ok
t/Tools/AmpliconSearch.t ............ ok
t/Tools/EMBOSS/Palindrome.t ......... ok
t/Tools/ePCR.t ...................... ok
t/Tools/Est2Genome.t ................ ok
t/Tools/FootPrinter.t ............... ok
t/Tools/Geneid.t .................... ok
t/Tools/Genewise.t .................. ok
t/Tools/Genomewise.t ................ ok
t/Tools/Genpred.t ................... ok
t/Tools/GFF.t ....................... ok
t/Tools/IUPAC.t ..................... ok
t/Tools/Lucy.t ...................... ok
t/Tools/Match.t ..................... ok
t/Tools/Phylo/Gerp.t ................ ok
t/Tools/Phylo/Molphy.t .............. ok
t/Tools/Phylo/Phylip/ProtDist.t ..... ok
t/Tools/pICalculator.t .............. ok
t/Tools/Primer3.t ................... ok
t/Tools/Promoterwise.t .............. ok
t/Tools/PrositeScan.t ............... ok
t/Tools/Pseudowise.t ................ ok
t/Tools/QRNA.t ...................... ok
t/Tools/RandDistFunctions.t ......... ok
t/Tools/RepeatMasker.t .............. ok
t/Tools/Seg.t ....................... ok
t/Tools/Sigcleave.t ................. ok
t/Tools/Signalp.t ................... ok
t/Tools/Signalp/ExtendedSignalp.t ... ok
t/Tools/Sim4.t ...................... ok
t/Tools/Spidey/Spidey.t ............. ok
t/Tools/TandemRepeatsFinder.t ....... ok
t/Tools/TargetP.t ................... ok
t/Tools/Tmhmm.t ..................... ok
t/Tools/tRNAscanSE.t ................ ok
t/Tree/Compatible.t ................. ok
t/Tree/Node.t ....................... ok
t/Tree/RandomTreeFactory.t .......... ok
t/Tree/Tree.t ....................... ok
t/Tree/TreeIO.t ..................... ok
t/Tree/TreeIO/lintree.t ............. ok
t/Tree/TreeIO/newick.t .............. ok
t/Tree/TreeIO/nexus.t ............... ok
t/Tree/TreeIO/nhx.t ................. ok
t/Tree/TreeIO/phyloxml.t ............ ok
t/Tree/TreeIO/tabtree.t ............. ok
t/Tree/TreeStatistics.t ............. ok

Test Summary Report
-------------------
t/Root/RootIO.t                   (Wstat: 65280 (exited 255) Tests: 1 Failed: 0)
  Non-zero exit status: 255
  Parse errors: Bad plan.  You planned 3 tests but ran 1.
Files=211, Tests=14839, 85 wallclock secs ( 1.51 usr  0.48 sys + 61.34 cusr 20.40 csys = 83.73 CPU)
Result: FAIL
Failed 1/211 test programs. 0/14839 subtests failed.
make: *** [Makefile:3291: test_dynamic] Error 255

------------------------------
PREREQUISITES
------------------------------

Prerequisite modules loaded:

requires:

    Module                 Need  Have      
    ---------------------- ----- ----------
    AnyDBM_File            0     1.01      
    base                   0     2.27      
    Carp                   0     1.52      
    constant               0     1.33      
    Cwd                    0     3.84      
    Data::Dumper           0     2.184     
    Data::Stag             0     0.14      
    DB_File                0     1.859     
    Digest::MD5            0     2.58      
    Dumpvalue              0     1.21      
    Error                  0     0.17029   
    Exporter               0     5.77      
    Fcntl                  0     1.15      
    File::Basename         0     2.85      
    File::Copy             0     2.39      
    File::Path             0     2.18      
    File::Spec             0     3.84      
    File::Spec::Functions  0     3.84      
    File::Temp             0     0.2311    
    FileHandle             0     2.03      
    Getopt::Long           0     2.57      
    Graph::Directed        0     0         
    HTTP::Request::Common  0     6.45      
    HTTP::Response         0     6.45      
    integer                0     1.01      
    IO::File               0     1.48      
    IO::Handle             0     1.48      
    IO::Pipe               0     1.49      
    IO::Scalar             0     2.113     
    IO::Socket             0     1.49      
    IO::String             0     1.08      
    IPC::Run               0     20231003.0
    List::MoreUtils        0     0.430     
    List::Util             0     1.62      
    LWP::UserAgent         0     6.72      
    Math::BigFloat         0     2.003001  
    Module::Build          0     0.4234    
    overload               0     1.35      
    parent                 0     0.238     
    perl                   5.006 5.036003  
    Pod::Usage             0     2.01      
    POSIX                  0     2.03      
    Scalar::Util           0     1.62      
    Set::Scalar            0     1.29      
    Storable               0     3.26      
    strict                 0     1.12      
    Symbol                 0     1.09      
    Test::Builder          0     1.302190  
    Test::Builder::Module  0     1.302190  
    Test::Most             0     0.38      
    Test::RequiresInternet 0     0.05      
    Text::Balanced         0     2.04      
    Text::Wrap             0     2021.0814 
    Tie::Handle            0     4.3       
    Tie::RefHash           0     1.40      
    Time::HiRes            0     1.9770    
    UNIVERSAL              0     1.14      
    URI                    0     5.21      
    utf8                   0     1.24      
    vars                   0     1.05      
    version                0     0.9929    
    warnings               0     1.58      
    XML::DOM               0     1.46      
    XML::LibXML            0     2.0209    
    XML::LibXML::Reader    0     2.0209    
    XML::Parser::PerlSAX   0     0.08      
    XML::SAX               0     1.02      
    XML::SAX::Base         0     1.09      
    XML::SAX::Writer       0     0.57      
    XML::Twig              0     3.52      
    XML::Writer            0     0.900     
    YAML                   0     1.31      

build_requires:

    Module                 Need  Have      
    ---------------------- ----- ----------
    ExtUtils::MakeMaker    0     7.64      
    File::Spec             0     3.84      
    FindBin                0     1.53      
    IO::Handle             0     1.48      
    IPC::Open3             0     1.22      
    lib                    0     0.65      
    Test::Memory::Cycle    0     1.06      
    Test::More             0     1.302190  
    Test::Weaken           0     3.022000  

configure_requires:

    Module                 Need  Have      
    ---------------------- ----- ----------
    ExtUtils::MakeMaker    0     7.64      


------------------------------
ENVIRONMENT AND OTHER CONTEXT
------------------------------

Environment variables:

    LANG = en_US.UTF-8
    PATH = /usr/local/bin:/usr/bin:/bin:/usr/local/sbin:/usr/sbin:/sbin:/home/cpansand/bin/linux-gnu:/home/cpansand/bin/sh:/home/cpansand/bin:/usr/games:/home/cpansand/devel:/home/eserte/src/srezic-misc/scripts
    PERL5LIB = /home/cpansand/.cpan/build/2023122811/XML-Twig-3.52-0/blib/arch:/home/cpansand/.cpan/build/2023122811/XML-Twig-3.52-0/blib/lib:/home/cpansand/.cpan/build/2023122811/XML-SAX-Writer-0.57-0/blib/arch:/home/cpansand/.cpan/build/2023122811/XML-SAX-Writer-0.57-0/blib/lib:/home/cpansand/.cpan/build/2023122811/XML-Filter-BufferText-1.01-0/blib/arch:/home/cpansand/.cpan/build/2023122811/XML-Filter-BufferText-1.01-0/blib/lib:/home/cpansand/.cpan/build/2023122811/XML-DOM-1.46-0/blib/arch:/home/cpansand/.cpan/build/2023122811/XML-DOM-1.46-0/blib/lib:/home/cpansand/.cpan/build/2023122811/XML-RegExp-0.04-0/blib/arch:/home/cpansand/.cpan/build/2023122811/XML-RegExp-0.04-0/blib/lib:/home/cpansand/.cpan/build/2023122811/libxml-perl-0.08-0/blib/arch:/home/cpansand/.cpan/build/2023122811/libxml-perl-0.08-0/blib/lib:/home/cpansand/.cpan/build/2023122811/Test-Weaken-3.022000-0/blib/arch:/home/cpansand/.cpan/build/2023122811/Test-Weaken-3.022000-0/blib/lib:/home/cpansand/.cpan/build/2023122811/Set-Scalar-1.29-0/blib/arch:/home/cpansand/.cpan/build/2023122811/Set-Scalar-1.29-0/blib/lib:/home/cpansand/.cpan/build/2023122811/IO-Stringy-2.113-0/blib/arch:/home/cpansand/.cpan/build/2023122811/IO-Stringy-2.113-0/blib/lib:/home/cpansand/.cpan/build/2023122811/Graph-0.9727-0/blib/arch:/home/cpansand/.cpan/build/2023122811/Graph-0.9727-0/blib/lib:/home/cpansand/.cpan/build/2023122811/Set-Object-1.42-0/blib/arch:/home/cpansand/.cpan/build/2023122811/Set-Object-1.42-0/blib/lib:/home/cpansand/.cpan/build/2023122811/Heap-0.80-0/blib/arch:/home/cpansand/.cpan/build/2023122811/Heap-0.80-0/blib/lib:/home/cpansand/.cpan/build/2023122811/Error-0.17029-0/blib/arch:/home/cpansand/.cpan/build/2023122811/Error-0.17029-0/blib/lib:/home/cpansand/.cpan/build/2023122811/Data-Stag-0.14-0/blib/arch:/home/cpansand/.cpan/build/2023122811/Data-Stag-0.14-0/blib/lib
    PERL5OPT = 
    PERL5_CPANPLUS_IS_RUNNING = 1205923
    PERL5_CPAN_IS_RUNNING = 1205923
    PERL5_CPAN_IS_RUNNING_IN_RECURSION = 1141217,1205923
    PERLDOC = -MPod::Perldoc::ToTextOverstrike
    PERL_BATCH = yes
    PERL_CANARY_STABILITY_NOPROMPT = 1
    PERL_CPAN_REPORTER_CONFIG = /var/tmp/cpansmoker-1023/2023122810/cpanreporter_001_config.ini
    PERL_EXTUTILS_AUTOINSTALL = --defaultdeps
    PERL_USE_UNSAFE_INC = 1
    SHELL = /usr/bin/zsh
    TERM = screen
    TMPDIR = /var/tmp/cpansmoker-1023/2023122810

Perl special variables (and OS-specific diagnostics, for MSWin32):

    $^X = /opt/perl-5.36.3/bin/perl
    $UID/$EUID = 1023 / 1023
    $GID = 1023 1023
    $EGID = 1023 1023

Perl module toolchain versions installed:

    Module              Have    
    ------------------- --------
    CPAN                2.33    
    CPAN::Meta          2.150010
    Cwd                 3.84    
    ExtUtils::CBuilder  0.280236
    ExtUtils::Command   7.64    
    ExtUtils::Install   2.20    
    ExtUtils::MakeMaker 7.64    
    ExtUtils::Manifest  1.73    
    ExtUtils::ParseXS   3.45    
    File::Spec          3.84    
    JSON                4.10    
    JSON::PP            4.16    
    Module::Build       0.4234  
    Module::Signature   0.88    
    Parse::CPAN::Meta   2.150010
    Test2               1.302190
    Test::Harness       3.44    
    Test::More          1.302190
    YAML                1.31    
    YAML::Syck          1.34    
    version             0.9929  


--

Summary of my perl5 (revision 5 version 36 subversion 3) configuration:
   
  Platform:
    osname=linux
    osvers=6.6.8-100.fc38.x86_64
    archname=x86_64-linux
    uname='linux fedora39-2gb-hil 6.6.8-100.fc38.x86_64 #1 smp preempt_dynamic thu dec 21 04:01:45 utc 2023 x86_64 gnulinux '
    config_args='-ds -e -Dprefix=/opt/perl-5.36.3 -Dcf_email=srezic@cpan.org'
    hint=recommended
    useposix=true
    d_sigaction=define
    useithreads=undef
    usemultiplicity=undef
    use64bitint=define
    use64bitall=define
    uselongdouble=undef
    usemymalloc=n
    default_inc_excludes_dot=define
  Compiler:
    cc='cc'
    ccflags ='-fwrapv -fno-strict-aliasing -pipe -fstack-protector-strong -I/usr/local/include -D_LARGEFILE_SOURCE -D_FILE_OFFSET_BITS=64 -D_FORTIFY_SOURCE=2'
    optimize='-O2'
    cppflags='-fwrapv -fno-strict-aliasing -pipe -fstack-protector-strong -I/usr/local/include'
    ccversion=''
    gccversion='13.2.1 20231205 (Red Hat 13.2.1-6)'
    gccosandvers=''
    intsize=4
    longsize=8
    ptrsize=8
    doublesize=8
    byteorder=12345678
    doublekind=3
    d_longlong=define
    longlongsize=8
    d_longdbl=define
    longdblsize=16
    longdblkind=3
    ivtype='long'
    ivsize=8
    nvtype='double'
    nvsize=8
    Off_t='off_t'
    lseeksize=8
    alignbytes=8
    prototype=define
  Linker and Libraries:
    ld='cc'
    ldflags =' -fstack-protector-strong -L/usr/local/lib'
    libpth=/usr/local/lib /usr/lib /usr/lib64 /usr/local/lib64
    libs=-lpthread -ldb -ldl -lm -lcrypt -lutil -lc
    perllibs=-lpthread -ldl -lm -lcrypt -lutil -lc
    libc=/lib/../lib64/libc.so.6
    so=so
    useshrplib=false
    libperl=libperl.a
    gnulibc_version='2.38'
  Dynamic Linking:
    dlsrc=dl_dlopen.xs
    dlext=so
    d_dlsymun=undef
    ccdlflags='-Wl,-E'
    cccdlflags='-fPIC'
    lddlflags='-shared -O2 -L/usr/local/lib -fstack-protector-strong'


Characteristics of this binary (from libperl): 
  Compile-time options:
    HAS_TIMES
    PERLIO_LAYERS
    PERL_COPY_ON_WRITE
    PERL_DONT_CREATE_GVSV
    PERL_MALLOC_WRAP
    PERL_OP_PARENT
    PERL_PRESERVE_IVUV
    USE_64_BIT_ALL
    USE_64_BIT_INT
    USE_LARGE_FILES
    USE_LOCALE
    USE_LOCALE_COLLATE
    USE_LOCALE_CTYPE
    USE_LOCALE_NUMERIC
    USE_LOCALE_TIME
    USE_PERLIO
    USE_PERL_ATOF
  Built under linux
  Compiled at Dec 26 2023 08:08:23
  %ENV:
    PERL5LIB="/home/cpansand/.cpan/build/2023122811/XML-Twig-3.52-0/blib/arch:/home/cpansand/.cpan/build/2023122811/XML-Twig-3.52-0/blib/lib:/home/cpansand/.cpan/build/2023122811/XML-SAX-Writer-0.57-0/blib/arch:/home/cpansand/.cpan/build/2023122811/XML-SAX-Writer-0.57-0/blib/lib:/home/cpansand/.cpan/build/2023122811/XML-Filter-BufferText-1.01-0/blib/arch:/home/cpansand/.cpan/build/2023122811/XML-Filter-BufferText-1.01-0/blib/lib:/home/cpansand/.cpan/build/2023122811/XML-DOM-1.46-0/blib/arch:/home/cpansand/.cpan/build/2023122811/XML-DOM-1.46-0/blib/lib:/home/cpansand/.cpan/build/2023122811/XML-RegExp-0.04-0/blib/arch:/home/cpansand/.cpan/build/2023122811/XML-RegExp-0.04-0/blib/lib:/home/cpansand/.cpan/build/2023122811/libxml-perl-0.08-0/blib/arch:/home/cpansand/.cpan/build/2023122811/libxml-perl-0.08-0/blib/lib:/home/cpansand/.cpan/build/2023122811/Test-Weaken-3.022000-0/blib/arch:/home/cpansand/.cpan/build/2023122811/Test-Weaken-3.022000-0/blib/lib:/home/cpansand/.cpan/build/2023122811/Set-Scalar-1.29-0/blib/arch:/home/cpansand/.cpan/build/2023122811/Set-Scalar-1.29-0/blib/lib:/home/cpansand/.cpan/build/2023122811/IO-Stringy-2.113-0/blib/arch:/home/cpansand/.cpan/build/2023122811/IO-Stringy-2.113-0/blib/lib:/home/cpansand/.cpan/build/2023122811/Graph-0.9727-0/blib/arch:/home/cpansand/.cpan/build/2023122811/Graph-0.9727-0/blib/lib:/home/cpansand/.cpan/build/2023122811/Set-Object-1.42-0/blib/arch:/home/cpansand/.cpan/build/2023122811/Set-Object-1.42-0/blib/lib:/home/cpansand/.cpan/build/2023122811/Heap-0.80-0/blib/arch:/home/cpansand/.cpan/build/2023122811/Heap-0.80-0/blib/lib:/home/cpansand/.cpan/build/2023122811/Error-0.17029-0/blib/arch:/home/cpansand/.cpan/build/2023122811/Error-0.17029-0/blib/lib:/home/cpansand/.cpan/build/2023122811/Data-Stag-0.14-0/blib/arch:/home/cpansand/.cpan/build/2023122811/Data-Stag-0.14-0/blib/lib"
    PERL5OPT=""
    PERL5_CPANPLUS_IS_RUNNING="1205923"
    PERL5_CPAN_IS_RUNNING="1205923"
    PERL5_CPAN_IS_RUNNING_IN_RECURSION="1141217,1205923"
    PERLDOC="-MPod::Perldoc::ToTextOverstrike"
    PERL_BATCH="yes"
    PERL_CANARY_STABILITY_NOPROMPT="1"
    PERL_CPAN_REPORTER_CONFIG="/var/tmp/cpansmoker-1023/2023122810/cpanreporter_001_config.ini"
    PERL_EXTUTILS_AUTOINSTALL="--defaultdeps"
    PERL_USE_UNSAFE_INC="1"
  @INC:
    /home/cpansand/.cpan/build/2023122811/XML-Twig-3.52-0/blib/arch
    /home/cpansand/.cpan/build/2023122811/XML-Twig-3.52-0/blib/lib
    /home/cpansand/.cpan/build/2023122811/XML-SAX-Writer-0.57-0/blib/arch
    /home/cpansand/.cpan/build/2023122811/XML-SAX-Writer-0.57-0/blib/lib
    /home/cpansand/.cpan/build/2023122811/XML-Filter-BufferText-1.01-0/blib/arch
    /home/cpansand/.cpan/build/2023122811/XML-Filter-BufferText-1.01-0/blib/lib
    /home/cpansand/.cpan/build/2023122811/XML-DOM-1.46-0/blib/arch
    /home/cpansand/.cpan/build/2023122811/XML-DOM-1.46-0/blib/lib
    /home/cpansand/.cpan/build/2023122811/XML-RegExp-0.04-0/blib/arch
    /home/cpansand/.cpan/build/2023122811/XML-RegExp-0.04-0/blib/lib
    /home/cpansand/.cpan/build/2023122811/libxml-perl-0.08-0/blib/arch
    /home/cpansand/.cpan/build/2023122811/libxml-perl-0.08-0/blib/lib
    /home/cpansand/.cpan/build/2023122811/Test-Weaken-3.022000-0/blib/arch
    /home/cpansand/.cpan/build/2023122811/Test-Weaken-3.022000-0/blib/lib
    /home/cpansand/.cpan/build/2023122811/Set-Scalar-1.29-0/blib/arch
    /home/cpansand/.cpan/build/2023122811/Set-Scalar-1.29-0/blib/lib
    /home/cpansand/.cpan/build/2023122811/IO-Stringy-2.113-0/blib/arch
    /home/cpansand/.cpan/build/2023122811/IO-Stringy-2.113-0/blib/lib
    /home/cpansand/.cpan/build/2023122811/Graph-0.9727-0/blib/arch
    /home/cpansand/.cpan/build/2023122811/Graph-0.9727-0/blib/lib
    /home/cpansand/.cpan/build/2023122811/Set-Object-1.42-0/blib/arch
    /home/cpansand/.cpan/build/2023122811/Set-Object-1.42-0/blib/lib
    /home/cpansand/.cpan/build/2023122811/Heap-0.80-0/blib/arch
    /home/cpansand/.cpan/build/2023122811/Heap-0.80-0/blib/lib
    /home/cpansand/.cpan/build/2023122811/Error-0.17029-0/blib/arch
    /home/cpansand/.cpan/build/2023122811/Error-0.17029-0/blib/lib
    /home/cpansand/.cpan/build/2023122811/Data-Stag-0.14-0/blib/arch
    /home/cpansand/.cpan/build/2023122811/Data-Stag-0.14-0/blib/lib
    /opt/perl-5.36.3/lib/site_perl/5.36.3/x86_64-linux
    /opt/perl-5.36.3/lib/site_perl/5.36.3
    /opt/perl-5.36.3/lib/5.36.3/x86_64-linux
    /opt/perl-5.36.3/lib/5.36.3
    .