Statistics-Normality v0.01 Perl 5 v5.14.4 x86_64-linux-thread-multi
- Status
- Fail
- From
- David Cantrell (DCANTRELL)
- Dist
-
Statistics-Normality v0.01
- Platform
- Perl 5 v5.14.4 x86_64-linux-thread-multi
- Date
- 2017-09-26 17:49:08
- ID
- ff3dbc92-a2e2-11e7-b9a0-2969ca56a595
This distribution has been tested as part of the CPAN Testers
project, supporting the Perl programming language. See
http://wiki.cpantesters.org/ for more information or email
questions to cpan-testers-discuss@perl.org
--
Dear Michael C Wendl,
This is a computer-generated report for Statistics-Normality-0.01
on perl 5.14.4, created by CPAN-Reporter-1.2018.
Thank you for uploading your work to CPAN. However, there was a problem
testing your distribution.
If you think this report is invalid, please consult the CPAN Testers Wiki
for suggestions on how to avoid getting FAIL reports for missing library
or binary dependencies, unsupported operating systems, and so on:
http://wiki.cpantesters.org/wiki/CPANAuthorNotes
Sections of this report:
* Tester comments
* Program output
* Prerequisites
* Environment and other context
------------------------------
TESTER COMMENTS
------------------------------
Additional comments from tester:
this report is from an automated smoke testing program
and was not reviewed by a human for accuracy
------------------------------
PROGRAM OUTPUT
------------------------------
Output from '/usr/bin/make test':
PERL_DL_NONLAZY=1 "/home/david/cpantesting/perl-5.14.4/bin/perl" "-MExtUtils::Command::MM" "-MTest::Harness" "-e" "undef *Test::Harness::Switches; test_harness(0, 'blib/lib', 'blib/arch')" t/*.t
# Failed test 'use Statistics::Normality;'
# at t/00-load.t line 6.
# Tried to use 'Statistics::Normality'.
# Error: Can't locate Statistics/Distributions.pm in @INC (@INC contains: /home/david/cpantesting/perl-5.14.4/.cpan/build/Statistics-Normality-0.01-v27VXj/blib/lib /home/david/cpantesting/perl-5.14.4/.cpan/build/Statistics-Normality-0.01-v27VXj/blib/arch /home/david/cpantesting/perl-5.14.4/lib/site_perl/5.14.4/x86_64-linux-thread-multi /home/david/cpantesting/perl-5.14.4/lib/site_perl/5.14.4 /home/david/cpantesting/perl-5.14.4/lib/5.14.4/x86_64-linux-thread-multi /home/david/cpantesting/perl-5.14.4/lib/5.14.4) at /home/david/cpantesting/perl-5.14.4/.cpan/build/Statistics-Normality-0.01-v27VXj/blib/lib/Statistics/Normality.pm line 6.
# BEGIN failed--compilation aborted at /home/david/cpantesting/perl-5.14.4/.cpan/build/Statistics-Normality-0.01-v27VXj/blib/lib/Statistics/Normality.pm line 6.
# Compilation failed in require at t/00-load.t line 6.
# BEGIN failed--compilation aborted at t/00-load.t line 6.
# Testing Statistics::Normality , Perl 5.014004, /home/david/cpantesting/perl-5.14.4/bin/perl
# Looks like you failed 1 test of 1.
t/00-load.t .......
Dubious, test returned 1 (wstat 256, 0x100)
Failed 1/1 subtests
Can't locate Statistics/Distributions.pm in @INC (@INC contains: /home/david/cpantesting/perl-5.14.4/.cpan/build/Statistics-Normality-0.01-v27VXj/blib/lib /home/david/cpantesting/perl-5.14.4/.cpan/build/Statistics-Normality-0.01-v27VXj/blib/arch /home/david/cpantesting/perl-5.14.4/lib/site_perl/5.14.4/x86_64-linux-thread-multi /home/david/cpantesting/perl-5.14.4/lib/site_perl/5.14.4 /home/david/cpantesting/perl-5.14.4/lib/5.14.4/x86_64-linux-thread-multi /home/david/cpantesting/perl-5.14.4/lib/5.14.4) at /home/david/cpantesting/perl-5.14.4/.cpan/build/Statistics-Normality-0.01-v27VXj/blib/lib/Statistics/Normality.pm line 6.
BEGIN failed--compilation aborted at /home/david/cpantesting/perl-5.14.4/.cpan/build/Statistics-Normality-0.01-v27VXj/blib/lib/Statistics/Normality.pm line 6.
Compilation failed in require at t/01-normality.t line 6.
BEGIN failed--compilation aborted at t/01-normality.t line 6.
t/01-normality.t ..
Dubious, test returned 2 (wstat 512, 0x200)
No subtests run
t/pod-coverage.t .. skipped: Test::Pod::Coverage 1.08 required for testing POD coverage
t/pod.t ........... ok
Test Summary Report
-------------------
t/00-load.t (Wstat: 256 Tests: 1 Failed: 1)
Failed test: 1
Non-zero exit status: 1
t/01-normality.t (Wstat: 512 Tests: 0 Failed: 0)
Non-zero exit status: 2
Parse errors: No plan found in TAP output
Files=4, Tests=2, 0 wallclock secs ( 0.01 usr 0.02 sys + 0.18 cusr 0.03 csys = 0.24 CPU)
Result: FAIL
Failed 2/4 test programs. 1/2 subtests failed.
Makefile:844: recipe for target 'test_dynamic' failed
make: *** [test_dynamic] Error 255
------------------------------
PREREQUISITES
------------------------------
Prerequisite modules loaded:
requires:
Module Need Have
------------------- ---- --------
Test::More 0 1.302096
build_requires:
Module Need Have
------------------- ---- --------
ExtUtils::MakeMaker 0 7.30
configure_requires:
Module Need Have
------------------- ---- --------
ExtUtils::MakeMaker 0 7.30
------------------------------
ENVIRONMENT AND OTHER CONTEXT
------------------------------
Environment variables:
AUTOMATED_TESTING = 1
NONINTERACTIVE_TESTING = 1
PATH = /usr/local/bin:/usr/bin:/bin:/usr/local/games:/usr/games
PERL = 5.14.4
PERL5LIB =
PERL5OPT =
PERL5_CPANPLUS_IS_RUNNING = 6777
PERL5_CPAN_IS_RUNNING = 6777
PERLVER = 5.14.4
PERL_INLINE_DIRECTORY = /home/david/.Inline-5.14.4
PERL_MM_USE_DEFAULT = 1
PERL_USE_UNSAFE_INC = 0
SHELL = /bin/bash
TERM = screen
Perl special variables (and OS-specific diagnostics, for MSWin32):
$^X = /home/david/cpantesting/perl-5.14.4/bin/perl
$UID/$EUID = 1000 / 1000
$GID = 1000 1000
$EGID = 1000 1000
Perl module toolchain versions installed:
Module Have
------------------- ---------
CPAN 1.9600_01
CPAN::Meta 2.150010
Cwd 3.36
ExtUtils::CBuilder 0.280203
ExtUtils::Command 7.30
ExtUtils::Install 2.06
ExtUtils::MakeMaker 7.30
ExtUtils::Manifest 1.70
ExtUtils::ParseXS 2.2210
File::Spec 3.33
JSON 2.90
JSON::PP 2.27400
Module::Build 0.4224
Module::Signature n/a
Parse::CPAN::Meta 2.150010
Test::Harness 3.39
Test::More 1.302096
YAML 1.18
YAML::Syck 1.30
version 0.88
--
Summary of my perl5 (revision 5 version 14 subversion 4) configuration:
Platform:
osname=linux, osvers=3.16.0-4-amd64, archname=x86_64-linux-thread-multi
uname='linux pigsty.barnyard.co.uk 3.16.0-4-amd64 #1 smp debian 3.16.36-1+deb8u1 (2016-09-03) x86_64 gnulinux '
config_args='-de -Duse64bitall -Dusethreads -Dprefix=/home/david/cpantesting/perl-5.14.4'
hint=recommended, useposix=true, d_sigaction=define
useithreads=define, usemultiplicity=define
useperlio=define, d_sfio=undef, uselargefiles=define, usesocks=undef
use64bitint=define, use64bitall=define, uselongdouble=undef
usemymalloc=n, bincompat5005=undef
Compiler:
cc='cc', ccflags ='-D_REENTRANT -D_GNU_SOURCE -fno-strict-aliasing -pipe -fstack-protector -I/usr/local/include -D_LARGEFILE_SOURCE -D_FILE_OFFSET_BITS=64',
optimize='-O2',
cppflags='-D_REENTRANT -D_GNU_SOURCE -fno-strict-aliasing -pipe -fstack-protector -I/usr/local/include'
ccversion='', gccversion='4.9.2', gccosandvers=''
intsize=4, longsize=8, ptrsize=8, doublesize=8, byteorder=12345678
d_longlong=define, longlongsize=8, d_longdbl=define, longdblsize=16
ivtype='long', ivsize=8, nvtype='double', nvsize=8, Off_t='off_t', lseeksize=8
alignbytes=8, prototype=define
Linker and Libraries:
ld='cc', ldflags =' -fstack-protector -L/usr/local/lib'
libpth=/usr/local/lib /lib/x86_64-linux-gnu /lib/../lib /usr/lib/x86_64-linux-gnu /usr/lib/../lib /lib /usr/lib
libs=-lnsl -ldb -ldl -lm -lcrypt -lutil -lpthread -lc
perllibs=-lnsl -ldl -lm -lcrypt -lutil -lpthread -lc
libc=libc-2.19.so, so=so, useshrplib=false, libperl=libperl.a
gnulibc_version='2.19'
Dynamic Linking:
dlsrc=dl_dlopen.xs, dlext=so, d_dlsymun=undef, ccdlflags='-Wl,-E'
cccdlflags='-fPIC', lddlflags='-shared -O2 -L/usr/local/lib -fstack-protector'
Characteristics of this binary (from libperl):
Compile-time options: MULTIPLICITY PERL_DONT_CREATE_GVSV
PERL_IMPLICIT_CONTEXT PERL_MALLOC_WRAP
PERL_PRESERVE_IVUV USE_64_BIT_ALL USE_64_BIT_INT
USE_ITHREADS USE_LARGE_FILES USE_PERLIO USE_PERL_ATOF
USE_REENTRANT_API
Locally applied patches:
Devel::PatchPerl 1.44
Built under linux
Compiled at Oct 12 2016 15:07:52
%ENV:
PERL="5.14.4"
PERL5LIB=""
PERL5OPT=""
PERL5_CPANPLUS_IS_RUNNING="6777"
PERL5_CPAN_IS_RUNNING="6777"
PERLVER="5.14.4"
PERL_INLINE_DIRECTORY="/home/david/.Inline-5.14.4"
PERL_MM_USE_DEFAULT="1"
PERL_USE_UNSAFE_INC="0"
@INC:
/home/david/cpantesting/perl-5.14.4/lib/site_perl/5.14.4/x86_64-linux-thread-multi
/home/david/cpantesting/perl-5.14.4/lib/site_perl/5.14.4
/home/david/cpantesting/perl-5.14.4/lib/5.14.4/x86_64-linux-thread-multi
/home/david/cpantesting/perl-5.14.4/lib/5.14.4
.