MooseX-DataModel v1.01 Perl 5 v5.8.6 x86_64-linux

Status
Fail
From
Andreas J. König (ANDK)
Dist
MooseX-DataModel v1.01
Platform
Perl 5 v5.8.6 x86_64-linux
Date
2019-01-03 17:42:52
ID
fef0ce1e-0f7e-11e9-aad5-e6314b661d59
This distribution has been tested as part of the CPAN Testers
project, supporting the Perl programming language.  See
http://wiki.cpantesters.org/ for more information or email
questions to cpan-testers-discuss@perl.org


--
Dear Jose Luis Martinez Torres,

This is a computer-generated report for MooseX-DataModel-1.01
on perl 5.8.6, created by CPAN-Reporter-1.2018.

Thank you for uploading your work to CPAN.  However, there was a problem
testing your distribution.

If you think this report is invalid, please consult the CPAN Testers Wiki
for suggestions on how to avoid getting FAIL reports for missing library
or binary dependencies, unsupported operating systems, and so on:

http://wiki.cpantesters.org/wiki/CPANAuthorNotes

Sections of this report:

    * Tester comments
    * Program output
    * Prerequisites
    * Environment and other context

------------------------------
TESTER COMMENTS
------------------------------

Additional comments from tester:

this report is from an automated smoke testing program
and was not reviewed by a human for accuracy

------------------------------
PROGRAM OUTPUT
------------------------------

Output from '/usr/bin/make test':

PERL_DL_NONLAZY=1 "/home/sand/src/perl/repoperls/installed-perls/host/k93msid/perl-5.8.6/6fdb/bin/perl" "-MExtUtils::Command::MM" "-MTest::Harness" "-e" "undef *Test::Harness::Switches; test_harness(0, 'blib/lib', 'blib/arch')" t/*.t
syntax error at t/02_requiredness.t line 7, near "package TestKeyNotRequired {
  "
Execution of t/02_requiredness.t aborted due to compilation errors.
t/02_requiredness.t ......... 
Dubious, test returned 255 (wstat 65280, 0xff00)
No subtests run 
syntax error at t/03_location.t line 7, near "package TestModel {
  "
Execution of t/03_location.t aborted due to compilation errors.
t/03_location.t ............. 
Dubious, test returned 255 (wstat 65280, 0xff00)
No subtests run 
syntax error at t/04_arrays.t line 7, near "package TestModel {
  "
Execution of t/04_arrays.t aborted due to compilation errors.
t/04_arrays.t ............... 
Dubious, test returned 255 (wstat 65280, 0xff00)
No subtests run 
syntax error at t/05_hashes.t line 7, near "package TestModel {
  "
Execution of t/05_hashes.t aborted due to compilation errors.
t/05_hashes.t ............... 
Dubious, test returned 255 (wstat 65280, 0xff00)
No subtests run 
syntax error at t/06_validation.t line 12, near "package TestModel {
  "
Execution of t/06_validation.t aborted due to compilation errors.
t/06_validation.t ........... 
Dubious, test returned 9 (wstat 2304, 0x900)
No subtests run 
syntax error at t/07_validation_inline.t line 8, near "package TestModel {
  "
Execution of t/07_validation_inline.t aborted due to compilation errors.
t/07_validation_inline.t .... 
Dubious, test returned 255 (wstat 65280, 0xff00)
No subtests run 
syntax error at t/08_constructor.t line 7, near "package ResolveArgs {
  "
Execution of t/08_constructor.t aborted due to compilation errors.
t/08_constructor.t .......... 
Dubious, test returned 255 (wstat 65280, 0xff00)
No subtests run 
syntax error at t/09_validate_keys.t line 9, near "package TestModel {
  "
Execution of t/09_validate_keys.t aborted due to compilation errors.
t/09_validate_keys.t ........ 
Dubious, test returned 9 (wstat 2304, 0x900)
No subtests run 
syntax error at t/10_autotraits.t line 7, near "package TestModel {
  "
Execution of t/10_autotraits.t aborted due to compilation errors.
t/10_autotraits.t ........... 
Dubious, test returned 255 (wstat 65280, 0xff00)
No subtests run 
syntax error at t/11_validation_typetiny.t line 8, near "package TestModel {
  "
Execution of t/11_validation_typetiny.t aborted due to compilation errors.
t/11_validation_typetiny.t .. 
Dubious, test returned 255 (wstat 65280, 0xff00)
No subtests run 
syntax error at t/12_conflictive_keys.t line 8, near "package TestModel {
  "
Execution of t/12_conflictive_keys.t aborted due to compilation errors.
t/12_conflictive_keys.t ..... 
Dubious, test returned 255 (wstat 65280, 0xff00)
No subtests run 
syntax error at t/13_predeclaredcoercion.t line 16, near "package TestModel {
  "
Execution of t/13_predeclaredcoercion.t aborted due to compilation errors.
t/13_predeclaredcoercion.t .. 
Dubious, test returned 9 (wstat 2304, 0x900)
No subtests run 
syntax error at t/14_coercion.t line 9, near "package AnObject {
  "
Execution of t/14_coercion.t aborted due to compilation errors.
t/14_coercion.t ............. 
Dubious, test returned 9 (wstat 2304, 0x900)
No subtests run 
syntax error at t/15_booleans.t line 7, near "package TestModel {
  "
Execution of t/15_booleans.t aborted due to compilation errors.
t/15_booleans.t ............. 
Dubious, test returned 255 (wstat 65280, 0xff00)
No subtests run 
syntax error at t/50_model.t line 19, near "package Test01 {
  "
Execution of t/50_model.t aborted due to compilation errors.
t/50_model.t ................ 
Dubious, test returned 9 (wstat 2304, 0x900)
No subtests run 

Test Summary Report
-------------------
t/02_requiredness.t       (Wstat: 65280 Tests: 0 Failed: 0)
  Non-zero exit status: 255
  Parse errors: No plan found in TAP output
t/03_location.t           (Wstat: 65280 Tests: 0 Failed: 0)
  Non-zero exit status: 255
  Parse errors: No plan found in TAP output
t/04_arrays.t             (Wstat: 65280 Tests: 0 Failed: 0)
  Non-zero exit status: 255
  Parse errors: No plan found in TAP output
t/05_hashes.t             (Wstat: 65280 Tests: 0 Failed: 0)
  Non-zero exit status: 255
  Parse errors: No plan found in TAP output
t/06_validation.t         (Wstat: 2304 Tests: 0 Failed: 0)
  Non-zero exit status: 9
  Parse errors: No plan found in TAP output
t/07_validation_inline.t  (Wstat: 65280 Tests: 0 Failed: 0)
  Non-zero exit status: 255
  Parse errors: No plan found in TAP output
t/08_constructor.t        (Wstat: 65280 Tests: 0 Failed: 0)
  Non-zero exit status: 255
  Parse errors: No plan found in TAP output
t/09_validate_keys.t      (Wstat: 2304 Tests: 0 Failed: 0)
  Non-zero exit status: 9
  Parse errors: No plan found in TAP output
t/10_autotraits.t         (Wstat: 65280 Tests: 0 Failed: 0)
  Non-zero exit status: 255
  Parse errors: No plan found in TAP output
t/11_validation_typetiny.t (Wstat: 65280 Tests: 0 Failed: 0)
  Non-zero exit status: 255
  Parse errors: No plan found in TAP output
t/12_conflictive_keys.t   (Wstat: 65280 Tests: 0 Failed: 0)
  Non-zero exit status: 255
  Parse errors: No plan found in TAP output
t/13_predeclaredcoercion.t (Wstat: 2304 Tests: 0 Failed: 0)
  Non-zero exit status: 9
  Parse errors: No plan found in TAP output
t/14_coercion.t           (Wstat: 2304 Tests: 0 Failed: 0)
  Non-zero exit status: 9
  Parse errors: No plan found in TAP output
t/15_booleans.t           (Wstat: 65280 Tests: 0 Failed: 0)
  Non-zero exit status: 255
  Parse errors: No plan found in TAP output
t/50_model.t              (Wstat: 2304 Tests: 0 Failed: 0)
  Non-zero exit status: 9
  Parse errors: No plan found in TAP output
Files=15, Tests=0,  2 wallclock secs ( 0.04 usr  0.07 sys +  1.45 cusr  0.25 csys =  1.81 CPU)
Result: FAIL
Failed 15/15 test programs. 0/0 subtests failed.
make: *** [Makefile:857: test_dynamic] Error 9

------------------------------
PREREQUISITES
------------------------------

Prerequisite modules loaded:

requires:

    Module              Need Have    
    ------------------- ---- --------
    JSON::MaybeXS       0    1.004000
    Moose               0    2.2011  

build_requires:

    Module              Need Have    
    ------------------- ---- --------
    Data::Printer       0    0.40    
    ExtUtils::MakeMaker 0    7.34    
    Test::Exception     0    0.43    
    Test::More          0    1.302148
    Types::Standard     0    1.004002

configure_requires:

    Module              Need Have    
    ------------------- ---- --------
    ExtUtils::MakeMaker 0    7.34    


------------------------------
ENVIRONMENT AND OTHER CONTEXT
------------------------------

Environment variables:

    AUTOMATED_TESTING = 1
    LANG = en_US.UTF-8
    PATH = /home/sand/bin:/usr/local/bin:/usr/bin:/bin:/usr/games:/usr/local/perl/bin:/usr/X11/bin:/sbin:/usr/sbin
    PERL5LIB = 
    PERL5OPT = 
    PERL5_CPANPLUS_IS_RUNNING = 4752
    PERL5_CPAN_IS_RUNNING = 4752
    PERL5_CPAN_IS_RUNNING_IN_RECURSION = 5756,4752
    PERL_CANARY_STABILITY_NOPROMPT = 1
    PERL_MM_USE_DEFAULT = 1
    PERL_USE_UNSAFE_INC = 1
    SHELL = /usr/bin/zsh
    TERM = screen

Perl special variables (and OS-specific diagnostics, for MSWin32):

    $^X = /home/sand/src/perl/repoperls/installed-perls/host/k93msid/perl-5.8.6/6fdb/bin/perl
    $UID/$EUID = 1005 / 1005
    $GID = 1005 1005
    $EGID = 1005 1005

Perl module toolchain versions installed:

    Module              Have    
    ------------------- --------
    CPAN                2.22    
    CPAN::Meta          2.150010
    Cwd                 3.75    
    ExtUtils::CBuilder  0.280230
    ExtUtils::Command   7.34    
    ExtUtils::Install   2.06    
    ExtUtils::MakeMaker 7.34    
    ExtUtils::Manifest  1.70    
    ExtUtils::ParseXS   3.35    
    File::Spec          3.75    
    JSON                4.00    
    JSON::PP            4.00    
    Module::Build       0.4224  
    Module::Signature   0.83    
    Parse::CPAN::Meta   2.150010
    Test::Harness       3.42    
    Test::More          1.302148
    YAML                n/a     
    YAML::Syck          1.31    
    version             0.9924  


--

Summary of my perl5 (revision 5 version 8 subversion 6) configuration:
  Platform:
    osname=linux, osvers=4.18.0-2-amd64, archname=x86_64-linux
    uname='linux k93msid 4.18.0-2-amd64 #1 smp debian 4.18.10-2 (2018-10-07) x86_64 gnulinux '
    config_args='-Dprefix=/home/sand/src/perl/repoperls/installed-perls/host/k93msid/perl-5.8.6/6fdb -Dmyhostname=k93msid -Dinstallusrbinperl=n -Uversiononly -Dusedevel -des -Ui_db -Dlibswanted=cl pthread socket inet nsl gdbm dbm malloc dl ld sun m crypt sec util c cposix posix ucb BSD gdbm_compat -Uuseithreads -Uuselongdouble -Doptimize=-g'
    hint=recommended, useposix=true, d_sigaction=define
    usethreads=undef use5005threads=undef useithreads=undef usemultiplicity=undef
    useperlio=define d_sfio=undef uselargefiles=define usesocks=undef
    use64bitint=define use64bitall=define uselongdouble=undef
    usemymalloc=n, bincompat5005=undef
  Compiler:
    cc='cc', ccflags ='-DDEBUGGING -fno-strict-aliasing -pipe -I/usr/local/include -D_LARGEFILE_SOURCE -D_FILE_OFFSET_BITS=64',
    optimize='-g',
    cppflags='-DDEBUGGING -fno-strict-aliasing -pipe -I/usr/local/include'
    ccversion='', gccversion='8.2.0', gccosandvers=''
    intsize=4, longsize=8, ptrsize=8, doublesize=8, byteorder=12345678
    d_longlong=define, longlongsize=8, d_longdbl=define, longdblsize=16
    ivtype='long', ivsize=8, nvtype='double', nvsize=8, Off_t='off_t', lseeksize=8
    alignbytes=8, prototype=define
  Linker and Libraries:
    ld='cc', ldflags =' -L/usr/local/lib'
    libpth=/usr/local/lib /lib/x86_64-linux-gnu /lib/../lib /usr/lib/x86_64-linux-gnu /usr/lib/../lib /lib /usr/lib
    libs=-lpthread -lnsl -ldl -lm -lcrypt -lutil -lc
    perllibs=-lpthread -lnsl -ldl -lm -lcrypt -lutil -lc
    libc=libc-2.27.so, so=so, useshrplib=false, libperl=libperl.a
    gnulibc_version='2.27'
  Dynamic Linking:
    dlsrc=dl_dlopen.xs, dlext=so, d_dlsymun=undef, ccdlflags='-Wl,-E'
    cccdlflags='-fpic', lddlflags='-shared -L/usr/local/lib'


Characteristics of this binary (from libperl): 
  Compile-time options: DEBUGGING USE_64_BIT_INT USE_64_BIT_ALL USE_LARGE_FILES
  Locally applied patches:
	MAINT23539
  Built under linux
  Compiled at Dec  8 2018 17:08:57
  %ENV:
    PERL5LIB=""
    PERL5OPT=""
    PERL5_CPANPLUS_IS_RUNNING="4752"
    PERL5_CPAN_IS_RUNNING="4752"
    PERL5_CPAN_IS_RUNNING_IN_RECURSION="5756,4752"
    PERL_CANARY_STABILITY_NOPROMPT="1"
    PERL_MM_USE_DEFAULT="1"
    PERL_USE_UNSAFE_INC="1"
  @INC:
    /home/sand/src/perl/repoperls/installed-perls/host/k93msid/perl-5.8.6/6fdb/lib/5.8.6/x86_64-linux
    /home/sand/src/perl/repoperls/installed-perls/host/k93msid/perl-5.8.6/6fdb/lib/5.8.6
    /home/sand/src/perl/repoperls/installed-perls/host/k93msid/perl-5.8.6/6fdb/lib/site_perl/5.8.6/x86_64-linux
    /home/sand/src/perl/repoperls/installed-perls/host/k93msid/perl-5.8.6/6fdb/lib/site_perl/5.8.6
    /home/sand/src/perl/repoperls/installed-perls/host/k93msid/perl-5.8.6/6fdb/lib/site_perl
    .