Report for VANAMBURG-SEMPROG-SimpleGraph-0.010

Back
From: metabase:user:320bfe00-2aae-11df-837a-5e0a49663a4f
Subject: FAIL VANAMBURG-SEMPROG-SimpleGraph-0.010 v5.17.8 GNU/Linux
Date: 2012-12-22T04:28:10Z

This distribution has been tested as part of the CPAN Testers
project, supporting the Perl programming language.  See
http://wiki.cpantesters.org/ for more information or email
questions to cpan-testers-discuss@perl.org


--
Dear Gordon Van Amburg,

This is a computer-generated report for VANAMBURG-SEMPROG-SimpleGraph-0.010
on perl 5.17.8, created by CPAN-Reporter-1.2009.

Thank you for uploading your work to CPAN.  However, there was a problem
testing your distribution.

If you think this report is invalid, please consult the CPAN Testers Wiki
for suggestions on how to avoid getting FAIL reports for missing library
or binary dependencies, unsupported operating systems, and so on:

http://wiki.cpantesters.org/wiki/CPANAuthorNotes

Sections of this report:

    * Tester comments
    * Program output
    * Prerequisites
    * Environment and other context

------------------------------
TESTER COMMENTS
------------------------------

Additional comments from tester:

this report is from an automated smoke testing program
and was not reviewed by a human for accuracy

------------------------------
PROGRAM OUTPUT
------------------------------

Output from '/usr/bin/make test':

PERL_DL_NONLAZY=1 /tmp/basesmoker-reloperl-60q4/bin/perl "-MExtUtils::Command::MM" "-e" "test_harness(0, 'blib/lib', 'blib/arch')" t/*.t
# >>> t1 is gordon, add, triple1
# >>> gordon
# >>> gordon triples is 2
# >>> triple2 triples is 1
# >>> gordon triples is now 1
# >>> pot_belly_cost is cheap
t/00-load.t ......................... ok
t/pod-coverage.t .................... ok
# 
#    sub=San_Francisco_California
#    pred=mayor  obj=Gavin Newsom
#    pred=name  obj=San Francisco
#    pred=longitude  obj=-122.4183
#    pred=inside  obj=California
#    pred=population  obj=744042
#    pred=latitude  obj=37.775
#    sub=Garden_Grove_California  obj=William Dalton
#    sub=Aliso_Viejo_California  obj=William Phillips
#    sub=Fontana_California  obj=Acquanetta Warren
#    sub=Anaheim_California  obj=Curt Pringle
#    sub=San_Francisco_California  obj=Gavin Newsom
#    sub=Banning_California  obj=Brenda Salas
#    sub=Alameda_California  obj=Beverly Johnson
#    sub=Aliso_Viejo_California  obj=Donald Garcia
#    sub=Banning_California  obj=Debbie Franklin
#    sub=Adelanto_California  obj=Steven R. Baisden
#    sub=Detroit_Michigan  obj=Frank Murphy
#    sub=Fresno_California  obj=Alan Autry
#    sub=Bakersfield_California  obj=Harvey Hall
#    sub=Athens_Greece  obj=Dora Bakoyannis
#    sub=Wasilla_Alaska  obj=Sarah Palin
#    sub=Cincinnati_Ohio  obj=Jerry Springer
#    sub=Portsmouth_New_Hampshire  obj=Thomas G. Ferrini
#    sub=Fontana_California  obj=Mark Nuaimi
#    sub=Alameda_California  obj=Lena Tam
#    sub=Glendale_California  obj=John Drayman
#    sub=Stuttgart_Germany  obj=Manfred Rommel
#    sub=Cleveland_Ohio  obj=Frank G. Jackson
#    sub=Cleveland_Ohio  obj=Dennis Kucinich
#    sub=Chicago_Illinois  obj=Richard M. Daley
#    sub=New_York_New_York  obj=Michael Bloomberg
#    sub=Fremont_California  obj=Bill Harrison
#    sub=Chula_Vista_California  obj=Cheryl Cox
#    sub=Hillsdale_Michigan  obj=Michael Sessions
#    sub=Garden_Grove_California  obj=Mark Rosen
#    sub=Corona_California  obj=Steve Nolan
#    sub=Philadelphia_Pennsylvania  obj=John F. Street
#    sub=Fremont_California  obj=Bob Wasserman
#    sub=Half_Moon_Bay_California  obj=John Muller
#    sub=San_Jose_California  obj=Norman Mineta
#    sub=Corona_California  obj=Jeff Miller
#    sub=Portsmouth_New_Hampshire  obj=John Blalock
#    sub=Cleveland_Ohio  obj=Newton D. Baker
#    sub=Adelanto_California  obj=Charley B. Glasper
#    sub=Edmonton_Canada  obj=Bill Smith
#    sub=Half_Moon_Bay_California  obj=Bonnie McClung
# there are 30 cal cities
# mayor of San_Jose_California is Norman Mineta
# mayor of Alameda_California is Beverly Johnson
# mayor of Alameda_California is Lena Tam
# mayor of Half_Moon_Bay_California is Bonnie McClung
# mayor of Half_Moon_Bay_California is John Muller
# mayor of Garden_Grove_California is William Dalton
# mayor of Garden_Grove_California is Mark Rosen
# mayor of Chula_Vista_California is Cheryl Cox
# mayor of Banning_California is Brenda Salas
# mayor of Banning_California is Debbie Franklin
# mayor of Anaheim_California is Curt Pringle
# mayor of Bakersfield_California is Harvey Hall
# mayor of Aliso_Viejo_California is Donald Garcia
# mayor of Aliso_Viejo_California is William Phillips
# mayor of Corona_California is Jeff Miller
# mayor of Corona_California is Steve Nolan
# mayor of Fremont_California is Bill Harrison
# mayor of Fremont_California is Bob Wasserman
# mayor of Fontana_California is Acquanetta Warren
# mayor of Fontana_California is Mark Nuaimi
# mayor of Adelanto_California is Charley B. Glasper
# mayor of Adelanto_California is Steven R. Baisden
# mayor of San_Francisco_California is Gavin Newsom
# mayor of Glendale_California is John Drayman
# mayor of Fresno_California is Alan Autry
t/semprog_ch02_03_places.t .......... ok
# jt's partners
#     Justin Timberlake + Jenna Dewan
#     Jessica Biel + Justin Timberlake
#     Justin Timberlake + Alyssa Milano
#     Justin Timberlake + Cameron Diaz
#     Justin Timberlake + Jenna Dewan
#     Justin Timberlake + Alyssa Milano
#     Justin Timberlake + Britney Spears
#     Justin Timberlake + Britney Spears
#     Jessica Biel + Justin Timberlake
#     Justin Timberlake + Cameron Diaz
t/semprog_ch02_04_celebs.t .......... ok
# $VAR1 = 'WDR';
# $VAR2 = 'GS';
# $VAR3 = 'ITG';
# $VAR4 = 'BSC';
# $VAR5 = 'SCHW';
# $VAR6 = 'GBL';
# $VAR7 = 'MKTX';
# $VAR8 = 'BLK';
# $VAR9 = 'TWPG';
# $VAR10 = 'JEF';
# $VAR11 = 'CLMS';
# $VAR12 = 'OXPS';
# $VAR13 = 'LAB';
# $VAR14 = 'PNSN';
# $VAR15 = 'SF';
# $VAR16 = 'TRAD';
# $VAR17 = 'COWN';
# $VAR18 = 'LM';
# $VAR19 = 'DHIL';
# $VAR20 = 'NITE';
# $VAR21 = 'LEH';
# $VAR22 = 'MS';
# $VAR23 = 'MER';
t/semprog_ch02_05_business.t ........ ok
t/semprog_ch02_moviegraph.t ......... ok
# $VAR1 = {
#           'cont' => 'contrib285',
#           'company' => 'BSC',
#           'dollars' => '30700.0'
#         };
t/semprog_ch03_01_queries.t ......... ok
# triples before:
# $VAR1 = [
#           'White House',
#           'address',
#           '1600 Pennsylvania Avenue, Washington DC'
#         ];
Use of uninitialized value $geo_result in split at /tmp/loop_over_bdir-MnbO7Z/VANAMBURG-SEMPROG-SimpleGraph-0.010-oVj2ap/blib/lib/VANAMBURG/SEMPROG/GeocodeRule.pm line 24.
# triples after:
# $VAR1 = [
#           'White House',
#           'address',
#           '1600 Pennsylvania Avenue, Washington DC'
#         ];

#   Failed test 'there are three triples after inference'
#   at t/semprog_ch03_02_inference.t line 30.
# Looks like you failed 1 test of 2.
t/semprog_ch03_02_inference.t ....... 
Dubious, test returned 1 (wstat 256, 0x100)
Failed 1/2 subtests 
# getting geo code data from internet -- could take a while...
Use of uninitialized value $geo_result in split at /tmp/loop_over_bdir-MnbO7Z/VANAMBURG-SEMPROG-SimpleGraph-0.010-oVj2ap/blib/lib/VANAMBURG/SEMPROG/GeocodeRule.pm line 24.
Use of uninitialized value $geo_result in split at /tmp/loop_over_bdir-MnbO7Z/VANAMBURG-SEMPROG-SimpleGraph-0.010-oVj2ap/blib/lib/VANAMBURG/SEMPROG/GeocodeRule.pm line 24.
Use of uninitialized value $geo_result in split at /tmp/loop_over_bdir-MnbO7Z/VANAMBURG-SEMPROG-SimpleGraph-0.010-oVj2ap/blib/lib/VANAMBURG/SEMPROG/GeocodeRule.pm line 24.
Use of uninitialized value $geo_result in split at /tmp/loop_over_bdir-MnbO7Z/VANAMBURG-SEMPROG-SimpleGraph-0.010-oVj2ap/blib/lib/VANAMBURG/SEMPROG/GeocodeRule.pm line 24.
Use of uninitialized value $geo_result in split at /tmp/loop_over_bdir-MnbO7Z/VANAMBURG-SEMPROG-SimpleGraph-0.010-oVj2ap/blib/lib/VANAMBURG/SEMPROG/GeocodeRule.pm line 24.

#   Failed test '24 triples after first inference.'
#   at t/semprog_ch03_03_chain_of_rules.t line 22.
Attribute (latitude) does not pass the type constraint because: Validation failed for 'Num' with value "" at accessor VANAMBURG::SEMPROG::CloseToRule::latitude (defined at /tmp/loop_over_bdir-MnbO7Z/VANAMBURG-SEMPROG-SimpleGraph-0.010-oVj2ap/blib/lib/VANAMBURG/SEMPROG/CloseToRule.pm line 54) line 4.
	VANAMBURG::SEMPROG::CloseToRule::latitude('VANAMBURG::SEMPROG::CloseToRule=HASH(0x2166898)', '') called at /tmp/loop_over_bdir-MnbO7Z/VANAMBURG-SEMPROG-SimpleGraph-0.010-oVj2ap/blib/lib/VANAMBURG/SEMPROG/CloseToRule.pm line 40
	VANAMBURG::SEMPROG::CloseToRule::BUILD('VANAMBURG::SEMPROG::CloseToRule=HASH(0x2166898)', 'HASH(0x22e90a0)') called at constructor VANAMBURG::SEMPROG::CloseToRule::new (defined at /tmp/loop_over_bdir-MnbO7Z/VANAMBURG-SEMPROG-SimpleGraph-0.010-oVj2ap/blib/lib/VANAMBURG/SEMPROG/CloseToRule.pm line 60) line 59
	VANAMBURG::SEMPROG::CloseToRule::new('VANAMBURG::SEMPROG::CloseToRule', 'place', 'White House', 'graph', 'VANAMBURG::SEMPROG::SimpleGraph=HASH(0x975ac8)') called at t/semprog_ch03_03_chain_of_rules.t line 25
# Looks like you planned 4 tests but ran 2.
# Looks like you failed 1 test of 2 run.
# Looks like your test exited with 255 just after 2.
t/semprog_ch03_03_chain_of_rules.t .. 
Dubious, test returned 255 (wstat 65280, 0xff00)
Failed 3/4 subtests 
# loading movie data...
# load done.  finding path
# path=Kevin Bacon, The River Wild, Benjamin Bratt, Red Planet, Val Kilmer
# path=Kevin Bacon, National Lampoon's Animal House, Stephen Furst, Silent Rage, Chuck Norris, Way of the Dragon, Bruce Lee
# path=Kevin Bacon, JFK, Tommy Lee Jones, The Fugitive, Harrison Ford
t/semprog_ch03_04_shortest_path.t ... ok
t/semprog_ch03_05_join_graph.t ...... ok

Test Summary Report
-------------------
t/semprog_ch03_02_inference.t     (Wstat: 256 Tests: 2 Failed: 1)
  Failed test:  2
  Non-zero exit status: 1
t/semprog_ch03_03_chain_of_rules.t (Wstat: 65280 Tests: 2 Failed: 1)
  Failed test:  2
  Non-zero exit status: 255
  Parse errors: Bad plan.  You planned 4 tests but ran 2.
Files=11, Tests=40, 34 wallclock secs ( 0.04 usr  0.02 sys + 29.05 cusr  0.52 csys = 29.63 CPU)
Result: FAIL
Failed 2/11 test programs. 2/40 subtests failed.
make: *** [test_dynamic] Error 255

------------------------------
PREREQUISITES
------------------------------

Prerequisite modules loaded:

requires:

    Module              Need Have      
    ------------------- ---- ----------
    File::Slurp         0    9999.19   
    JSON                0    2.53      
    List::MoreUtils     0    0.33      
    LWP::Simple         0    6.00      
    Modern::Perl        1.03 1.20121103
    Moose               0.93 2.0604    
    Moose::Role         0    2.0604    
    Set::Scalar         0    1.25      
    Test::More          0    0.98      
    Text::CSV_XS        0    0.94      
    URI::Escape         0    3.31      

build_requires:

    Module              Need Have      
    ------------------- ---- ----------
    ExtUtils::MakeMaker 0    6.64      

configure_requires:

    Module              Need Have      
    ------------------- ---- ----------
    ExtUtils::MakeMaker 0    6.64      


------------------------------
ENVIRONMENT AND OTHER CONTEXT
------------------------------

Environment variables:

    AUTOMATED_TESTING = 1
    LANG = en_US.UTF-8
    LANGUAGE = en_US:en
    PATH = /usr/lib/ccache:/home/sand/bin:/usr/local/bin:/usr/bin:/bin:/usr/bin/X11:/usr/games:/usr/local/perl/bin:/usr/X11/bin:/sbin:/usr/sbin
    PERL5LIB = 
    PERL5OPT = 
    PERL5_CPANPLUS_IS_RUNNING = 31570
    PERL5_CPAN_IS_RUNNING = 31570
    PERL_MM_USE_DEFAULT = 1
    SHELL = /usr/bin/zsh
    TERM = screen

Perl special variables (and OS-specific diagnostics, for MSWin32):

    $^X = /tmp/basesmoker-reloperl-60q4/bin/perl
    $UID/$EUID = 1005 / 1005
    $GID = 1005 1005
    $EGID = 1005 1005

Perl module toolchain versions installed:

    Module              Have    
    ------------------- --------
    CPAN                1.99_51 
    CPAN::Meta          2.120921
    Cwd                 3.39_03 
    ExtUtils::CBuilder  0.280209
    ExtUtils::Command   1.17    
    ExtUtils::Install   1.58    
    ExtUtils::MakeMaker 6.64    
    ExtUtils::Manifest  1.62    
    ExtUtils::ParseXS   3.18    
    File::Spec          3.39_02 
    JSON                2.53    
    JSON::PP            2.27200 
    Module::Build       0.4003  
    Module::Signature   0.70    
    Parse::CPAN::Meta   1.4404  
    Test::Harness       3.25_01 
    Test::More          0.98    
    YAML                0.84    
    YAML::Syck          1.22    
    version             0.9901  


--

Summary of my perl5 (revision 5 version 17 subversion 8) configuration:
  Commit id: e2beedf4df02c72fec132a29c4d4fa0360cea755
  Platform:
    osname=linux, osvers=3.2.0-4-amd64, archname=x86_64-linux
    uname='linux k83 3.2.0-4-amd64 #1 smp debian 3.2.35-1 x86_64 gnulinux '
    config_args='-Dprefix=/home/src/perl/repoperls/installed-perls/perl/v5.17.7-16-ge2beedf/165a -Dmyhostname=k83 -Dinstallusrbinperl=n -Uversiononly -Dusedevel -des -Ui_db -Uuseithreads -Uuselongdouble -DDEBUGGING=-g'
    hint=recommended, useposix=true, d_sigaction=define
    useithreads=undef, usemultiplicity=undef
    useperlio=define, d_sfio=undef, uselargefiles=define, usesocks=undef
    use64bitint=define, use64bitall=define, uselongdouble=undef
    usemymalloc=n, bincompat5005=undef
  Compiler:
    cc='cc', ccflags ='-fno-strict-aliasing -pipe -fstack-protector -I/usr/local/include -D_LARGEFILE_SOURCE -D_FILE_OFFSET_BITS=64',
    optimize='-O2 -g',
    cppflags='-fno-strict-aliasing -pipe -fstack-protector -I/usr/local/include'
    ccversion='', gccversion='4.7.2', gccosandvers=''
    intsize=4, longsize=8, ptrsize=8, doublesize=8, byteorder=12345678
    d_longlong=define, longlongsize=8, d_longdbl=define, longdblsize=16
    ivtype='long', ivsize=8, nvtype='double', nvsize=8, Off_t='off_t', lseeksize=8
    alignbytes=8, prototype=define
  Linker and Libraries:
    ld='cc', ldflags =' -fstack-protector -L/usr/local/lib'
    libpth=/usr/local/lib /lib/x86_64-linux-gnu /lib/../lib /usr/lib/x86_64-linux-gnu /usr/lib/../lib /lib /usr/lib
    libs=-lnsl -ldb -ldl -lm -lcrypt -lutil -lc
    perllibs=-lnsl -ldl -lm -lcrypt -lutil -lc
    libc=, so=so, useshrplib=false, libperl=libperl.a
    gnulibc_version='2.13'
  Dynamic Linking:
    dlsrc=dl_dlopen.xs, dlext=so, d_dlsymun=undef, ccdlflags='-Wl,-E'
    cccdlflags='-fPIC', lddlflags='-shared -O2 -g -L/usr/local/lib -fstack-protector'


Characteristics of this binary (from libperl): 
  Compile-time options: HAS_TIMES PERLIO_LAYERS PERL_DONT_CREATE_GVSV
                        PERL_MALLOC_WRAP PERL_NEW_COPY_ON_WRITE
                        PERL_PRESERVE_IVUV PERL_USE_DEVEL USE_64_BIT_ALL
                        USE_64_BIT_INT USE_LARGE_FILES USE_LOCALE
                        USE_LOCALE_COLLATE USE_LOCALE_CTYPE
                        USE_LOCALE_NUMERIC USE_PERLIO USE_PERL_ATOF
  Built under linux
  Compiled at Dec 21 2012 18:08:42
  %ENV:
    PERL5LIB=""
    PERL5OPT=""
    PERL5_CPANPLUS_IS_RUNNING="31570"
    PERL5_CPAN_IS_RUNNING="31570"
    PERL_MM_USE_DEFAULT="1"
  @INC:
    /home/src/perl/repoperls/installed-perls/perl/v5.17.7-16-ge2beedf/165a/lib/site_perl/5.17.8/x86_64-linux
    /home/src/perl/repoperls/installed-perls/perl/v5.17.7-16-ge2beedf/165a/lib/site_perl/5.17.8
    /home/src/perl/repoperls/installed-perls/perl/v5.17.7-16-ge2beedf/165a/lib/5.17.8/x86_64-linux
    /home/src/perl/repoperls/installed-perls/perl/v5.17.7-16-ge2beedf/165a/lib/5.17.8
    .