Back
From: metabase:user:30ae4450-2aae-11df-837a-5e0a49663a4f
Subject: FAIL GOBO-0.03 v5.12.2
Date: 2014-08-22T09:52:56Z
This distribution has been tested as part of the CPAN Testers
project, supporting the Perl programming language. See
http://wiki.cpantesters.org/ for more information or email
questions to cpan-testers-discuss@perl.org
--
Dear Chris Mungall,
This is a computer-generated report for GOBO-0.03
on perl 5.12.2, created by CPAN-Reporter-1.2011.
Thank you for uploading your work to CPAN. However, there was a problem
testing your distribution.
If you think this report is invalid, please consult the CPAN Testers Wiki
for suggestions on how to avoid getting FAIL reports for missing library
or binary dependencies, unsupported operating systems, and so on:
http://wiki.cpantesters.org/wiki/CPANAuthorNotes
Sections of this report:
* Tester comments
* Program output
* Prerequisites
* Environment and other context
------------------------------
TESTER COMMENTS
------------------------------
Additional comments from tester:
this report is from an automated smoke testing program
and was not reviewed by a human for accuracy
------------------------------
PROGRAM OUTPUT
------------------------------
Output from 'C:\strawberry\c\bin\dmake.EXE test':
C:\strawberry\perl\bin\perl.exe "-MExtUtils::Command::MM" "-MTest::Harness" "-e" "undef *Test::Harness::Switches; test_harness(0, 'blib\lib', 'blib\arch')" t/*.t
You cannot coerce an attribute (source) unless its type (GOBO::Node) has a coercion at C:\strawberry\perl\site\lib\Moose\Exception.pm line 37
Moose::Exception::_build_trace('Moose::Exception::CannotCoerceAttributeWhichHasNoCoercion=HASH(0x1770104)') called at reader Moose::Exception::trace (defined at C:\strawberry\perl\site\lib\Moose\Exception.pm line 9) line 7
Moose::Exception::trace('Moose::Exception::CannotCoerceAttributeWhichHasNoCoercion=HASH(0x1770104)') called at C:\strawberry\perl\site\lib\Moose\Exception.pm line 49
Moose::Exception::BUILD('Moose::Exception::CannotCoerceAttributeWhichHasNoCoercion=HASH(0x1770104)', 'HASH(0x1750564)') called at C:\strawberry\perl\site\lib\Class\MOP\Method.pm line 126
Class::MOP::Method::execute('Moose::Meta::Method=HASH(0x174b35c)', 'Moose::Exception::CannotCoerceAttributeWhichHasNoCoercion=HASH(0x1770104)', 'HASH(0x1750564)') called at C:\strawberry\perl\site\lib\Moose\Object.pm line 55
Moose::Object::BUILDALL('Moose::Exception::CannotCoerceAttributeWhichHasNoCoercion=HASH(0x1770104)', 'HASH(0x1750564)') called at C:\strawberry\perl\site\lib\Moose\Meta\Class.pm line 281
Moose::Meta::Class::new_object('Moose::Meta::Class=HASH(0x1770894)', 'HASH(0x1750564)') called at C:\strawberry\perl\site\lib\Moose\Object.pm line 26
Moose::Object::new('Moose::Exception::CannotCoerceAttributeWhichHasNoCoercion', 'attribute_name', 'source', 'type_name', 'GOBO::Node', 'params', 'HASH(0x103225c)') called at C:\strawberry\perl\site\lib\Moose\Util.pm line 52
Moose::Util::throw_exception('CannotCoerceAttributeWhichHasNoCoercion', 'attribute_name', 'source', 'type_name', 'GOBO::Node', 'params', 'HASH(0x103225c)') called at C:\strawberry\perl\site\lib\Moose\Meta\Attribute.pm line 392
Moose::Meta::Attribute::_process_coerce_option('Moose::Meta::Attribute', 'source', 'HASH(0x103225c)') called at C:\strawberry\perl\site\lib\Moose\Meta\Attribute.pm line 262
Moose::Meta::Attribute::_process_options('Moose::Meta::Attribute', 'source', 'HASH(0x103225c)') called at C:\strawberry\perl\site\lib\Moose\Meta\Attribute.pm line 53
Moose::Meta::Attribute::new('Moose::Meta::Attribute', 'source', 'coerce', 1, 'isa', 'GOBO::Node', 'definition_context', 'HASH(0x175cdbc)', 'is', 'rw') called at C:\strawberry\perl\site\lib\Moose\Meta\Attribute.pm line 101
Moose::Meta::Attribute::interpolate_class_and_new('Moose::Meta::Attribute', 'source', 'coerce', 1, 'isa', 'GOBO::Node', 'definition_context', 'HASH(0x175cdbc)', 'is', 'rw') called at C:\strawberry\perl\site\lib\Moose\Meta\Role\Attribute.pm line 92
Moose::Meta::Role::Attribute::attribute_for_class('Moose::Meta::Role::Attribute=HASH(0x175d10c)') called at C:\strawberry\perl\site\lib\Moose\Meta\Role\Application\ToClass.pm line 130
Moose::Meta::Role::Application::ToClass::apply_attributes('Moose::Meta::Role::Application::ToClass=HASH(0x1310804)', 'Moose::Meta::Role=HASH(0x17590d4)', 'Moose::Meta::Class=HASH(0x13075e4)') called at C:\strawberry\perl\site\lib\Moose\Meta\Role\Application.pm line 57
Moose::Meta::Role::Application::apply('Moose::Meta::Role::Application::ToClass=HASH(0x1310804)', 'Moose::Meta::Role=HASH(0x17590d4)', 'Moose::Meta::Class=HASH(0x13075e4)') called at C:\strawberry\perl\site\lib\Moose\Meta\Role\Application\ToClass.pm line 35
Moose::Meta::Role::Application::ToClass::apply('Moose::Meta::Role::Application::ToClass=HASH(0x1310804)', 'Moose::Meta::Role=HASH(0x17590d4)', 'Moose::Meta::Class=HASH(0x13075e4)', 'HASH(0x12d30a4)') called at C:\strawberry\perl\site\lib\Moose\Meta\Role.pm line 474
Moose::Meta::Role::apply('Moose::Meta::Role=HASH(0x17590d4)', 'Moose::Meta::Class=HASH(0x13075e4)') called at C:\strawberry\perl\site\lib\Moose\Util.pm line 175
Moose::Util::_apply_all_roles('Moose::Meta::Class=HASH(0x13075e4)', undef, 'GOBO::Attributed') called at C:\strawberry\perl\site\lib\Moose\Util.pm line 117
Moose::Util::apply_all_roles('Moose::Meta::Class=HASH(0x13075e4)', 'GOBO::Attributed') called at C:\strawberry\perl\site\lib\Moose.pm line 60
Moose::with('Moose::Meta::Class=HASH(0x13075e4)', 'GOBO::Attributed') called at C:\strawberry\perl\site\lib\Moose\Exporter.pm line 405
Moose::with('GOBO::Attributed') called at C:\strawberry\cpan\build\GOBO-0.03-gLZa6s\blib\lib\GOBO\Synonym.pm line 17
require GOBO/Synonym.pm at C:\strawberry\cpan\build\GOBO-0.03-gLZa6s\blib\lib\GOBO\Labeled.pm line 23
GOBO::Labeled::BEGIN at C:\strawberry\cpan\build\GOBO-0.03-gLZa6s\blib\lib\GOBO\Synonym.pm line 0
eval {...} at C:\strawberry\cpan\build\GOBO-0.03-gLZa6s\blib\lib\GOBO\Synonym.pm line 0
require GOBO/Labeled.pm at C:\strawberry\perl\site\lib\Module\Runtime.pm line 317
Module::Runtime::require_module('GOBO::Labeled') called at C:\strawberry\perl\site\lib\Module\Runtime.pm line 348
Module::Runtime::use_module('GOBO::Labeled') called at C:\strawberry\perl\site\lib\Moose\Util.pm line 150
Moose::Util::_apply_all_roles('Moose::Meta::Class=HASH(0x1294ad4)', undef, 'GOBO::Labeled') called at C:\strawberry\perl\site\lib\Moose\Util.pm line 117
Moose::Util::apply_all_roles('Moose::Meta::Class=HASH(0x1294ad4)', 'GOBO::Labeled') called at C:\strawberry\perl\site\lib\Moose.pm line 60
Moose::with('Moose::Meta::Class=HASH(0x1294ad4)', 'GOBO::Labeled') called at C:\strawberry\perl\site\lib\Moose\Exporter.pm line 405
Moose::with('GOBO::Labeled') called at C:\strawberry\cpan\build\GOBO-0.03-gLZa6s\blib\lib\GOBO\Node.pm line 6
require GOBO/Node.pm at C:\strawberry\perl\site\lib\Module\Runtime.pm line 317
Module::Runtime::require_module('GOBO::Node') called at C:\strawberry\perl\site\lib\Module\Runtime.pm line 381
eval {...} at C:\strawberry\perl\site\lib\Module\Runtime.pm line 381
Module::Runtime::use_package_optimistically('GOBO::Node') called at C:\strawberry\perl\site\lib\Moose\Util.pm line 352
Moose::Util::_load_user_class('GOBO::Node', undef) called at C:\strawberry\perl\site\lib\Moose\Meta\Class.pm line 560
Moose::Meta::Class::superclasses(undef, 'GOBO::Node') called at C:\strawberry\perl\site\lib\Moose.pm line 56
Moose::extends('Moose::Meta::Class=HASH(0x1291094)', 'GOBO::Node') called at C:\strawberry\perl\site\lib\Moose\Exporter.pm line 405
Moose::extends('GOBO::Node') called at C:\strawberry\cpan\build\GOBO-0.03-gLZa6s\blib\lib\GOBO\Evidence.pm line 4
require GOBO/Evidence.pm at C:\strawberry\cpan\build\GOBO-0.03-gLZa6s\blib\lib\GOBO\Annotation.pm line 5
GOBO::Annotation::BEGIN at C:\strawberry\cpan\build\GOBO-0.03-gLZa6s\blib\lib\GOBO\Synonym.pm line 0
eval {...} at C:\strawberry\cpan\build\GOBO-0.03-gLZa6s\blib\lib\GOBO\Synonym.pm line 0
require GOBO/Annotation.pm at C:\strawberry\cpan\build\GOBO-0.03-gLZa6s\blib\lib\GOBO\Graph.pm line 55
GOBO::Graph::BEGIN at C:\strawberry\cpan\build\GOBO-0.03-gLZa6s\blib\lib\GOBO\Synonym.pm line 0
eval {...} at C:\strawberry\cpan\build\GOBO-0.03-gLZa6s\blib\lib\GOBO\Synonym.pm line 0
require GOBO/Graph.pm at t\analysis_test.t line 4
main::BEGIN at C:\strawberry\cpan\build\GOBO-0.03-gLZa6s\blib\lib\GOBO\Synonym.pm line 0
eval {...} at C:\strawberry\cpan\build\GOBO-0.03-gLZa6s\blib\lib\GOBO\Synonym.pm line 0
Compilation failed in require at C:\strawberry\cpan\build\GOBO-0.03-gLZa6s\blib\lib/GOBO/Labeled.pm line 23.
BEGIN failed--compilation aborted at C:\strawberry\cpan\build\GOBO-0.03-gLZa6s\blib\lib/GOBO/Labeled.pm line 23.
Compilation failed in require at C:/strawberry/perl/site/lib/Module/Runtime.pm line 317.
Compilation failed in require at C:/strawberry/perl/site/lib/Module/Runtime.pm line 317.
Compilation failed in require at C:\strawberry\cpan\build\GOBO-0.03-gLZa6s\blib\lib/GOBO/Annotation.pm line 5.
BEGIN failed--compilation aborted at C:\strawberry\cpan\build\GOBO-0.03-gLZa6s\blib\lib/GOBO/Annotation.pm line 5.
Compilation failed in require at C:\strawberry\cpan\build\GOBO-0.03-gLZa6s\blib\lib/GOBO/Graph.pm line 55.
BEGIN failed--compilation aborted at C:\strawberry\cpan\build\GOBO-0.03-gLZa6s\blib\lib/GOBO/Graph.pm line 55.
Compilation failed in require at t/analysis_test.t line 4.
BEGIN failed--compilation aborted at t/analysis_test.t line 4.
t/analysis_test.t ............
Dubious, test returned 255 (wstat 65280, 0xff00)
No subtests run
You cannot coerce an attribute (source) unless its type (GOBO::Node) has a coercion at C:\strawberry\perl\site\lib\Moose\Exception.pm line 37
Moose::Exception::_build_trace('Moose::Exception::CannotCoerceAttributeWhichHasNoCoercion=HASH(0x176dad4)') called at reader Moose::Exception::trace (defined at C:\strawberry\perl\site\lib\Moose\Exception.pm line 9) line 7
Moose::Exception::trace('Moose::Exception::CannotCoerceAttributeWhichHasNoCoercion=HASH(0x176dad4)') called at C:\strawberry\perl\site\lib\Moose\Exception.pm line 49
Moose::Exception::BUILD('Moose::Exception::CannotCoerceAttributeWhichHasNoCoercion=HASH(0x176dad4)', 'HASH(0x174ee94)') called at C:\strawberry\perl\site\lib\Class\MOP\Method.pm line 126
Class::MOP::Method::execute('Moose::Meta::Method=HASH(0x17ab29c)', 'Moose::Exception::CannotCoerceAttributeWhichHasNoCoercion=HASH(0x176dad4)', 'HASH(0x174ee94)') called at C:\strawberry\perl\site\lib\Moose\Object.pm line 55
Moose::Object::BUILDALL('Moose::Exception::CannotCoerceAttributeWhichHasNoCoercion=HASH(0x176dad4)', 'HASH(0x174ee94)') called at C:\strawberry\perl\site\lib\Moose\Meta\Class.pm line 281
Moose::Meta::Class::new_object('Moose::Meta::Class=HASH(0x176e264)', 'HASH(0x174ee94)') called at C:\strawberry\perl\site\lib\Moose\Object.pm line 26
Moose::Object::new('Moose::Exception::CannotCoerceAttributeWhichHasNoCoercion', 'attribute_name', 'source', 'type_name', 'GOBO::Node', 'params', 'HASH(0x1032874)') called at C:\strawberry\perl\site\lib\Moose\Util.pm line 52
Moose::Util::throw_exception('CannotCoerceAttributeWhichHasNoCoercion', 'attribute_name', 'source', 'type_name', 'GOBO::Node', 'params', 'HASH(0x1032874)') called at C:\strawberry\perl\site\lib\Moose\Meta\Attribute.pm line 392
Moose::Meta::Attribute::_process_coerce_option('Moose::Meta::Attribute', 'source', 'HASH(0x1032874)') called at C:\strawberry\perl\site\lib\Moose\Meta\Attribute.pm line 262
Moose::Meta::Attribute::_process_options('Moose::Meta::Attribute', 'source', 'HASH(0x1032874)') called at C:\strawberry\perl\site\lib\Moose\Meta\Attribute.pm line 53
Moose::Meta::Attribute::new('Moose::Meta::Attribute', 'source', 'coerce', 1, 'isa', 'GOBO::Node', 'definition_context', 'HASH(0x175c62c)', 'is', 'rw') called at C:\strawberry\perl\site\lib\Moose\Meta\Attribute.pm line 101
Moose::Meta::Attribute::interpolate_class_and_new('Moose::Meta::Attribute', 'source', 'coerce', 1, 'isa', 'GOBO::Node', 'definition_context', 'HASH(0x175c62c)', 'is', 'rw') called at C:\strawberry\perl\site\lib\Moose\Meta\Role\Attribute.pm line 92
Moose::Meta::Role::Attribute::attribute_for_class('Moose::Meta::Role::Attribute=HASH(0x175c97c)') called at C:\strawberry\perl\site\lib\Moose\Meta\Role\Application\ToClass.pm line 130
Moose::Meta::Role::Application::ToClass::apply_attributes('Moose::Meta::Role::Application::ToClass=HASH(0x130ad04)', 'Moose::Meta::Role=HASH(0x175890c)', 'Moose::Meta::Class=HASH(0x1307a0c)') called at C:\strawberry\perl\site\lib\Moose\Meta\Role\Application.pm line 57
Moose::Meta::Role::Application::apply('Moose::Meta::Role::Application::ToClass=HASH(0x130ad04)', 'Moose::Meta::Role=HASH(0x175890c)', 'Moose::Meta::Class=HASH(0x1307a0c)') called at C:\strawberry\perl\site\lib\Moose\Meta\Role\Application\ToClass.pm line 35
Moose::Meta::Role::Application::ToClass::apply('Moose::Meta::Role::Application::ToClass=HASH(0x130ad04)', 'Moose::Meta::Role=HASH(0x175890c)', 'Moose::Meta::Class=HASH(0x1307a0c)', 'HASH(0x12d7234)') called at C:\strawberry\perl\site\lib\Moose\Meta\Role.pm line 474
Moose::Meta::Role::apply('Moose::Meta::Role=HASH(0x175890c)', 'Moose::Meta::Class=HASH(0x1307a0c)') called at C:\strawberry\perl\site\lib\Moose\Util.pm line 175
Moose::Util::_apply_all_roles('Moose::Meta::Class=HASH(0x1307a0c)', undef, 'GOBO::Attributed') called at C:\strawberry\perl\site\lib\Moose\Util.pm line 117
Moose::Util::apply_all_roles('Moose::Meta::Class=HASH(0x1307a0c)', 'GOBO::Attributed') called at C:\strawberry\perl\site\lib\Moose.pm line 60
Moose::with('Moose::Meta::Class=HASH(0x1307a0c)', 'GOBO::Attributed') called at C:\strawberry\perl\site\lib\Moose\Exporter.pm line 405
Moose::with('GOBO::Attributed') called at C:\strawberry\cpan\build\GOBO-0.03-gLZa6s\blib\lib\GOBO\Synonym.pm line 17
require GOBO/Synonym.pm at C:\strawberry\cpan\build\GOBO-0.03-gLZa6s\blib\lib\GOBO\Labeled.pm line 23
GOBO::Labeled::BEGIN at C:\strawberry\cpan\build\GOBO-0.03-gLZa6s\blib\lib\GOBO\Synonym.pm line 0
eval {...} at C:\strawberry\cpan\build\GOBO-0.03-gLZa6s\blib\lib\GOBO\Synonym.pm line 0
require GOBO/Labeled.pm at C:\strawberry\perl\site\lib\Module\Runtime.pm line 317
Module::Runtime::require_module('GOBO::Labeled') called at C:\strawberry\perl\site\lib\Module\Runtime.pm line 348
Module::Runtime::use_module('GOBO::Labeled') called at C:\strawberry\perl\site\lib\Moose\Util.pm line 150
Moose::Util::_apply_all_roles('Moose::Meta::Class=HASH(0x1295384)', undef, 'GOBO::Labeled') called at C:\strawberry\perl\site\lib\Moose\Util.pm line 117
Moose::Util::apply_all_roles('Moose::Meta::Class=HASH(0x1295384)', 'GOBO::Labeled') called at C:\strawberry\perl\site\lib\Moose.pm line 60
Moose::with('Moose::Meta::Class=HASH(0x1295384)', 'GOBO::Labeled') called at C:\strawberry\perl\site\lib\Moose\Exporter.pm line 405
Moose::with('GOBO::Labeled') called at C:\strawberry\cpan\build\GOBO-0.03-gLZa6s\blib\lib\GOBO\Node.pm line 6
require GOBO/Node.pm at C:\strawberry\cpan\build\GOBO-0.03-gLZa6s\blib\lib\GOBO\Statement.pm line 7
GOBO::Statement::BEGIN at C:\strawberry\cpan\build\GOBO-0.03-gLZa6s\blib\lib\GOBO\Synonym.pm line 0
eval {...} at C:\strawberry\cpan\build\GOBO-0.03-gLZa6s\blib\lib\GOBO\Synonym.pm line 0
require GOBO/Statement.pm at C:\strawberry\cpan\build\GOBO-0.03-gLZa6s\blib\lib\GOBO\ClassExpression\RelationalExpression.pm line 5
GOBO::ClassExpression::RelationalExpression::BEGIN at C:\strawberry\cpan\build\GOBO-0.03-gLZa6s\blib\lib\GOBO\Synonym.pm line 0
eval {...} at C:\strawberry\cpan\build\GOBO-0.03-gLZa6s\blib\lib\GOBO\Synonym.pm line 0
require GOBO/ClassExpression/RelationalExpression.pm at C:\strawberry\cpan\build\GOBO-0.03-gLZa6s\blib\lib\GOBO\ClassExpression.pm line 80
GOBO::ClassExpression::BEGIN at C:\strawberry\cpan\build\GOBO-0.03-gLZa6s\blib\lib\GOBO\Synonym.pm line 0
eval {...} at C:\strawberry\cpan\build\GOBO-0.03-gLZa6s\blib\lib\GOBO\Synonym.pm line 0
require GOBO/ClassExpression.pm at t\classexpr.t line 3
main::BEGIN at C:\strawberry\cpan\build\GOBO-0.03-gLZa6s\blib\lib\GOBO\Synonym.pm line 0
eval {...} at C:\strawberry\cpan\build\GOBO-0.03-gLZa6s\blib\lib\GOBO\Synonym.pm line 0
Compilation failed in require at C:\strawberry\cpan\build\GOBO-0.03-gLZa6s\blib\lib/GOBO/Labeled.pm line 23.
BEGIN failed--compilation aborted at C:\strawberry\cpan\build\GOBO-0.03-gLZa6s\blib\lib/GOBO/Labeled.pm line 23.
Compilation failed in require at C:/strawberry/perl/site/lib/Module/Runtime.pm line 317.
Compilation failed in require at C:\strawberry\cpan\build\GOBO-0.03-gLZa6s\blib\lib/GOBO/Statement.pm line 7.
BEGIN failed--compilation aborted at C:\strawberry\cpan\build\GOBO-0.03-gLZa6s\blib\lib/GOBO/Statement.pm line 7.
Compilation failed in require at C:\strawberry\cpan\build\GOBO-0.03-gLZa6s\blib\lib/GOBO/ClassExpression/RelationalExpression.pm line 5.
BEGIN failed--compilation aborted at C:\strawberry\cpan\build\GOBO-0.03-gLZa6s\blib\lib/GOBO/ClassExpression/RelationalExpression.pm line 5.
Compilation failed in require at C:\strawberry\cpan\build\GOBO-0.03-gLZa6s\blib\lib/GOBO/ClassExpression.pm line 80.
BEGIN failed--compilation aborted at C:\strawberry\cpan\build\GOBO-0.03-gLZa6s\blib\lib/GOBO/ClassExpression.pm line 80.
Compilation failed in require at t/classexpr.t line 3.
BEGIN failed--compilation aborted at t/classexpr.t line 3.
t/classexpr.t ................
Dubious, test returned 255 (wstat 65280, 0xff00)
No subtests run
You cannot coerce an attribute (source) unless its type (GOBO::Node) has a coercion at C:\strawberry\perl\site\lib\Moose\Exception.pm line 37
Moose::Exception::_build_trace('Moose::Exception::CannotCoerceAttributeWhichHasNoCoercion=HASH(0x177007c)') called at reader Moose::Exception::trace (defined at C:\strawberry\perl\site\lib\Moose\Exception.pm line 9) line 7
Moose::Exception::trace('Moose::Exception::CannotCoerceAttributeWhichHasNoCoercion=HASH(0x177007c)') called at C:\strawberry\perl\site\lib\Moose\Exception.pm line 49
Moose::Exception::BUILD('Moose::Exception::CannotCoerceAttributeWhichHasNoCoercion=HASH(0x177007c)', 'HASH(0x1750614)') called at C:\strawberry\perl\site\lib\Class\MOP\Method.pm line 126
Class::MOP::Method::execute('Moose::Meta::Method=HASH(0x17d6d0c)', 'Moose::Exception::CannotCoerceAttributeWhichHasNoCoercion=HASH(0x177007c)', 'HASH(0x1750614)') called at C:\strawberry\perl\site\lib\Moose\Object.pm line 55
Moose::Object::BUILDALL('Moose::Exception::CannotCoerceAttributeWhichHasNoCoercion=HASH(0x177007c)', 'HASH(0x1750614)') called at C:\strawberry\perl\site\lib\Moose\Meta\Class.pm line 281
Moose::Meta::Class::new_object('Moose::Meta::Class=HASH(0x177080c)', 'HASH(0x1750614)') called at C:\strawberry\perl\site\lib\Moose\Object.pm line 26
Moose::Object::new('Moose::Exception::CannotCoerceAttributeWhichHasNoCoercion', 'attribute_name', 'source', 'type_name', 'GOBO::Node', 'params', 'HASH(0x10319d4)') called at C:\strawberry\perl\site\lib\Moose\Util.pm line 52
Moose::Util::throw_exception('CannotCoerceAttributeWhichHasNoCoercion', 'attribute_name', 'source', 'type_name', 'GOBO::Node', 'params', 'HASH(0x10319d4)') called at C:\strawberry\perl\site\lib\Moose\Meta\Attribute.pm line 392
Moose::Meta::Attribute::_process_coerce_option('Moose::Meta::Attribute', 'source', 'HASH(0x10319d4)') called at C:\strawberry\perl\site\lib\Moose\Meta\Attribute.pm line 262
Moose::Meta::Attribute::_process_options('Moose::Meta::Attribute', 'source', 'HASH(0x10319d4)') called at C:\strawberry\perl\site\lib\Moose\Meta\Attribute.pm line 53
Moose::Meta::Attribute::new('Moose::Meta::Attribute', 'source', 'coerce', 1, 'isa', 'GOBO::Node', 'definition_context', 'HASH(0x175cd34)', 'is', 'rw') called at C:\strawberry\perl\site\lib\Moose\Meta\Attribute.pm line 101
Moose::Meta::Attribute::interpolate_class_and_new('Moose::Meta::Attribute', 'source', 'coerce', 1, 'isa', 'GOBO::Node', 'definition_context', 'HASH(0x175cd34)', 'is', 'rw') called at C:\strawberry\perl\site\lib\Moose\Meta\Role\Attribute.pm line 92
Moose::Meta::Role::Attribute::attribute_for_class('Moose::Meta::Role::Attribute=HASH(0x175d084)') called at C:\strawberry\perl\site\lib\Moose\Meta\Role\Application\ToClass.pm line 130
Moose::Meta::Role::Application::ToClass::apply_attributes('Moose::Meta::Role::Application::ToClass=HASH(0x13105fc)', 'Moose::Meta::Role=HASH(0x17590d4)', 'Moose::Meta::Class=HASH(0x13074cc)') called at C:\strawberry\perl\site\lib\Moose\Meta\Role\Application.pm line 57
Moose::Meta::Role::Application::apply('Moose::Meta::Role::Application::ToClass=HASH(0x13105fc)', 'Moose::Meta::Role=HASH(0x17590d4)', 'Moose::Meta::Class=HASH(0x13074cc)') called at C:\strawberry\perl\site\lib\Moose\Meta\Role\Application\ToClass.pm line 35
Moose::Meta::Role::Application::ToClass::apply('Moose::Meta::Role::Application::ToClass=HASH(0x13105fc)', 'Moose::Meta::Role=HASH(0x17590d4)', 'Moose::Meta::Class=HASH(0x13074cc)', 'HASH(0x12d3024)') called at C:\strawberry\perl\site\lib\Moose\Meta\Role.pm line 474
Moose::Meta::Role::apply('Moose::Meta::Role=HASH(0x17590d4)', 'Moose::Meta::Class=HASH(0x13074cc)') called at C:\strawberry\perl\site\lib\Moose\Util.pm line 175
Moose::Util::_apply_all_roles('Moose::Meta::Class=HASH(0x13074cc)', undef, 'GOBO::Attributed') called at C:\strawberry\perl\site\lib\Moose\Util.pm line 117
Moose::Util::apply_all_roles('Moose::Meta::Class=HASH(0x13074cc)', 'GOBO::Attributed') called at C:\strawberry\perl\site\lib\Moose.pm line 60
Moose::with('Moose::Meta::Class=HASH(0x13074cc)', 'GOBO::Attributed') called at C:\strawberry\perl\site\lib\Moose\Exporter.pm line 405
Moose::with('GOBO::Attributed') called at C:\strawberry\cpan\build\GOBO-0.03-gLZa6s\blib\lib\GOBO\Synonym.pm line 17
require GOBO/Synonym.pm at C:\strawberry\cpan\build\GOBO-0.03-gLZa6s\blib\lib\GOBO\Labeled.pm line 23
GOBO::Labeled::BEGIN at C:\strawberry\cpan\build\GOBO-0.03-gLZa6s\blib\lib\GOBO\Synonym.pm line 0
eval {...} at C:\strawberry\cpan\build\GOBO-0.03-gLZa6s\blib\lib\GOBO\Synonym.pm line 0
require GOBO/Labeled.pm at C:\strawberry\perl\site\lib\Module\Runtime.pm line 317
Module::Runtime::require_module('GOBO::Labeled') called at C:\strawberry\perl\site\lib\Module\Runtime.pm line 348
Module::Runtime::use_module('GOBO::Labeled') called at C:\strawberry\perl\site\lib\Moose\Util.pm line 150
Moose::Util::_apply_all_roles('Moose::Meta::Class=HASH(0x1294a64)', undef, 'GOBO::Labeled') called at C:\strawberry\perl\site\lib\Moose\Util.pm line 117
Moose::Util::apply_all_roles('Moose::Meta::Class=HASH(0x1294a64)', 'GOBO::Labeled') called at C:\strawberry\perl\site\lib\Moose.pm line 60
Moose::with('Moose::Meta::Class=HASH(0x1294a64)', 'GOBO::Labeled') called at C:\strawberry\perl\site\lib\Moose\Exporter.pm line 405
Moose::with('GOBO::Labeled') called at C:\strawberry\cpan\build\GOBO-0.03-gLZa6s\blib\lib\GOBO\Node.pm line 6
require GOBO/Node.pm at C:\strawberry\perl\site\lib\Module\Runtime.pm line 317
Module::Runtime::require_module('GOBO::Node') called at C:\strawberry\perl\site\lib\Module\Runtime.pm line 381
eval {...} at C:\strawberry\perl\site\lib\Module\Runtime.pm line 381
Module::Runtime::use_package_optimistically('GOBO::Node') called at C:\strawberry\perl\site\lib\Moose\Util.pm line 352
Moose::Util::_load_user_class('GOBO::Node', undef) called at C:\strawberry\perl\site\lib\Moose\Meta\Class.pm line 560
Moose::Meta::Class::superclasses(undef, 'GOBO::Node') called at C:\strawberry\perl\site\lib\Moose.pm line 56
Moose::extends('Moose::Meta::Class=HASH(0x129106c)', 'GOBO::Node') called at C:\strawberry\perl\site\lib\Moose\Exporter.pm line 405
Moose::extends('GOBO::Node') called at C:\strawberry\cpan\build\GOBO-0.03-gLZa6s\blib\lib\GOBO\Evidence.pm line 4
require GOBO/Evidence.pm at C:\strawberry\cpan\build\GOBO-0.03-gLZa6s\blib\lib\GOBO\Annotation.pm line 5
GOBO::Annotation::BEGIN at C:\strawberry\cpan\build\GOBO-0.03-gLZa6s\blib\lib\GOBO\Synonym.pm line 0
eval {...} at C:\strawberry\cpan\build\GOBO-0.03-gLZa6s\blib\lib\GOBO\Synonym.pm line 0
require GOBO/Annotation.pm at C:\strawberry\cpan\build\GOBO-0.03-gLZa6s\blib\lib\GOBO\Graph.pm line 55
GOBO::Graph::BEGIN at C:\strawberry\cpan\build\GOBO-0.03-gLZa6s\blib\lib\GOBO\Synonym.pm line 0
eval {...} at C:\strawberry\cpan\build\GOBO-0.03-gLZa6s\blib\lib\GOBO\Synonym.pm line 0
require GOBO/Graph.pm at t\dbconnect.t line 4
main::BEGIN at C:\strawberry\cpan\build\GOBO-0.03-gLZa6s\blib\lib\GOBO\Synonym.pm line 0
eval {...} at C:\strawberry\cpan\build\GOBO-0.03-gLZa6s\blib\lib\GOBO\Synonym.pm line 0
Compilation failed in require at C:\strawberry\cpan\build\GOBO-0.03-gLZa6s\blib\lib/GOBO/Labeled.pm line 23.
BEGIN failed--compilation aborted at C:\strawberry\cpan\build\GOBO-0.03-gLZa6s\blib\lib/GOBO/Labeled.pm line 23.
Compilation failed in require at C:/strawberry/perl/site/lib/Module/Runtime.pm line 317.
Compilation failed in require at C:/strawberry/perl/site/lib/Module/Runtime.pm line 317.
Compilation failed in require at C:\strawberry\cpan\build\GOBO-0.03-gLZa6s\blib\lib/GOBO/Annotation.pm line 5.
BEGIN failed--compilation aborted at C:\strawberry\cpan\build\GOBO-0.03-gLZa6s\blib\lib/GOBO/Annotation.pm line 5.
Compilation failed in require at C:\strawberry\cpan\build\GOBO-0.03-gLZa6s\blib\lib/GOBO/Graph.pm line 55.
BEGIN failed--compilation aborted at C:\strawberry\cpan\build\GOBO-0.03-gLZa6s\blib\lib/GOBO/Graph.pm line 55.
Compilation failed in require at t/dbconnect.t line 4.
BEGIN failed--compilation aborted at t/dbconnect.t line 4.
t/dbconnect.t ................
Dubious, test returned 255 (wstat 65280, 0xff00)
No subtests run
You cannot coerce an attribute (source) unless its type (GOBO::Node) has a coercion at C:\strawberry\perl\site\lib\Moose\Exception.pm line 37
Moose::Exception::_build_trace('Moose::Exception::CannotCoerceAttributeWhichHasNoCoercion=HASH(0x17705f4)') called at reader Moose::Exception::trace (defined at C:\strawberry\perl\site\lib\Moose\Exception.pm line 9) line 7
Moose::Exception::trace('Moose::Exception::CannotCoerceAttributeWhichHasNoCoercion=HASH(0x17705f4)') called at C:\strawberry\perl\site\lib\Moose\Exception.pm line 49
Moose::Exception::BUILD('Moose::Exception::CannotCoerceAttributeWhichHasNoCoercion=HASH(0x17705f4)', 'HASH(0x1750974)') called at C:\strawberry\perl\site\lib\Class\MOP\Method.pm line 126
Class::MOP::Method::execute('Moose::Meta::Method=HASH(0x17ac1c4)', 'Moose::Exception::CannotCoerceAttributeWhichHasNoCoercion=HASH(0x17705f4)', 'HASH(0x1750974)') called at C:\strawberry\perl\site\lib\Moose\Object.pm line 55
Moose::Object::BUILDALL('Moose::Exception::CannotCoerceAttributeWhichHasNoCoercion=HASH(0x17705f4)', 'HASH(0x1750974)') called at C:\strawberry\perl\site\lib\Moose\Meta\Class.pm line 281
Moose::Meta::Class::new_object('Moose::Meta::Class=HASH(0x1770d84)', 'HASH(0x1750974)') called at C:\strawberry\perl\site\lib\Moose\Object.pm line 26
Moose::Object::new('Moose::Exception::CannotCoerceAttributeWhichHasNoCoercion', 'attribute_name', 'source', 'type_name', 'GOBO::Node', 'params', 'HASH(0x1032664)') called at C:\strawberry\perl\site\lib\Moose\Util.pm line 52
Moose::Util::throw_exception('CannotCoerceAttributeWhichHasNoCoercion', 'attribute_name', 'source', 'type_name', 'GOBO::Node', 'params', 'HASH(0x1032664)') called at C:\strawberry\perl\site\lib\Moose\Meta\Attribute.pm line 392
Moose::Meta::Attribute::_process_coerce_option('Moose::Meta::Attribute', 'source', 'HASH(0x1032664)') called at C:\strawberry\perl\site\lib\Moose\Meta\Attribute.pm line 262
Moose::Meta::Attribute::_process_options('Moose::Meta::Attribute', 'source', 'HASH(0x1032664)') called at C:\strawberry\perl\site\lib\Moose\Meta\Attribute.pm line 53
Moose::Meta::Attribute::new('Moose::Meta::Attribute', 'source', 'coerce', 1, 'isa', 'GOBO::Node', 'definition_context', 'HASH(0x175d2d4)', 'is', 'rw') called at C:\strawberry\perl\site\lib\Moose\Meta\Attribute.pm line 101
Moose::Meta::Attribute::interpolate_class_and_new('Moose::Meta::Attribute', 'source', 'coerce', 1, 'isa', 'GOBO::Node', 'definition_context', 'HASH(0x175d2d4)', 'is', 'rw') called at C:\strawberry\perl\site\lib\Moose\Meta\Role\Attribute.pm line 92
Moose::Meta::Role::Attribute::attribute_for_class('Moose::Meta::Role::Attribute=HASH(0x175d624)') called at C:\strawberry\perl\site\lib\Moose\Meta\Role\Application\ToClass.pm line 130
Moose::Meta::Role::Application::ToClass::apply_attributes('Moose::Meta::Role::Application::ToClass=HASH(0x1311614)', 'Moose::Meta::Role=HASH(0x1759494)', 'Moose::Meta::Class=HASH(0x1307acc)') called at C:\strawberry\perl\site\lib\Moose\Meta\Role\Application.pm line 57
Moose::Meta::Role::Application::apply('Moose::Meta::Role::Application::ToClass=HASH(0x1311614)', 'Moose::Meta::Role=HASH(0x1759494)', 'Moose::Meta::Class=HASH(0x1307acc)') called at C:\strawberry\perl\site\lib\Moose\Meta\Role\Application\ToClass.pm line 35
Moose::Meta::Role::Application::ToClass::apply('Moose::Meta::Role::Application::ToClass=HASH(0x1311614)', 'Moose::Meta::Role=HASH(0x1759494)', 'Moose::Meta::Class=HASH(0x1307acc)', 'HASH(0x12d373c)') called at C:\strawberry\perl\site\lib\Moose\Meta\Role.pm line 474
Moose::Meta::Role::apply('Moose::Meta::Role=HASH(0x1759494)', 'Moose::Meta::Class=HASH(0x1307acc)') called at C:\strawberry\perl\site\lib\Moose\Util.pm line 175
Moose::Util::_apply_all_roles('Moose::Meta::Class=HASH(0x1307acc)', undef, 'GOBO::Attributed') called at C:\strawberry\perl\site\lib\Moose\Util.pm line 117
Moose::Util::apply_all_roles('Moose::Meta::Class=HASH(0x1307acc)', 'GOBO::Attributed') called at C:\strawberry\perl\site\lib\Moose.pm line 60
Moose::with('Moose::Meta::Class=HASH(0x1307acc)', 'GOBO::Attributed') called at C:\strawberry\perl\site\lib\Moose\Exporter.pm line 405
Moose::with('GOBO::Attributed') called at C:\strawberry\cpan\build\GOBO-0.03-gLZa6s\blib\lib\GOBO\Synonym.pm line 17
require GOBO/Synonym.pm at C:\strawberry\cpan\build\GOBO-0.03-gLZa6s\blib\lib\GOBO\Labeled.pm line 23
GOBO::Labeled::BEGIN at C:\strawberry\cpan\build\GOBO-0.03-gLZa6s\blib\lib\GOBO\Synonym.pm line 0
eval {...} at C:\strawberry\cpan\build\GOBO-0.03-gLZa6s\blib\lib\GOBO\Synonym.pm line 0
require GOBO/Labeled.pm at C:\strawberry\perl\site\lib\Module\Runtime.pm line 317
Module::Runtime::require_module('GOBO::Labeled') called at C:\strawberry\perl\site\lib\Module\Runtime.pm line 348
Module::Runtime::use_module('GOBO::Labeled') called at C:\strawberry\perl\site\lib\Moose\Util.pm line 150
Moose::Util::_apply_all_roles('Moose::Meta::Class=HASH(0x12951ac)', undef, 'GOBO::Labeled') called at C:\strawberry\perl\site\lib\Moose\Util.pm line 117
Moose::Util::apply_all_roles('Moose::Meta::Class=HASH(0x12951ac)', 'GOBO::Labeled') called at C:\strawberry\perl\site\lib\Moose.pm line 60
Moose::with('Moose::Meta::Class=HASH(0x12951ac)', 'GOBO::Labeled') called at C:\strawberry\perl\site\lib\Moose\Exporter.pm line 405
Moose::with('GOBO::Labeled') called at C:\strawberry\cpan\build\GOBO-0.03-gLZa6s\blib\lib\GOBO\Node.pm line 6
require GOBO/Node.pm at C:\strawberry\perl\site\lib\Module\Runtime.pm line 317
Module::Runtime::require_module('GOBO::Node') called at C:\strawberry\perl\site\lib\Module\Runtime.pm line 381
eval {...} at C:\strawberry\perl\site\lib\Module\Runtime.pm line 381
Module::Runtime::use_package_optimistically('GOBO::Node') called at C:\strawberry\perl\site\lib\Moose\Util.pm line 352
Moose::Util::_load_user_class('GOBO::Node', undef) called at C:\strawberry\perl\site\lib\Moose\Meta\Class.pm line 560
Moose::Meta::Class::superclasses(undef, 'GOBO::Node') called at C:\strawberry\perl\site\lib\Moose.pm line 56
Moose::extends('Moose::Meta::Class=HASH(0x12919ec)', 'GOBO::Node') called at C:\strawberry\perl\site\lib\Moose\Exporter.pm line 405
Moose::extends('GOBO::Node') called at C:\strawberry\cpan\build\GOBO-0.03-gLZa6s\blib\lib\GOBO\Evidence.pm line 4
require GOBO/Evidence.pm at C:\strawberry\cpan\build\GOBO-0.03-gLZa6s\blib\lib\GOBO\Annotation.pm line 5
GOBO::Annotation::BEGIN at C:\strawberry\cpan\build\GOBO-0.03-gLZa6s\blib\lib\GOBO\Synonym.pm line 0
eval {...} at C:\strawberry\cpan\build\GOBO-0.03-gLZa6s\blib\lib\GOBO\Synonym.pm line 0
require GOBO/Annotation.pm at C:\strawberry\cpan\build\GOBO-0.03-gLZa6s\blib\lib\GOBO\Graph.pm line 55
GOBO::Graph::BEGIN at C:\strawberry\cpan\build\GOBO-0.03-gLZa6s\blib\lib\GOBO\Synonym.pm line 0
eval {...} at C:\strawberry\cpan\build\GOBO-0.03-gLZa6s\blib\lib\GOBO\Synonym.pm line 0
require GOBO/Graph.pm at t\gaf_inference_test.t line 4
main::BEGIN at C:\strawberry\cpan\build\GOBO-0.03-gLZa6s\blib\lib\GOBO\Synonym.pm line 0
eval {...} at C:\strawberry\cpan\build\GOBO-0.03-gLZa6s\blib\lib\GOBO\Synonym.pm line 0
Compilation failed in require at C:\strawberry\cpan\build\GOBO-0.03-gLZa6s\blib\lib/GOBO/Labeled.pm line 23.
BEGIN failed--compilation aborted at C:\strawberry\cpan\build\GOBO-0.03-gLZa6s\blib\lib/GOBO/Labeled.pm line 23.
Compilation failed in require at C:/strawberry/perl/site/lib/Module/Runtime.pm line 317.
Compilation failed in require at C:/strawberry/perl/site/lib/Module/Runtime.pm line 317.
Compilation failed in require at C:\strawberry\cpan\build\GOBO-0.03-gLZa6s\blib\lib/GOBO/Annotation.pm line 5.
BEGIN failed--compilation aborted at C:\strawberry\cpan\build\GOBO-0.03-gLZa6s\blib\lib/GOBO/Annotation.pm line 5.
Compilation failed in require at C:\strawberry\cpan\build\GOBO-0.03-gLZa6s\blib\lib/GOBO/Graph.pm line 55.
BEGIN failed--compilation aborted at C:\strawberry\cpan\build\GOBO-0.03-gLZa6s\blib\lib/GOBO/Graph.pm line 55.
Compilation failed in require at t/gaf_inference_test.t line 4.
BEGIN failed--compilation aborted at t/gaf_inference_test.t line 4.
t/gaf_inference_test.t .......
Dubious, test returned 255 (wstat 65280, 0xff00)
No subtests run
You cannot coerce an attribute (source) unless its type (GOBO::Node) has a coercion at C:\strawberry\perl\site\lib\Moose\Exception.pm line 37
Moose::Exception::_build_trace('Moose::Exception::CannotCoerceAttributeWhichHasNoCoercion=HASH(0x177006c)') called at reader Moose::Exception::trace (defined at C:\strawberry\perl\site\lib\Moose\Exception.pm line 9) line 7
Moose::Exception::trace('Moose::Exception::CannotCoerceAttributeWhichHasNoCoercion=HASH(0x177006c)') called at C:\strawberry\perl\site\lib\Moose\Exception.pm line 49
Moose::Exception::BUILD('Moose::Exception::CannotCoerceAttributeWhichHasNoCoercion=HASH(0x177006c)', 'HASH(0x1750564)') called at C:\strawberry\perl\site\lib\Class\MOP\Method.pm line 126
Class::MOP::Method::execute('Moose::Meta::Method=HASH(0x17abcfc)', 'Moose::Exception::CannotCoerceAttributeWhichHasNoCoercion=HASH(0x177006c)', 'HASH(0x1750564)') called at C:\strawberry\perl\site\lib\Moose\Object.pm line 55
Moose::Object::BUILDALL('Moose::Exception::CannotCoerceAttributeWhichHasNoCoercion=HASH(0x177006c)', 'HASH(0x1750564)') called at C:\strawberry\perl\site\lib\Moose\Meta\Class.pm line 281
Moose::Meta::Class::new_object('Moose::Meta::Class=HASH(0x17707fc)', 'HASH(0x1750564)') called at C:\strawberry\perl\site\lib\Moose\Object.pm line 26
Moose::Object::new('Moose::Exception::CannotCoerceAttributeWhichHasNoCoercion', 'attribute_name', 'source', 'type_name', 'GOBO::Node', 'params', 'HASH(0x1031cd4)') called at C:\strawberry\perl\site\lib\Moose\Util.pm line 52
Moose::Util::throw_exception('CannotCoerceAttributeWhichHasNoCoercion', 'attribute_name', 'source', 'type_name', 'GOBO::Node', 'params', 'HASH(0x1031cd4)') called at C:\strawberry\perl\site\lib\Moose\Meta\Attribute.pm line 392
Moose::Meta::Attribute::_process_coerce_option('Moose::Meta::Attribute', 'source', 'HASH(0x1031cd4)') called at C:\strawberry\perl\site\lib\Moose\Meta\Attribute.pm line 262
Moose::Meta::Attribute::_process_options('Moose::Meta::Attribute', 'source', 'HASH(0x1031cd4)') called at C:\strawberry\perl\site\lib\Moose\Meta\Attribute.pm line 53
Moose::Meta::Attribute::new('Moose::Meta::Attribute', 'source', 'coerce', 1, 'isa', 'GOBO::Node', 'definition_context', 'HASH(0x175cd24)', 'is', 'rw') called at C:\strawberry\perl\site\lib\Moose\Meta\Attribute.pm line 101
Moose::Meta::Attribute::interpolate_class_and_new('Moose::Meta::Attribute', 'source', 'coerce', 1, 'isa', 'GOBO::Node', 'definition_context', 'HASH(0x175cd24)', 'is', 'rw') called at C:\strawberry\perl\site\lib\Moose\Meta\Role\Attribute.pm line 92
Moose::Meta::Role::Attribute::attribute_for_class('Moose::Meta::Role::Attribute=HASH(0x175d074)') called at C:\strawberry\perl\site\lib\Moose\Meta\Role\Application\ToClass.pm line 130
Moose::Meta::Role::Application::ToClass::apply_attributes('Moose::Meta::Role::Application::ToClass=HASH(0x13105fc)', 'Moose::Meta::Role=HASH(0x17590c4)', 'Moose::Meta::Class=HASH(0x1307034)') called at C:\strawberry\perl\site\lib\Moose\Meta\Role\Application.pm line 57
Moose::Meta::Role::Application::apply('Moose::Meta::Role::Application::ToClass=HASH(0x13105fc)', 'Moose::Meta::Role=HASH(0x17590c4)', 'Moose::Meta::Class=HASH(0x1307034)') called at C:\strawberry\perl\site\lib\Moose\Meta\Role\Application\ToClass.pm line 35
Moose::Meta::Role::Application::ToClass::apply('Moose::Meta::Role::Application::ToClass=HASH(0x13105fc)', 'Moose::Meta::Role=HASH(0x17590c4)', 'Moose::Meta::Class=HASH(0x1307034)', 'HASH(0x12d2db4)') called at C:\strawberry\perl\site\lib\Moose\Meta\Role.pm line 474
Moose::Meta::Role::apply('Moose::Meta::Role=HASH(0x17590c4)', 'Moose::Meta::Class=HASH(0x1307034)') called at C:\strawberry\perl\site\lib\Moose\Util.pm line 175
Moose::Util::_apply_all_roles('Moose::Meta::Class=HASH(0x1307034)', undef, 'GOBO::Attributed') called at C:\strawberry\perl\site\lib\Moose\Util.pm line 117
Moose::Util::apply_all_roles('Moose::Meta::Class=HASH(0x1307034)', 'GOBO::Attributed') called at C:\strawberry\perl\site\lib\Moose.pm line 60
Moose::with('Moose::Meta::Class=HASH(0x1307034)', 'GOBO::Attributed') called at C:\strawberry\perl\site\lib\Moose\Exporter.pm line 405
Moose::with('GOBO::Attributed') called at C:\strawberry\cpan\build\GOBO-0.03-gLZa6s\blib\lib\GOBO\Synonym.pm line 17
require GOBO/Synonym.pm at C:\strawberry\cpan\build\GOBO-0.03-gLZa6s\blib\lib\GOBO\Labeled.pm line 23
GOBO::Labeled::BEGIN at C:\strawberry\cpan\build\GOBO-0.03-gLZa6s\blib\lib\GOBO\Synonym.pm line 0
eval {...} at C:\strawberry\cpan\build\GOBO-0.03-gLZa6s\blib\lib\GOBO\Synonym.pm line 0
require GOBO/Labeled.pm at C:\strawberry\perl\site\lib\Module\Runtime.pm line 317
Module::Runtime::require_module('GOBO::Labeled') called at C:\strawberry\perl\site\lib\Module\Runtime.pm line 348
Module::Runtime::use_module('GOBO::Labeled') called at C:\strawberry\perl\site\lib\Moose\Util.pm line 150
Moose::Util::_apply_all_roles('Moose::Meta::Class=HASH(0x12947d4)', undef, 'GOBO::Labeled') called at C:\strawberry\perl\site\lib\Moose\Util.pm line 117
Moose::Util::apply_all_roles('Moose::Meta::Class=HASH(0x12947d4)', 'GOBO::Labeled') called at C:\strawberry\perl\site\lib\Moose.pm line 60
Moose::with('Moose::Meta::Class=HASH(0x12947d4)', 'GOBO::Labeled') called at C:\strawberry\perl\site\lib\Moose\Exporter.pm line 405
Moose::with('GOBO::Labeled') called at C:\strawberry\cpan\build\GOBO-0.03-gLZa6s\blib\lib\GOBO\Node.pm line 6
require GOBO/Node.pm at C:\strawberry\perl\site\lib\Module\Runtime.pm line 317
Module::Runtime::require_module('GOBO::Node') called at C:\strawberry\perl\site\lib\Module\Runtime.pm line 381
eval {...} at C:\strawberry\perl\site\lib\Module\Runtime.pm line 381
Module::Runtime::use_package_optimistically('GOBO::Node') called at C:\strawberry\perl\site\lib\Moose\Util.pm line 352
Moose::Util::_load_user_class('GOBO::Node', undef) called at C:\strawberry\perl\site\lib\Moose\Meta\Class.pm line 560
Moose::Meta::Class::superclasses(undef, 'GOBO::Node') called at C:\strawberry\perl\site\lib\Moose.pm line 56
Moose::extends('Moose::Meta::Class=HASH(0x1290fec)', 'GOBO::Node') called at C:\strawberry\perl\site\lib\Moose\Exporter.pm line 405
Moose::extends('GOBO::Node') called at C:\strawberry\cpan\build\GOBO-0.03-gLZa6s\blib\lib\GOBO\Evidence.pm line 4
require GOBO/Evidence.pm at C:\strawberry\cpan\build\GOBO-0.03-gLZa6s\blib\lib\GOBO\Annotation.pm line 5
GOBO::Annotation::BEGIN at C:\strawberry\cpan\build\GOBO-0.03-gLZa6s\blib\lib\GOBO\Synonym.pm line 0
eval {...} at C:\strawberry\cpan\build\GOBO-0.03-gLZa6s\blib\lib\GOBO\Synonym.pm line 0
require GOBO/Annotation.pm at C:\strawberry\cpan\build\GOBO-0.03-gLZa6s\blib\lib\GOBO\Graph.pm line 55
GOBO::Graph::BEGIN at C:\strawberry\cpan\build\GOBO-0.03-gLZa6s\blib\lib\GOBO\Synonym.pm line 0
eval {...} at C:\strawberry\cpan\build\GOBO-0.03-gLZa6s\blib\lib\GOBO\Synonym.pm line 0
require GOBO/Graph.pm at t\gaftest.t line 3
main::BEGIN at C:\strawberry\cpan\build\GOBO-0.03-gLZa6s\blib\lib\GOBO\Synonym.pm line 0
eval {...} at C:\strawberry\cpan\build\GOBO-0.03-gLZa6s\blib\lib\GOBO\Synonym.pm line 0
Compilation failed in require at C:\strawberry\cpan\build\GOBO-0.03-gLZa6s\blib\lib/GOBO/Labeled.pm line 23.
BEGIN failed--compilation aborted at C:\strawberry\cpan\build\GOBO-0.03-gLZa6s\blib\lib/GOBO/Labeled.pm line 23.
Compilation failed in require at C:/strawberry/perl/site/lib/Module/Runtime.pm line 317.
Compilation failed in require at C:/strawberry/perl/site/lib/Module/Runtime.pm line 317.
Compilation failed in require at C:\strawberry\cpan\build\GOBO-0.03-gLZa6s\blib\lib/GOBO/Annotation.pm line 5.
BEGIN failed--compilation aborted at C:\strawberry\cpan\build\GOBO-0.03-gLZa6s\blib\lib/GOBO/Annotation.pm line 5.
Compilation failed in require at C:\strawberry\cpan\build\GOBO-0.03-gLZa6s\blib\lib/GOBO/Graph.pm line 55.
BEGIN failed--compilation aborted at C:\strawberry\cpan\build\GOBO-0.03-gLZa6s\blib\lib/GOBO/Graph.pm line 55.
Compilation failed in require at t/gaftest.t line 3.
BEGIN failed--compilation aborted at t/gaftest.t line 3.
t/gaftest.t ..................
Dubious, test returned 255 (wstat 65280, 0xff00)
No subtests run
You cannot coerce an attribute (source) unless its type (GOBO::Node) has a coercion at C:\strawberry\perl\site\lib\Moose\Exception.pm line 37
Moose::Exception::_build_trace('Moose::Exception::CannotCoerceAttributeWhichHasNoCoercion=HASH(0x17700f4)') called at reader Moose::Exception::trace (defined at C:\strawberry\perl\site\lib\Moose\Exception.pm line 9) line 7
Moose::Exception::trace('Moose::Exception::CannotCoerceAttributeWhichHasNoCoercion=HASH(0x17700f4)') called at C:\strawberry\perl\site\lib\Moose\Exception.pm line 49
Moose::Exception::BUILD('Moose::Exception::CannotCoerceAttributeWhichHasNoCoercion=HASH(0x17700f4)', 'HASH(0x17505d4)') called at C:\strawberry\perl\site\lib\Class\MOP\Method.pm line 126
Class::MOP::Method::execute('Moose::Meta::Method=HASH(0x17abc74)', 'Moose::Exception::CannotCoerceAttributeWhichHasNoCoercion=HASH(0x17700f4)', 'HASH(0x17505d4)') called at C:\strawberry\perl\site\lib\Moose\Object.pm line 55
Moose::Object::BUILDALL('Moose::Exception::CannotCoerceAttributeWhichHasNoCoercion=HASH(0x17700f4)', 'HASH(0x17505d4)') called at C:\strawberry\perl\site\lib\Moose\Meta\Class.pm line 281
Moose::Meta::Class::new_object('Moose::Meta::Class=HASH(0x1770884)', 'HASH(0x17505d4)') called at C:\strawberry\perl\site\lib\Moose\Object.pm line 26
Moose::Object::new('Moose::Exception::CannotCoerceAttributeWhichHasNoCoercion', 'attribute_name', 'source', 'type_name', 'GOBO::Node', 'params', 'HASH(0x1031ccc)') called at C:\strawberry\perl\site\lib\Moose\Util.pm line 52
Moose::Util::throw_exception('CannotCoerceAttributeWhichHasNoCoercion', 'attribute_name', 'source', 'type_name', 'GOBO::Node', 'params', 'HASH(0x1031ccc)') called at C:\strawberry\perl\site\lib\Moose\Meta\Attribute.pm line 392
Moose::Meta::Attribute::_process_coerce_option('Moose::Meta::Attribute', 'source', 'HASH(0x1031ccc)') called at C:\strawberry\perl\site\lib\Moose\Meta\Attribute.pm line 262
Moose::Meta::Attribute::_process_options('Moose::Meta::Attribute', 'source', 'HASH(0x1031ccc)') called at C:\strawberry\perl\site\lib\Moose\Meta\Attribute.pm line 53
Moose::Meta::Attribute::new('Moose::Meta::Attribute', 'source', 'coerce', 1, 'isa', 'GOBO::Node', 'definition_context', 'HASH(0x175cda4)', 'is', 'rw') called at C:\strawberry\perl\site\lib\Moose\Meta\Attribute.pm line 101
Moose::Meta::Attribute::interpolate_class_and_new('Moose::Meta::Attribute', 'source', 'coerce', 1, 'isa', 'GOBO::Node', 'definition_context', 'HASH(0x175cda4)', 'is', 'rw') called at C:\strawberry\perl\site\lib\Moose\Meta\Role\Attribute.pm line 92
Moose::Meta::Role::Attribute::attribute_for_class('Moose::Meta::Role::Attribute=HASH(0x175d0f4)') called at C:\strawberry\perl\site\lib\Moose\Meta\Role\Application\ToClass.pm line 130
Moose::Meta::Role::Application::ToClass::apply_attributes('Moose::Meta::Role::Application::ToClass=HASH(0x1310614)', 'Moose::Meta::Role=HASH(0x17590d4)', 'Moose::Meta::Class=HASH(0x13074bc)') called at C:\strawberry\perl\site\lib\Moose\Meta\Role\Application.pm line 57
Moose::Meta::Role::Application::apply('Moose::Meta::Role::Application::ToClass=HASH(0x1310614)', 'Moose::Meta::Role=HASH(0x17590d4)', 'Moose::Meta::Class=HASH(0x13074bc)') called at C:\strawberry\perl\site\lib\Moose\Meta\Role\Application\ToClass.pm line 35
Moose::Meta::Role::Application::ToClass::apply('Moose::Meta::Role::Application::ToClass=HASH(0x1310614)', 'Moose::Meta::Role=HASH(0x17590d4)', 'Moose::Meta::Class=HASH(0x13074bc)', 'HASH(0x12d317c)') called at C:\strawberry\perl\site\lib\Moose\Meta\Role.pm line 474
Moose::Meta::Role::apply('Moose::Meta::Role=HASH(0x17590d4)', 'Moose::Meta::Class=HASH(0x13074bc)') called at C:\strawberry\perl\site\lib\Moose\Util.pm line 175
Moose::Util::_apply_all_roles('Moose::Meta::Class=HASH(0x13074bc)', undef, 'GOBO::Attributed') called at C:\strawberry\perl\site\lib\Moose\Util.pm line 117
Moose::Util::apply_all_roles('Moose::Meta::Class=HASH(0x13074bc)', 'GOBO::Attributed') called at C:\strawberry\perl\site\lib\Moose.pm line 60
Moose::with('Moose::Meta::Class=HASH(0x13074bc)', 'GOBO::Attributed') called at C:\strawberry\perl\site\lib\Moose\Exporter.pm line 405
Moose::with('GOBO::Attributed') called at C:\strawberry\cpan\build\GOBO-0.03-gLZa6s\blib\lib\GOBO\Synonym.pm line 17
require GOBO/Synonym.pm at C:\strawberry\cpan\build\GOBO-0.03-gLZa6s\blib\lib\GOBO\Labeled.pm line 23
GOBO::Labeled::BEGIN at C:\strawberry\cpan\build\GOBO-0.03-gLZa6s\blib\lib\GOBO\Synonym.pm line 0
eval {...} at C:\strawberry\cpan\build\GOBO-0.03-gLZa6s\blib\lib\GOBO\Synonym.pm line 0
require GOBO/Labeled.pm at C:\strawberry\perl\site\lib\Module\Runtime.pm line 317
Module::Runtime::require_module('GOBO::Labeled') called at C:\strawberry\perl\site\lib\Module\Runtime.pm line 348
Module::Runtime::use_module('GOBO::Labeled') called at C:\strawberry\perl\site\lib\Moose\Util.pm line 150
Moose::Util::_apply_all_roles('Moose::Meta::Class=HASH(0x1294b54)', undef, 'GOBO::Labeled') called at C:\strawberry\perl\site\lib\Moose\Util.pm line 117
Moose::Util::apply_all_roles('Moose::Meta::Class=HASH(0x1294b54)', 'GOBO::Labeled') called at C:\strawberry\perl\site\lib\Moose.pm line 60
Moose::with('Moose::Meta::Class=HASH(0x1294b54)', 'GOBO::Labeled') called at C:\strawberry\perl\site\lib\Moose\Exporter.pm line 405
Moose::with('GOBO::Labeled') called at C:\strawberry\cpan\build\GOBO-0.03-gLZa6s\blib\lib\GOBO\Node.pm line 6
require GOBO/Node.pm at C:\strawberry\perl\site\lib\Module\Runtime.pm line 317
Module::Runtime::require_module('GOBO::Node') called at C:\strawberry\perl\site\lib\Module\Runtime.pm line 381
eval {...} at C:\strawberry\perl\site\lib\Module\Runtime.pm line 381
Module::Runtime::use_package_optimistically('GOBO::Node') called at C:\strawberry\perl\site\lib\Moose\Util.pm line 352
Moose::Util::_load_user_class('GOBO::Node', undef) called at C:\strawberry\perl\site\lib\Moose\Meta\Class.pm line 560
Moose::Meta::Class::superclasses(undef, 'GOBO::Node') called at C:\strawberry\perl\site\lib\Moose.pm line 56
Moose::extends('Moose::Meta::Class=HASH(0x129107c)', 'GOBO::Node') called at C:\strawberry\perl\site\lib\Moose\Exporter.pm line 405
Moose::extends('GOBO::Node') called at C:\strawberry\cpan\build\GOBO-0.03-gLZa6s\blib\lib\GOBO\Evidence.pm line 4
require GOBO/Evidence.pm at C:\strawberry\cpan\build\GOBO-0.03-gLZa6s\blib\lib\GOBO\Annotation.pm line 5
GOBO::Annotation::BEGIN at C:\strawberry\cpan\build\GOBO-0.03-gLZa6s\blib\lib\GOBO\Synonym.pm line 0
eval {...} at C:\strawberry\cpan\build\GOBO-0.03-gLZa6s\blib\lib\GOBO\Synonym.pm line 0
require GOBO/Annotation.pm at C:\strawberry\cpan\build\GOBO-0.03-gLZa6s\blib\lib\GOBO\Graph.pm line 55
GOBO::Graph::BEGIN at C:\strawberry\cpan\build\GOBO-0.03-gLZa6s\blib\lib\GOBO\Synonym.pm line 0
eval {...} at C:\strawberry\cpan\build\GOBO-0.03-gLZa6s\blib\lib\GOBO\Synonym.pm line 0
require GOBO/Graph.pm at t\gaftest_chunked.t line 3
main::BEGIN at C:\strawberry\cpan\build\GOBO-0.03-gLZa6s\blib\lib\GOBO\Synonym.pm line 0
eval {...} at C:\strawberry\cpan\build\GOBO-0.03-gLZa6s\blib\lib\GOBO\Synonym.pm line 0
Compilation failed in require at C:\strawberry\cpan\build\GOBO-0.03-gLZa6s\blib\lib/GOBO/Labeled.pm line 23.
BEGIN failed--compilation aborted at C:\strawberry\cpan\build\GOBO-0.03-gLZa6s\blib\lib/GOBO/Labeled.pm line 23.
Compilation failed in require at C:/strawberry/perl/site/lib/Module/Runtime.pm line 317.
Compilation failed in require at C:/strawberry/perl/site/lib/Module/Runtime.pm line 317.
Compilation failed in require at C:\strawberry\cpan\build\GOBO-0.03-gLZa6s\blib\lib/GOBO/Annotation.pm line 5.
BEGIN failed--compilation aborted at C:\strawberry\cpan\build\GOBO-0.03-gLZa6s\blib\lib/GOBO/Annotation.pm line 5.
Compilation failed in require at C:\strawberry\cpan\build\GOBO-0.03-gLZa6s\blib\lib/GOBO/Graph.pm line 55.
BEGIN failed--compilation aborted at C:\strawberry\cpan\build\GOBO-0.03-gLZa6s\blib\lib/GOBO/Graph.pm line 55.
Compilation failed in require at t/gaftest_chunked.t line 3.
BEGIN failed--compilation aborted at t/gaftest_chunked.t line 3.
t/gaftest_chunked.t ..........
Dubious, test returned 255 (wstat 65280, 0xff00)
No subtests run
You cannot coerce an attribute (source) unless its type (GOBO::Node) has a coercion at C:\strawberry\perl\site\lib\Moose\Exception.pm line 37
Moose::Exception::_build_trace('Moose::Exception::CannotCoerceAttributeWhichHasNoCoercion=HASH(0x176ff64)') called at reader Moose::Exception::trace (defined at C:\strawberry\perl\site\lib\Moose\Exception.pm line 9) line 7
Moose::Exception::trace('Moose::Exception::CannotCoerceAttributeWhichHasNoCoercion=HASH(0x176ff64)') called at C:\strawberry\perl\site\lib\Moose\Exception.pm line 49
Moose::Exception::BUILD('Moose::Exception::CannotCoerceAttributeWhichHasNoCoercion=HASH(0x176ff64)', 'HASH(0x1750564)') called at C:\strawberry\perl\site\lib\Class\MOP\Method.pm line 126
Class::MOP::Method::execute('Moose::Meta::Method=HASH(0x17abc74)', 'Moose::Exception::CannotCoerceAttributeWhichHasNoCoercion=HASH(0x176ff64)', 'HASH(0x1750564)') called at C:\strawberry\perl\site\lib\Moose\Object.pm line 55
Moose::Object::BUILDALL('Moose::Exception::CannotCoerceAttributeWhichHasNoCoercion=HASH(0x176ff64)', 'HASH(0x1750564)') called at C:\strawberry\perl\site\lib\Moose\Meta\Class.pm line 281
Moose::Meta::Class::new_object('Moose::Meta::Class=HASH(0x17706f4)', 'HASH(0x1750564)') called at C:\strawberry\perl\site\lib\Moose\Object.pm line 26
Moose::Object::new('Moose::Exception::CannotCoerceAttributeWhichHasNoCoercion', 'attribute_name', 'source', 'type_name', 'GOBO::Node', 'params', 'HASH(0x1031e24)') called at C:\strawberry\perl\site\lib\Moose\Util.pm line 52
Moose::Util::throw_exception('CannotCoerceAttributeWhichHasNoCoercion', 'attribute_name', 'source', 'type_name', 'GOBO::Node', 'params', 'HASH(0x1031e24)') called at C:\strawberry\perl\site\lib\Moose\Meta\Attribute.pm line 392
Moose::Meta::Attribute::_process_coerce_option('Moose::Meta::Attribute', 'source', 'HASH(0x1031e24)') called at C:\strawberry\perl\site\lib\Moose\Meta\Attribute.pm line 262
Moose::Meta::Attribute::_process_options('Moose::Meta::Attribute', 'source', 'HASH(0x1031e24)') called at C:\strawberry\perl\site\lib\Moose\Meta\Attribute.pm line 53
Moose::Meta::Attribute::new('Moose::Meta::Attribute', 'source', 'coerce', 1, 'isa', 'GOBO::Node', 'definition_context', 'HASH(0x175cc1c)', 'is', 'rw') called at C:\strawberry\perl\site\lib\Moose\Meta\Attribute.pm line 101
Moose::Meta::Attribute::interpolate_class_and_new('Moose::Meta::Attribute', 'source', 'coerce', 1, 'isa', 'GOBO::Node', 'definition_context', 'HASH(0x175cc1c)', 'is', 'rw') called at C:\strawberry\perl\site\lib\Moose\Meta\Role\Attribute.pm line 92
Moose::Meta::Role::Attribute::attribute_for_class('Moose::Meta::Role::Attribute=HASH(0x175cf6c)') called at C:\strawberry\perl\site\lib\Moose\Meta\Role\Application\ToClass.pm line 130
Moose::Meta::Role::Application::ToClass::apply_attributes('Moose::Meta::Role::Application::ToClass=HASH(0x1310614)', 'Moose::Meta::Role=HASH(0x17590c4)', 'Moose::Meta::Class=HASH(0x13074c4)') called at C:\strawberry\perl\site\lib\Moose\Meta\Role\Application.pm line 57
Moose::Meta::Role::Application::apply('Moose::Meta::Role::Application::ToClass=HASH(0x1310614)', 'Moose::Meta::Role=HASH(0x17590c4)', 'Moose::Meta::Class=HASH(0x13074c4)') called at C:\strawberry\perl\site\lib\Moose\Meta\Role\Application\ToClass.pm line 35
Moose::Meta::Role::Application::ToClass::apply('Moose::Meta::Role::Application::ToClass=HASH(0x1310614)', 'Moose::Meta::Role=HASH(0x17590c4)', 'Moose::Meta::Class=HASH(0x13074c4)', 'HASH(0x12d2f64)') called at C:\strawberry\perl\site\lib\Moose\Meta\Role.pm line 474
Moose::Meta::Role::apply('Moose::Meta::Role=HASH(0x17590c4)', 'Moose::Meta::Class=HASH(0x13074c4)') called at C:\strawberry\perl\site\lib\Moose\Util.pm line 175
Moose::Util::_apply_all_roles('Moose::Meta::Class=HASH(0x13074c4)', undef, 'GOBO::Attributed') called at C:\strawberry\perl\site\lib\Moose\Util.pm line 117
Moose::Util::apply_all_roles('Moose::Meta::Class=HASH(0x13074c4)', 'GOBO::Attributed') called at C:\strawberry\perl\site\lib\Moose.pm line 60
Moose::with('Moose::Meta::Class=HASH(0x13074c4)', 'GOBO::Attributed') called at C:\strawberry\perl\site\lib\Moose\Exporter.pm line 405
Moose::with('GOBO::Attributed') called at C:\strawberry\cpan\build\GOBO-0.03-gLZa6s\blib\lib\GOBO\Synonym.pm line 17
require GOBO/Synonym.pm at C:\strawberry\cpan\build\GOBO-0.03-gLZa6s\blib\lib\GOBO\Labeled.pm line 23
GOBO::Labeled::BEGIN at C:\strawberry\cpan\build\GOBO-0.03-gLZa6s\blib\lib\GOBO\Synonym.pm line 0
eval {...} at C:\strawberry\cpan\build\GOBO-0.03-gLZa6s\blib\lib\GOBO\Synonym.pm line 0
require GOBO/Labeled.pm at C:\strawberry\perl\site\lib\Module\Runtime.pm line 317
Module::Runtime::require_module('GOBO::Labeled') called at C:\strawberry\perl\site\lib\Module\Runtime.pm line 348
Module::Runtime::use_module('GOBO::Labeled') called at C:\strawberry\perl\site\lib\Moose\Util.pm line 150
Moose::Util::_apply_all_roles('Moose::Meta::Class=HASH(0x1294964)', undef, 'GOBO::Labeled') called at C:\strawberry\perl\site\lib\Moose\Util.pm line 117
Moose::Util::apply_all_roles('Moose::Meta::Class=HASH(0x1294964)', 'GOBO::Labeled') called at C:\strawberry\perl\site\lib\Moose.pm line 60
Moose::with('Moose::Meta::Class=HASH(0x1294964)', 'GOBO::Labeled') called at C:\strawberry\perl\site\lib\Moose\Exporter.pm line 405
Moose::with('GOBO::Labeled') called at C:\strawberry\cpan\build\GOBO-0.03-gLZa6s\blib\lib\GOBO\Node.pm line 6
require GOBO/Node.pm at C:\strawberry\perl\site\lib\Module\Runtime.pm line 317
Module::Runtime::require_module('GOBO::Node') called at C:\strawberry\perl\site\lib\Module\Runtime.pm line 381
eval {...} at C:\strawberry\perl\site\lib\Module\Runtime.pm line 381
Module::Runtime::use_package_optimistically('GOBO::Node') called at C:\strawberry\perl\site\lib\Moose\Util.pm line 352
Moose::Util::_load_user_class('GOBO::Node', undef) called at C:\strawberry\perl\site\lib\Moose\Meta\Class.pm line 560
Moose::Meta::Class::superclasses(undef, 'GOBO::Node') called at C:\strawberry\perl\site\lib\Moose.pm line 56
Moose::extends('Moose::Meta::Class=HASH(0x129107c)', 'GOBO::Node') called at C:\strawberry\perl\site\lib\Moose\Exporter.pm line 405
Moose::extends('GOBO::Node') called at C:\strawberry\cpan\build\GOBO-0.03-gLZa6s\blib\lib\GOBO\Evidence.pm line 4
require GOBO/Evidence.pm at C:\strawberry\cpan\build\GOBO-0.03-gLZa6s\blib\lib\GOBO\Annotation.pm line 5
GOBO::Annotation::BEGIN at C:\strawberry\cpan\build\GOBO-0.03-gLZa6s\blib\lib\GOBO\Synonym.pm line 0
eval {...} at C:\strawberry\cpan\build\GOBO-0.03-gLZa6s\blib\lib\GOBO\Synonym.pm line 0
require GOBO/Annotation.pm at C:\strawberry\cpan\build\GOBO-0.03-gLZa6s\blib\lib\GOBO\Graph.pm line 55
GOBO::Graph::BEGIN at C:\strawberry\cpan\build\GOBO-0.03-gLZa6s\blib\lib\GOBO\Synonym.pm line 0
eval {...} at C:\strawberry\cpan\build\GOBO-0.03-gLZa6s\blib\lib\GOBO\Synonym.pm line 0
require GOBO/Graph.pm at t\gaftest_chunked_gzipped.t line 3
main::BEGIN at C:\strawberry\cpan\build\GOBO-0.03-gLZa6s\blib\lib\GOBO\Synonym.pm line 0
eval {...} at C:\strawberry\cpan\build\GOBO-0.03-gLZa6s\blib\lib\GOBO\Synonym.pm line 0
Compilation failed in require at C:\strawberry\cpan\build\GOBO-0.03-gLZa6s\blib\lib/GOBO/Labeled.pm line 23.
BEGIN failed--compilation aborted at C:\strawberry\cpan\build\GOBO-0.03-gLZa6s\blib\lib/GOBO/Labeled.pm line 23.
Compilation failed in require at C:/strawberry/perl/site/lib/Module/Runtime.pm line 317.
Compilation failed in require at C:/strawberry/perl/site/lib/Module/Runtime.pm line 317.
Compilation failed in require at C:\strawberry\cpan\build\GOBO-0.03-gLZa6s\blib\lib/GOBO/Annotation.pm line 5.
BEGIN failed--compilation aborted at C:\strawberry\cpan\build\GOBO-0.03-gLZa6s\blib\lib/GOBO/Annotation.pm line 5.
Compilation failed in require at C:\strawberry\cpan\build\GOBO-0.03-gLZa6s\blib\lib/GOBO/Graph.pm line 55.
BEGIN failed--compilation aborted at C:\strawberry\cpan\build\GOBO-0.03-gLZa6s\blib\lib/GOBO/Graph.pm line 55.
Compilation failed in require at t/gaftest_chunked_gzipped.t line 3.
BEGIN failed--compilation aborted at t/gaftest_chunked_gzipped.t line 3.
t/gaftest_chunked_gzipped.t ..
Dubious, test returned 255 (wstat 65280, 0xff00)
No subtests run
You cannot coerce an attribute (source) unless its type (GOBO::Node) has a coercion at C:\strawberry\perl\site\lib\Moose\Exception.pm line 37
Moose::Exception::_build_trace('Moose::Exception::CannotCoerceAttributeWhichHasNoCoercion=HASH(0x18863b4)') called at reader Moose::Exception::trace (defined at C:\strawberry\perl\site\lib\Moose\Exception.pm line 9) line 7
Moose::Exception::trace('Moose::Exception::CannotCoerceAttributeWhichHasNoCoercion=HASH(0x18863b4)') called at C:\strawberry\perl\site\lib\Moose\Exception.pm line 49
Moose::Exception::BUILD('Moose::Exception::CannotCoerceAttributeWhichHasNoCoercion=HASH(0x18863b4)', 'HASH(0x184032c)') called at C:\strawberry\perl\site\lib\Class\MOP\Method.pm line 126
Class::MOP::Method::execute('Moose::Meta::Method=HASH(0x18d4fa4)', 'Moose::Exception::CannotCoerceAttributeWhichHasNoCoercion=HASH(0x18863b4)', 'HASH(0x184032c)') called at C:\strawberry\perl\site\lib\Moose\Object.pm line 55
Moose::Object::BUILDALL('Moose::Exception::CannotCoerceAttributeWhichHasNoCoercion=HASH(0x18863b4)', 'HASH(0x184032c)') called at C:\strawberry\perl\site\lib\Moose\Meta\Class.pm line 281
Moose::Meta::Class::new_object('Moose::Meta::Class=HASH(0x1888d0c)', 'HASH(0x184032c)') called at C:\strawberry\perl\site\lib\Moose\Object.pm line 26
Moose::Object::new('Moose::Exception::CannotCoerceAttributeWhichHasNoCoercion', 'attribute_name', 'source', 'type_name', 'GOBO::Node', 'params', 'HASH(0x114dcdc)') called at C:\strawberry\perl\site\lib\Moose\Util.pm line 52
Moose::Util::throw_exception('CannotCoerceAttributeWhichHasNoCoercion', 'attribute_name', 'source', 'type_name', 'GOBO::Node', 'params', 'HASH(0x114dcdc)') called at C:\strawberry\perl\site\lib\Moose\Meta\Attribute.pm line 392
Moose::Meta::Attribute::_process_coerce_option('Moose::Meta::Attribute', 'source', 'HASH(0x114dcdc)') called at C:\strawberry\perl\site\lib\Moose\Meta\Attribute.pm line 262
Moose::Meta::Attribute::_process_options('Moose::Meta::Attribute', 'source', 'HASH(0x114dcdc)') called at C:\strawberry\perl\site\lib\Moose\Meta\Attribute.pm line 53
Moose::Meta::Attribute::new('Moose::Meta::Attribute', 'source', 'coerce', 1, 'isa', 'GOBO::Node', 'definition_context', 'HASH(0x187ff3c)', 'is', 'rw') called at C:\strawberry\perl\site\lib\Moose\Meta\Attribute.pm line 101
Moose::Meta::Attribute::interpolate_class_and_new('Moose::Meta::Attribute', 'source', 'coerce', 1, 'isa', 'GOBO::Node', 'definition_context', 'HASH(0x187ff3c)', 'is', 'rw') called at C:\strawberry\perl\site\lib\Moose\Meta\Role\Attribute.pm line 92
Moose::Meta::Role::Attribute::attribute_for_class('Moose::Meta::Role::Attribute=HASH(0x1874e14)') called at C:\strawberry\perl\site\lib\Moose\Meta\Role\Application\ToClass.pm line 130
Moose::Meta::Role::Application::ToClass::apply_attributes('Moose::Meta::Role::Application::ToClass=HASH(0x1429c7c)', 'Moose::Meta::Role=HASH(0x147d80c)', 'Moose::Meta::Class=HASH(0xcd599c)') called at C:\strawberry\perl\site\lib\Moose\Meta\Role\Application.pm line 57
Moose::Meta::Role::Application::apply('Moose::Meta::Role::Application::ToClass=HASH(0x1429c7c)', 'Moose::Meta::Role=HASH(0x147d80c)', 'Moose::Meta::Class=HASH(0xcd599c)') called at C:\strawberry\perl\site\lib\Moose\Meta\Role\Application\ToClass.pm line 35
Moose::Meta::Role::Application::ToClass::apply('Moose::Meta::Role::Application::ToClass=HASH(0x1429c7c)', 'Moose::Meta::Role=HASH(0x147d80c)', 'Moose::Meta::Class=HASH(0xcd599c)', 'HASH(0x13f35e4)') called at C:\strawberry\perl\site\lib\Moose\Meta\Role.pm line 474
Moose::Meta::Role::apply('Moose::Meta::Role=HASH(0x147d80c)', 'Moose::Meta::Class=HASH(0xcd599c)') called at C:\strawberry\perl\site\lib\Moose\Util.pm line 175
Moose::Util::_apply_all_roles('Moose::Meta::Class=HASH(0xcd599c)', undef, 'GOBO::Attributed') called at C:\strawberry\perl\site\lib\Moose\Util.pm line 117
Moose::Util::apply_all_roles('Moose::Meta::Class=HASH(0xcd599c)', 'GOBO::Attributed') called at C:\strawberry\perl\site\lib\Moose.pm line 60
Moose::with('Moose::Meta::Class=HASH(0xcd599c)', 'GOBO::Attributed') called at C:\strawberry\perl\site\lib\Moose\Exporter.pm line 405
Moose::with('GOBO::Attributed') called at C:\strawberry\cpan\build\GOBO-0.03-gLZa6s\blib\lib\GOBO\Synonym.pm line 17
require GOBO/Synonym.pm at C:\strawberry\cpan\build\GOBO-0.03-gLZa6s\blib\lib\GOBO\Labeled.pm line 23
GOBO::Labeled::BEGIN at C:\strawberry\cpan\build\GOBO-0.03-gLZa6s\blib\lib\GOBO\Synonym.pm line 0
eval {...} at C:\strawberry\cpan\build\GOBO-0.03-gLZa6s\blib\lib\GOBO\Synonym.pm line 0
require GOBO/Labeled.pm at C:\strawberry\perl\site\lib\Module\Runtime.pm line 317
Module::Runtime::require_module('GOBO::Labeled') called at C:\strawberry\perl\site\lib\Module\Runtime.pm line 348
Module::Runtime::use_module('GOBO::Labeled') called at C:\strawberry\perl\site\lib\Moose\Util.pm line 150
Moose::Util::_apply_all_roles('Moose::Meta::Class=HASH(0x13b36cc)', undef, 'GOBO::Labeled') called at C:\strawberry\perl\site\lib\Moose\Util.pm line 117
Moose::Util::apply_all_roles('Moose::Meta::Class=HASH(0x13b36cc)', 'GOBO::Labeled') called at C:\strawberry\perl\site\lib\Moose.pm line 60
Moose::with('Moose::Meta::Class=HASH(0x13b36cc)', 'GOBO::Labeled') called at C:\strawberry\perl\site\lib\Moose\Exporter.pm line 405
Moose::with('GOBO::Labeled') called at C:\strawberry\cpan\build\GOBO-0.03-gLZa6s\blib\lib\GOBO\Node.pm line 6
require GOBO/Node.pm at C:\strawberry\perl\site\lib\Module\Runtime.pm line 317
Module::Runtime::require_module('GOBO::Node') called at C:\strawberry\perl\site\lib\Module\Runtime.pm line 381
eval {...} at C:\strawberry\perl\site\lib\Module\Runtime.pm line 381
Module::Runtime::use_package_optimistically('GOBO::Node') called at C:\strawberry\perl\site\lib\Moose\Util.pm line 352
Moose::Util::_load_user_class('GOBO::Node', undef) called at C:\strawberry\perl\site\lib\Moose\Meta\Class.pm line 560
Moose::Meta::Class::superclasses(undef, 'GOBO::Node') called at C:\strawberry\perl\site\lib\Moose.pm line 56
Moose::extends('Moose::Meta::Class=HASH(0x13a24dc)', 'GOBO::Node') called at C:\strawberry\perl\site\lib\Moose\Exporter.pm line 405
Moose::extends('GOBO::Node') called at C:\strawberry\cpan\build\GOBO-0.03-gLZa6s\blib\lib\GOBO\Evidence.pm line 4
require GOBO/Evidence.pm at C:\strawberry\cpan\build\GOBO-0.03-gLZa6s\blib\lib\GOBO\Annotation.pm line 5
GOBO::Annotation::BEGIN at C:\strawberry\cpan\build\GOBO-0.03-gLZa6s\blib\lib\GOBO\Synonym.pm line 0
eval {...} at C:\strawberry\cpan\build\GOBO-0.03-gLZa6s\blib\lib\GOBO\Synonym.pm line 0
require GOBO/Annotation.pm at C:\strawberry\cpan\build\GOBO-0.03-gLZa6s\blib\lib\GOBO\Graph.pm line 55
GOBO::Graph::BEGIN at C:\strawberry\cpan\build\GOBO-0.03-gLZa6s\blib\lib\GOBO\Synonym.pm line 0
eval {...} at C:\strawberry\cpan\build\GOBO-0.03-gLZa6s\blib\lib\GOBO\Synonym.pm line 0
require GOBO/Graph.pm at t\graph_creation.t line 11
main::BEGIN at C:\strawberry\cpan\build\GOBO-0.03-gLZa6s\blib\lib\GOBO\Synonym.pm line 0
eval {...} at C:\strawberry\cpan\build\GOBO-0.03-gLZa6s\blib\lib\GOBO\Synonym.pm line 0
Compilation failed in require at C:\strawberry\cpan\build\GOBO-0.03-gLZa6s\blib\lib/GOBO/Labeled.pm line 23.
BEGIN failed--compilation aborted at C:\strawberry\cpan\build\GOBO-0.03-gLZa6s\blib\lib/GOBO/Labeled.pm line 23.
Compilation failed in require at C:/strawberry/perl/site/lib/Module/Runtime.pm line 317.
Compilation failed in require at C:/strawberry/perl/site/lib/Module/Runtime.pm line 317.
Compilation failed in require at C:\strawberry\cpan\build\GOBO-0.03-gLZa6s\blib\lib/GOBO/Annotation.pm line 5.
BEGIN failed--compilation aborted at C:\strawberry\cpan\build\GOBO-0.03-gLZa6s\blib\lib/GOBO/Annotation.pm line 5.
Compilation failed in require at C:\strawberry\cpan\build\GOBO-0.03-gLZa6s\blib\lib/GOBO/Graph.pm line 55.
BEGIN failed--compilation aborted at C:\strawberry\cpan\build\GOBO-0.03-gLZa6s\blib\lib/GOBO/Graph.pm line 55.
Compilation failed in require at t/graph_creation.t line 11.
BEGIN failed--compilation aborted at t/graph_creation.t line 11.
t/graph_creation.t ...........
Dubious, test returned 255 (wstat 65280, 0xff00)
No subtests run
You cannot coerce an attribute (source) unless its type (GOBO::Node) has a coercion at C:\strawberry\perl\site\lib\Moose\Exception.pm line 37
Moose::Exception::_build_trace('Moose::Exception::CannotCoerceAttributeWhichHasNoCoercion=HASH(0x17709ec)') called at reader Moose::Exception::trace (defined at C:\strawberry\perl\site\lib\Moose\Exception.pm line 9) line 7
Moose::Exception::trace('Moose::Exception::CannotCoerceAttributeWhichHasNoCoercion=HASH(0x17709ec)') called at C:\strawberry\perl\site\lib\Moose\Exception.pm line 49
Moose::Exception::BUILD('Moose::Exception::CannotCoerceAttributeWhichHasNoCoercion=HASH(0x17709ec)', 'HASH(0x1751074)') called at C:\strawberry\perl\site\lib\Class\MOP\Method.pm line 126
Class::MOP::Method::execute('Moose::Meta::Method=HASH(0x17ac51c)', 'Moose::Exception::CannotCoerceAttributeWhichHasNoCoercion=HASH(0x17709ec)', 'HASH(0x1751074)') called at C:\strawberry\perl\site\lib\Moose\Object.pm line 55
Moose::Object::BUILDALL('Moose::Exception::CannotCoerceAttributeWhichHasNoCoercion=HASH(0x17709ec)', 'HASH(0x1751074)') called at C:\strawberry\perl\site\lib\Moose\Meta\Class.pm line 281
Moose::Meta::Class::new_object('Moose::Meta::Class=HASH(0x177117c)', 'HASH(0x1751074)') called at C:\strawberry\perl\site\lib\Moose\Object.pm line 26
Moose::Object::new('Moose::Exception::CannotCoerceAttributeWhichHasNoCoercion', 'attribute_name', 'source', 'type_name', 'GOBO::Node', 'params', 'HASH(0x103220c)') called at C:\strawberry\perl\site\lib\Moose\Util.pm line 52
Moose::Util::throw_exception('CannotCoerceAttributeWhichHasNoCoercion', 'attribute_name', 'source', 'type_name', 'GOBO::Node', 'params', 'HASH(0x103220c)') called at C:\strawberry\perl\site\lib\Moose\Meta\Attribute.pm line 392
Moose::Meta::Attribute::_process_coerce_option('Moose::Meta::Attribute', 'source', 'HASH(0x103220c)') called at C:\strawberry\perl\site\lib\Moose\Meta\Attribute.pm line 262
Moose::Meta::Attribute::_process_options('Moose::Meta::Attribute', 'source', 'HASH(0x103220c)') called at C:\strawberry\perl\site\lib\Moose\Meta\Attribute.pm line 53
Moose::Meta::Attribute::new('Moose::Meta::Attribute', 'source', 'coerce', 1, 'isa', 'GOBO::Node', 'definition_context', 'HASH(0x175d6a4)', 'is', 'rw') called at C:\strawberry\perl\site\lib\Moose\Meta\Attribute.pm line 101
Moose::Meta::Attribute::interpolate_class_and_new('Moose::Meta::Attribute', 'source', 'coerce', 1, 'isa', 'GOBO::Node', 'definition_context', 'HASH(0x175d6a4)', 'is', 'rw') called at C:\strawberry\perl\site\lib\Moose\Meta\Role\Attribute.pm line 92
Moose::Meta::Role::Attribute::attribute_for_class('Moose::Meta::Role::Attribute=HASH(0x175d9f4)') called at C:\strawberry\perl\site\lib\Moose\Meta\Role\Application\ToClass.pm line 130
Moose::Meta::Role::Application::ToClass::apply_attributes('Moose::Meta::Role::Application::ToClass=HASH(0x1311614)', 'Moose::Meta::Role=HASH(0x1759984)', 'Moose::Meta::Class=HASH(0x1307e0c)') called at C:\strawberry\perl\site\lib\Moose\Meta\Role\Application.pm line 57
Moose::Meta::Role::Application::apply('Moose::Meta::Role::Application::ToClass=HASH(0x1311614)', 'Moose::Meta::Role=HASH(0x1759984)', 'Moose::Meta::Class=HASH(0x1307e0c)') called at C:\strawberry\perl\site\lib\Moose\Meta\Role\Application\ToClass.pm line 35
Moose::Meta::Role::Application::ToClass::apply('Moose::Meta::Role::Application::ToClass=HASH(0x1311614)', 'Moose::Meta::Role=HASH(0x1759984)', 'Moose::Meta::Class=HASH(0x1307e0c)', 'HASH(0x12d36e4)') called at C:\strawberry\perl\site\lib\Moose\Meta\Role.pm line 474
Moose::Meta::Role::apply('Moose::Meta::Role=HASH(0x1759984)', 'Moose::Meta::Class=HASH(0x1307e0c)') called at C:\strawberry\perl\site\lib\Moose\Util.pm line 175
Moose::Util::_apply_all_roles('Moose::Meta::Class=HASH(0x1307e0c)', undef, 'GOBO::Attributed') called at C:\strawberry\perl\site\lib\Moose\Util.pm line 117
Moose::Util::apply_all_roles('Moose::Meta::Class=HASH(0x1307e0c)', 'GOBO::Attributed') called at C:\strawberry\perl\site\lib\Moose.pm line 60
Moose::with('Moose::Meta::Class=HASH(0x1307e0c)', 'GOBO::Attributed') called at C:\strawberry\perl\site\lib\Moose\Exporter.pm line 405
Moose::with('GOBO::Attributed') called at C:\strawberry\cpan\build\GOBO-0.03-gLZa6s\blib\lib\GOBO\Synonym.pm line 17
require GOBO/Synonym.pm at C:\strawberry\cpan\build\GOBO-0.03-gLZa6s\blib\lib\GOBO\Labeled.pm line 23
GOBO::Labeled::BEGIN at C:\strawberry\cpan\build\GOBO-0.03-gLZa6s\blib\lib\GOBO\Synonym.pm line 0
eval {...} at C:\strawberry\cpan\build\GOBO-0.03-gLZa6s\blib\lib\GOBO\Synonym.pm line 0
require GOBO/Labeled.pm at C:\strawberry\perl\site\lib\Module\Runtime.pm line 317
Module::Runtime::require_module('GOBO::Labeled') called at C:\strawberry\perl\site\lib\Module\Runtime.pm line 348
Module::Runtime::use_module('GOBO::Labeled') called at C:\strawberry\perl\site\lib\Moose\Util.pm line 150
Moose::Util::_apply_all_roles('Moose::Meta::Class=HASH(0x1295154)', undef, 'GOBO::Labeled') called at C:\strawberry\perl\site\lib\Moose\Util.pm line 117
Moose::Util::apply_all_roles('Moose::Meta::Class=HASH(0x1295154)', 'GOBO::Labeled') called at C:\strawberry\perl\site\lib\Moose.pm line 60
Moose::with('Moose::Meta::Class=HASH(0x1295154)', 'GOBO::Labeled') called at C:\strawberry\perl\site\lib\Moose\Exporter.pm line 405
Moose::with('GOBO::Labeled') called at C:\strawberry\cpan\build\GOBO-0.03-gLZa6s\blib\lib\GOBO\Node.pm line 6
require GOBO/Node.pm at C:\strawberry\perl\site\lib\Module\Runtime.pm line 317
Module::Runtime::require_module('GOBO::Node') called at C:\strawberry\perl\site\lib\Module\Runtime.pm line 381
eval {...} at C:\strawberry\perl\site\lib\Module\Runtime.pm line 381
Module::Runtime::use_package_optimistically('GOBO::Node') called at C:\strawberry\perl\site\lib\Moose\Util.pm line 352
Moose::Util::_load_user_class('GOBO::Node', undef) called at C:\strawberry\perl\site\lib\Moose\Meta\Class.pm line 560
Moose::Meta::Class::superclasses(undef, 'GOBO::Node') called at C:\strawberry\perl\site\lib\Moose.pm line 56
Moose::extends('Moose::Meta::Class=HASH(0x12913e4)', 'GOBO::Node') called at C:\strawberry\perl\site\lib\Moose\Exporter.pm line 405
Moose::extends('GOBO::Node') called at C:\strawberry\cpan\build\GOBO-0.03-gLZa6s\blib\lib\GOBO\Evidence.pm line 4
require GOBO/Evidence.pm at C:\strawberry\cpan\build\GOBO-0.03-gLZa6s\blib\lib\GOBO\Annotation.pm line 5
GOBO::Annotation::BEGIN at C:\strawberry\cpan\build\GOBO-0.03-gLZa6s\blib\lib\GOBO\Synonym.pm line 0
eval {...} at C:\strawberry\cpan\build\GOBO-0.03-gLZa6s\blib\lib\GOBO\Synonym.pm line 0
require GOBO/Annotation.pm at C:\strawberry\cpan\build\GOBO-0.03-gLZa6s\blib\lib\GOBO\Graph.pm line 55
GOBO::Graph::BEGIN at C:\strawberry\cpan\build\GOBO-0.03-gLZa6s\blib\lib\GOBO\Synonym.pm line 0
eval {...} at C:\strawberry\cpan\build\GOBO-0.03-gLZa6s\blib\lib\GOBO\Synonym.pm line 0
require GOBO/Graph.pm at t\inference_engine_test.t line 4
main::BEGIN at C:\strawberry\cpan\build\GOBO-0.03-gLZa6s\blib\lib\GOBO\Synonym.pm line 0
eval {...} at C:\strawberry\cpan\build\GOBO-0.03-gLZa6s\blib\lib\GOBO\Synonym.pm line 0
Compilation failed in require at C:\strawberry\cpan\build\GOBO-0.03-gLZa6s\blib\lib/GOBO/Labeled.pm line 23.
BEGIN failed--compilation aborted at C:\strawberry\cpan\build\GOBO-0.03-gLZa6s\blib\lib/GOBO/Labeled.pm line 23.
Compilation failed in require at C:/strawberry/perl/site/lib/Module/Runtime.pm line 317.
Compilation failed in require at C:/strawberry/perl/site/lib/Module/Runtime.pm line 317.
Compilation failed in require at C:\strawberry\cpan\build\GOBO-0.03-gLZa6s\blib\lib/GOBO/Annotation.pm line 5.
BEGIN failed--compilation aborted at C:\strawberry\cpan\build\GOBO-0.03-gLZa6s\blib\lib/GOBO/Annotation.pm line 5.
Compilation failed in require at C:\strawberry\cpan\build\GOBO-0.03-gLZa6s\blib\lib/GOBO/Graph.pm line 55.
BEGIN failed--compilation aborted at C:\strawberry\cpan\build\GOBO-0.03-gLZa6s\blib\lib/GOBO/Graph.pm line 55.
Compilation failed in require at t/inference_engine_test.t line 4.
BEGIN failed--compilation aborted at t/inference_engine_test.t line 4.
t/inference_engine_test.t ....
Dubious, test returned 255 (wstat 65280, 0xff00)
No subtests run
You cannot coerce an attribute (source) unless its type (GOBO::Node) has a coercion at C:\strawberry\perl\site\lib\Moose\Exception.pm line 37
Moose::Exception::_build_trace('Moose::Exception::CannotCoerceAttributeWhichHasNoCoercion=HASH(0x176fee4)') called at reader Moose::Exception::trace (defined at C:\strawberry\perl\site\lib\Moose\Exception.pm line 9) line 7
Moose::Exception::trace('Moose::Exception::CannotCoerceAttributeWhichHasNoCoercion=HASH(0x176fee4)') called at C:\strawberry\perl\site\lib\Moose\Exception.pm line 49
Moose::Exception::BUILD('Moose::Exception::CannotCoerceAttributeWhichHasNoCoercion=HASH(0x176fee4)', 'HASH(0x1750334)') called at C:\strawberry\perl\site\lib\Class\MOP\Method.pm line 126
Class::MOP::Method::execute('Moose::Meta::Method=HASH(0x17abbb4)', 'Moose::Exception::CannotCoerceAttributeWhichHasNoCoercion=HASH(0x176fee4)', 'HASH(0x1750334)') called at C:\strawberry\perl\site\lib\Moose\Object.pm line 55
Moose::Object::BUILDALL('Moose::Exception::CannotCoerceAttributeWhichHasNoCoercion=HASH(0x176fee4)', 'HASH(0x1750334)') called at C:\strawberry\perl\site\lib\Moose\Meta\Class.pm line 281
Moose::Meta::Class::new_object('Moose::Meta::Class=HASH(0x1770674)', 'HASH(0x1750334)') called at C:\strawberry\perl\site\lib\Moose\Object.pm line 26
Moose::Object::new('Moose::Exception::CannotCoerceAttributeWhichHasNoCoercion', 'attribute_name', 'source', 'type_name', 'GOBO::Node', 'params', 'HASH(0x1032104)') called at C:\strawberry\perl\site\lib\Moose\Util.pm line 52
Moose::Util::throw_exception('CannotCoerceAttributeWhichHasNoCoercion', 'attribute_name', 'source', 'type_name', 'GOBO::Node', 'params', 'HASH(0x1032104)') called at C:\strawberry\perl\site\lib\Moose\Meta\Attribute.pm line 392
Moose::Meta::Attribute::_process_coerce_option('Moose::Meta::Attribute', 'source', 'HASH(0x1032104)') called at C:\strawberry\perl\site\lib\Moose\Meta\Attribute.pm line 262
Moose::Meta::Attribute::_process_options('Moose::Meta::Attribute', 'source', 'HASH(0x1032104)') called at C:\strawberry\perl\site\lib\Moose\Meta\Attribute.pm line 53
Moose::Meta::Attribute::new('Moose::Meta::Attribute', 'source', 'coerce', 1, 'isa', 'GOBO::Node', 'definition_context', 'HASH(0x175cb9c)', 'is', 'rw') called at C:\strawberry\perl\site\lib\Moose\Meta\Attribute.pm line 101
Moose::Meta::Attribute::interpolate_class_and_new('Moose::Meta::Attribute', 'source', 'coerce', 1, 'isa', 'GOBO::Node', 'definition_context', 'HASH(0x175cb9c)', 'is', 'rw') called at C:\strawberry\perl\site\lib\Moose\Meta\Role\Attribute.pm line 92
Moose::Meta::Role::Attribute::attribute_for_class('Moose::Meta::Role::Attribute=HASH(0x175ceec)') called at C:\strawberry\perl\site\lib\Moose\Meta\Role\Application\ToClass.pm line 130
Moose::Meta::Role::Application::ToClass::apply_attributes('Moose::Meta::Role::Application::ToClass=HASH(0x1310614)', 'Moose::Meta::Role=HASH(0x17590d4)', 'Moose::Meta::Class=HASH(0x13071cc)') called at C:\strawberry\perl\site\lib\Moose\Meta\Role\Application.pm line 57
Moose::Meta::Role::Application::apply('Moose::Meta::Role::Application::ToClass=HASH(0x1310614)', 'Moose::Meta::Role=HASH(0x17590d4)', 'Moose::Meta::Class=HASH(0x13071cc)') called at C:\strawberry\perl\site\lib\Moose\Meta\Role\Application\ToClass.pm line 35
Moose::Meta::Role::Application::ToClass::apply('Moose::Meta::Role::Application::ToClass=HASH(0x1310614)', 'Moose::Meta::Role=HASH(0x17590d4)', 'Moose::Meta::Class=HASH(0x13071cc)', 'HASH(0x12d31dc)') called at C:\strawberry\perl\site\lib\Moose\Meta\Role.pm line 474
Moose::Meta::Role::apply('Moose::Meta::Role=HASH(0x17590d4)', 'Moose::Meta::Class=HASH(0x13071cc)') called at C:\strawberry\perl\site\lib\Moose\Util.pm line 175
Moose::Util::_apply_all_roles('Moose::Meta::Class=HASH(0x13071cc)', undef, 'GOBO::Attributed') called at C:\strawberry\perl\site\lib\Moose\Util.pm line 117
Moose::Util::apply_all_roles('Moose::Meta::Class=HASH(0x13071cc)', 'GOBO::Attributed') called at C:\strawberry\perl\site\lib\Moose.pm line 60
Moose::with('Moose::Meta::Class=HASH(0x13071cc)', 'GOBO::Attributed') called at C:\strawberry\perl\site\lib\Moose\Exporter.pm line 405
Moose::with('GOBO::Attributed') called at C:\strawberry\cpan\build\GOBO-0.03-gLZa6s\blib\lib\GOBO\Synonym.pm line 17
require GOBO/Synonym.pm at C:\strawberry\cpan\build\GOBO-0.03-gLZa6s\blib\lib\GOBO\Labeled.pm line 23
GOBO::Labeled::BEGIN at C:\strawberry\cpan\build\GOBO-0.03-gLZa6s\blib\lib\GOBO\Synonym.pm line 0
eval {...} at C:\strawberry\cpan\build\GOBO-0.03-gLZa6s\blib\lib\GOBO\Synonym.pm line 0
require GOBO/Labeled.pm at C:\strawberry\perl\site\lib\Module\Runtime.pm line 317
Module::Runtime::require_module('GOBO::Labeled') called at C:\strawberry\perl\site\lib\Module\Runtime.pm line 348
Module::Runtime::use_module('GOBO::Labeled') called at C:\strawberry\perl\site\lib\Moose\Util.pm line 150
Moose::Util::_apply_all_roles('Moose::Meta::Class=HASH(0x1294ca4)', undef, 'GOBO::Labeled') called at C:\strawberry\perl\site\lib\Moose\Util.pm line 117
Moose::Util::apply_all_roles('Moose::Meta::Class=HASH(0x1294ca4)', 'GOBO::Labeled') called at C:\strawberry\perl\site\lib\Moose.pm line 60
Moose::with('Moose::Meta::Class=HASH(0x1294ca4)', 'GOBO::Labeled') called at C:\strawberry\perl\site\lib\Moose\Exporter.pm line 405
Moose::with('GOBO::Labeled') called at C:\strawberry\cpan\build\GOBO-0.03-gLZa6s\blib\lib\GOBO\Node.pm line 6
require GOBO/Node.pm at C:\strawberry\perl\site\lib\Module\Runtime.pm line 317
Module::Runtime::require_module('GOBO::Node') called at C:\strawberry\perl\site\lib\Module\Runtime.pm line 381
eval {...} at C:\strawberry\perl\site\lib\Module\Runtime.pm line 381
Module::Runtime::use_package_optimistically('GOBO::Node') called at C:\strawberry\perl\site\lib\Moose\Util.pm line 352
Moose::Util::_load_user_class('GOBO::Node', undef) called at C:\strawberry\perl\site\lib\Moose\Meta\Class.pm line 560
Moose::Meta::Class::superclasses(undef, 'GOBO::Node') called at C:\strawberry\perl\site\lib\Moose.pm line 56
Moose::extends('Moose::Meta::Class=HASH(0x12911d4)', 'GOBO::Node') called at C:\strawberry\perl\site\lib\Moose\Exporter.pm line 405
Moose::extends('GOBO::Node') called at C:\strawberry\cpan\build\GOBO-0.03-gLZa6s\blib\lib\GOBO\Evidence.pm line 4
require GOBO/Evidence.pm at C:\strawberry\cpan\build\GOBO-0.03-gLZa6s\blib\lib\GOBO\Annotation.pm line 5
GOBO::Annotation::BEGIN at C:\strawberry\cpan\build\GOBO-0.03-gLZa6s\blib\lib\GOBO\Synonym.pm line 0
eval {...} at C:\strawberry\cpan\build\GOBO-0.03-gLZa6s\blib\lib\GOBO\Synonym.pm line 0
require GOBO/Annotation.pm at C:\strawberry\cpan\build\GOBO-0.03-gLZa6s\blib\lib\GOBO\Graph.pm line 55
GOBO::Graph::BEGIN at C:\strawberry\cpan\build\GOBO-0.03-gLZa6s\blib\lib\GOBO\Synonym.pm line 0
eval {...} at C:\strawberry\cpan\build\GOBO-0.03-gLZa6s\blib\lib\GOBO\Synonym.pm line 0
require GOBO/Graph.pm at t\logical_definition_test.t line 4
main::BEGIN at C:\strawberry\cpan\build\GOBO-0.03-gLZa6s\blib\lib\GOBO\Synonym.pm line 0
eval {...} at C:\strawberry\cpan\build\GOBO-0.03-gLZa6s\blib\lib\GOBO\Synonym.pm line 0
Compilation failed in require at C:\strawberry\cpan\build\GOBO-0.03-gLZa6s\blib\lib/GOBO/Labeled.pm line 23.
BEGIN failed--compilation aborted at C:\strawberry\cpan\build\GOBO-0.03-gLZa6s\blib\lib/GOBO/Labeled.pm line 23.
Compilation failed in require at C:/strawberry/perl/site/lib/Module/Runtime.pm line 317.
Compilation failed in require at C:/strawberry/perl/site/lib/Module/Runtime.pm line 317.
Compilation failed in require at C:\strawberry\cpan\build\GOBO-0.03-gLZa6s\blib\lib/GOBO/Annotation.pm line 5.
BEGIN failed--compilation aborted at C:\strawberry\cpan\build\GOBO-0.03-gLZa6s\blib\lib/GOBO/Annotation.pm line 5.
Compilation failed in require at C:\strawberry\cpan\build\GOBO-0.03-gLZa6s\blib\lib/GOBO/Graph.pm line 55.
BEGIN failed--compilation aborted at C:\strawberry\cpan\build\GOBO-0.03-gLZa6s\blib\lib/GOBO/Graph.pm line 55.
Compilation failed in require at t/logical_definition_test.t line 4.
BEGIN failed--compilation aborted at t/logical_definition_test.t line 4.
t/logical_definition_test.t ..
Dubious, test returned 255 (wstat 65280, 0xff00)
No subtests run
You cannot coerce an attribute (source) unless its type (GOBO::Node) has a coercion at C:\strawberry\perl\site\lib\Moose\Exception.pm line 37
Moose::Exception::_build_trace('Moose::Exception::CannotCoerceAttributeWhichHasNoCoercion=HASH(0x17b4cf4)') called at reader Moose::Exception::trace (defined at C:\strawberry\perl\site\lib\Moose\Exception.pm line 9) line 7
Moose::Exception::trace('Moose::Exception::CannotCoerceAttributeWhichHasNoCoercion=HASH(0x17b4cf4)') called at C:\strawberry\perl\site\lib\Moose\Exception.pm line 49
Moose::Exception::BUILD('Moose::Exception::CannotCoerceAttributeWhichHasNoCoercion=HASH(0x17b4cf4)', 'HASH(0x179768c)') called at C:\strawberry\perl\site\lib\Class\MOP\Method.pm line 126
Class::MOP::Method::execute('Moose::Meta::Method=HASH(0x18190e4)', 'Moose::Exception::CannotCoerceAttributeWhichHasNoCoercion=HASH(0x17b4cf4)', 'HASH(0x179768c)') called at C:\strawberry\perl\site\lib\Moose\Object.pm line 55
Moose::Object::BUILDALL('Moose::Exception::CannotCoerceAttributeWhichHasNoCoercion=HASH(0x17b4cf4)', 'HASH(0x179768c)') called at C:\strawberry\perl\site\lib\Moose\Meta\Class.pm line 281
Moose::Meta::Class::new_object('Moose::Meta::Class=HASH(0x17b5484)', 'HASH(0x179768c)') called at C:\strawberry\perl\site\lib\Moose\Object.pm line 26
Moose::Object::new('Moose::Exception::CannotCoerceAttributeWhichHasNoCoercion', 'attribute_name', 'source', 'type_name', 'GOBO::Node', 'params', 'HASH(0x1077524)') called at C:\strawberry\perl\site\lib\Moose\Util.pm line 52
Moose::Util::throw_exception('CannotCoerceAttributeWhichHasNoCoercion', 'attribute_name', 'source', 'type_name', 'GOBO::Node', 'params', 'HASH(0x1077524)') called at C:\strawberry\perl\site\lib\Moose\Meta\Attribute.pm line 392
Moose::Meta::Attribute::_process_coerce_option('Moose::Meta::Attribute', 'source', 'HASH(0x1077524)') called at C:\strawberry\perl\site\lib\Moose\Meta\Attribute.pm line 262
Moose::Meta::Attribute::_process_options('Moose::Meta::Attribute', 'source', 'HASH(0x1077524)') called at C:\strawberry\perl\site\lib\Moose\Meta\Attribute.pm line 53
Moose::Meta::Attribute::new('Moose::Meta::Attribute', 'source', 'coerce', 1, 'isa', 'GOBO::Node', 'definition_context', 'HASH(0x17a12ac)', 'is', 'rw') called at C:\strawberry\perl\site\lib\Moose\Meta\Attribute.pm line 101
Moose::Meta::Attribute::interpolate_class_and_new('Moose::Meta::Attribute', 'source', 'coerce', 1, 'isa', 'GOBO::Node', 'definition_context', 'HASH(0x17a12ac)', 'is', 'rw') called at C:\strawberry\perl\site\lib\Moose\Meta\Role\Attribute.pm line 92
Moose::Meta::Role::Attribute::attribute_for_class('Moose::Meta::Role::Attribute=HASH(0x17b096c)') called at C:\strawberry\perl\site\lib\Moose\Meta\Role\Application\ToClass.pm line 130
Moose::Meta::Role::Application::ToClass::apply_attributes('Moose::Meta::Role::Application::ToClass=HASH(0x13569e4)', 'Moose::Meta::Role=HASH(0x1797dbc)', 'Moose::Meta::Class=HASH(0x134e14c)') called at C:\strawberry\perl\site\lib\Moose\Meta\Role\Application.pm line 57
Moose::Meta::Role::Application::apply('Moose::Meta::Role::Application::ToClass=HASH(0x13569e4)', 'Moose::Meta::Role=HASH(0x1797dbc)', 'Moose::Meta::Class=HASH(0x134e14c)') called at C:\strawberry\perl\site\lib\Moose\Meta\Role\Application\ToClass.pm line 35
Moose::Meta::Role::Application::ToClass::apply('Moose::Meta::Role::Application::ToClass=HASH(0x13569e4)', 'Moose::Meta::Role=HASH(0x1797dbc)', 'Moose::Meta::Class=HASH(0x134e14c)', 'HASH(0x12fd534)') called at C:\strawberry\perl\site\lib\Moose\Meta\Role.pm line 474
Moose::Meta::Role::apply('Moose::Meta::Role=HASH(0x1797dbc)', 'Moose::Meta::Class=HASH(0x134e14c)') called at C:\strawberry\perl\site\lib\Moose\Util.pm line 175
Moose::Util::_apply_all_roles('Moose::Meta::Class=HASH(0x134e14c)', undef, 'GOBO::Attributed') called at C:\strawberry\perl\site\lib\Moose\Util.pm line 117
Moose::Util::apply_all_roles('Moose::Meta::Class=HASH(0x134e14c)', 'GOBO::Attributed') called at C:\strawberry\perl\site\lib\Moose.pm line 60
Moose::with('Moose::Meta::Class=HASH(0x134e14c)', 'GOBO::Attributed') called at C:\strawberry\perl\site\lib\Moose\Exporter.pm line 405
Moose::with('GOBO::Attributed') called at C:\strawberry\cpan\build\GOBO-0.03-gLZa6s\blib\lib\GOBO\Synonym.pm line 17
require GOBO/Synonym.pm at C:\strawberry\cpan\build\GOBO-0.03-gLZa6s\blib\lib\GOBO\Labeled.pm line 23
GOBO::Labeled::BEGIN at C:\strawberry\cpan\build\GOBO-0.03-gLZa6s\blib\lib\GOBO\Synonym.pm line 0
eval {...} at C:\strawberry\cpan\build\GOBO-0.03-gLZa6s\blib\lib\GOBO\Synonym.pm line 0
require GOBO/Labeled.pm at C:\strawberry\perl\site\lib\Module\Runtime.pm line 317
Module::Runtime::require_module('GOBO::Labeled') called at C:\strawberry\perl\site\lib\Module\Runtime.pm line 348
Module::Runtime::use_module('GOBO::Labeled') called at C:\strawberry\perl\site\lib\Moose\Util.pm line 150
Moose::Util::_apply_all_roles('Moose::Meta::Class=HASH(0x12e01e4)', undef, 'GOBO::Labeled') called at C:\strawberry\perl\site\lib\Moose\Util.pm line 117
Moose::Util::apply_all_roles('Moose::Meta::Class=HASH(0x12e01e4)', 'GOBO::Labeled') called at C:\strawberry\perl\site\lib\Moose.pm line 60
Moose::with('Moose::Meta::Class=HASH(0x12e01e4)', 'GOBO::Labeled') called at C:\strawberry\perl\site\lib\Moose\Exporter.pm line 405
Moose::with('GOBO::Labeled') called at C:\strawberry\cpan\build\GOBO-0.03-gLZa6s\blib\lib\GOBO\Node.pm line 6
require GOBO/Node.pm at C:\strawberry\perl\site\lib\Module\Runtime.pm line 317
Module::Runtime::require_module('GOBO::Node') called at C:\strawberry\perl\site\lib\Module\Runtime.pm line 381
eval {...} at C:\strawberry\perl\site\lib\Module\Runtime.pm line 381
Module::Runtime::use_package_optimistically('GOBO::Node') called at C:\strawberry\perl\site\lib\Moose\Util.pm line 352
Moose::Util::_load_user_class('GOBO::Node', undef) called at C:\strawberry\perl\site\lib\Moose\Meta\Class.pm line 560
Moose::Meta::Class::superclasses(undef, 'GOBO::Node') called at C:\strawberry\perl\site\lib\Moose.pm line 56
Moose::extends('Moose::Meta::Class=HASH(0x12cf04c)', 'GOBO::Node') called at C:\strawberry\perl\site\lib\Moose\Exporter.pm line 405
Moose::extends('GOBO::Node') called at C:\strawberry\cpan\build\GOBO-0.03-gLZa6s\blib\lib\GOBO\Evidence.pm line 4
require GOBO/Evidence.pm at C:\strawberry\cpan\build\GOBO-0.03-gLZa6s\blib\lib\GOBO\Annotation.pm line 5
GOBO::Annotation::BEGIN at C:\strawberry\cpan\build\GOBO-0.03-gLZa6s\blib\lib\GOBO\Synonym.pm line 0
eval {...} at C:\strawberry\cpan\build\GOBO-0.03-gLZa6s\blib\lib\GOBO\Synonym.pm line 0
require GOBO/Annotation.pm at C:\strawberry\cpan\build\GOBO-0.03-gLZa6s\blib\lib\GOBO\Graph.pm line 55
GOBO::Graph::BEGIN at C:\strawberry\cpan\build\GOBO-0.03-gLZa6s\blib\lib\GOBO\Synonym.pm line 0
eval {...} at C:\strawberry\cpan\build\GOBO-0.03-gLZa6s\blib\lib\GOBO\Synonym.pm line 0
require GOBO/Graph.pm at t\node_removal.t line 8
main::BEGIN at C:\strawberry\cpan\build\GOBO-0.03-gLZa6s\blib\lib\GOBO\Synonym.pm line 0
eval {...} at C:\strawberry\cpan\build\GOBO-0.03-gLZa6s\blib\lib\GOBO\Synonym.pm line 0
Compilation failed in require at C:\strawberry\cpan\build\GOBO-0.03-gLZa6s\blib\lib/GOBO/Labeled.pm line 23.
BEGIN failed--compilation aborted at C:\strawberry\cpan\build\GOBO-0.03-gLZa6s\blib\lib/GOBO/Labeled.pm line 23.
Compilation failed in require at C:/strawberry/perl/site/lib/Module/Runtime.pm line 317.
Compilation failed in require at C:/strawberry/perl/site/lib/Module/Runtime.pm line 317.
Compilation failed in require at C:\strawberry\cpan\build\GOBO-0.03-gLZa6s\blib\lib/GOBO/Annotation.pm line 5.
BEGIN failed--compilation aborted at C:\strawberry\cpan\build\GOBO-0.03-gLZa6s\blib\lib/GOBO/Annotation.pm line 5.
Compilation failed in require at C:\strawberry\cpan\build\GOBO-0.03-gLZa6s\blib\lib/GOBO/Graph.pm line 55.
BEGIN failed--compilation aborted at C:\strawberry\cpan\build\GOBO-0.03-gLZa6s\blib\lib/GOBO/Graph.pm line 55.
Compilation failed in require at t/node_removal.t line 8.
BEGIN failed--compilation aborted at t/node_removal.t line 8.
t/node_removal.t .............
Dubious, test returned 255 (wstat 65280, 0xff00)
No subtests run
You cannot coerce an attribute (source) unless its type (GOBO::Node) has a coercion at C:\strawberry\perl\site\lib\Moose\Exception.pm line 37
Moose::Exception::_build_trace('Moose::Exception::CannotCoerceAttributeWhichHasNoCoercion=HASH(0x1770154)') called at reader Moose::Exception::trace (defined at C:\strawberry\perl\site\lib\Moose\Exception.pm line 9) line 7
Moose::Exception::trace('Moose::Exception::CannotCoerceAttributeWhichHasNoCoercion=HASH(0x1770154)') called at C:\strawberry\perl\site\lib\Moose\Exception.pm line 49
Moose::Exception::BUILD('Moose::Exception::CannotCoerceAttributeWhichHasNoCoercion=HASH(0x1770154)', 'HASH(0x17505d4)') called at C:\strawberry\perl\site\lib\Class\MOP\Method.pm line 126
Class::MOP::Method::execute('Moose::Meta::Method=HASH(0x17abd14)', 'Moose::Exception::CannotCoerceAttributeWhichHasNoCoercion=HASH(0x1770154)', 'HASH(0x17505d4)') called at C:\strawberry\perl\site\lib\Moose\Object.pm line 55
Moose::Object::BUILDALL('Moose::Exception::CannotCoerceAttributeWhichHasNoCoercion=HASH(0x1770154)', 'HASH(0x17505d4)') called at C:\strawberry\perl\site\lib\Moose\Meta\Class.pm line 281
Moose::Meta::Class::new_object('Moose::Meta::Class=HASH(0x17708e4)', 'HASH(0x17505d4)') called at C:\strawberry\perl\site\lib\Moose\Object.pm line 26
Moose::Object::new('Moose::Exception::CannotCoerceAttributeWhichHasNoCoercion', 'attribute_name', 'source', 'type_name', 'GOBO::Node', 'params', 'HASH(0x103206c)') called at C:\strawberry\perl\site\lib\Moose\Util.pm line 52
Moose::Util::throw_exception('CannotCoerceAttributeWhichHasNoCoercion', 'attribute_name', 'source', 'type_name', 'GOBO::Node', 'params', 'HASH(0x103206c)') called at C:\strawberry\perl\site\lib\Moose\Meta\Attribute.pm line 392
Moose::Meta::Attribute::_process_coerce_option('Moose::Meta::Attribute', 'source', 'HASH(0x103206c)') called at C:\strawberry\perl\site\lib\Moose\Meta\Attribute.pm line 262
Moose::Meta::Attribute::_process_options('Moose::Meta::Attribute', 'source', 'HASH(0x103206c)') called at C:\strawberry\perl\site\lib\Moose\Meta\Attribute.pm line 53
Moose::Meta::Attribute::new('Moose::Meta::Attribute', 'source', 'coerce', 1, 'isa', 'GOBO::Node', 'definition_context', 'HASH(0x175ce0c)', 'is', 'rw') called at C:\strawberry\perl\site\lib\Moose\Meta\Attribute.pm line 101
Moose::Meta::Attribute::interpolate_class_and_new('Moose::Meta::Attribute', 'source', 'coerce', 1, 'isa', 'GOBO::Node', 'definition_context', 'HASH(0x175ce0c)', 'is', 'rw') called at C:\strawberry\perl\site\lib\Moose\Meta\Role\Attribute.pm line 92
Moose::Meta::Role::Attribute::attribute_for_class('Moose::Meta::Role::Attribute=HASH(0x175d15c)') called at C:\strawberry\perl\site\lib\Moose\Meta\Role\Application\ToClass.pm line 130
Moose::Meta::Role::Application::ToClass::apply_attributes('Moose::Meta::Role::Application::ToClass=HASH(0x1310614)', 'Moose::Meta::Role=HASH(0x17590ec)', 'Moose::Meta::Class=HASH(0x1307154)') called at C:\strawberry\perl\site\lib\Moose\Meta\Role\Application.pm line 57
Moose::Meta::Role::Application::apply('Moose::Meta::Role::Application::ToClass=HASH(0x1310614)', 'Moose::Meta::Role=HASH(0x17590ec)', 'Moose::Meta::Class=HASH(0x1307154)') called at C:\strawberry\perl\site\lib\Moose\Meta\Role\Application\ToClass.pm line 35
Moose::Meta::Role::Application::ToClass::apply('Moose::Meta::Role::Application::ToClass=HASH(0x1310614)', 'Moose::Meta::Role=HASH(0x17590ec)', 'Moose::Meta::Class=HASH(0x1307154)', 'HASH(0x12d3024)') called at C:\strawberry\perl\site\lib\Moose\Meta\Role.pm line 474
Moose::Meta::Role::apply('Moose::Meta::Role=HASH(0x17590ec)', 'Moose::Meta::Class=HASH(0x1307154)') called at C:\strawberry\perl\site\lib\Moose\Util.pm line 175
Moose::Util::_apply_all_roles('Moose::Meta::Class=HASH(0x1307154)', undef, 'GOBO::Attributed') called at C:\strawberry\perl\site\lib\Moose\Util.pm line 117
Moose::Util::apply_all_roles('Moose::Meta::Class=HASH(0x1307154)', 'GOBO::Attributed') called at C:\strawberry\perl\site\lib\Moose.pm line 60
Moose::with('Moose::Meta::Class=HASH(0x1307154)', 'GOBO::Attributed') called at C:\strawberry\perl\site\lib\Moose\Exporter.pm line 405
Moose::with('GOBO::Attributed') called at C:\strawberry\cpan\build\GOBO-0.03-gLZa6s\blib\lib\GOBO\Synonym.pm line 17
require GOBO/Synonym.pm at C:\strawberry\cpan\build\GOBO-0.03-gLZa6s\blib\lib\GOBO\Labeled.pm line 23
GOBO::Labeled::BEGIN at C:\strawberry\cpan\build\GOBO-0.03-gLZa6s\blib\lib\GOBO\Synonym.pm line 0
eval {...} at C:\strawberry\cpan\build\GOBO-0.03-gLZa6s\blib\lib\GOBO\Synonym.pm line 0
require GOBO/Labeled.pm at C:\strawberry\perl\site\lib\Module\Runtime.pm line 317
Module::Runtime::require_module('GOBO::Labeled') called at C:\strawberry\perl\site\lib\Module\Runtime.pm line 348
Module::Runtime::use_module('GOBO::Labeled') called at C:\strawberry\perl\site\lib\Moose\Util.pm line 150
Moose::Util::_apply_all_roles('Moose::Meta::Class=HASH(0x1294a84)', undef, 'GOBO::Labeled') called at C:\strawberry\perl\site\lib\Moose\Util.pm line 117
Moose::Util::apply_all_roles('Moose::Meta::Class=HASH(0x1294a84)', 'GOBO::Labeled') called at C:\strawberry\perl\site\lib\Moose.pm line 60
Moose::with('Moose::Meta::Class=HASH(0x1294a84)', 'GOBO::Labeled') called at C:\strawberry\perl\site\lib\Moose\Exporter.pm line 405
Moose::with('GOBO::Labeled') called at C:\strawberry\cpan\build\GOBO-0.03-gLZa6s\blib\lib\GOBO\Node.pm line 6
require GOBO/Node.pm at C:\strawberry\perl\site\lib\Module\Runtime.pm line 317
Module::Runtime::require_module('GOBO::Node') called at C:\strawberry\perl\site\lib\Module\Runtime.pm line 381
eval {...} at C:\strawberry\perl\site\lib\Module\Runtime.pm line 381
Module::Runtime::use_package_optimistically('GOBO::Node') called at C:\strawberry\perl\site\lib\Moose\Util.pm line 352
Moose::Util::_load_user_class('GOBO::Node', undef) called at C:\strawberry\perl\site\lib\Moose\Meta\Class.pm line 560
Moose::Meta::Class::superclasses(undef, 'GOBO::Node') called at C:\strawberry\perl\site\lib\Moose.pm line 56
Moose::extends('Moose::Meta::Class=HASH(0x1291094)', 'GOBO::Node') called at C:\strawberry\perl\site\lib\Moose\Exporter.pm line 405
Moose::extends('GOBO::Node') called at C:\strawberry\cpan\build\GOBO-0.03-gLZa6s\blib\lib\GOBO\Evidence.pm line 4
require GOBO/Evidence.pm at C:\strawberry\cpan\build\GOBO-0.03-gLZa6s\blib\lib\GOBO\Annotation.pm line 5
GOBO::Annotation::BEGIN at C:\strawberry\cpan\build\GOBO-0.03-gLZa6s\blib\lib\GOBO\Synonym.pm line 0
eval {...} at C:\strawberry\cpan\build\GOBO-0.03-gLZa6s\blib\lib\GOBO\Synonym.pm line 0
require GOBO/Annotation.pm at C:\strawberry\cpan\build\GOBO-0.03-gLZa6s\blib\lib\GOBO\Graph.pm line 55
GOBO::Graph::BEGIN at C:\strawberry\cpan\build\GOBO-0.03-gLZa6s\blib\lib\GOBO\Synonym.pm line 0
eval {...} at C:\strawberry\cpan\build\GOBO-0.03-gLZa6s\blib\lib\GOBO\Synonym.pm line 0
require GOBO/Graph.pm at t\oboparsertest.t line 6
main::BEGIN at C:\strawberry\cpan\build\GOBO-0.03-gLZa6s\blib\lib\GOBO\Synonym.pm line 0
eval {...} at C:\strawberry\cpan\build\GOBO-0.03-gLZa6s\blib\lib\GOBO\Synonym.pm line 0
Compilation failed in require at C:\strawberry\cpan\build\GOBO-0.03-gLZa6s\blib\lib/GOBO/Labeled.pm line 23.
BEGIN failed--compilation aborted at C:\strawberry\cpan\build\GOBO-0.03-gLZa6s\blib\lib/GOBO/Labeled.pm line 23.
Compilation failed in require at C:/strawberry/perl/site/lib/Module/Runtime.pm line 317.
Compilation failed in require at C:/strawberry/perl/site/lib/Module/Runtime.pm line 317.
Compilation failed in require at C:\strawberry\cpan\build\GOBO-0.03-gLZa6s\blib\lib/GOBO/Annotation.pm line 5.
BEGIN failed--compilation aborted at C:\strawberry\cpan\build\GOBO-0.03-gLZa6s\blib\lib/GOBO/Annotation.pm line 5.
Compilation failed in require at C:\strawberry\cpan\build\GOBO-0.03-gLZa6s\blib\lib/GOBO/Graph.pm line 55.
BEGIN failed--compilation aborted at C:\strawberry\cpan\build\GOBO-0.03-gLZa6s\blib\lib/GOBO/Graph.pm line 55.
Compilation failed in require at t/oboparsertest.t line 6.
BEGIN failed--compilation aborted at t/oboparsertest.t line 6.
t/oboparsertest.t ............
Dubious, test returned 255 (wstat 65280, 0xff00)
No subtests run
Subroutine main::ok redefined at t/parsetest.t line 6.
Prototype mismatch: sub main::ok ($;$$) vs ($;$) at t/parsetest.t line 6.
Subroutine main::skip redefined at t/parsetest.t line 6.
Prototype mismatch: sub main::skip ($;$$$) vs none at t/parsetest.t line 6.
Subroutine main::plan redefined at t/parsetest.t line 6.
You cannot coerce an attribute (source) unless its type (GOBO::Node) has a coercion at C:\strawberry\perl\site\lib\Moose\Exception.pm line 37
Moose::Exception::_build_trace('Moose::Exception::CannotCoerceAttributeWhichHasNoCoercion=HASH(0x185a43c)') called at reader Moose::Exception::trace (defined at C:\strawberry\perl\site\lib\Moose\Exception.pm line 9) line 7
Moose::Exception::trace('Moose::Exception::CannotCoerceAttributeWhichHasNoCoercion=HASH(0x185a43c)') called at C:\strawberry\perl\site\lib\Moose\Exception.pm line 49
Moose::Exception::BUILD('Moose::Exception::CannotCoerceAttributeWhichHasNoCoercion=HASH(0x185a43c)', 'HASH(0x1839784)') called at C:\strawberry\perl\site\lib\Class\MOP\Method.pm line 126
Class::MOP::Method::execute('Moose::Meta::Method=HASH(0x18a7e3c)', 'Moose::Exception::CannotCoerceAttributeWhichHasNoCoercion=HASH(0x185a43c)', 'HASH(0x1839784)') called at C:\strawberry\perl\site\lib\Moose\Object.pm line 55
Moose::Object::BUILDALL('Moose::Exception::CannotCoerceAttributeWhichHasNoCoercion=HASH(0x185a43c)', 'HASH(0x1839784)') called at C:\strawberry\perl\site\lib\Moose\Meta\Class.pm line 281
Moose::Meta::Class::new_object('Moose::Meta::Class=HASH(0x185be9c)', 'HASH(0x1839784)') called at C:\strawberry\perl\site\lib\Moose\Object.pm line 26
Moose::Object::new('Moose::Exception::CannotCoerceAttributeWhichHasNoCoercion', 'attribute_name', 'source', 'type_name', 'GOBO::Node', 'params', 'HASH(0x1133e5c)') called at C:\strawberry\perl\site\lib\Moose\Util.pm line 52
Moose::Util::throw_exception('CannotCoerceAttributeWhichHasNoCoercion', 'attribute_name', 'source', 'type_name', 'GOBO::Node', 'params', 'HASH(0x1133e5c)') called at C:\strawberry\perl\site\lib\Moose\Meta\Attribute.pm line 392
Moose::Meta::Attribute::_process_coerce_option('Moose::Meta::Attribute', 'source', 'HASH(0x1133e5c)') called at C:\strawberry\perl\site\lib\Moose\Meta\Attribute.pm line 262
Moose::Meta::Attribute::_process_options('Moose::Meta::Attribute', 'source', 'HASH(0x1133e5c)') called at C:\strawberry\perl\site\lib\Moose\Meta\Attribute.pm line 53
Moose::Meta::Attribute::new('Moose::Meta::Attribute', 'source', 'coerce', 1, 'isa', 'GOBO::Node', 'definition_context', 'HASH(0x185304c)', 'is', 'rw') called at C:\strawberry\perl\site\lib\Moose\Meta\Attribute.pm line 101
Moose::Meta::Attribute::interpolate_class_and_new('Moose::Meta::Attribute', 'source', 'coerce', 1, 'isa', 'GOBO::Node', 'definition_context', 'HASH(0x185304c)', 'is', 'rw') called at C:\strawberry\perl\site\lib\Moose\Meta\Role\Attribute.pm line 92
Moose::Meta::Role::Attribute::attribute_for_class('Moose::Meta::Role::Attribute=HASH(0x18467dc)') called at C:\strawberry\perl\site\lib\Moose\Meta\Role\Application\ToClass.pm line 130
Moose::Meta::Role::Application::ToClass::apply_attributes('Moose::Meta::Role::Application::ToClass=HASH(0x13fccdc)', 'Moose::Meta::Role=HASH(0x18421d4)', 'Moose::Meta::Class=HASH(0x13f3bcc)') called at C:\strawberry\perl\site\lib\Moose\Meta\Role\Application.pm line 57
Moose::Meta::Role::Application::apply('Moose::Meta::Role::Application::ToClass=HASH(0x13fccdc)', 'Moose::Meta::Role=HASH(0x18421d4)', 'Moose::Meta::Class=HASH(0x13f3bcc)') called at C:\strawberry\perl\site\lib\Moose\Meta\Role\Application\ToClass.pm line 35
Moose::Meta::Role::Application::ToClass::apply('Moose::Meta::Role::Application::ToClass=HASH(0x13fccdc)', 'Moose::Meta::Role=HASH(0x18421d4)', 'Moose::Meta::Class=HASH(0x13f3bcc)', 'HASH(0x13c0d54)') called at C:\strawberry\perl\site\lib\Moose\Meta\Role.pm line 474
Moose::Meta::Role::apply('Moose::Meta::Role=HASH(0x18421d4)', 'Moose::Meta::Class=HASH(0x13f3bcc)') called at C:\strawberry\perl\site\lib\Moose\Util.pm line 175
Moose::Util::_apply_all_roles('Moose::Meta::Class=HASH(0x13f3bcc)', undef, 'GOBO::Attributed') called at C:\strawberry\perl\site\lib\Moose\Util.pm line 117
Moose::Util::apply_all_roles('Moose::Meta::Class=HASH(0x13f3bcc)', 'GOBO::Attributed') called at C:\strawberry\perl\site\lib\Moose.pm line 60
Moose::with('Moose::Meta::Class=HASH(0x13f3bcc)', 'GOBO::Attributed') called at C:\strawberry\perl\site\lib\Moose\Exporter.pm line 405
Moose::with('GOBO::Attributed') called at C:\strawberry\cpan\build\GOBO-0.03-gLZa6s\blib\lib\GOBO\Synonym.pm line 17
require GOBO/Synonym.pm at C:\strawberry\cpan\build\GOBO-0.03-gLZa6s\blib\lib\GOBO\Labeled.pm line 23
GOBO::Labeled::BEGIN at C:\strawberry\cpan\build\GOBO-0.03-gLZa6s\blib\lib\GOBO\Synonym.pm line 0
eval {...} at C:\strawberry\cpan\build\GOBO-0.03-gLZa6s\blib\lib\GOBO\Synonym.pm line 0
require GOBO/Labeled.pm at C:\strawberry\perl\site\lib\Module\Runtime.pm line 317
Module::Runtime::require_module('GOBO::Labeled') called at C:\strawberry\perl\site\lib\Module\Runtime.pm line 348
Module::Runtime::use_module('GOBO::Labeled') called at C:\strawberry\perl\site\lib\Moose\Util.pm line 150
Moose::Util::_apply_all_roles('Moose::Meta::Class=HASH(0x138554c)', undef, 'GOBO::Labeled') called at C:\strawberry\perl\site\lib\Moose\Util.pm line 117
Moose::Util::apply_all_roles('Moose::Meta::Class=HASH(0x138554c)', 'GOBO::Labeled') called at C:\strawberry\perl\site\lib\Moose.pm line 60
Moose::with('Moose::Meta::Class=HASH(0x138554c)', 'GOBO::Labeled') called at C:\strawberry\perl\site\lib\Moose\Exporter.pm line 405
Moose::with('GOBO::Labeled') called at C:\strawberry\cpan\build\GOBO-0.03-gLZa6s\blib\lib\GOBO\Node.pm line 6
require GOBO/Node.pm at C:\strawberry\cpan\build\GOBO-0.03-gLZa6s\blib\lib\GOBO\Parsers\GAFParser.pm line 7
GOBO::Parsers::GAFParser::BEGIN at C:\strawberry\cpan\build\GOBO-0.03-gLZa6s\blib\lib\GOBO\Synonym.pm line 0
eval {...} at C:\strawberry\cpan\build\GOBO-0.03-gLZa6s\blib\lib\GOBO\Synonym.pm line 0
require GOBO/Parsers/GAFParser.pm at t\parsetest.t line 10
main::BEGIN at C:\strawberry\cpan\build\GOBO-0.03-gLZa6s\blib\lib\GOBO\Synonym.pm line 0
eval {...} at C:\strawberry\cpan\build\GOBO-0.03-gLZa6s\blib\lib\GOBO\Synonym.pm line 0
Compilation failed in require at C:\strawberry\cpan\build\GOBO-0.03-gLZa6s\blib\lib/GOBO/Labeled.pm line 23.
BEGIN failed--compilation aborted at C:\strawberry\cpan\build\GOBO-0.03-gLZa6s\blib\lib/GOBO/Labeled.pm line 23.
Compilation failed in require at C:/strawberry/perl/site/lib/Module/Runtime.pm line 317.
Compilation failed in require at C:\strawberry\cpan\build\GOBO-0.03-gLZa6s\blib\lib/GOBO/Parsers/GAFParser.pm line 7.
BEGIN failed--compilation aborted at C:\strawberry\cpan\build\GOBO-0.03-gLZa6s\blib\lib/GOBO/Parsers/GAFParser.pm line 7.
Compilation failed in require at t/parsetest.t line 10.
BEGIN failed--compilation aborted at t/parsetest.t line 10.
t/parsetest.t ................
Dubious, test returned 255 (wstat 65280, 0xff00)
No subtests run
You cannot coerce an attribute (source) unless its type (GOBO::Node) has a coercion at C:\strawberry\perl\site\lib\Moose\Exception.pm line 37
Moose::Exception::_build_trace('Moose::Exception::CannotCoerceAttributeWhichHasNoCoercion=HASH(0x18080c4)') called at reader Moose::Exception::trace (defined at C:\strawberry\perl\site\lib\Moose\Exception.pm line 9) line 7
Moose::Exception::trace('Moose::Exception::CannotCoerceAttributeWhichHasNoCoercion=HASH(0x18080c4)') called at C:\strawberry\perl\site\lib\Moose\Exception.pm line 49
Moose::Exception::BUILD('Moose::Exception::CannotCoerceAttributeWhichHasNoCoercion=HASH(0x18080c4)', 'HASH(0x177b0ac)') called at C:\strawberry\perl\site\lib\Class\MOP\Method.pm line 126
Class::MOP::Method::execute('Moose::Meta::Method=HASH(0x1843cfc)', 'Moose::Exception::CannotCoerceAttributeWhichHasNoCoercion=HASH(0x18080c4)', 'HASH(0x177b0ac)') called at C:\strawberry\perl\site\lib\Moose\Object.pm line 55
Moose::Object::BUILDALL('Moose::Exception::CannotCoerceAttributeWhichHasNoCoercion=HASH(0x18080c4)', 'HASH(0x177b0ac)') called at C:\strawberry\perl\site\lib\Moose\Meta\Class.pm line 281
Moose::Meta::Class::new_object('Moose::Meta::Class=HASH(0x1808854)', 'HASH(0x177b0ac)') called at C:\strawberry\perl\site\lib\Moose\Object.pm line 26
Moose::Object::new('Moose::Exception::CannotCoerceAttributeWhichHasNoCoercion', 'attribute_name', 'source', 'type_name', 'GOBO::Node', 'params', 'HASH(0x10c981c)') called at C:\strawberry\perl\site\lib\Moose\Util.pm line 52
Moose::Util::throw_exception('CannotCoerceAttributeWhichHasNoCoercion', 'attribute_name', 'source', 'type_name', 'GOBO::Node', 'params', 'HASH(0x10c981c)') called at C:\strawberry\perl\site\lib\Moose\Meta\Attribute.pm line 392
Moose::Meta::Attribute::_process_coerce_option('Moose::Meta::Attribute', 'source', 'HASH(0x10c981c)') called at C:\strawberry\perl\site\lib\Moose\Meta\Attribute.pm line 262
Moose::Meta::Attribute::_process_options('Moose::Meta::Attribute', 'source', 'HASH(0x10c981c)') called at C:\strawberry\perl\site\lib\Moose\Meta\Attribute.pm line 53
Moose::Meta::Attribute::new('Moose::Meta::Attribute', 'source', 'coerce', 1, 'isa', 'GOBO::Node', 'definition_context', 'HASH(0x17f2e2c)', 'is', 'rw') called at C:\strawberry\perl\site\lib\Moose\Meta\Attribute.pm line 101
Moose::Meta::Attribute::interpolate_class_and_new('Moose::Meta::Attribute', 'source', 'coerce', 1, 'isa', 'GOBO::Node', 'definition_context', 'HASH(0x17f2e2c)', 'is', 'rw') called at C:\strawberry\perl\site\lib\Moose\Meta\Role\Attribute.pm line 92
Moose::Meta::Role::Attribute::attribute_for_class('Moose::Meta::Role::Attribute=HASH(0x17f317c)') called at C:\strawberry\perl\site\lib\Moose\Meta\Role\Application\ToClass.pm line 130
Moose::Meta::Role::Application::ToClass::apply_attributes('Moose::Meta::Role::Application::ToClass=HASH(0x13aa4a4)', 'Moose::Meta::Role=HASH(0x17ef124)', 'Moose::Meta::Class=HASH(0x139f084)') called at C:\strawberry\perl\site\lib\Moose\Meta\Role\Application.pm line 57
Moose::Meta::Role::Application::apply('Moose::Meta::Role::Application::ToClass=HASH(0x13aa4a4)', 'Moose::Meta::Role=HASH(0x17ef124)', 'Moose::Meta::Class=HASH(0x139f084)') called at C:\strawberry\perl\site\lib\Moose\Meta\Role\Application\ToClass.pm line 35
Moose::Meta::Role::Application::ToClass::apply('Moose::Meta::Role::Application::ToClass=HASH(0x13aa4a4)', 'Moose::Meta::Role=HASH(0x17ef124)', 'Moose::Meta::Class=HASH(0x139f084)', 'HASH(0x136e0fc)') called at C:\strawberry\perl\site\lib\Moose\Meta\Role.pm line 474
Moose::Meta::Role::apply('Moose::Meta::Role=HASH(0x17ef124)', 'Moose::Meta::Class=HASH(0x139f084)') called at C:\strawberry\perl\site\lib\Moose\Util.pm line 175
Moose::Util::_apply_all_roles('Moose::Meta::Class=HASH(0x139f084)', undef, 'GOBO::Attributed') called at C:\strawberry\perl\site\lib\Moose\Util.pm line 117
Moose::Util::apply_all_roles('Moose::Meta::Class=HASH(0x139f084)', 'GOBO::Attributed') called at C:\strawberry\perl\site\lib\Moose.pm line 60
Moose::with('Moose::Meta::Class=HASH(0x139f084)', 'GOBO::Attributed') called at C:\strawberry\perl\site\lib\Moose\Exporter.pm line 405
Moose::with('GOBO::Attributed') called at C:\strawberry\cpan\build\GOBO-0.03-gLZa6s\blib\lib\GOBO\Synonym.pm line 17
require GOBO/Synonym.pm at C:\strawberry\cpan\build\GOBO-0.03-gLZa6s\blib\lib\GOBO\Labeled.pm line 23
GOBO::Labeled::BEGIN at C:\strawberry\cpan\build\GOBO-0.03-gLZa6s\blib\lib\GOBO\Synonym.pm line 0
eval {...} at C:\strawberry\cpan\build\GOBO-0.03-gLZa6s\blib\lib\GOBO\Synonym.pm line 0
require GOBO/Labeled.pm at C:\strawberry\perl\site\lib\Module\Runtime.pm line 317
Module::Runtime::require_module('GOBO::Labeled') called at C:\strawberry\perl\site\lib\Module\Runtime.pm line 348
Module::Runtime::use_module('GOBO::Labeled') called at C:\strawberry\perl\site\lib\Moose\Util.pm line 150
Moose::Util::_apply_all_roles('Moose::Meta::Class=HASH(0x133379c)', undef, 'GOBO::Labeled') called at C:\strawberry\perl\site\lib\Moose\Util.pm line 117
Moose::Util::apply_all_roles('Moose::Meta::Class=HASH(0x133379c)', 'GOBO::Labeled') called at C:\strawberry\perl\site\lib\Moose.pm line 60
Moose::with('Moose::Meta::Class=HASH(0x133379c)', 'GOBO::Labeled') called at C:\strawberry\perl\site\lib\Moose\Exporter.pm line 405
Moose::with('GOBO::Labeled') called at C:\strawberry\cpan\build\GOBO-0.03-gLZa6s\blib\lib\GOBO\Node.pm line 6
require GOBO/Node.pm at C:\strawberry\perl\site\lib\Module\Runtime.pm line 317
Module::Runtime::require_module('GOBO::Node') called at C:\strawberry\perl\site\lib\Module\Runtime.pm line 381
eval {...} at C:\strawberry\perl\site\lib\Module\Runtime.pm line 381
Module::Runtime::use_package_optimistically('GOBO::Node') called at C:\strawberry\perl\site\lib\Moose\Util.pm line 352
Moose::Util::_load_user_class('GOBO::Node', undef) called at C:\strawberry\perl\site\lib\Moose\Meta\Class.pm line 560
Moose::Meta::Class::superclasses(undef, 'GOBO::Node') called at C:\strawberry\perl\site\lib\Moose.pm line 56
Moose::extends('Moose::Meta::Class=HASH(0x1321414)', 'GOBO::Node') called at C:\strawberry\perl\site\lib\Moose\Exporter.pm line 405
Moose::extends('GOBO::Node') called at C:\strawberry\cpan\build\GOBO-0.03-gLZa6s\blib\lib\GOBO\Evidence.pm line 4
require GOBO/Evidence.pm at C:\strawberry\cpan\build\GOBO-0.03-gLZa6s\blib\lib\GOBO\Annotation.pm line 5
GOBO::Annotation::BEGIN at C:\strawberry\cpan\build\GOBO-0.03-gLZa6s\blib\lib\GOBO\Synonym.pm line 0
eval {...} at C:\strawberry\cpan\build\GOBO-0.03-gLZa6s\blib\lib\GOBO\Synonym.pm line 0
require GOBO/Annotation.pm at C:\strawberry\cpan\build\GOBO-0.03-gLZa6s\blib\lib\GOBO\Graph.pm line 55
GOBO::Graph::BEGIN at C:\strawberry\cpan\build\GOBO-0.03-gLZa6s\blib\lib\GOBO\Synonym.pm line 0
eval {...} at C:\strawberry\cpan\build\GOBO-0.03-gLZa6s\blib\lib\GOBO\Synonym.pm line 0
require GOBO/Graph.pm at t\relation_test.t line 3
main::BEGIN at C:\strawberry\cpan\build\GOBO-0.03-gLZa6s\blib\lib\GOBO\Synonym.pm line 0
eval {...} at C:\strawberry\cpan\build\GOBO-0.03-gLZa6s\blib\lib\GOBO\Synonym.pm line 0
Compilation failed in require at C:\strawberry\cpan\build\GOBO-0.03-gLZa6s\blib\lib/GOBO/Labeled.pm line 23.
BEGIN failed--compilation aborted at C:\strawberry\cpan\build\GOBO-0.03-gLZa6s\blib\lib/GOBO/Labeled.pm line 23.
Compilation failed in require at C:/strawberry/perl/site/lib/Module/Runtime.pm line 317.
Compilation failed in require at C:/strawberry/perl/site/lib/Module/Runtime.pm line 317.
Compilation failed in require at C:\strawberry\cpan\build\GOBO-0.03-gLZa6s\blib\lib/GOBO/Annotation.pm line 5.
BEGIN failed--compilation aborted at C:\strawberry\cpan\build\GOBO-0.03-gLZa6s\blib\lib/GOBO/Annotation.pm line 5.
Compilation failed in require at C:\strawberry\cpan\build\GOBO-0.03-gLZa6s\blib\lib/GOBO/Graph.pm line 55.
BEGIN failed--compilation aborted at C:\strawberry\cpan\build\GOBO-0.03-gLZa6s\blib\lib/GOBO/Graph.pm line 55.
Compilation failed in require at t/relation_test.t line 3.
BEGIN failed--compilation aborted at t/relation_test.t line 3.
t/relation_test.t ............
Dubious, test returned 255 (wstat 65280, 0xff00)
Failed 29/29 subtests
You cannot coerce an attribute (source) unless its type (GOBO::Node) has a coercion at C:\strawberry\perl\site\lib\Moose\Exception.pm line 37
Moose::Exception::_build_trace('Moose::Exception::CannotCoerceAttributeWhichHasNoCoercion=HASH(0x176ff74)') called at reader Moose::Exception::trace (defined at C:\strawberry\perl\site\lib\Moose\Exception.pm line 9) line 7
Moose::Exception::trace('Moose::Exception::CannotCoerceAttributeWhichHasNoCoercion=HASH(0x176ff74)') called at C:\strawberry\perl\site\lib\Moose\Exception.pm line 49
Moose::Exception::BUILD('Moose::Exception::CannotCoerceAttributeWhichHasNoCoercion=HASH(0x176ff74)', 'HASH(0x175041c)') called at C:\strawberry\perl\site\lib\Class\MOP\Method.pm line 126
Class::MOP::Method::execute('Moose::Meta::Method=HASH(0x17abd14)', 'Moose::Exception::CannotCoerceAttributeWhichHasNoCoercion=HASH(0x176ff74)', 'HASH(0x175041c)') called at C:\strawberry\perl\site\lib\Moose\Object.pm line 55
Moose::Object::BUILDALL('Moose::Exception::CannotCoerceAttributeWhichHasNoCoercion=HASH(0x176ff74)', 'HASH(0x175041c)') called at C:\strawberry\perl\site\lib\Moose\Meta\Class.pm line 281
Moose::Meta::Class::new_object('Moose::Meta::Class=HASH(0x1770704)', 'HASH(0x175041c)') called at C:\strawberry\perl\site\lib\Moose\Object.pm line 26
Moose::Object::new('Moose::Exception::CannotCoerceAttributeWhichHasNoCoercion', 'attribute_name', 'source', 'type_name', 'GOBO::Node', 'params', 'HASH(0x1031ae4)') called at C:\strawberry\perl\site\lib\Moose\Util.pm line 52
Moose::Util::throw_exception('CannotCoerceAttributeWhichHasNoCoercion', 'attribute_name', 'source', 'type_name', 'GOBO::Node', 'params', 'HASH(0x1031ae4)') called at C:\strawberry\perl\site\lib\Moose\Meta\Attribute.pm line 392
Moose::Meta::Attribute::_process_coerce_option('Moose::Meta::Attribute', 'source', 'HASH(0x1031ae4)') called at C:\strawberry\perl\site\lib\Moose\Meta\Attribute.pm line 262
Moose::Meta::Attribute::_process_options('Moose::Meta::Attribute', 'source', 'HASH(0x1031ae4)') called at C:\strawberry\perl\site\lib\Moose\Meta\Attribute.pm line 53
Moose::Meta::Attribute::new('Moose::Meta::Attribute', 'source', 'coerce', 1, 'isa', 'GOBO::Node', 'definition_context', 'HASH(0x175cc2c)', 'is', 'rw') called at C:\strawberry\perl\site\lib\Moose\Meta\Attribute.pm line 101
Moose::Meta::Attribute::interpolate_class_and_new('Moose::Meta::Attribute', 'source', 'coerce', 1, 'isa', 'GOBO::Node', 'definition_context', 'HASH(0x175cc2c)', 'is', 'rw') called at C:\strawberry\perl\site\lib\Moose\Meta\Role\Attribute.pm line 92
Moose::Meta::Role::Attribute::attribute_for_class('Moose::Meta::Role::Attribute=HASH(0x175cf7c)') called at C:\strawberry\perl\site\lib\Moose\Meta\Role\Application\ToClass.pm line 130
Moose::Meta::Role::Application::ToClass::apply_attributes('Moose::Meta::Role::Application::ToClass=HASH(0x13107dc)', 'Moose::Meta::Role=HASH(0x17590d4)', 'Moose::Meta::Class=HASH(0x130764c)') called at C:\strawberry\perl\site\lib\Moose\Meta\Role\Application.pm line 57
Moose::Meta::Role::Application::apply('Moose::Meta::Role::Application::ToClass=HASH(0x13107dc)', 'Moose::Meta::Role=HASH(0x17590d4)', 'Moose::Meta::Class=HASH(0x130764c)') called at C:\strawberry\perl\site\lib\Moose\Meta\Role\Application\ToClass.pm line 35
Moose::Meta::Role::Application::ToClass::apply('Moose::Meta::Role::Application::ToClass=HASH(0x13107dc)', 'Moose::Meta::Role=HASH(0x17590d4)', 'Moose::Meta::Class=HASH(0x130764c)', 'HASH(0x12d2d6c)') called at C:\strawberry\perl\site\lib\Moose\Meta\Role.pm line 474
Moose::Meta::Role::apply('Moose::Meta::Role=HASH(0x17590d4)', 'Moose::Meta::Class=HASH(0x130764c)') called at C:\strawberry\perl\site\lib\Moose\Util.pm line 175
Moose::Util::_apply_all_roles('Moose::Meta::Class=HASH(0x130764c)', undef, 'GOBO::Attributed') called at C:\strawberry\perl\site\lib\Moose\Util.pm line 117
Moose::Util::apply_all_roles('Moose::Meta::Class=HASH(0x130764c)', 'GOBO::Attributed') called at C:\strawberry\perl\site\lib\Moose.pm line 60
Moose::with('Moose::Meta::Class=HASH(0x130764c)', 'GOBO::Attributed') called at C:\strawberry\perl\site\lib\Moose\Exporter.pm line 405
Moose::with('GOBO::Attributed') called at C:\strawberry\cpan\build\GOBO-0.03-gLZa6s\blib\lib\GOBO\Synonym.pm line 17
require GOBO/Synonym.pm at C:\strawberry\cpan\build\GOBO-0.03-gLZa6s\blib\lib\GOBO\Labeled.pm line 23
GOBO::Labeled::BEGIN at C:\strawberry\cpan\build\GOBO-0.03-gLZa6s\blib\lib\GOBO\Synonym.pm line 0
eval {...} at C:\strawberry\cpan\build\GOBO-0.03-gLZa6s\blib\lib\GOBO\Synonym.pm line 0
require GOBO/Labeled.pm at C:\strawberry\perl\site\lib\Module\Runtime.pm line 317
Module::Runtime::require_module('GOBO::Labeled') called at C:\strawberry\perl\site\lib\Module\Runtime.pm line 348
Module::Runtime::use_module('GOBO::Labeled') called at C:\strawberry\perl\site\lib\Moose\Util.pm line 150
Moose::Util::_apply_all_roles('Moose::Meta::Class=HASH(0x1294794)', undef, 'GOBO::Labeled') called at C:\strawberry\perl\site\lib\Moose\Util.pm line 117
Moose::Util::apply_all_roles('Moose::Meta::Class=HASH(0x1294794)', 'GOBO::Labeled') called at C:\strawberry\perl\site\lib\Moose.pm line 60
Moose::with('Moose::Meta::Class=HASH(0x1294794)', 'GOBO::Labeled') called at C:\strawberry\perl\site\lib\Moose\Exporter.pm line 405
Moose::with('GOBO::Labeled') called at C:\strawberry\cpan\build\GOBO-0.03-gLZa6s\blib\lib\GOBO\Node.pm line 6
require GOBO/Node.pm at C:\strawberry\perl\site\lib\Module\Runtime.pm line 317
Module::Runtime::require_module('GOBO::Node') called at C:\strawberry\perl\site\lib\Module\Runtime.pm line 381
eval {...} at C:\strawberry\perl\site\lib\Module\Runtime.pm line 381
Module::Runtime::use_package_optimistically('GOBO::Node') called at C:\strawberry\perl\site\lib\Moose\Util.pm line 352
Moose::Util::_load_user_class('GOBO::Node', undef) called at C:\strawberry\perl\site\lib\Moose\Meta\Class.pm line 560
Moose::Meta::Class::superclasses(undef, 'GOBO::Node') called at C:\strawberry\perl\site\lib\Moose.pm line 56
Moose::extends('Moose::Meta::Class=HASH(0x1290fac)', 'GOBO::Node') called at C:\strawberry\perl\site\lib\Moose\Exporter.pm line 405
Moose::extends('GOBO::Node') called at C:\strawberry\cpan\build\GOBO-0.03-gLZa6s\blib\lib\GOBO\Evidence.pm line 4
require GOBO/Evidence.pm at C:\strawberry\cpan\build\GOBO-0.03-gLZa6s\blib\lib\GOBO\Annotation.pm line 5
GOBO::Annotation::BEGIN at C:\strawberry\cpan\build\GOBO-0.03-gLZa6s\blib\lib\GOBO\Synonym.pm line 0
eval {...} at C:\strawberry\cpan\build\GOBO-0.03-gLZa6s\blib\lib\GOBO\Synonym.pm line 0
require GOBO/Annotation.pm at C:\strawberry\cpan\build\GOBO-0.03-gLZa6s\blib\lib\GOBO\Graph.pm line 55
GOBO::Graph::BEGIN at C:\strawberry\cpan\build\GOBO-0.03-gLZa6s\blib\lib\GOBO\Synonym.pm line 0
eval {...} at C:\strawberry\cpan\build\GOBO-0.03-gLZa6s\blib\lib\GOBO\Synonym.pm line 0
require GOBO/Graph.pm at t\roundtrip.t line 6
main::BEGIN at C:\strawberry\cpan\build\GOBO-0.03-gLZa6s\blib\lib\GOBO\Synonym.pm line 0
eval {...} at C:\strawberry\cpan\build\GOBO-0.03-gLZa6s\blib\lib\GOBO\Synonym.pm line 0
Compilation failed in require at C:\strawberry\cpan\build\GOBO-0.03-gLZa6s\blib\lib/GOBO/Labeled.pm line 23.
BEGIN failed--compilation aborted at C:\strawberry\cpan\build\GOBO-0.03-gLZa6s\blib\lib/GOBO/Labeled.pm line 23.
Compilation failed in require at C:/strawberry/perl/site/lib/Module/Runtime.pm line 317.
Compilation failed in require at C:/strawberry/perl/site/lib/Module/Runtime.pm line 317.
Compilation failed in require at C:\strawberry\cpan\build\GOBO-0.03-gLZa6s\blib\lib/GOBO/Annotation.pm line 5.
BEGIN failed--compilation aborted at C:\strawberry\cpan\build\GOBO-0.03-gLZa6s\blib\lib/GOBO/Annotation.pm line 5.
Compilation failed in require at C:\strawberry\cpan\build\GOBO-0.03-gLZa6s\blib\lib/GOBO/Graph.pm line 55.
BEGIN failed--compilation aborted at C:\strawberry\cpan\build\GOBO-0.03-gLZa6s\blib\lib/GOBO/Graph.pm line 55.
Compilation failed in require at t/roundtrip.t line 6.
BEGIN failed--compilation aborted at t/roundtrip.t line 6.
t/roundtrip.t ................
Dubious, test returned 255 (wstat 65280, 0xff00)
No subtests run
You cannot coerce an attribute (source) unless its type (GOBO::Node) has a coercion at C:\strawberry\perl\site\lib\Moose\Exception.pm line 37
Moose::Exception::_build_trace('Moose::Exception::CannotCoerceAttributeWhichHasNoCoercion=HASH(0x17d926c)') called at reader Moose::Exception::trace (defined at C:\strawberry\perl\site\lib\Moose\Exception.pm line 9) line 7
Moose::Exception::trace('Moose::Exception::CannotCoerceAttributeWhichHasNoCoercion=HASH(0x17d926c)') called at C:\strawberry\perl\site\lib\Moose\Exception.pm line 49
Moose::Exception::BUILD('Moose::Exception::CannotCoerceAttributeWhichHasNoCoercion=HASH(0x17d926c)', 'HASH(0x17bc044)') called at C:\strawberry\perl\site\lib\Class\MOP\Method.pm line 126
Class::MOP::Method::execute('Moose::Meta::Method=HASH(0x1841254)', 'Moose::Exception::CannotCoerceAttributeWhichHasNoCoercion=HASH(0x17d926c)', 'HASH(0x17bc044)') called at C:\strawberry\perl\site\lib\Moose\Object.pm line 55
Moose::Object::BUILDALL('Moose::Exception::CannotCoerceAttributeWhichHasNoCoercion=HASH(0x17d926c)', 'HASH(0x17bc044)') called at C:\strawberry\perl\site\lib\Moose\Meta\Class.pm line 281
Moose::Meta::Class::new_object('Moose::Meta::Class=HASH(0x17d99fc)', 'HASH(0x17bc044)') called at C:\strawberry\perl\site\lib\Moose\Object.pm line 26
Moose::Object::new('Moose::Exception::CannotCoerceAttributeWhichHasNoCoercion', 'attribute_name', 'source', 'type_name', 'GOBO::Node', 'params', 'HASH(0x10e43dc)') called at C:\strawberry\perl\site\lib\Moose\Util.pm line 52
Moose::Util::throw_exception('CannotCoerceAttributeWhichHasNoCoercion', 'attribute_name', 'source', 'type_name', 'GOBO::Node', 'params', 'HASH(0x10e43dc)') called at C:\strawberry\perl\site\lib\Moose\Meta\Attribute.pm line 392
Moose::Meta::Attribute::_process_coerce_option('Moose::Meta::Attribute', 'source', 'HASH(0x10e43dc)') called at C:\strawberry\perl\site\lib\Moose\Meta\Attribute.pm line 262
Moose::Meta::Attribute::_process_options('Moose::Meta::Attribute', 'source', 'HASH(0x10e43dc)') called at C:\strawberry\perl\site\lib\Moose\Meta\Attribute.pm line 53
Moose::Meta::Attribute::new('Moose::Meta::Attribute', 'source', 'coerce', 1, 'isa', 'GOBO::Node', 'definition_context', 'HASH(0x17c667c)', 'is', 'rw') called at C:\strawberry\perl\site\lib\Moose\Meta\Attribute.pm line 101
Moose::Meta::Attribute::interpolate_class_and_new('Moose::Meta::Attribute', 'source', 'coerce', 1, 'isa', 'GOBO::Node', 'definition_context', 'HASH(0x17c667c)', 'is', 'rw') called at C:\strawberry\perl\site\lib\Moose\Meta\Role\Attribute.pm line 92
Moose::Meta::Role::Attribute::attribute_for_class('Moose::Meta::Role::Attribute=HASH(0x17d5d74)') called at C:\strawberry\perl\site\lib\Moose\Meta\Role\Application\ToClass.pm line 130
Moose::Meta::Role::Application::ToClass::apply_attributes('Moose::Meta::Role::Application::ToClass=HASH(0x13c8884)', 'Moose::Meta::Role=HASH(0x17bc774)', 'Moose::Meta::Class=HASH(0x13be0f4)') called at C:\strawberry\perl\site\lib\Moose\Meta\Role\Application.pm line 57
Moose::Meta::Role::Application::apply('Moose::Meta::Role::Application::ToClass=HASH(0x13c8884)', 'Moose::Meta::Role=HASH(0x17bc774)', 'Moose::Meta::Class=HASH(0x13be0f4)') called at C:\strawberry\perl\site\lib\Moose\Meta\Role\Application\ToClass.pm line 35
Moose::Meta::Role::Application::ToClass::apply('Moose::Meta::Role::Application::ToClass=HASH(0x13c8884)', 'Moose::Meta::Role=HASH(0x17bc774)', 'Moose::Meta::Class=HASH(0x13be0f4)', 'HASH(0x139130c)') called at C:\strawberry\perl\site\lib\Moose\Meta\Role.pm line 474
Moose::Meta::Role::apply('Moose::Meta::Role=HASH(0x17bc774)', 'Moose::Meta::Class=HASH(0x13be0f4)') called at C:\strawberry\perl\site\lib\Moose\Util.pm line 175
Moose::Util::_apply_all_roles('Moose::Meta::Class=HASH(0x13be0f4)', undef, 'GOBO::Attributed') called at C:\strawberry\perl\site\lib\Moose\Util.pm line 117
Moose::Util::apply_all_roles('Moose::Meta::Class=HASH(0x13be0f4)', 'GOBO::Attributed') called at C:\strawberry\perl\site\lib\Moose.pm line 60
Moose::with('Moose::Meta::Class=HASH(0x13be0f4)', 'GOBO::Attributed') called at C:\strawberry\perl\site\lib\Moose\Exporter.pm line 405
Moose::with('GOBO::Attributed') called at C:\strawberry\cpan\build\GOBO-0.03-gLZa6s\blib\lib\GOBO\Synonym.pm line 17
require GOBO/Synonym.pm at C:\strawberry\cpan\build\GOBO-0.03-gLZa6s\blib\lib\GOBO\Labeled.pm line 23
GOBO::Labeled::BEGIN at C:\strawberry\cpan\build\GOBO-0.03-gLZa6s\blib\lib\GOBO\Synonym.pm line 0
eval {...} at C:\strawberry\cpan\build\GOBO-0.03-gLZa6s\blib\lib\GOBO\Synonym.pm line 0
require GOBO/Labeled.pm at C:\strawberry\perl\site\lib\Module\Runtime.pm line 317
Module::Runtime::require_module('GOBO::Labeled') called at C:\strawberry\perl\site\lib\Module\Runtime.pm line 348
Module::Runtime::use_module('GOBO::Labeled') called at C:\strawberry\perl\site\lib\Moose\Util.pm line 150
Moose::Util::_apply_all_roles('Moose::Meta::Class=HASH(0x1353a84)', undef, 'GOBO::Labeled') called at C:\strawberry\perl\site\lib\Moose\Util.pm line 117
Moose::Util::apply_all_roles('Moose::Meta::Class=HASH(0x1353a84)', 'GOBO::Labeled') called at C:\strawberry\perl\site\lib\Moose.pm line 60
Moose::with('Moose::Meta::Class=HASH(0x1353a84)', 'GOBO::Labeled') called at C:\strawberry\perl\site\lib\Moose\Exporter.pm line 405
Moose::with('GOBO::Labeled') called at C:\strawberry\cpan\build\GOBO-0.03-gLZa6s\blib\lib\GOBO\Node.pm line 6
require GOBO/Node.pm at C:\strawberry\perl\site\lib\Module\Runtime.pm line 317
Module::Runtime::require_module('GOBO::Node') called at C:\strawberry\perl\site\lib\Module\Runtime.pm line 381
eval {...} at C:\strawberry\perl\site\lib\Module\Runtime.pm line 381
Module::Runtime::use_package_optimistically('GOBO::Node') called at C:\strawberry\perl\site\lib\Moose\Util.pm line 352
Moose::Util::_load_user_class('GOBO::Node', undef) called at C:\strawberry\perl\site\lib\Moose\Meta\Class.pm line 560
Moose::Meta::Class::superclasses(undef, 'GOBO::Node') called at C:\strawberry\perl\site\lib\Moose.pm line 56
Moose::extends('Moose::Meta::Class=HASH(0x1342be4)', 'GOBO::Node') called at C:\strawberry\perl\site\lib\Moose\Exporter.pm line 405
Moose::extends('GOBO::Node') called at C:\strawberry\cpan\build\GOBO-0.03-gLZa6s\blib\lib\GOBO\Evidence.pm line 4
require GOBO/Evidence.pm at C:\strawberry\cpan\build\GOBO-0.03-gLZa6s\blib\lib\GOBO\Annotation.pm line 5
GOBO::Annotation::BEGIN at C:\strawberry\cpan\build\GOBO-0.03-gLZa6s\blib\lib\GOBO\Synonym.pm line 0
eval {...} at C:\strawberry\cpan\build\GOBO-0.03-gLZa6s\blib\lib\GOBO\Synonym.pm line 0
require GOBO/Annotation.pm at C:\strawberry\cpan\build\GOBO-0.03-gLZa6s\blib\lib\GOBO\Graph.pm line 55
GOBO::Graph::BEGIN at C:\strawberry\cpan\build\GOBO-0.03-gLZa6s\blib\lib\GOBO\Synonym.pm line 0
eval {...} at C:\strawberry\cpan\build\GOBO-0.03-gLZa6s\blib\lib\GOBO\Synonym.pm line 0
require GOBO/Graph.pm at C:\strawberry\cpan\build\GOBO-0.03-gLZa6s\blib\lib\GOBO\Parsers\OBOParser.pm line 7
GOBO::Parsers::OBOParser::BEGIN at C:\strawberry\cpan\build\GOBO-0.03-gLZa6s\blib\lib\GOBO\Synonym.pm line 0
eval {...} at C:\strawberry\cpan\build\GOBO-0.03-gLZa6s\blib\lib\GOBO\Synonym.pm line 0
require GOBO/Parsers/OBOParser.pm at t\slimmer_test.t line 9
main::BEGIN at C:\strawberry\cpan\build\GOBO-0.03-gLZa6s\blib\lib\GOBO\Synonym.pm line 0
eval {...} at C:\strawberry\cpan\build\GOBO-0.03-gLZa6s\blib\lib\GOBO\Synonym.pm line 0
Compilation failed in require at C:\strawberry\cpan\build\GOBO-0.03-gLZa6s\blib\lib/GOBO/Labeled.pm line 23.
BEGIN failed--compilation aborted at C:\strawberry\cpan\build\GOBO-0.03-gLZa6s\blib\lib/GOBO/Labeled.pm line 23.
Compilation failed in require at C:/strawberry/perl/site/lib/Module/Runtime.pm line 317.
Compilation failed in require at C:/strawberry/perl/site/lib/Module/Runtime.pm line 317.
Compilation failed in require at C:\strawberry\cpan\build\GOBO-0.03-gLZa6s\blib\lib/GOBO/Annotation.pm line 5.
BEGIN failed--compilation aborted at C:\strawberry\cpan\build\GOBO-0.03-gLZa6s\blib\lib/GOBO/Annotation.pm line 5.
Compilation failed in require at C:\strawberry\cpan\build\GOBO-0.03-gLZa6s\blib\lib/GOBO/Graph.pm line 55.
BEGIN failed--compilation aborted at C:\strawberry\cpan\build\GOBO-0.03-gLZa6s\blib\lib/GOBO/Graph.pm line 55.
Compilation failed in require at C:\strawberry\cpan\build\GOBO-0.03-gLZa6s\blib\lib/GOBO/Parsers/OBOParser.pm line 7.
BEGIN failed--compilation aborted at C:\strawberry\cpan\build\GOBO-0.03-gLZa6s\blib\lib/GOBO/Parsers/OBOParser.pm line 7.
Compilation failed in require at t/slimmer_test.t line 9.
BEGIN failed--compilation aborted at t/slimmer_test.t line 9.
t/slimmer_test.t .............
Dubious, test returned 255 (wstat 65280, 0xff00)
No subtests run
You cannot coerce an attribute (source) unless its type (GOBO::Node) has a coercion at C:\strawberry\perl\site\lib\Moose\Exception.pm line 37
Moose::Exception::_build_trace('Moose::Exception::CannotCoerceAttributeWhichHasNoCoercion=HASH(0x17706ac)') called at reader Moose::Exception::trace (defined at C:\strawberry\perl\site\lib\Moose\Exception.pm line 9) line 7
Moose::Exception::trace('Moose::Exception::CannotCoerceAttributeWhichHasNoCoercion=HASH(0x17706ac)') called at C:\strawberry\perl\site\lib\Moose\Exception.pm line 49
Moose::Exception::BUILD('Moose::Exception::CannotCoerceAttributeWhichHasNoCoercion=HASH(0x17706ac)', 'HASH(0x1751894)') called at C:\strawberry\perl\site\lib\Class\MOP\Method.pm line 126
Class::MOP::Method::execute('Moose::Meta::Method=HASH(0x17ac22c)', 'Moose::Exception::CannotCoerceAttributeWhichHasNoCoercion=HASH(0x17706ac)', 'HASH(0x1751894)') called at C:\strawberry\perl\site\lib\Moose\Object.pm line 55
Moose::Object::BUILDALL('Moose::Exception::CannotCoerceAttributeWhichHasNoCoercion=HASH(0x17706ac)', 'HASH(0x1751894)') called at C:\strawberry\perl\site\lib\Moose\Meta\Class.pm line 281
Moose::Meta::Class::new_object('Moose::Meta::Class=HASH(0x1770e3c)', 'HASH(0x1751894)') called at C:\strawberry\perl\site\lib\Moose\Object.pm line 26
Moose::Object::new('Moose::Exception::CannotCoerceAttributeWhichHasNoCoercion', 'attribute_name', 'source', 'type_name', 'GOBO::Node', 'params', 'HASH(0x10318fc)') called at C:\strawberry\perl\site\lib\Moose\Util.pm line 52
Moose::Util::throw_exception('CannotCoerceAttributeWhichHasNoCoercion', 'attribute_name', 'source', 'type_name', 'GOBO::Node', 'params', 'HASH(0x10318fc)') called at C:\strawberry\perl\site\lib\Moose\Meta\Attribute.pm line 392
Moose::Meta::Attribute::_process_coerce_option('Moose::Meta::Attribute', 'source', 'HASH(0x10318fc)') called at C:\strawberry\perl\site\lib\Moose\Meta\Attribute.pm line 262
Moose::Meta::Attribute::_process_options('Moose::Meta::Attribute', 'source', 'HASH(0x10318fc)') called at C:\strawberry\perl\site\lib\Moose\Meta\Attribute.pm line 53
Moose::Meta::Attribute::new('Moose::Meta::Attribute', 'source', 'coerce', 1, 'isa', 'GOBO::Node', 'definition_context', 'HASH(0x175d364)', 'is', 'rw') called at C:\strawberry\perl\site\lib\Moose\Meta\Attribute.pm line 101
Moose::Meta::Attribute::interpolate_class_and_new('Moose::Meta::Attribute', 'source', 'coerce', 1, 'isa', 'GOBO::Node', 'definition_context', 'HASH(0x175d364)', 'is', 'rw') called at C:\strawberry\perl\site\lib\Moose\Meta\Role\Attribute.pm line 92
Moose::Meta::Role::Attribute::attribute_for_class('Moose::Meta::Role::Attribute=HASH(0x175d6b4)') called at C:\strawberry\perl\site\lib\Moose\Meta\Role\Application\ToClass.pm line 130
Moose::Meta::Role::Application::ToClass::apply_attributes('Moose::Meta::Role::Application::ToClass=HASH(0x1311614)', 'Moose::Meta::Role=HASH(0x1759644)', 'Moose::Meta::Class=HASH(0x1307d4c)') called at C:\strawberry\perl\site\lib\Moose\Meta\Role\Application.pm line 57
Moose::Meta::Role::Application::apply('Moose::Meta::Role::Application::ToClass=HASH(0x1311614)', 'Moose::Meta::Role=HASH(0x1759644)', 'Moose::Meta::Class=HASH(0x1307d4c)') called at C:\strawberry\perl\site\lib\Moose\Meta\Role\Application\ToClass.pm line 35
Moose::Meta::Role::Application::ToClass::apply('Moose::Meta::Role::Application::ToClass=HASH(0x1311614)', 'Moose::Meta::Role=HASH(0x1759644)', 'Moose::Meta::Class=HASH(0x1307d4c)', 'HASH(0x12d3454)') called at C:\strawberry\perl\site\lib\Moose\Meta\Role.pm line 474
Moose::Meta::Role::apply('Moose::Meta::Role=HASH(0x1759644)', 'Moose::Meta::Class=HASH(0x1307d4c)') called at C:\strawberry\perl\site\lib\Moose\Util.pm line 175
Moose::Util::_apply_all_roles('Moose::Meta::Class=HASH(0x1307d4c)', undef, 'GOBO::Attributed') called at C:\strawberry\perl\site\lib\Moose\Util.pm line 117
Moose::Util::apply_all_roles('Moose::Meta::Class=HASH(0x1307d4c)', 'GOBO::Attributed') called at C:\strawberry\perl\site\lib\Moose.pm line 60
Moose::with('Moose::Meta::Class=HASH(0x1307d4c)', 'GOBO::Attributed') called at C:\strawberry\perl\site\lib\Moose\Exporter.pm line 405
Moose::with('GOBO::Attributed') called at C:\strawberry\cpan\build\GOBO-0.03-gLZa6s\blib\lib\GOBO\Synonym.pm line 17
require GOBO/Synonym.pm at C:\strawberry\cpan\build\GOBO-0.03-gLZa6s\blib\lib\GOBO\Labeled.pm line 23
GOBO::Labeled::BEGIN at C:\strawberry\cpan\build\GOBO-0.03-gLZa6s\blib\lib\GOBO\Synonym.pm line 0
eval {...} at C:\strawberry\cpan\build\GOBO-0.03-gLZa6s\blib\lib\GOBO\Synonym.pm line 0
require GOBO/Labeled.pm at C:\strawberry\perl\site\lib\Module\Runtime.pm line 317
Module::Runtime::require_module('GOBO::Labeled') called at C:\strawberry\perl\site\lib\Module\Runtime.pm line 348
Module::Runtime::use_module('GOBO::Labeled') called at C:\strawberry\perl\site\lib\Moose\Util.pm line 150
Moose::Util::_apply_all_roles('Moose::Meta::Class=HASH(0x1294f14)', undef, 'GOBO::Labeled') called at C:\strawberry\perl\site\lib\Moose\Util.pm line 117
Moose::Util::apply_all_roles('Moose::Meta::Class=HASH(0x1294f14)', 'GOBO::Labeled') called at C:\strawberry\perl\site\lib\Moose.pm line 60
Moose::with('Moose::Meta::Class=HASH(0x1294f14)', 'GOBO::Labeled') called at C:\strawberry\perl\site\lib\Moose\Exporter.pm line 405
Moose::with('GOBO::Labeled') called at C:\strawberry\cpan\build\GOBO-0.03-gLZa6s\blib\lib\GOBO\Node.pm line 6
require GOBO/Node.pm at C:\strawberry\perl\site\lib\Module\Runtime.pm line 317
Module::Runtime::require_module('GOBO::Node') called at C:\strawberry\perl\site\lib\Module\Runtime.pm line 381
eval {...} at C:\strawberry\perl\site\lib\Module\Runtime.pm line 381
Module::Runtime::use_package_optimistically('GOBO::Node') called at C:\strawberry\perl\site\lib\Moose\Util.pm line 352
Moose::Util::_load_user_class('GOBO::Node', undef) called at C:\strawberry\perl\site\lib\Moose\Meta\Class.pm line 560
Moose::Meta::Class::superclasses(undef, 'GOBO::Node') called at C:\strawberry\perl\site\lib\Moose.pm line 56
Moose::extends('Moose::Meta::Class=HASH(0x1292084)', 'GOBO::Node') called at C:\strawberry\perl\site\lib\Moose\Exporter.pm line 405
Moose::extends('GOBO::Node') called at C:\strawberry\cpan\build\GOBO-0.03-gLZa6s\blib\lib\GOBO\Evidence.pm line 4
require GOBO/Evidence.pm at C:\strawberry\cpan\build\GOBO-0.03-gLZa6s\blib\lib\GOBO\Annotation.pm line 5
GOBO::Annotation::BEGIN at C:\strawberry\cpan\build\GOBO-0.03-gLZa6s\blib\lib\GOBO\Synonym.pm line 0
eval {...} at C:\strawberry\cpan\build\GOBO-0.03-gLZa6s\blib\lib\GOBO\Synonym.pm line 0
require GOBO/Annotation.pm at C:\strawberry\cpan\build\GOBO-0.03-gLZa6s\blib\lib\GOBO\Graph.pm line 55
GOBO::Graph::BEGIN at C:\strawberry\cpan\build\GOBO-0.03-gLZa6s\blib\lib\GOBO\Synonym.pm line 0
eval {...} at C:\strawberry\cpan\build\GOBO-0.03-gLZa6s\blib\lib\GOBO\Synonym.pm line 0
require GOBO/Graph.pm at t\union_inference_test.t line 4
main::BEGIN at C:\strawberry\cpan\build\GOBO-0.03-gLZa6s\blib\lib\GOBO\Synonym.pm line 0
eval {...} at C:\strawberry\cpan\build\GOBO-0.03-gLZa6s\blib\lib\GOBO\Synonym.pm line 0
Compilation failed in require at C:\strawberry\cpan\build\GOBO-0.03-gLZa6s\blib\lib/GOBO/Labeled.pm line 23.
BEGIN failed--compilation aborted at C:\strawberry\cpan\build\GOBO-0.03-gLZa6s\blib\lib/GOBO/Labeled.pm line 23.
Compilation failed in require at C:/strawberry/perl/site/lib/Module/Runtime.pm line 317.
Compilation failed in require at C:/strawberry/perl/site/lib/Module/Runtime.pm line 317.
Compilation failed in require at C:\strawberry\cpan\build\GOBO-0.03-gLZa6s\blib\lib/GOBO/Annotation.pm line 5.
BEGIN failed--compilation aborted at C:\strawberry\cpan\build\GOBO-0.03-gLZa6s\blib\lib/GOBO/Annotation.pm line 5.
Compilation failed in require at C:\strawberry\cpan\build\GOBO-0.03-gLZa6s\blib\lib/GOBO/Graph.pm line 55.
BEGIN failed--compilation aborted at C:\strawberry\cpan\build\GOBO-0.03-gLZa6s\blib\lib/GOBO/Graph.pm line 55.
Compilation failed in require at t/union_inference_test.t line 4.
BEGIN failed--compilation aborted at t/union_inference_test.t line 4.
t/union_inference_test.t .....
Dubious, test returned 255 (wstat 65280, 0xff00)
No subtests run
Test Summary Report
-------------------
t/analysis_test.t (Wstat: 65280 Tests: 0 Failed: 0)
Non-zero exit status: 255
Parse errors: No plan found in TAP output
t/classexpr.t (Wstat: 65280 Tests: 0 Failed: 0)
Non-zero exit status: 255
Parse errors: No plan found in TAP output
t/dbconnect.t (Wstat: 65280 Tests: 0 Failed: 0)
Non-zero exit status: 255
Parse errors: No plan found in TAP output
t/gaf_inference_test.t (Wstat: 65280 Tests: 0 Failed: 0)
Non-zero exit status: 255
Parse errors: No plan found in TAP output
t/gaftest.t (Wstat: 65280 Tests: 0 Failed: 0)
Non-zero exit status: 255
Parse errors: No plan found in TAP output
t/gaftest_chunked.t (Wstat: 65280 Tests: 0 Failed: 0)
Non-zero exit status: 255
Parse errors: No plan found in TAP output
t/gaftest_chunked_gzipped.t (Wstat: 65280 Tests: 0 Failed: 0)
Non-zero exit status: 255
Parse errors: No plan found in TAP output
t/graph_creation.t (Wstat: 65280 Tests: 0 Failed: 0)
Non-zero exit status: 255
Parse errors: No plan found in TAP output
t/inference_engine_test.t (Wstat: 65280 Tests: 0 Failed: 0)
Non-zero exit status: 255
Parse errors: No plan found in TAP output
t/logical_definition_test.t (Wstat: 65280 Tests: 0 Failed: 0)
Non-zero exit status: 255
Parse errors: No plan found in TAP output
t/node_removal.t (Wstat: 65280 Tests: 0 Failed: 0)
Non-zero exit status: 255
Parse errors: No plan found in TAP output
t/oboparsertest.t (Wstat: 65280 Tests: 0 Failed: 0)
Non-zero exit status: 255
Parse errors: No plan found in TAP output
t/parsetest.t (Wstat: 65280 Tests: 0 Failed: 0)
Non-zero exit status: 255
Parse errors: No plan found in TAP output
t/relation_test.t (Wstat: 65280 Tests: 0 Failed: 0)
Non-zero exit status: 255
Parse errors: Bad plan. You planned 29 tests but ran 0.
t/roundtrip.t (Wstat: 65280 Tests: 0 Failed: 0)
Non-zero exit status: 255
Parse errors: No plan found in TAP output
t/slimmer_test.t (Wstat: 65280 Tests: 0 Failed: 0)
Non-zero exit status: 255
Parse errors: No plan found in TAP output
t/union_inference_test.t (Wstat: 65280 Tests: 0 Failed: 0)
Non-zero exit status: 255
Parse errors: No plan found in TAP output
Files=17, Tests=0, 13 wallclock secs ( 0.01 usr + 0.08 sys = 0.09 CPU)
Result: FAIL
Failed 17/17 test programs. 0/0 subtests failed.
dmake.EXE: Error code 255, while making 'test_dynamic'
------------------------------
PREREQUISITES
------------------------------
Prerequisite modules loaded:
requires:
Module Need Have
------------------------- ---- ------
DateTime::Format::ISO8601 0 0.08
List::MoreUtils 0 0.33
Moose 0.81 2.1210
Test::Deep 0 0.112
build_requires:
Module Need Have
------------------------- ---- ------
ExtUtils::MakeMaker 0 6.98
configure_requires:
Module Need Have
------------------------- ---- ------
ExtUtils::MakeMaker 0 6.98
------------------------------
ENVIRONMENT AND OTHER CONTEXT
------------------------------
Environment variables:
AUTOMATED_TESTING = 1
COMSPEC = C:\WINDOWS\system32\cmd.exe
NUMBER_OF_PROCESSORS = 1
PATH = C:\Program Files\Far Manager\;c:\Windows\system32;%c:\Windows\;c:\Windows\System32\Wbem;C:\Git\cmd;C:\strawberry\c\bin;C:\strawberry\perl\site\bin;C:\strawberry\perl\bin
PERL5LIB =
PERL5OPT =
PERL5_CPANPLUS_IS_RUNNING = 1160
PERL5_CPAN_IS_RUNNING = 1160
PERL5_CPAN_IS_RUNNING_IN_RECURSION = 1936,1160
PERL_CR_SMOKER_CURRENT = GOBO-0.03
PERL_EXTUTILS_AUTOINSTALL = --defaultdeps
PERL_MM_USE_DEFAULT = 1
PROCESSOR_IDENTIFIER = x86 Family 16 Model 5 Stepping 3, AuthenticAMD
TEMP = C:\DOCUME~1\c\LOCALS~1\Temp
TERM = dumb
Perl special variables (and OS-specific diagnostics, for MSWin32):
$^X = C:\strawberry\perl\bin\perl.exe
$UID/$EUID = 0 / 0
$GID = 0
$EGID = 0
Win32::GetOSName = WinXP/.Net
Win32::GetOSVersion = Service Pack 3, 5, 1, 2600, 2, 3, 0, 256, 1
Win32::FsType = NTFS
Win32::IsAdminUser = 1
Perl module toolchain versions installed:
Module Have
------------------- --------
CPAN 2.00
CPAN::Meta 2.141520
Cwd 3.47
ExtUtils::CBuilder 0.280216
ExtUtils::Command 1.16
ExtUtils::Install 1.55
ExtUtils::MakeMaker 6.98
ExtUtils::Manifest 1.60
ExtUtils::ParseXS 3.24
File::Spec 3.47
JSON 2.90
JSON::PP 2.27203
Module::Build 0.4206
Module::Signature 0.66
Parse::CPAN::Meta 1.4414
Test::Harness 3.32
Test::More 1.001003
YAML 0.98
YAML::Syck 1.27
version 0.9908
--
Summary of my perl5 (revision 5 version 12 subversion 2) configuration:
Platform:
osname=MSWin32, osvers=5.1, archname=MSWin32-x86-multi-thread
uname='Win32 strawberryperl 5.12.2.0 #1 Fri Nov 5 05:17:27 2010 i386'
config_args='undef'
hint=recommended, useposix=true, d_sigaction=undef
useithreads=define, usemultiplicity=define
useperlio=define, d_sfio=undef, uselargefiles=define, usesocks=undef
use64bitint=undef, use64bitall=undef, uselongdouble=undef
usemymalloc=n, bincompat5005=undef
Compiler:
cc='gcc', ccflags =' -s -O2 -DWIN32 -DHAVE_DES_FCRYPT -DUSE_SITECUSTOMIZE -DPERL_IMPLICIT_CONTEXT -DPERL_IMPLICIT_SYS -fno-strict-aliasing -mms-bitfields -DPERL_MSVCRT_READFIX',
optimize='-s -O2',
cppflags='-DWIN32'
ccversion='', gccversion='4.4.3', gccosandvers=''
intsize=4, longsize=4, ptrsize=4, doublesize=8, byteorder=1234
d_longlong=undef, longlongsize=8, d_longdbl=define, longdblsize=12
ivtype='long', ivsize=4, nvtype='double', nvsize=8, Off_t='long long', lseeksize=8
alignbytes=8, prototype=define
Linker and Libraries:
ld='g++', ldflags ='-s -L"C:\strawberry\perl\lib\CORE" -L"C:\strawberry\c\lib"'
libpth=C:\strawberry\c\lib C:\strawberry\c\i686-w64-mingw32\lib
libs=-lmoldname -lkernel32 -luser32 -lgdi32 -lwinspool -lcomdlg32 -ladvapi32 -lshell32 -lole32 -loleaut32 -lnetapi32 -luuid -lws2_32 -lmpr -lwinmm -lversion -lodbc32 -lodbccp32 -lcomctl32
perllibs=-lmoldname -lkernel32 -luser32 -lgdi32 -lwinspool -lcomdlg32 -ladvapi32 -lshell32 -lole32 -loleaut32 -lnetapi32 -luuid -lws2_32 -lmpr -lwinmm -lversion -lodbc32 -lodbccp32 -lcomctl32
libc=, so=dll, useshrplib=true, libperl=libperl512.a
gnulibc_version=''
Dynamic Linking:
dlsrc=dl_win32.xs, dlext=dll, d_dlsymun=undef, ccdlflags=' '
cccdlflags=' ', lddlflags='-mdll -s -L"C:\strawberry\perl\lib\CORE" -L"C:\strawberry\c\lib"'
Characteristics of this binary (from libperl):
Compile-time options: MULTIPLICITY PERL_DONT_CREATE_GVSV
PERL_IMPLICIT_CONTEXT PERL_IMPLICIT_SYS
PERL_MALLOC_WRAP PL_OP_SLAB_ALLOC USE_ITHREADS
USE_LARGE_FILES USE_PERLIO USE_PERL_ATOF
USE_SITECUSTOMIZE
Built under MSWin32
Compiled at Nov 5 2010 08:39:08
%ENV:
PERL5_CPANPLUS_IS_RUNNING="1160"
PERL5_CPAN_IS_RUNNING="1160"
PERL5_CPAN_IS_RUNNING_IN_RECURSION="1936,1160"
PERL_CR_SMOKER_CURRENT="GOBO-0.03"
PERL_EXTUTILS_AUTOINSTALL="--defaultdeps"
PERL_MM_USE_DEFAULT="1"
@INC:
C:/strawberry/perl/site/lib
C:/strawberry/perl/vendor/lib
C:/strawberry/perl/lib
.