Back
From: metabase:user:31d414ea-2aae-11df-837a-5e0a49663a4f
Subject: FAIL GeneDesign-Basic-3 v5.12.4 GNU/Linux
Date: 2011-11-29T16:27:12Z
This distribution has been tested as part of the CPAN Testers
project, supporting the Perl programming language. See
http://wiki.cpantesters.org/ for more information or email
questions to cpan-testers-discuss@perl.org
--
Dear Sarah Richardson,
This is a computer-generated report for GeneDesign-Basic-3
on perl 5.12.4, created by CPAN-Reporter-1.2002.
Thank you for uploading your work to CPAN. However, there was a problem
testing your distribution.
If you think this report is invalid, please consult the CPAN Testers Wiki
for suggestions on how to avoid getting FAIL reports for missing library
or binary dependencies, unsupported operating systems, and so on:
http://wiki.cpantesters.org/wiki/CPANAuthorNotes
Sections of this report:
* Tester comments
* Program output
* Prerequisites
* Environment and other context
------------------------------
TESTER COMMENTS
------------------------------
Additional comments from tester:
this report is from an automated smoke testing program
and was not reviewed by a human for accuracy
------------------------------
PROGRAM OUTPUT
------------------------------
Output from './Build test':
Illegal octal digit '9' ignored at /home/david/cpantesting/perl-5.12.4/.cpan/build/GeneDesign-Basic-3-HKA8aq/blib/lib/GeneDesign/HTML.pm line 491.
Illegal octal digit '9' ignored at /home/david/cpantesting/perl-5.12.4/.cpan/build/GeneDesign-Basic-3-HKA8aq/blib/lib/GeneDesign/HTML.pm line 533.
# Testing GeneDesign::Basic 3, Perl 5.012004, /home/david/cpantesting/perl-5.12.4/bin/perl
t/00-load.t ....... ok
t/manifest.t ...... skipped: Author tests not required for installation
Illegal octal digit '9' ignored at /home/david/cpantesting/perl-5.12.4/.cpan/build/GeneDesign-Basic-3-HKA8aq/blib/lib/GeneDesign/HTML.pm line 491.
Illegal octal digit '9' ignored at /home/david/cpantesting/perl-5.12.4/.cpan/build/GeneDesign-Basic-3-HKA8aq/blib/lib/GeneDesign/HTML.pm line 533.
# Failed test 'Pod coverage on GeneDesign::Codons'
# at /home/david/cpantesting/perl-5.12.4/lib/site_perl/5.12.4/Test/Pod/Coverage.pm line 126.
# Coverage for GeneDesign::Codons is 90.9%, with 2 naked subroutines:
# combine
# sitver
# Failed test 'Pod coverage on GeneDesign::SufTree'
# at /home/david/cpantesting/perl-5.12.4/lib/site_perl/5.12.4/Test/Pod/Coverage.pm line 126.
# Coverage for GeneDesign::SufTree is 75.0%, with 1 naked subroutine:
# root
# Looks like you failed 2 tests of 6.
t/pod-coverage.t ..
Dubious, test returned 2 (wstat 512, 0x200)
Failed 2/6 subtests
t/pod.t ........... ok
Test Summary Report
-------------------
t/pod-coverage.t (Wstat: 512 Tests: 6 Failed: 2)
Failed tests: 3, 6
Non-zero exit status: 2
Files=4, Tests=18, 0 wallclock secs ( 0.03 usr 0.01 sys + 0.29 cusr 0.07 csys = 0.40 CPU)
Result: FAIL
Failed 1/4 test programs. 2/18 subtests failed.
------------------------------
PREREQUISITES
------------------------------
Prerequisite modules loaded:
requires:
Module Need Have
------------- --------- ---------
List::Util 0 1.22
perl 5.006 5.012004
Perl6::Slurp 0.03 0.03
Text::Wrap 2009.0305 2009.0305
build_requires:
Module Need Have
------------- --------- ---------
Test::More 0 0.98
configure_requires:
Module Need Have
------------- --------- ---------
Module::Build 0.38 0.3800
------------------------------
ENVIRONMENT AND OTHER CONTEXT
------------------------------
Environment variables:
AUTOMATED_TESTING = 1
PATH = /usr/local/bin:/usr/bin:/bin:/usr/games
PERL5LIB =
PERL5OPT =
PERL5_CPANPLUS_IS_RUNNING = 13487
PERL5_CPAN_IS_RUNNING = 13487
PERLVER = 5.12.4
PERL_INLINE_DIRECTORY = /home/david/.Inline-5.12.4
SHELL = /bin/bash
TERM = screen
Perl special variables (and OS-specific diagnostics, for MSWin32):
$^X = /home/david/cpantesting/perl-5.12.4/bin/perl
$UID/$EUID = 1000 / 1000
$GID = 1000 1000
$EGID = 1000 1000
Perl module toolchain versions installed:
Module Have
------------------- --------
CPAN 1.94_56
CPAN::Meta 2.112150
Cwd 3.31
ExtUtils::CBuilder 0.27
ExtUtils::Command 1.16
ExtUtils::Install 1.55
ExtUtils::MakeMaker 6.62
ExtUtils::Manifest 1.58
ExtUtils::ParseXS 2.21
File::Spec 3.31_01
JSON 2.53
JSON::PP 2.27104
Module::Build 0.3800
Module::Signature n/a
Parse::CPAN::Meta 1.4401
Test::Harness 3.23
Test::More 0.98
YAML 0.77
YAML::Syck n/a
version 0.88
--
Summary of my perl5 (revision 5 version 12 subversion 4) configuration:
Platform:
osname=linux, osvers=2.6.18-4-xen-amd64, archname=x86_64-linux-thread-multi
uname='linux pigsty.barnyard.co.uk 2.6.18-4-xen-amd64 #1 smp fri may 4 02:40:51 utc 2007 x86_64 gnulinux '
config_args='-de -Dprefix=/home/david/cpantesting/perl-5.12.4 -Dusethreads -Duse64bitall'
hint=recommended, useposix=true, d_sigaction=define
useithreads=define, usemultiplicity=define
useperlio=define, d_sfio=undef, uselargefiles=define, usesocks=undef
use64bitint=define, use64bitall=define, uselongdouble=undef
usemymalloc=n, bincompat5005=undef
Compiler:
cc='cc', ccflags ='-D_REENTRANT -D_GNU_SOURCE -fno-strict-aliasing -pipe -fstack-protector -I/usr/local/include -D_LARGEFILE_SOURCE -D_FILE_OFFSET_BITS=64',
optimize='-O2',
cppflags='-D_REENTRANT -D_GNU_SOURCE -fno-strict-aliasing -pipe -fstack-protector -I/usr/local/include'
ccversion='', gccversion='4.1.2 20061115 (prerelease) (Debian 4.1.1-21)', gccosandvers=''
intsize=4, longsize=8, ptrsize=8, doublesize=8, byteorder=12345678
d_longlong=define, longlongsize=8, d_longdbl=define, longdblsize=16
ivtype='long', ivsize=8, nvtype='double', nvsize=8, Off_t='off_t', lseeksize=8
alignbytes=8, prototype=define
Linker and Libraries:
ld='cc', ldflags =' -fstack-protector -L/usr/local/lib'
libpth=/usr/local/lib /lib /usr/lib /lib64 /usr/lib64
libs=-lnsl -lgdbm -ldb -ldl -lm -lcrypt -lutil -lpthread -lc -lgdbm_compat
perllibs=-lnsl -ldl -lm -lcrypt -lutil -lpthread -lc
libc=/lib/libc-2.3.6.so, so=so, useshrplib=false, libperl=libperl.a
gnulibc_version='2.3.6'
Dynamic Linking:
dlsrc=dl_dlopen.xs, dlext=so, d_dlsymun=undef, ccdlflags='-Wl,-E'
cccdlflags='-fPIC', lddlflags='-shared -O2 -L/usr/local/lib -fstack-protector'
Characteristics of this binary (from libperl):
Compile-time options: MULTIPLICITY PERL_DONT_CREATE_GVSV
PERL_IMPLICIT_CONTEXT PERL_MALLOC_WRAP USE_64_BIT_ALL
USE_64_BIT_INT USE_ITHREADS USE_LARGE_FILES
USE_PERLIO USE_PERL_ATOF USE_REENTRANT_API
Built under linux
Compiled at Aug 17 2011 15:24:51
%ENV:
PERL5LIB=""
PERL5OPT=""
PERL5_CPANPLUS_IS_RUNNING="13487"
PERL5_CPAN_IS_RUNNING="13487"
PERLVER="5.12.4"
PERL_INLINE_DIRECTORY="/home/david/.Inline-5.12.4"
@INC:
/home/david/cpantesting/perl-5.12.4/lib/site_perl/5.12.4/x86_64-linux-thread-multi
/home/david/cpantesting/perl-5.12.4/lib/site_perl/5.12.4
/home/david/cpantesting/perl-5.12.4/lib/5.12.4/x86_64-linux-thread-multi
/home/david/cpantesting/perl-5.12.4/lib/5.12.4
.