Back
From: metabase:user:314402c4-2aae-11df-837a-5e0a49663a4f
Subject: FAIL Software-Packager-Aix-0.10 v5.24.1 GNU/Linux
Date: 2017-06-05T11:49:11Z
This distribution has been tested as part of the CPAN Testers
project, supporting the Perl programming language. See
http://wiki.cpantesters.org/ for more information or email
questions to cpan-testers-discuss@perl.org
--
Dear R Bernard Davison,
This is a computer-generated report for Software-Packager-Aix-0.10
on perl 5.24.1, created by CPAN-Reporter-1.2018.
Thank you for uploading your work to CPAN. However, there was a problem
testing your distribution.
If you think this report is invalid, please consult the CPAN Testers Wiki
for suggestions on how to avoid getting FAIL reports for missing library
or binary dependencies, unsupported operating systems, and so on:
http://wiki.cpantesters.org/wiki/CPANAuthorNotes
Sections of this report:
* Tester comments
* Program output
* Prerequisites
* Environment and other context
------------------------------
TESTER COMMENTS
------------------------------
Additional comments from tester:
none provided
------------------------------
PROGRAM OUTPUT
------------------------------
Output from '/usr/bin/make test':
PERL_DL_NONLAZY=1 "/opt/perl-5.24.1/bin/perl" "-MExtUtils::Command::MM" "-MTest::Harness" "-e" "undef *Test::Harness::Switches; test_harness(0, 'blib/lib', 'blib/arch')" t/*.t
# Next time around, consider install Module::Signature,
# so you can verify the integrity of this distribution.
t/00_signature.t ... ok
t/01_initialise.t .. ok
# Some warning and error messages are displayed as part of the tests and can be ignored.
Warning: The "Version" field of the version contains more than two charaters.
It will be truncated.
Warning: The "Release" field of the version contains more than two charaters.
It will be truncated.
Warning: The "ModificationLevel" field of the version contains more than four charaters.
It will be truncated.
Warning: The "FixLevel" field of the version contains more than four charaters.
It will be truncated.
Warning: The "FixID" field of the version contains more than nine charaters.
It will be truncated.
Warning: The version "2" is not a 4 or 5 field Dewey-Decimal number. It will be modified.
Error: Cannot add object to the package: Objects cannot have names containing commas or colons.
Error: Cannot add object to the package: Objects cannot have names containing commas or colons.
sh: backup: Kommando nicht gefunden.
Error: Failed to create the Backup-format file. Inappropriate ioctl for device
Error: Problems were encountered creating the backup format file: Inappropriate ioctl for device
t/02_aix.t .........
Failed 2/29 subtests
Test Summary Report
-------------------
t/02_aix.t (Wstat: 0 Tests: 29 Failed: 2)
Failed tests: 28-29
Files=3, Tests=31, 1 wallclock secs ( 0.04 usr 0.01 sys + 0.20 cusr 0.11 csys = 0.36 CPU)
Result: FAIL
Failed 1/3 test programs. 2/31 subtests failed.
make: *** [test_dynamic] Fehler 255
------------------------------
PREREQUISITES
------------------------------
Prerequisite modules loaded:
requires:
Module Need Have
------------------- ---- ----
Software::Packager 0.09 0.09
build_requires:
Module Need Have
------------------- ---- ----
ExtUtils::MakeMaker 0 7.24
------------------------------
ENVIRONMENT AND OTHER CONTEXT
------------------------------
Environment variables:
LANG = de_DE.UTF-8
PATH = /usr/local/bin:/usr/bin:/bin:/usr/local/sbin:/usr/sbin:/sbin:/home/cpansand/bin/linux-gnu:/home/cpansand/bin/sh:/home/cpansand/bin:/usr/games:/home/cpansand/devel:/home/eserte/src/srezic-misc/scripts
PERL5LIB = /home/cpansand/.cpan/build/2017060512/Software-Packager-0.09-13/blib/arch:/home/cpansand/.cpan/build/2017060512/Software-Packager-0.09-13/blib/lib
PERL5OPT = -MDevel::Hide
PERL5_CPANPLUS_IS_RUNNING = 29363
PERL5_CPAN_IS_RUNNING = 29363
PERL5_CPAN_IS_RUNNING_IN_RECURSION = 27161,29363
PERLDOC = -MPod::Perldoc::ToTextOverstrike
PERL_BATCH = yes
PERL_CANARY_STABILITY_NOPROMPT = 1
PERL_CPAN_REPORTER_CONFIG = /var/tmp/cpansmoker-1002/2017060512/cpanreporter_005_config.ini
PERL_EXTUTILS_AUTOINSTALL = --defaultdeps
SHELL = /bin/zsh
TERM = screen
TMPDIR = /var/tmp/cpansmoker-1002/2017060512
Perl special variables (and OS-specific diagnostics, for MSWin32):
$^X = /opt/perl-5.24.1/bin/perl
$UID/$EUID = 1002 / 1002
$GID = 1002 1002
$EGID = 1002 1002
Perl module toolchain versions installed:
Module Have
------------------- ----------
CPAN 2.16
CPAN::Meta 2.150005
Cwd 3.63_01
ExtUtils::CBuilder 0.280225
ExtUtils::Command 7.24
ExtUtils::Install 2.12
ExtUtils::MakeMaker 7.24
ExtUtils::Manifest 1.70
ExtUtils::ParseXS 3.31
File::Spec 3.63_01
JSON 2.94
JSON::PP 2.27400
Module::Build 0.4220
Module::Signature broken
Parse::CPAN::Meta 1.4417_001
Test::Harness 3.36_01
Test::More 1.302085
YAML 1.23
YAML::Syck 1.30
version 0.9916
--
Summary of my perl5 (revision 5 version 24 subversion 1) configuration:
Platform:
osname=linux, osvers=3.10.0-514.6.2.el7.x86_64, archname=x86_64-linux
uname='linux prod5 3.10.0-514.6.2.el7.x86_64 #1 smp thu feb 23 03:04:39 utc 2017 x86_64 x86_64 x86_64 gnulinux '
config_args='-ds -e -Dprefix=/opt/perl-5.24.1 -Dcf_email=srezic@cpan.org'
hint=recommended, useposix=true, d_sigaction=define
useithreads=undef, usemultiplicity=undef
use64bitint=define, use64bitall=define, uselongdouble=undef
usemymalloc=n, bincompat5005=undef
Compiler:
cc='cc', ccflags ='-fwrapv -fno-strict-aliasing -pipe -fstack-protector-strong -I/usr/local/include -D_LARGEFILE_SOURCE -D_FILE_OFFSET_BITS=64 -D_FORTIFY_SOURCE=2',
optimize='-O2',
cppflags='-fwrapv -fno-strict-aliasing -pipe -fstack-protector-strong -I/usr/local/include'
ccversion='', gccversion='4.8.5 20150623 (Red Hat 4.8.5-11)', gccosandvers=''
intsize=4, longsize=8, ptrsize=8, doublesize=8, byteorder=12345678, doublekind=3
d_longlong=define, longlongsize=8, d_longdbl=define, longdblsize=16, longdblkind=3
ivtype='long', ivsize=8, nvtype='double', nvsize=8, Off_t='off_t', lseeksize=8
alignbytes=8, prototype=define
Linker and Libraries:
ld='cc', ldflags =' -fstack-protector-strong -L/usr/local/lib'
libpth=/usr/local/lib /usr/lib /lib/../lib64 /usr/lib/../lib64 /lib /lib64 /usr/lib64 /usr/local/lib64
libs=-lpthread -lnsl -lgdbm -ldb -ldl -lm -lcrypt -lutil -lc -lgdbm_compat
perllibs=-lpthread -lnsl -ldl -lm -lcrypt -lutil -lc
libc=libc-2.17.so, so=so, useshrplib=false, libperl=libperl.a
gnulibc_version='2.17'
Dynamic Linking:
dlsrc=dl_dlopen.xs, dlext=so, d_dlsymun=undef, ccdlflags='-Wl,-E'
cccdlflags='-fPIC', lddlflags='-shared -O2 -L/usr/local/lib -fstack-protector-strong'
Characteristics of this binary (from libperl):
Compile-time options: HAS_TIMES PERLIO_LAYERS PERL_COPY_ON_WRITE
PERL_DONT_CREATE_GVSV
PERL_HASH_FUNC_ONE_AT_A_TIME_HARD PERL_MALLOC_WRAP
PERL_PRESERVE_IVUV USE_64_BIT_ALL USE_64_BIT_INT
USE_LARGE_FILES USE_LOCALE USE_LOCALE_COLLATE
USE_LOCALE_CTYPE USE_LOCALE_NUMERIC USE_LOCALE_TIME
USE_PERLIO USE_PERL_ATOF
Built under linux
Compiled at Feb 23 2017 19:18:49
%ENV:
PERL5LIB="/home/cpansand/.cpan/build/2017060512/Software-Packager-0.09-13/blib/arch:/home/cpansand/.cpan/build/2017060512/Software-Packager-0.09-13/blib/lib"
PERL5OPT=" -MDevel::Hide"
PERL5_CPANPLUS_IS_RUNNING="29363"
PERL5_CPAN_IS_RUNNING="29363"
PERL5_CPAN_IS_RUNNING_IN_RECURSION="27161,29363"
PERLDOC="-MPod::Perldoc::ToTextOverstrike"
PERL_BATCH="yes"
PERL_CANARY_STABILITY_NOPROMPT="1"
PERL_CPAN_REPORTER_CONFIG="/var/tmp/cpansmoker-1002/2017060512/cpanreporter_005_config.ini"
PERL_EXTUTILS_AUTOINSTALL="--defaultdeps"
@INC:
CODE(0x140d8a0)
/home/cpansand/.cpan/build/2017060512/Software-Packager-0.09-13/blib/arch
/home/cpansand/.cpan/build/2017060512/Software-Packager-0.09-13/blib/lib
/opt/perl-5.24.1/lib/site_perl/5.24.1/x86_64-linux
/opt/perl-5.24.1/lib/site_perl/5.24.1
/opt/perl-5.24.1/lib/5.24.1/x86_64-linux
/opt/perl-5.24.1/lib/5.24.1
.