Report for Variable-Strongly-Typed-v1.1.0

Back
From: metabase:user:e3434da8-b236-11df-85ca-0247c6d74bde
Subject: FAIL Variable-Strongly-Typed-v1.1.0 v5.10.1 GNU/Linux
Date: 2010-12-08T22:53:36Z

This distribution has been tested as part of the CPAN Testers
project, supporting the Perl programming language.  See
http://wiki.cpantesters.org/ for more information or email
questions to cpan-testers-discuss@perl.org


--
Dear Mark Ethan Trostler,

This is a computer-generated report for Variable-Strongly-Typed-v1.1.0
on perl 5.10.1, created by CPAN-Reporter-1.1803.

Thank you for uploading your work to CPAN.  However, there was a problem
testing your distribution.

If you think this report is invalid, please consult the CPAN Testers Wiki
for suggestions on how to avoid getting FAIL reports for missing library
or binary dependencies, unsupported operating systems, and so on:

http://wiki.cpantesters.org/wiki/CPANAuthorNotes

Sections of this report:

    * Tester comments
    * Program output
    * Prerequisites
    * Environment and other context

------------------------------
TESTER COMMENTS
------------------------------

Additional comments from tester:

this report is from an automated smoke testing program
and was not reviewed by a human for accuracy

------------------------------
PROGRAM OUTPUT
------------------------------

Output from './Build test':

# Testing Variable::Strongly::Typed 1.1.0
t/00.load.t ......... ok
# Testing Variable::Strongly::Typed 1.1.0
Error handler must be a CODE ref! at /home/tester/vers/perl-5.10.1/lib/5.10.1/Attribute/Handlers.pm line 201
# Looks like you planned 19 tests but ran 1.
# Looks like your test exited with 255 just after 1.
t/01.simple.type.t .. 
Dubious, test returned 255 (wstat 65280, 0xff00)
Failed 18/19 subtests 
# Testing Variable::Strongly::Typed 1.1.0
Error handler must be a CODE ref! at /home/tester/vers/perl-5.10.1/lib/5.10.1/Attribute/Handlers.pm line 201
# Looks like you planned 4 tests but ran 1.
# Looks like your test exited with 255 just after 1.
t/02.my.type.t ...... 
Dubious, test returned 255 (wstat 65280, 0xff00)
Failed 3/4 subtests 
# Testing Variable::Strongly::Typed 1.1.0
Error handler must be a CODE ref! at /home/tester/vers/perl-5.10.1/lib/5.10.1/Attribute/Handlers.pm line 201
# Looks like you planned 9 tests but ran 1.
# Looks like your test exited with 255 just after 1.
t/03.array.type.t ... 
Dubious, test returned 255 (wstat 65280, 0xff00)
Failed 8/9 subtests 
# Testing Variable::Strongly::Typed 1.1.0
Error handler must be a CODE ref! at /home/tester/vers/perl-5.10.1/lib/5.10.1/Attribute/Handlers.pm line 201
# Looks like you planned 8 tests but ran 1.
# Looks like your test exited with 255 just after 1.
t/04.hash.type.t .... 
Dubious, test returned 255 (wstat 65280, 0xff00)
Failed 7/8 subtests 
# Testing Variable::Strongly::Typed 1.1.0
Error handler must be a CODE ref! at /home/tester/vers/perl-5.10.1/lib/5.10.1/Attribute/Handlers.pm line 201
# Looks like you planned 3 tests but ran 1.
# Looks like your test exited with 255 just after 1.
t/05.no.type.t ...... 
Dubious, test returned 255 (wstat 65280, 0xff00)
Failed 2/3 subtests 
Error handler must be a CODE ref! at /home/tester/vers/perl-5.10.1/lib/5.10.1/Attribute/Handlers.pm line 201
CHECK failed--call queue aborted.
# Looks like you planned 4 tests but ran 1.
# Looks like your test exited with 255 just after 1.
t/06.code.t ......... 
Dubious, test returned 255 (wstat 65280, 0xff00)
Failed 3/4 subtests 
t/pod-coverage.t .... ok
t/pod.t ............. ok

Test Summary Report
-------------------
t/01.simple.type.t (Wstat: 65280 Tests: 1 Failed: 0)
  Non-zero exit status: 255
  Parse errors: Bad plan.  You planned 19 tests but ran 1.
t/02.my.type.t    (Wstat: 65280 Tests: 1 Failed: 0)
  Non-zero exit status: 255
  Parse errors: Bad plan.  You planned 4 tests but ran 1.
t/03.array.type.t (Wstat: 65280 Tests: 1 Failed: 0)
  Non-zero exit status: 255
  Parse errors: Bad plan.  You planned 9 tests but ran 1.
t/04.hash.type.t  (Wstat: 65280 Tests: 1 Failed: 0)
  Non-zero exit status: 255
  Parse errors: Bad plan.  You planned 8 tests but ran 1.
t/05.no.type.t    (Wstat: 65280 Tests: 1 Failed: 0)
  Non-zero exit status: 255
  Parse errors: Bad plan.  You planned 3 tests but ran 1.
t/06.code.t       (Wstat: 65280 Tests: 1 Failed: 0)
  Non-zero exit status: 255
  Parse errors: Bad plan.  You planned 4 tests but ran 1.
Files=9, Tests=18,  0 wallclock secs ( 0.04 usr  0.03 sys +  0.34 cusr  0.07 csys =  0.48 CPU)
Result: FAIL
Failed 6/9 test programs. 0/18 subtests failed.

------------------------------
PREREQUISITES
------------------------------

Prerequisite modules loaded:

requires:

    Module              Need Have 
    ------------------- ---- -----
    Attribute::Handlers 0    0.85 
    Class::Std::Utils   0    0.0.3
    IO::File            0    1.14 
    Test::More          0    0.96 
    Tie::Array          0    1.03 
    Tie::Hash           0    1.03 
    Tie::Scalar         0    1.01 
    version             0    0.86 


------------------------------
ENVIRONMENT AND OTHER CONTEXT
------------------------------

Environment variables:

    AUTOMATED_TESTING = 1
    LANG = en_US.utf8
    PATH = /home/tester/perl5/perlbrew/bin:/home/tester/perl5/perlbrew/perls/current/bin:/home/tester/perl5/perlbrew/bin:/home/tester/perl5/perlbrew/perls/current/bin:/usr/lib64/qt-3.3/bin:/usr/lib64/ccache:/usr/local/bin:/bin:/usr/bin:/usr/local/sbin:/usr/sbin:/sbin:/home/tester/bin
    PERL5LIB = /home/tester/cpan/perl-5.10.1/.cpan/build/Class-Std-Utils-v0.0.3-G75eij/blib/arch:/home/tester/cpan/perl-5.10.1/.cpan/build/Class-Std-Utils-v0.0.3-G75eij/blib/lib
    PERL5OPT = 
    PERL5_CPANPLUS_IS_RUNNING = 28780
    PERL5_CPAN_IS_RUNNING = 28780
    PERL5_MINISMOKEBOX = 0.38
    PERL_EXTUTILS_AUTOINSTALL = --defaultdeps
    PERL_MM_USE_DEFAULT = 1
    SHELL = /bin/bash
    TERM = screen

Perl special variables (and OS-specific diagnostics, for MSWin32):

    $^X = /home/tester/vers/perl-5.10.1/bin/perl
    $UID/$EUID = 501 / 501
    $GID = 501 501
    $EGID = 501 501

Perl module toolchain versions installed:

    Module              Have  
    ------------------- ------
    CPAN                1.9402
    Cwd                 3.33  
    ExtUtils::CBuilder  0.2703
    ExtUtils::Command   1.16  
    ExtUtils::Install   1.54  
    ExtUtils::MakeMaker 6.56  
    ExtUtils::Manifest  1.58  
    ExtUtils::ParseXS   2.2206
    File::Spec          3.33  
    Module::Build       0.3607
    Module::Signature   n/a   
    Test::Harness       3.22  
    Test::More          0.96  
    YAML                n/a   
    YAML::Syck          1.17  
    version             0.86  


--

Summary of my perl5 (revision 5 version 10 subversion 1) configuration:
   
  Platform:
    osname=linux, osvers=2.6.35.6-48.fc14.x86_64, archname=x86_64-linux-thread-multi
    uname='linux firenze.localhost 2.6.35.6-48.fc14.x86_64 #1 smp fri oct 22 15:36:08 utc 2010 x86_64 x86_64 x86_64 gnulinux '
    config_args='-des -Dprefix=/home/tester/vers/perl-5.10.1 -Dusethreads -Duse64bitint'
    hint=recommended, useposix=true, d_sigaction=define
    useithreads=define, usemultiplicity=define
    useperlio=define, d_sfio=undef, uselargefiles=define, usesocks=undef
    use64bitint=define, use64bitall=define, uselongdouble=undef
    usemymalloc=n, bincompat5005=undef
  Compiler:
    cc='cc', ccflags ='-D_REENTRANT -D_GNU_SOURCE -fno-strict-aliasing -pipe -fstack-protector -I/usr/local/include -D_LARGEFILE_SOURCE -D_FILE_OFFSET_BITS=64',
    optimize='-O2',
    cppflags='-D_REENTRANT -D_GNU_SOURCE -fno-strict-aliasing -pipe -fstack-protector -I/usr/local/include'
    ccversion='', gccversion='4.5.1 20100924 (Red Hat 4.5.1-4)', gccosandvers=''
    intsize=4, longsize=8, ptrsize=8, doublesize=8, byteorder=12345678
    d_longlong=define, longlongsize=8, d_longdbl=define, longdblsize=16
    ivtype='long', ivsize=8, nvtype='double', nvsize=8, Off_t='off_t', lseeksize=8
    alignbytes=8, prototype=define
  Linker and Libraries:
    ld='cc', ldflags =' -fstack-protector -L/usr/local/lib'
    libpth=/usr/local/lib /lib /usr/lib /lib64 /usr/lib64 /usr/local/lib64
    libs=-lnsl -lgdbm -ldb -ldl -lm -lcrypt -lutil -lpthread -lc -lgdbm_compat
    perllibs=-lnsl -ldl -lm -lcrypt -lutil -lpthread -lc
    libc=, so=so, useshrplib=false, libperl=libperl.a
    gnulibc_version='2.12.90'
  Dynamic Linking:
    dlsrc=dl_dlopen.xs, dlext=so, d_dlsymun=undef, ccdlflags='-Wl,-E'
    cccdlflags='-fPIC', lddlflags='-shared -O2 -L/usr/local/lib -fstack-protector'


Characteristics of this binary (from libperl): 
  Compile-time options: MULTIPLICITY PERL_DONT_CREATE_GVSV
                        PERL_IMPLICIT_CONTEXT PERL_MALLOC_WRAP USE_64_BIT_ALL
                        USE_64_BIT_INT USE_ITHREADS USE_LARGE_FILES
                        USE_PERLIO USE_REENTRANT_API
  Built under linux
  Compiled at Nov 30 2010 22:56:26
  %ENV:
    PERL5LIB="/home/tester/cpan/perl-5.10.1/.cpan/build/Class-Std-Utils-v0.0.3-G75eij/blib/arch:/home/tester/cpan/perl-5.10.1/.cpan/build/Class-Std-Utils-v0.0.3-G75eij/blib/lib"
    PERL5OPT=""
    PERL5_CPANPLUS_IS_RUNNING="28780"
    PERL5_CPAN_IS_RUNNING="28780"
    PERL5_MINISMOKEBOX="0.38"
    PERL_EXTUTILS_AUTOINSTALL="--defaultdeps"
    PERL_MM_USE_DEFAULT="1"
  @INC:
    /home/tester/cpan/perl-5.10.1/.cpan/build/Class-Std-Utils-v0.0.3-G75eij/blib/arch
    /home/tester/cpan/perl-5.10.1/.cpan/build/Class-Std-Utils-v0.0.3-G75eij/blib/lib
    /home/tester/vers/perl-5.10.1/lib/5.10.1/x86_64-linux-thread-multi
    /home/tester/vers/perl-5.10.1/lib/5.10.1
    /home/tester/vers/perl-5.10.1/lib/site_perl/5.10.1/x86_64-linux-thread-multi
    /home/tester/vers/perl-5.10.1/lib/site_perl/5.10.1
    .