Report for Catalyst-View-Tenjin-0.050001

Back
From: metabase:user:320bfe00-2aae-11df-837a-5e0a49663a4f
Subject: FAIL Catalyst-View-Tenjin-0.050001 v5.24.1 RC4 GNU/Linux
Date: 2016-11-08T17:51:34Z

This distribution has been tested as part of the CPAN Testers
project, supporting the Perl programming language.  See
http://wiki.cpantesters.org/ for more information or email
questions to cpan-testers-discuss@perl.org


--
Dear Ido Perlmuter,

This is a computer-generated report for Catalyst-View-Tenjin-0.050001
on perl 5.24.1, created by CPAN-Reporter-1.2018.

Thank you for uploading your work to CPAN.  However, there was a problem
testing your distribution.

If you think this report is invalid, please consult the CPAN Testers Wiki
for suggestions on how to avoid getting FAIL reports for missing library
or binary dependencies, unsupported operating systems, and so on:

http://wiki.cpantesters.org/wiki/CPANAuthorNotes

Sections of this report:

    * Tester comments
    * Program output
    * Prerequisites
    * Environment and other context

------------------------------
TESTER COMMENTS
------------------------------

Additional comments from tester:

this report is from an automated smoke testing program
and was not reviewed by a human for accuracy

------------------------------
PROGRAM OUTPUT
------------------------------

Output from '/usr/bin/make test':

PERL_DL_NONLAZY=1 "/tmp/basesmoker-reloperl-HRt1/bin/perl" "-MExtUtils::Command::MM" "-MTest::Harness" "-e" "undef *Test::Harness::Switches; test_harness(0, 'blib/lib', 'blib/arch')" t/*.t
# Testing Catalyst::View::Tenjin 0.050001, Perl 5.024001, /tmp/basesmoker-reloperl-HRt1/bin/perl
t/00-load.t ................ ok

#   Failed test 'encoding response okay'
#   at t/01-simple.t line 18.
#          got: '<h1>העמוד בכתובת <a href="encoding" title="&lt;&quot;&gt;">encoding</a> אומר: מי שלא שותה לא משתין</h1>
# '
#     expected: '<h1>העמוד בכתובת <a href="encoding" title="&lt;&quot;&gt;">encoding</a> אומר: מי שלא שותה לא משתין</h1>
# '
# Looks like you failed 1 test of 5.
t/01-simple.t .............. 
Dubious, test returned 1 (wstat 256, 0x100)
Failed 1/5 subtests 
t/release-dist-manifest.t .. skipped: these tests are for release candidate testing
t/release-pod-coverage.t ... skipped: these tests are for release candidate testing
t/release-pod-syntax.t ..... skipped: these tests are for release candidate testing

Test Summary Report
-------------------
t/01-simple.t            (Wstat: 256 Tests: 5 Failed: 1)
  Failed test:  5
  Non-zero exit status: 1
Files=5, Tests=7,  1 wallclock secs ( 0.02 usr  0.02 sys +  0.82 cusr  0.09 csys =  0.95 CPU)
Result: FAIL
Failed 1/5 test programs. 1/7 subtests failed.
Makefile:868: recipe for target 'test_dynamic' failed
make: *** [test_dynamic] Error 255

------------------------------
PREREQUISITES
------------------------------

Prerequisite modules loaded:

requires:

    Module               Need     Have    
    -------------------- -------- --------
    Catalyst::View       0        0       
    Data::Dump           0        1.23    
    Moose                0        2.1806  
    namespace::autoclean 0        0.28    
    Tenjin               0.070001 1.000001

build_requires:

    Module               Need     Have    
    -------------------- -------- --------
    Catalyst             0        5.90112 
    Catalyst::Controller 0        0       
    Catalyst::Runtime    5.80     5.90112 
    Encode               0        2.80_01 
    FindBin              0        1.51    
    Test::More           0        1.302062
    utf8                 0        1.19    

configure_requires:

    Module               Need     Have    
    -------------------- -------- --------
    ExtUtils::MakeMaker  6.31     7.24    


------------------------------
ENVIRONMENT AND OTHER CONTEXT
------------------------------

Environment variables:

    AUTOMATED_TESTING = 1
    LANG = C
    PATH = /home/sand/bin:/usr/local/bin:/usr/bin:/bin:/usr/games:/usr/local/perl/bin:/usr/X11/bin:/sbin:/usr/sbin
    PERL5LIB = 
    PERL5OPT = 
    PERL5_CPANPLUS_IS_RUNNING = 12864
    PERL5_CPAN_IS_RUNNING = 12864
    PERL_CANARY_STABILITY_NOPROMPT = 1
    PERL_MM_USE_DEFAULT = 1
    SHELL = /usr/bin/zsh
    TERM = screen

Perl special variables (and OS-specific diagnostics, for MSWin32):

    $^X = /tmp/basesmoker-reloperl-HRt1/bin/perl
    $UID/$EUID = 1005 / 1005
    $GID = 1005 1005
    $EGID = 1005 1005

Perl module toolchain versions installed:

    Module              Have      
    ------------------- ----------
    CPAN                2.15      
    CPAN::Meta          2.150010  
    Cwd                 3.63_01   
    ExtUtils::CBuilder  0.280225  
    ExtUtils::Command   7.24      
    ExtUtils::Install   2.04      
    ExtUtils::MakeMaker 7.24      
    ExtUtils::Manifest  1.70      
    ExtUtils::ParseXS   3.31      
    File::Spec          3.63_01   
    JSON                2.90      
    JSON::PP            2.27300_01
    Module::Build       0.4220    
    Module::Signature   0.81      
    Parse::CPAN::Meta   2.150010  
    Test::Harness       3.36_01   
    Test::More          1.302062  
    YAML                1.18      
    YAML::Syck          1.29      
    version             0.9916    


--

Summary of my perl5 (revision 5 version 24 subversion 1) configuration:
  Commit id: 01aeece0064776ef8376d241eb4e3e4692362c23
  Platform:
    osname=linux, osvers=4.8.0-1-amd64, archname=x86_64-linux-thread-multi
    uname='linux k93x64sid 4.8.0-1-amd64 #1 smp debian 4.8.5-1 (2016-10-28) x86_64 gnulinux '
    config_args='-Dprefix=/home/sand/src/perl/repoperls/installed-perls/host/k93x64sid/v5.24.1-RC4/9af6 -Dmyhostname=k93x64sid -Dinstallusrbinperl=n -Uversiononly -Dusedevel -des -Ui_db -Dlibswanted=cl pthread socket inet nsl gdbm dbm malloc dl ld sun m crypt sec util c cposix posix ucb BSD gdbm_compat -Duseithreads -Uuselongdouble -DDEBUGGING=-g'
    hint=recommended, useposix=true, d_sigaction=define
    useithreads=define, usemultiplicity=define
    use64bitint=define, use64bitall=define, uselongdouble=undef
    usemymalloc=n, bincompat5005=undef
  Compiler:
    cc='cc', ccflags ='-D_REENTRANT -D_GNU_SOURCE -fwrapv -fno-strict-aliasing -pipe -fstack-protector-strong -I/usr/local/include -D_LARGEFILE_SOURCE -D_FILE_OFFSET_BITS=64',
    optimize='-O2 -g',
    cppflags='-D_REENTRANT -D_GNU_SOURCE -fwrapv -fno-strict-aliasing -pipe -fstack-protector-strong -I/usr/local/include'
    ccversion='', gccversion='6.2.0 20161103', gccosandvers=''
    intsize=4, longsize=8, ptrsize=8, doublesize=8, byteorder=12345678, doublekind=3
    d_longlong=define, longlongsize=8, d_longdbl=define, longdblsize=16, longdblkind=3
    ivtype='long', ivsize=8, nvtype='double', nvsize=8, Off_t='off_t', lseeksize=8
    alignbytes=8, prototype=define
  Linker and Libraries:
    ld='cc', ldflags =' -fstack-protector-strong -L/usr/local/lib'
    libpth=/usr/local/lib /usr/lib/gcc/x86_64-linux-gnu/6/include-fixed /usr/include/x86_64-linux-gnu /usr/lib /lib/x86_64-linux-gnu /lib/../lib /usr/lib/x86_64-linux-gnu /usr/lib/../lib /lib
    libs=-lpthread -lnsl -ldl -lm -lcrypt -lutil -lc
    perllibs=-lpthread -lnsl -ldl -lm -lcrypt -lutil -lc
    libc=libc-2.24.so, so=so, useshrplib=false, libperl=libperl.a
    gnulibc_version='2.24'
  Dynamic Linking:
    dlsrc=dl_dlopen.xs, dlext=so, d_dlsymun=undef, ccdlflags='-Wl,-E'
    cccdlflags='-fPIC', lddlflags='-shared -O2 -g -L/usr/local/lib -fstack-protector-strong'


Characteristics of this binary (from libperl): 
  Compile-time options: HAS_TIMES MULTIPLICITY PERLIO_LAYERS
                        PERL_COPY_ON_WRITE PERL_DONT_CREATE_GVSV
                        PERL_HASH_FUNC_ONE_AT_A_TIME_HARD
                        PERL_IMPLICIT_CONTEXT PERL_MALLOC_WRAP
                        PERL_PRESERVE_IVUV PERL_USE_DEVEL USE_64_BIT_ALL
                        USE_64_BIT_INT USE_ITHREADS USE_LARGE_FILES
                        USE_LOCALE USE_LOCALE_COLLATE USE_LOCALE_CTYPE
                        USE_LOCALE_NUMERIC USE_LOCALE_TIME USE_PERLIO
                        USE_PERL_ATOF USE_REENTRANT_API
  Locally applied patches:
	RC4
  Built under linux
  Compiled at Nov  8 2016 11:55:21
  %ENV:
    PERL5LIB=""
    PERL5OPT=""
    PERL5_CPANPLUS_IS_RUNNING="12864"
    PERL5_CPAN_IS_RUNNING="12864"
    PERL_CANARY_STABILITY_NOPROMPT="1"
    PERL_MM_USE_DEFAULT="1"
  @INC:
    /home/sand/src/perl/repoperls/installed-perls/host/k93x64sid/v5.24.1-RC4/9af6/lib/site_perl/5.24.1/x86_64-linux-thread-multi
    /home/sand/src/perl/repoperls/installed-perls/host/k93x64sid/v5.24.1-RC4/9af6/lib/site_perl/5.24.1
    /home/sand/src/perl/repoperls/installed-perls/host/k93x64sid/v5.24.1-RC4/9af6/lib/5.24.1/x86_64-linux-thread-multi
    /home/sand/src/perl/repoperls/installed-perls/host/k93x64sid/v5.24.1-RC4/9af6/lib/5.24.1
    .