POE-Component-SSLify v1.012 Perl 5 v5.24.1 x86_64-linux
- Status
- Fail
- From
- Andreas J. König (ANDK)
- Dist
-
POE-Component-SSLify v1.012
- Platform
- Perl 5 v5.24.1 x86_64-linux
- Date
- 2019-08-22 10:24:14
- ID
- fd49241e-c4c6-11e9-8529-a3e28db2b76f
This distribution has been tested as part of the CPAN Testers
project, supporting the Perl programming language. See
http://wiki.cpantesters.org/ for more information or email
questions to cpan-testers-discuss@perl.org
--
Dear Apocalypse,
This is a computer-generated report for POE-Component-SSLify-1.012
on perl 5.24.1, created by CPAN-Reporter-1.2018.
Thank you for uploading your work to CPAN. However, there was a problem
testing your distribution.
If you think this report is invalid, please consult the CPAN Testers Wiki
for suggestions on how to avoid getting FAIL reports for missing library
or binary dependencies, unsupported operating systems, and so on:
http://wiki.cpantesters.org/wiki/CPANAuthorNotes
Sections of this report:
* Tester comments
* Program output
* Prerequisites
* Environment and other context
------------------------------
TESTER COMMENTS
------------------------------
Additional comments from tester:
this report is from an automated smoke testing program
and was not reviewed by a human for accuracy
------------------------------
PROGRAM OUTPUT
------------------------------
Output from '/usr/bin/make test':
PERL_DL_NONLAZY=1 "/home/sand/src/perl/repoperls/installed-perls/host/k93msid/v5.24.1/da1c/bin/perl" "-MExtUtils::Command::MM" "-MTest::Harness" "-e" "undef *Test::Harness::Switches; test_harness(0, 'blib/lib', 'blib/arch')" t/*.t
t/00-compile.t ................ ok
#
# Versions for all modules listed in MYMETA.json (including optional ones):
#
# === Configure Requires ===
#
# Module Want Have
# ------------------- ----- -----
# ExtUtils::MakeMaker any 7.36
# Module::Build::Tiny 0.039 0.039
#
# === Build Requires ===
#
# Module Want Have
# ------------------- ---- ----
# ExtUtils::MakeMaker any 7.36
#
# === Test Requires ===
#
# Module Want Have
# --------------------------- -------- --------
# ExtUtils::MakeMaker any 7.36
# File::Spec any 3.75
# File::Temp any 0.2309
# IO::Handle 1.28 1.39
# IPC::Open3 any 1.20
# POE 1.267 1.367
# POE::Component::Client::TCP any 1.367
# POE::Component::Server::TCP any 1.367
# POE::Filter::Stream any 1.367
# Socket any 2.020_03
# Test::FailWarnings any 0.008
# Test::More 1.001002 1.302166
#
# === Test Recommends ===
#
# Module Want Have
# ---------- -------- --------
# CPAN::Meta 2.120900 2.150010
#
# === Runtime Requires ===
#
# Module Want Have
# ------------ ----- -----
# Exporter any 5.73
# IO::Handle 1.28 1.39
# Net::SSLeay 1.36 1.88
# POE 1.267 1.367
# Scalar::Util any 1.50
# Symbol any 1.07
# Task::Weaken 1.03 1.06
# parent any 0.237
# strict any 1.11
# warnings any 1.36
#
t/00-report-prereqs.t ......... ok
#
# Net::SSLeay::ver_number is 0x1010100f
# OpenSSL 1.1.1 11 Sep 2018
# built on: Sun Oct 28 22:52:24 2018 UTC
# platform: debian-amd64
# OPENSSLDIR: "/usr/lib/ssl"
# pogomips: 57994417
t/00-ssleay-info.t ............ ok
t/99_mire_test.t .............. skipped: AUTHOR TEST
t/apocalypse.t ................ skipped: Test::Apocalypse required for validating the distribution
t/connect_hook.t .............. ok
t/connect_hook_nodata.t ....... ok
t/connfail_client.t ........... ok
t/connfail_server.t ........... ok
# Failed test 'SERVER: SSLify_Options Can't locate auto/Net/SSLeay/CTX_v3_new.al in @INC (@INC contains: /tmp/loop_over_bdir-13719-oCqJQh/POE-Component-SSLify-1.012-0/blib/lib /tmp/loop_over_bdir-13719-oCqJQh/POE-Component-SSLify-1.012-0/blib/arch /home/sand/src/perl/repoperls/installed-perls/host/k93msid/v5.24.1/da1c/lib/site_perl/5.24.1/x86_64-linux /home/sand/src/perl/repoperls/installed-perls/host/k93msid/v5.24.1/da1c/lib/site_perl/5.24.1 /home/sand/src/perl/repoperls/installed-perls/host/k93msid/v5.24.1/da1c/lib/5.24.1/x86_64-linux /home/sand/src/perl/repoperls/installed-perls/host/k93msid/v5.24.1/da1c/lib/5.24.1 .) at /tmp/loop_over_bdir-13719-oCqJQh/POE-Component-SSLify-1.012-0/blib/lib/POE/Component/SSLify.pm line 362.
# '
# at t/renegotiate_client.t line 55.
# Failed test 'SERVER: Server_SSLify Please do SSLify_Options() first ( or pass in a $ctx object ) at /tmp/loop_over_bdir-13719-oCqJQh/POE-Component-SSLify-1.012-0/blib/lib/POE/Component/SSLify.pm line 247.
# '
# at t/renegotiate_client.t line 58.
# Failed test 'CLIENT: SSLify_ContextCreate Can't locate auto/Net/SSLeay/CTX_v3_new.al in @INC (@INC contains: /tmp/loop_over_bdir-13719-oCqJQh/POE-Component-SSLify-1.012-0/blib/lib /tmp/loop_over_bdir-13719-oCqJQh/POE-Component-SSLify-1.012-0/blib/arch /home/sand/src/perl/repoperls/installed-perls/host/k93msid/v5.24.1/da1c/lib/site_perl/5.24.1/x86_64-linux /home/sand/src/perl/repoperls/installed-perls/host/k93msid/v5.24.1/da1c/lib/site_perl/5.24.1 /home/sand/src/perl/repoperls/installed-perls/host/k93msid/v5.24.1/da1c/lib/5.24.1/x86_64-linux /home/sand/src/perl/repoperls/installed-perls/host/k93msid/v5.24.1/da1c/lib/5.24.1 .) at /tmp/loop_over_bdir-13719-oCqJQh/POE-Component-SSLify-1.012-0/blib/lib/POE/Component/SSLify.pm line 362.
# '
# at t/renegotiate_client.t line 117.
Can't use an undefined value as a symbol reference at /tmp/loop_over_bdir-13719-oCqJQh/POE-Component-SSLify-1.012-0/blib/lib/POE/Component/SSLify.pm line 446.
# Tests were run but no plan was declared and done_testing() was not seen.
# Looks like your test exited with 22 just after 7.
t/renegotiate_client.t ........
Dubious, test returned 22 (wstat 5632, 0x1600)
Failed 3/7 subtests
# Failed test 'SERVER: SSLify_Options Can't locate auto/Net/SSLeay/CTX_v3_new.al in @INC (@INC contains: /tmp/loop_over_bdir-13719-oCqJQh/POE-Component-SSLify-1.012-0/blib/lib /tmp/loop_over_bdir-13719-oCqJQh/POE-Component-SSLify-1.012-0/blib/arch /home/sand/src/perl/repoperls/installed-perls/host/k93msid/v5.24.1/da1c/lib/site_perl/5.24.1/x86_64-linux /home/sand/src/perl/repoperls/installed-perls/host/k93msid/v5.24.1/da1c/lib/site_perl/5.24.1 /home/sand/src/perl/repoperls/installed-perls/host/k93msid/v5.24.1/da1c/lib/5.24.1/x86_64-linux /home/sand/src/perl/repoperls/installed-perls/host/k93msid/v5.24.1/da1c/lib/5.24.1 .) at /tmp/loop_over_bdir-13719-oCqJQh/POE-Component-SSLify-1.012-0/blib/lib/POE/Component/SSLify.pm line 362.
# '
# at t/renegotiate_client_pings.t line 57.
# Failed test 'SERVER: Server_SSLify Please do SSLify_Options() first ( or pass in a $ctx object ) at /tmp/loop_over_bdir-13719-oCqJQh/POE-Component-SSLify-1.012-0/blib/lib/POE/Component/SSLify.pm line 247.
# '
# at t/renegotiate_client_pings.t line 60.
# Failed test 'CLIENT: SSLify_ContextCreate Can't locate auto/Net/SSLeay/CTX_v3_new.al in @INC (@INC contains: /tmp/loop_over_bdir-13719-oCqJQh/POE-Component-SSLify-1.012-0/blib/lib /tmp/loop_over_bdir-13719-oCqJQh/POE-Component-SSLify-1.012-0/blib/arch /home/sand/src/perl/repoperls/installed-perls/host/k93msid/v5.24.1/da1c/lib/site_perl/5.24.1/x86_64-linux /home/sand/src/perl/repoperls/installed-perls/host/k93msid/v5.24.1/da1c/lib/site_perl/5.24.1 /home/sand/src/perl/repoperls/installed-perls/host/k93msid/v5.24.1/da1c/lib/5.24.1/x86_64-linux /home/sand/src/perl/repoperls/installed-perls/host/k93msid/v5.24.1/da1c/lib/5.24.1 .) at /tmp/loop_over_bdir-13719-oCqJQh/POE-Component-SSLify-1.012-0/blib/lib/POE/Component/SSLify.pm line 362.
# '
# at t/renegotiate_client_pings.t line 120.
Can't use an undefined value as a symbol reference at /tmp/loop_over_bdir-13719-oCqJQh/POE-Component-SSLify-1.012-0/blib/lib/POE/Component/SSLify.pm line 446.
# Tests were run but no plan was declared and done_testing() was not seen.
# Looks like your test exited with 22 just after 7.
t/renegotiate_client_pings.t ..
Dubious, test returned 22 (wstat 5632, 0x1600)
Failed 3/7 subtests
# Failed test 'SERVER: SSLify_Options Can't locate auto/Net/SSLeay/CTX_v3_new.al in @INC (@INC contains: /tmp/loop_over_bdir-13719-oCqJQh/POE-Component-SSLify-1.012-0/blib/lib /tmp/loop_over_bdir-13719-oCqJQh/POE-Component-SSLify-1.012-0/blib/arch /home/sand/src/perl/repoperls/installed-perls/host/k93msid/v5.24.1/da1c/lib/site_perl/5.24.1/x86_64-linux /home/sand/src/perl/repoperls/installed-perls/host/k93msid/v5.24.1/da1c/lib/site_perl/5.24.1 /home/sand/src/perl/repoperls/installed-perls/host/k93msid/v5.24.1/da1c/lib/5.24.1/x86_64-linux /home/sand/src/perl/repoperls/installed-perls/host/k93msid/v5.24.1/da1c/lib/5.24.1 .) at /tmp/loop_over_bdir-13719-oCqJQh/POE-Component-SSLify-1.012-0/blib/lib/POE/Component/SSLify.pm line 362.
# '
# at t/renegotiate_server.t line 55.
# Failed test 'SERVER: Server_SSLify Please do SSLify_Options() first ( or pass in a $ctx object ) at /tmp/loop_over_bdir-13719-oCqJQh/POE-Component-SSLify-1.012-0/blib/lib/POE/Component/SSLify.pm line 247.
# '
# at t/renegotiate_server.t line 58.
# Failed test 'CLIENT: SSLify_ContextCreate Can't locate auto/Net/SSLeay/CTX_v3_new.al in @INC (@INC contains: /tmp/loop_over_bdir-13719-oCqJQh/POE-Component-SSLify-1.012-0/blib/lib /tmp/loop_over_bdir-13719-oCqJQh/POE-Component-SSLify-1.012-0/blib/arch /home/sand/src/perl/repoperls/installed-perls/host/k93msid/v5.24.1/da1c/lib/site_perl/5.24.1/x86_64-linux /home/sand/src/perl/repoperls/installed-perls/host/k93msid/v5.24.1/da1c/lib/site_perl/5.24.1 /home/sand/src/perl/repoperls/installed-perls/host/k93msid/v5.24.1/da1c/lib/5.24.1/x86_64-linux /home/sand/src/perl/repoperls/installed-perls/host/k93msid/v5.24.1/da1c/lib/5.24.1 .) at /tmp/loop_over_bdir-13719-oCqJQh/POE-Component-SSLify-1.012-0/blib/lib/POE/Component/SSLify.pm line 362.
# '
# at t/renegotiate_server.t line 117.
Can't use an undefined value as a symbol reference at /tmp/loop_over_bdir-13719-oCqJQh/POE-Component-SSLify-1.012-0/blib/lib/POE/Component/SSLify.pm line 446.
# Tests were run but no plan was declared and done_testing() was not seen.
# Looks like your test exited with 22 just after 7.
t/renegotiate_server.t ........
Dubious, test returned 22 (wstat 5632, 0x1600)
Failed 3/7 subtests
# Failed test 'SERVER: SSLify_Options Can't locate auto/Net/SSLeay/CTX_v3_new.al in @INC (@INC contains: /tmp/loop_over_bdir-13719-oCqJQh/POE-Component-SSLify-1.012-0/blib/lib /tmp/loop_over_bdir-13719-oCqJQh/POE-Component-SSLify-1.012-0/blib/arch /home/sand/src/perl/repoperls/installed-perls/host/k93msid/v5.24.1/da1c/lib/site_perl/5.24.1/x86_64-linux /home/sand/src/perl/repoperls/installed-perls/host/k93msid/v5.24.1/da1c/lib/site_perl/5.24.1 /home/sand/src/perl/repoperls/installed-perls/host/k93msid/v5.24.1/da1c/lib/5.24.1/x86_64-linux /home/sand/src/perl/repoperls/installed-perls/host/k93msid/v5.24.1/da1c/lib/5.24.1 .) at /tmp/loop_over_bdir-13719-oCqJQh/POE-Component-SSLify-1.012-0/blib/lib/POE/Component/SSLify.pm line 362.
# '
# at t/simple.t line 52.
# Failed test 'SERVER: Server_SSLify Please do SSLify_Options() first ( or pass in a $ctx object ) at /tmp/loop_over_bdir-13719-oCqJQh/POE-Component-SSLify-1.012-0/blib/lib/POE/Component/SSLify.pm line 247.
# '
# at t/simple.t line 55.
# Failed test 'CLIENT: SSLify_ContextCreate Can't locate auto/Net/SSLeay/CTX_v3_new.al in @INC (@INC contains: /tmp/loop_over_bdir-13719-oCqJQh/POE-Component-SSLify-1.012-0/blib/lib /tmp/loop_over_bdir-13719-oCqJQh/POE-Component-SSLify-1.012-0/blib/arch /home/sand/src/perl/repoperls/installed-perls/host/k93msid/v5.24.1/da1c/lib/site_perl/5.24.1/x86_64-linux /home/sand/src/perl/repoperls/installed-perls/host/k93msid/v5.24.1/da1c/lib/site_perl/5.24.1 /home/sand/src/perl/repoperls/installed-perls/host/k93msid/v5.24.1/da1c/lib/5.24.1/x86_64-linux /home/sand/src/perl/repoperls/installed-perls/host/k93msid/v5.24.1/da1c/lib/5.24.1 .) at /tmp/loop_over_bdir-13719-oCqJQh/POE-Component-SSLify-1.012-0/blib/lib/POE/Component/SSLify.pm line 362.
# '
# at t/simple.t line 111.
Can't use an undefined value as a symbol reference at /tmp/loop_over_bdir-13719-oCqJQh/POE-Component-SSLify-1.012-0/blib/lib/POE/Component/SSLify.pm line 446.
# Tests were run but no plan was declared and done_testing() was not seen.
# Looks like your test exited with 22 just after 7.
t/simple.t ....................
Dubious, test returned 22 (wstat 5632, 0x1600)
Failed 3/7 subtests
# Failed test 'SERVER: SSLify_Options Can't locate auto/Net/SSLeay/CTX_v3_new.al in @INC (@INC contains: /tmp/loop_over_bdir-13719-oCqJQh/POE-Component-SSLify-1.012-0/blib/lib /tmp/loop_over_bdir-13719-oCqJQh/POE-Component-SSLify-1.012-0/blib/arch /home/sand/src/perl/repoperls/installed-perls/host/k93msid/v5.24.1/da1c/lib/site_perl/5.24.1/x86_64-linux /home/sand/src/perl/repoperls/installed-perls/host/k93msid/v5.24.1/da1c/lib/site_perl/5.24.1 /home/sand/src/perl/repoperls/installed-perls/host/k93msid/v5.24.1/da1c/lib/5.24.1/x86_64-linux /home/sand/src/perl/repoperls/installed-perls/host/k93msid/v5.24.1/da1c/lib/5.24.1 .) at /tmp/loop_over_bdir-13719-oCqJQh/POE-Component-SSLify-1.012-0/blib/lib/POE/Component/SSLify.pm line 362.
# '
# at t/simple_large.t line 54.
# Failed test 'SERVER: Server_SSLify Please do SSLify_Options() first ( or pass in a $ctx object ) at /tmp/loop_over_bdir-13719-oCqJQh/POE-Component-SSLify-1.012-0/blib/lib/POE/Component/SSLify.pm line 247.
# '
# at t/simple_large.t line 57.
# Failed test 'CLIENT: SSLify_ContextCreate Can't locate auto/Net/SSLeay/CTX_v3_new.al in @INC (@INC contains: /tmp/loop_over_bdir-13719-oCqJQh/POE-Component-SSLify-1.012-0/blib/lib /tmp/loop_over_bdir-13719-oCqJQh/POE-Component-SSLify-1.012-0/blib/arch /home/sand/src/perl/repoperls/installed-perls/host/k93msid/v5.24.1/da1c/lib/site_perl/5.24.1/x86_64-linux /home/sand/src/perl/repoperls/installed-perls/host/k93msid/v5.24.1/da1c/lib/site_perl/5.24.1 /home/sand/src/perl/repoperls/installed-perls/host/k93msid/v5.24.1/da1c/lib/5.24.1/x86_64-linux /home/sand/src/perl/repoperls/installed-perls/host/k93msid/v5.24.1/da1c/lib/5.24.1 .) at /tmp/loop_over_bdir-13719-oCqJQh/POE-Component-SSLify-1.012-0/blib/lib/POE/Component/SSLify.pm line 362.
# '
# at t/simple_large.t line 113.
Can't use an undefined value as a symbol reference at /tmp/loop_over_bdir-13719-oCqJQh/POE-Component-SSLify-1.012-0/blib/lib/POE/Component/SSLify.pm line 446.
# Tests were run but no plan was declared and done_testing() was not seen.
# Looks like your test exited with 22 just after 6.
t/simple_large.t ..............
Dubious, test returned 22 (wstat 5632, 0x1600)
Failed 3/6 subtests
# Failed test 'SERVER: SSLify_Options Can't locate auto/Net/SSLeay/CTX_v3_new.al in @INC (@INC contains: /tmp/loop_over_bdir-13719-oCqJQh/POE-Component-SSLify-1.012-0/blib/lib /tmp/loop_over_bdir-13719-oCqJQh/POE-Component-SSLify-1.012-0/blib/arch /home/sand/src/perl/repoperls/installed-perls/host/k93msid/v5.24.1/da1c/lib/site_perl/5.24.1/x86_64-linux /home/sand/src/perl/repoperls/installed-perls/host/k93msid/v5.24.1/da1c/lib/site_perl/5.24.1 /home/sand/src/perl/repoperls/installed-perls/host/k93msid/v5.24.1/da1c/lib/5.24.1/x86_64-linux /home/sand/src/perl/repoperls/installed-perls/host/k93msid/v5.24.1/da1c/lib/5.24.1 .) at /tmp/loop_over_bdir-13719-oCqJQh/POE-Component-SSLify-1.012-0/blib/lib/POE/Component/SSLify.pm line 362.
# '
# at t/simple_parallel.t line 52.
# Failed test 'SERVER: Server_SSLify Please do SSLify_Options() first ( or pass in a $ctx object ) at /tmp/loop_over_bdir-13719-oCqJQh/POE-Component-SSLify-1.012-0/blib/lib/POE/Component/SSLify.pm line 247.
# '
# at t/simple_parallel.t line 55.
# Failed test 'CLIENT: SSLify_ContextCreate Can't locate auto/Net/SSLeay/CTX_v3_new.al in @INC (@INC contains: /tmp/loop_over_bdir-13719-oCqJQh/POE-Component-SSLify-1.012-0/blib/lib /tmp/loop_over_bdir-13719-oCqJQh/POE-Component-SSLify-1.012-0/blib/arch /home/sand/src/perl/repoperls/installed-perls/host/k93msid/v5.24.1/da1c/lib/site_perl/5.24.1/x86_64-linux /home/sand/src/perl/repoperls/installed-perls/host/k93msid/v5.24.1/da1c/lib/site_perl/5.24.1 /home/sand/src/perl/repoperls/installed-perls/host/k93msid/v5.24.1/da1c/lib/5.24.1/x86_64-linux /home/sand/src/perl/repoperls/installed-perls/host/k93msid/v5.24.1/da1c/lib/5.24.1 .) at /tmp/loop_over_bdir-13719-oCqJQh/POE-Component-SSLify-1.012-0/blib/lib/POE/Component/SSLify.pm line 362.
# '
# at t/simple_parallel.t line 111.
# Failed test 'CLIENT: SSLify_ContextCreate Can't locate auto/Net/SSLeay/CTX_v3_new.al in @INC (@INC contains: /tmp/loop_over_bdir-13719-oCqJQh/POE-Component-SSLify-1.012-0/blib/lib /tmp/loop_over_bdir-13719-oCqJQh/POE-Component-SSLify-1.012-0/blib/arch /home/sand/src/perl/repoperls/installed-perls/host/k93msid/v5.24.1/da1c/lib/site_perl/5.24.1/x86_64-linux /home/sand/src/perl/repoperls/installed-perls/host/k93msid/v5.24.1/da1c/lib/site_perl/5.24.1 /home/sand/src/perl/repoperls/installed-perls/host/k93msid/v5.24.1/da1c/lib/5.24.1/x86_64-linux /home/sand/src/perl/repoperls/installed-perls/host/k93msid/v5.24.1/da1c/lib/5.24.1 .) at /tmp/loop_over_bdir-13719-oCqJQh/POE-Component-SSLify-1.012-0/blib/lib/POE/Component/SSLify.pm line 362.
# '
# at t/simple_parallel.t line 111.
# Failed test 'CLIENT: SSLify_ContextCreate Can't locate auto/Net/SSLeay/CTX_v3_new.al in @INC (@INC contains: /tmp/loop_over_bdir-13719-oCqJQh/POE-Component-SSLify-1.012-0/blib/lib /tmp/loop_over_bdir-13719-oCqJQh/POE-Component-SSLify-1.012-0/blib/arch /home/sand/src/perl/repoperls/installed-perls/host/k93msid/v5.24.1/da1c/lib/site_perl/5.24.1/x86_64-linux /home/sand/src/perl/repoperls/installed-perls/host/k93msid/v5.24.1/da1c/lib/site_perl/5.24.1 /home/sand/src/perl/repoperls/installed-perls/host/k93msid/v5.24.1/da1c/lib/5.24.1/x86_64-linux /home/sand/src/perl/repoperls/installed-perls/host/k93msid/v5.24.1/da1c/lib/5.24.1 .) at /tmp/loop_over_bdir-13719-oCqJQh/POE-Component-SSLify-1.012-0/blib/lib/POE/Component/SSLify.pm line 362.
# '
# at t/simple_parallel.t line 111.
# Failed test 'CLIENT: SSLify_ContextCreate Can't locate auto/Net/SSLeay/CTX_v3_new.al in @INC (@INC contains: /tmp/loop_over_bdir-13719-oCqJQh/POE-Component-SSLify-1.012-0/blib/lib /tmp/loop_over_bdir-13719-oCqJQh/POE-Component-SSLify-1.012-0/blib/arch /home/sand/src/perl/repoperls/installed-perls/host/k93msid/v5.24.1/da1c/lib/site_perl/5.24.1/x86_64-linux /home/sand/src/perl/repoperls/installed-perls/host/k93msid/v5.24.1/da1c/lib/site_perl/5.24.1 /home/sand/src/perl/repoperls/installed-perls/host/k93msid/v5.24.1/da1c/lib/5.24.1/x86_64-linux /home/sand/src/perl/repoperls/installed-perls/host/k93msid/v5.24.1/da1c/lib/5.24.1 .) at /tmp/loop_over_bdir-13719-oCqJQh/POE-Component-SSLify-1.012-0/blib/lib/POE/Component/SSLify.pm line 362.
# '
# at t/simple_parallel.t line 111.
# Failed test 'CLIENT: SSLify_ContextCreate Can't locate auto/Net/SSLeay/CTX_v3_new.al in @INC (@INC contains: /tmp/loop_over_bdir-13719-oCqJQh/POE-Component-SSLify-1.012-0/blib/lib /tmp/loop_over_bdir-13719-oCqJQh/POE-Component-SSLify-1.012-0/blib/arch /home/sand/src/perl/repoperls/installed-perls/host/k93msid/v5.24.1/da1c/lib/site_perl/5.24.1/x86_64-linux /home/sand/src/perl/repoperls/installed-perls/host/k93msid/v5.24.1/da1c/lib/site_perl/5.24.1 /home/sand/src/perl/repoperls/installed-perls/host/k93msid/v5.24.1/da1c/lib/5.24.1/x86_64-linux /home/sand/src/perl/repoperls/installed-perls/host/k93msid/v5.24.1/da1c/lib/5.24.1 .) at /tmp/loop_over_bdir-13719-oCqJQh/POE-Component-SSLify-1.012-0/blib/lib/POE/Component/SSLify.pm line 362.
# '
# at t/simple_parallel.t line 111.
# Failed test 'CLIENT: SSLify_ContextCreate Can't locate auto/Net/SSLeay/CTX_v3_new.al in @INC (@INC contains: /tmp/loop_over_bdir-13719-oCqJQh/POE-Component-SSLify-1.012-0/blib/lib /tmp/loop_over_bdir-13719-oCqJQh/POE-Component-SSLify-1.012-0/blib/arch /home/sand/src/perl/repoperls/installed-perls/host/k93msid/v5.24.1/da1c/lib/site_perl/5.24.1/x86_64-linux /home/sand/src/perl/repoperls/installed-perls/host/k93msid/v5.24.1/da1c/lib/site_perl/5.24.1 /home/sand/src/perl/repoperls/installed-perls/host/k93msid/v5.24.1/da1c/lib/5.24.1/x86_64-linux /home/sand/src/perl/repoperls/installed-perls/host/k93msid/v5.24.1/da1c/lib/5.24.1 .) at /tmp/loop_over_bdir-13719-oCqJQh/POE-Component-SSLify-1.012-0/blib/lib/POE/Component/SSLify.pm line 362.
# '
# at t/simple_parallel.t line 111.
# Failed test 'CLIENT: SSLify_ContextCreate Can't locate auto/Net/SSLeay/CTX_v3_new.al in @INC (@INC contains: /tmp/loop_over_bdir-13719-oCqJQh/POE-Component-SSLify-1.012-0/blib/lib /tmp/loop_over_bdir-13719-oCqJQh/POE-Component-SSLify-1.012-0/blib/arch /home/sand/src/perl/repoperls/installed-perls/host/k93msid/v5.24.1/da1c/lib/site_perl/5.24.1/x86_64-linux /home/sand/src/perl/repoperls/installed-perls/host/k93msid/v5.24.1/da1c/lib/site_perl/5.24.1 /home/sand/src/perl/repoperls/installed-perls/host/k93msid/v5.24.1/da1c/lib/5.24.1/x86_64-linux /home/sand/src/perl/repoperls/installed-perls/host/k93msid/v5.24.1/da1c/lib/5.24.1 .) at /tmp/loop_over_bdir-13719-oCqJQh/POE-Component-SSLify-1.012-0/blib/lib/POE/Component/SSLify.pm line 362.
# '
# at t/simple_parallel.t line 111.
# Failed test 'CLIENT: SSLify_ContextCreate Can't locate auto/Net/SSLeay/CTX_v3_new.al in @INC (@INC contains: /tmp/loop_over_bdir-13719-oCqJQh/POE-Component-SSLify-1.012-0/blib/lib /tmp/loop_over_bdir-13719-oCqJQh/POE-Component-SSLify-1.012-0/blib/arch /home/sand/src/perl/repoperls/installed-perls/host/k93msid/v5.24.1/da1c/lib/site_perl/5.24.1/x86_64-linux /home/sand/src/perl/repoperls/installed-perls/host/k93msid/v5.24.1/da1c/lib/site_perl/5.24.1 /home/sand/src/perl/repoperls/installed-perls/host/k93msid/v5.24.1/da1c/lib/5.24.1/x86_64-linux /home/sand/src/perl/repoperls/installed-perls/host/k93msid/v5.24.1/da1c/lib/5.24.1 .) at /tmp/loop_over_bdir-13719-oCqJQh/POE-Component-SSLify-1.012-0/blib/lib/POE/Component/SSLify.pm line 362.
# '
# at t/simple_parallel.t line 111.
# Failed test 'CLIENT: SSLify_ContextCreate Can't locate auto/Net/SSLeay/CTX_v3_new.al in @INC (@INC contains: /tmp/loop_over_bdir-13719-oCqJQh/POE-Component-SSLify-1.012-0/blib/lib /tmp/loop_over_bdir-13719-oCqJQh/POE-Component-SSLify-1.012-0/blib/arch /home/sand/src/perl/repoperls/installed-perls/host/k93msid/v5.24.1/da1c/lib/site_perl/5.24.1/x86_64-linux /home/sand/src/perl/repoperls/installed-perls/host/k93msid/v5.24.1/da1c/lib/site_perl/5.24.1 /home/sand/src/perl/repoperls/installed-perls/host/k93msid/v5.24.1/da1c/lib/5.24.1/x86_64-linux /home/sand/src/perl/repoperls/installed-perls/host/k93msid/v5.24.1/da1c/lib/5.24.1 .) at /tmp/loop_over_bdir-13719-oCqJQh/POE-Component-SSLify-1.012-0/blib/lib/POE/Component/SSLify.pm line 362.
# '
# at t/simple_parallel.t line 111.
# Failed test 'CLIENT: SSLify_ContextCreate Can't locate auto/Net/SSLeay/CTX_v3_new.al in @INC (@INC contains: /tmp/loop_over_bdir-13719-oCqJQh/POE-Component-SSLify-1.012-0/blib/lib /tmp/loop_over_bdir-13719-oCqJQh/POE-Component-SSLify-1.012-0/blib/arch /home/sand/src/perl/repoperls/installed-perls/host/k93msid/v5.24.1/da1c/lib/site_perl/5.24.1/x86_64-linux /home/sand/src/perl/repoperls/installed-perls/host/k93msid/v5.24.1/da1c/lib/site_perl/5.24.1 /home/sand/src/perl/repoperls/installed-perls/host/k93msid/v5.24.1/da1c/lib/5.24.1/x86_64-linux /home/sand/src/perl/repoperls/installed-perls/host/k93msid/v5.24.1/da1c/lib/5.24.1 .) at /tmp/loop_over_bdir-13719-oCqJQh/POE-Component-SSLify-1.012-0/blib/lib/POE/Component/SSLify.pm line 362.
# '
# at t/simple_parallel.t line 111.
Can't use an undefined value as a symbol reference at /tmp/loop_over_bdir-13719-oCqJQh/POE-Component-SSLify-1.012-0/blib/lib/POE/Component/SSLify.pm line 446.
# Tests were run but no plan was declared and done_testing() was not seen.
# Looks like your test exited with 22 just after 52.
t/simple_parallel.t ...........
Dubious, test returned 22 (wstat 5632, 0x1600)
Failed 12/52 subtests
# Failed test 'SERVER: SSLify_Options Can't locate auto/Net/SSLeay/CTX_v3_new.al in @INC (@INC contains: /tmp/loop_over_bdir-13719-oCqJQh/POE-Component-SSLify-1.012-0/blib/lib /tmp/loop_over_bdir-13719-oCqJQh/POE-Component-SSLify-1.012-0/blib/arch /home/sand/src/perl/repoperls/installed-perls/host/k93msid/v5.24.1/da1c/lib/site_perl/5.24.1/x86_64-linux /home/sand/src/perl/repoperls/installed-perls/host/k93msid/v5.24.1/da1c/lib/site_perl/5.24.1 /home/sand/src/perl/repoperls/installed-perls/host/k93msid/v5.24.1/da1c/lib/5.24.1/x86_64-linux /home/sand/src/perl/repoperls/installed-perls/host/k93msid/v5.24.1/da1c/lib/5.24.1 .) at /tmp/loop_over_bdir-13719-oCqJQh/POE-Component-SSLify-1.012-0/blib/lib/POE/Component/SSLify.pm line 362.
# '
# at t/simple_parallel_large.t line 54.
# Failed test 'SERVER: Server_SSLify Please do SSLify_Options() first ( or pass in a $ctx object ) at /tmp/loop_over_bdir-13719-oCqJQh/POE-Component-SSLify-1.012-0/blib/lib/POE/Component/SSLify.pm line 247.
# '
# at t/simple_parallel_large.t line 57.
# Failed test 'CLIENT: SSLify_ContextCreate Can't locate auto/Net/SSLeay/CTX_v3_new.al in @INC (@INC contains: /tmp/loop_over_bdir-13719-oCqJQh/POE-Component-SSLify-1.012-0/blib/lib /tmp/loop_over_bdir-13719-oCqJQh/POE-Component-SSLify-1.012-0/blib/arch /home/sand/src/perl/repoperls/installed-perls/host/k93msid/v5.24.1/da1c/lib/site_perl/5.24.1/x86_64-linux /home/sand/src/perl/repoperls/installed-perls/host/k93msid/v5.24.1/da1c/lib/site_perl/5.24.1 /home/sand/src/perl/repoperls/installed-perls/host/k93msid/v5.24.1/da1c/lib/5.24.1/x86_64-linux /home/sand/src/perl/repoperls/installed-perls/host/k93msid/v5.24.1/da1c/lib/5.24.1 .) at /tmp/loop_over_bdir-13719-oCqJQh/POE-Component-SSLify-1.012-0/blib/lib/POE/Component/SSLify.pm line 362.
# '
# at t/simple_parallel_large.t line 111.
# Failed test 'CLIENT: SSLify_ContextCreate Can't locate auto/Net/SSLeay/CTX_v3_new.al in @INC (@INC contains: /tmp/loop_over_bdir-13719-oCqJQh/POE-Component-SSLify-1.012-0/blib/lib /tmp/loop_over_bdir-13719-oCqJQh/POE-Component-SSLify-1.012-0/blib/arch /home/sand/src/perl/repoperls/installed-perls/host/k93msid/v5.24.1/da1c/lib/site_perl/5.24.1/x86_64-linux /home/sand/src/perl/repoperls/installed-perls/host/k93msid/v5.24.1/da1c/lib/site_perl/5.24.1 /home/sand/src/perl/repoperls/installed-perls/host/k93msid/v5.24.1/da1c/lib/5.24.1/x86_64-linux /home/sand/src/perl/repoperls/installed-perls/host/k93msid/v5.24.1/da1c/lib/5.24.1 .) at /tmp/loop_over_bdir-13719-oCqJQh/POE-Component-SSLify-1.012-0/blib/lib/POE/Component/SSLify.pm line 362.
# '
# at t/simple_parallel_large.t line 111.
# Failed test 'CLIENT: SSLify_ContextCreate Can't locate auto/Net/SSLeay/CTX_v3_new.al in @INC (@INC contains: /tmp/loop_over_bdir-13719-oCqJQh/POE-Component-SSLify-1.012-0/blib/lib /tmp/loop_over_bdir-13719-oCqJQh/POE-Component-SSLify-1.012-0/blib/arch /home/sand/src/perl/repoperls/installed-perls/host/k93msid/v5.24.1/da1c/lib/site_perl/5.24.1/x86_64-linux /home/sand/src/perl/repoperls/installed-perls/host/k93msid/v5.24.1/da1c/lib/site_perl/5.24.1 /home/sand/src/perl/repoperls/installed-perls/host/k93msid/v5.24.1/da1c/lib/5.24.1/x86_64-linux /home/sand/src/perl/repoperls/installed-perls/host/k93msid/v5.24.1/da1c/lib/5.24.1 .) at /tmp/loop_over_bdir-13719-oCqJQh/POE-Component-SSLify-1.012-0/blib/lib/POE/Component/SSLify.pm line 362.
# '
# at t/simple_parallel_large.t line 111.
# Failed test 'CLIENT: SSLify_ContextCreate Can't locate auto/Net/SSLeay/CTX_v3_new.al in @INC (@INC contains: /tmp/loop_over_bdir-13719-oCqJQh/POE-Component-SSLify-1.012-0/blib/lib /tmp/loop_over_bdir-13719-oCqJQh/POE-Component-SSLify-1.012-0/blib/arch /home/sand/src/perl/repoperls/installed-perls/host/k93msid/v5.24.1/da1c/lib/site_perl/5.24.1/x86_64-linux /home/sand/src/perl/repoperls/installed-perls/host/k93msid/v5.24.1/da1c/lib/site_perl/5.24.1 /home/sand/src/perl/repoperls/installed-perls/host/k93msid/v5.24.1/da1c/lib/5.24.1/x86_64-linux /home/sand/src/perl/repoperls/installed-perls/host/k93msid/v5.24.1/da1c/lib/5.24.1 .) at /tmp/loop_over_bdir-13719-oCqJQh/POE-Component-SSLify-1.012-0/blib/lib/POE/Component/SSLify.pm line 362.
# '
# at t/simple_parallel_large.t line 111.
# Failed test 'CLIENT: SSLify_ContextCreate Can't locate auto/Net/SSLeay/CTX_v3_new.al in @INC (@INC contains: /tmp/loop_over_bdir-13719-oCqJQh/POE-Component-SSLify-1.012-0/blib/lib /tmp/loop_over_bdir-13719-oCqJQh/POE-Component-SSLify-1.012-0/blib/arch /home/sand/src/perl/repoperls/installed-perls/host/k93msid/v5.24.1/da1c/lib/site_perl/5.24.1/x86_64-linux /home/sand/src/perl/repoperls/installed-perls/host/k93msid/v5.24.1/da1c/lib/site_perl/5.24.1 /home/sand/src/perl/repoperls/installed-perls/host/k93msid/v5.24.1/da1c/lib/5.24.1/x86_64-linux /home/sand/src/perl/repoperls/installed-perls/host/k93msid/v5.24.1/da1c/lib/5.24.1 .) at /tmp/loop_over_bdir-13719-oCqJQh/POE-Component-SSLify-1.012-0/blib/lib/POE/Component/SSLify.pm line 362.
# '
# at t/simple_parallel_large.t line 111.
# Failed test 'CLIENT: SSLify_ContextCreate Can't locate auto/Net/SSLeay/CTX_v3_new.al in @INC (@INC contains: /tmp/loop_over_bdir-13719-oCqJQh/POE-Component-SSLify-1.012-0/blib/lib /tmp/loop_over_bdir-13719-oCqJQh/POE-Component-SSLify-1.012-0/blib/arch /home/sand/src/perl/repoperls/installed-perls/host/k93msid/v5.24.1/da1c/lib/site_perl/5.24.1/x86_64-linux /home/sand/src/perl/repoperls/installed-perls/host/k93msid/v5.24.1/da1c/lib/site_perl/5.24.1 /home/sand/src/perl/repoperls/installed-perls/host/k93msid/v5.24.1/da1c/lib/5.24.1/x86_64-linux /home/sand/src/perl/repoperls/installed-perls/host/k93msid/v5.24.1/da1c/lib/5.24.1 .) at /tmp/loop_over_bdir-13719-oCqJQh/POE-Component-SSLify-1.012-0/blib/lib/POE/Component/SSLify.pm line 362.
# '
# at t/simple_parallel_large.t line 111.
# Failed test 'CLIENT: SSLify_ContextCreate Can't locate auto/Net/SSLeay/CTX_v3_new.al in @INC (@INC contains: /tmp/loop_over_bdir-13719-oCqJQh/POE-Component-SSLify-1.012-0/blib/lib /tmp/loop_over_bdir-13719-oCqJQh/POE-Component-SSLify-1.012-0/blib/arch /home/sand/src/perl/repoperls/installed-perls/host/k93msid/v5.24.1/da1c/lib/site_perl/5.24.1/x86_64-linux /home/sand/src/perl/repoperls/installed-perls/host/k93msid/v5.24.1/da1c/lib/site_perl/5.24.1 /home/sand/src/perl/repoperls/installed-perls/host/k93msid/v5.24.1/da1c/lib/5.24.1/x86_64-linux /home/sand/src/perl/repoperls/installed-perls/host/k93msid/v5.24.1/da1c/lib/5.24.1 .) at /tmp/loop_over_bdir-13719-oCqJQh/POE-Component-SSLify-1.012-0/blib/lib/POE/Component/SSLify.pm line 362.
# '
# at t/simple_parallel_large.t line 111.
# Failed test 'CLIENT: SSLify_ContextCreate Can't locate auto/Net/SSLeay/CTX_v3_new.al in @INC (@INC contains: /tmp/loop_over_bdir-13719-oCqJQh/POE-Component-SSLify-1.012-0/blib/lib /tmp/loop_over_bdir-13719-oCqJQh/POE-Component-SSLify-1.012-0/blib/arch /home/sand/src/perl/repoperls/installed-perls/host/k93msid/v5.24.1/da1c/lib/site_perl/5.24.1/x86_64-linux /home/sand/src/perl/repoperls/installed-perls/host/k93msid/v5.24.1/da1c/lib/site_perl/5.24.1 /home/sand/src/perl/repoperls/installed-perls/host/k93msid/v5.24.1/da1c/lib/5.24.1/x86_64-linux /home/sand/src/perl/repoperls/installed-perls/host/k93msid/v5.24.1/da1c/lib/5.24.1 .) at /tmp/loop_over_bdir-13719-oCqJQh/POE-Component-SSLify-1.012-0/blib/lib/POE/Component/SSLify.pm line 362.
# '
# at t/simple_parallel_large.t line 111.
# Failed test 'CLIENT: SSLify_ContextCreate Can't locate auto/Net/SSLeay/CTX_v3_new.al in @INC (@INC contains: /tmp/loop_over_bdir-13719-oCqJQh/POE-Component-SSLify-1.012-0/blib/lib /tmp/loop_over_bdir-13719-oCqJQh/POE-Component-SSLify-1.012-0/blib/arch /home/sand/src/perl/repoperls/installed-perls/host/k93msid/v5.24.1/da1c/lib/site_perl/5.24.1/x86_64-linux /home/sand/src/perl/repoperls/installed-perls/host/k93msid/v5.24.1/da1c/lib/site_perl/5.24.1 /home/sand/src/perl/repoperls/installed-perls/host/k93msid/v5.24.1/da1c/lib/5.24.1/x86_64-linux /home/sand/src/perl/repoperls/installed-perls/host/k93msid/v5.24.1/da1c/lib/5.24.1 .) at /tmp/loop_over_bdir-13719-oCqJQh/POE-Component-SSLify-1.012-0/blib/lib/POE/Component/SSLify.pm line 362.
# '
# at t/simple_parallel_large.t line 111.
# Failed test 'CLIENT: SSLify_ContextCreate Can't locate auto/Net/SSLeay/CTX_v3_new.al in @INC (@INC contains: /tmp/loop_over_bdir-13719-oCqJQh/POE-Component-SSLify-1.012-0/blib/lib /tmp/loop_over_bdir-13719-oCqJQh/POE-Component-SSLify-1.012-0/blib/arch /home/sand/src/perl/repoperls/installed-perls/host/k93msid/v5.24.1/da1c/lib/site_perl/5.24.1/x86_64-linux /home/sand/src/perl/repoperls/installed-perls/host/k93msid/v5.24.1/da1c/lib/site_perl/5.24.1 /home/sand/src/perl/repoperls/installed-perls/host/k93msid/v5.24.1/da1c/lib/5.24.1/x86_64-linux /home/sand/src/perl/repoperls/installed-perls/host/k93msid/v5.24.1/da1c/lib/5.24.1 .) at /tmp/loop_over_bdir-13719-oCqJQh/POE-Component-SSLify-1.012-0/blib/lib/POE/Component/SSLify.pm line 362.
# '
# at t/simple_parallel_large.t line 111.
Can't use an undefined value as a symbol reference at /tmp/loop_over_bdir-13719-oCqJQh/POE-Component-SSLify-1.012-0/blib/lib/POE/Component/SSLify.pm line 446.
# Tests were run but no plan was declared and done_testing() was not seen.
# Looks like your test exited with 22 just after 42.
t/simple_parallel_large.t .....
Dubious, test returned 22 (wstat 5632, 0x1600)
Failed 12/42 subtests
# Failed test 'SERVER: SSLify_Options Can't locate auto/Net/SSLeay/CTX_v3_new.al in @INC (@INC contains: /tmp/loop_over_bdir-13719-oCqJQh/POE-Component-SSLify-1.012-0/blib/lib /tmp/loop_over_bdir-13719-oCqJQh/POE-Component-SSLify-1.012-0/blib/arch /home/sand/src/perl/repoperls/installed-perls/host/k93msid/v5.24.1/da1c/lib/site_perl/5.24.1/x86_64-linux /home/sand/src/perl/repoperls/installed-perls/host/k93msid/v5.24.1/da1c/lib/site_perl/5.24.1 /home/sand/src/perl/repoperls/installed-perls/host/k93msid/v5.24.1/da1c/lib/5.24.1/x86_64-linux /home/sand/src/perl/repoperls/installed-perls/host/k93msid/v5.24.1/da1c/lib/5.24.1 .) at /tmp/loop_over_bdir-13719-oCqJQh/POE-Component-SSLify-1.012-0/blib/lib/POE/Component/SSLify.pm line 362.
# '
# at t/simple_parallel_superbig.t line 63.
# Failed test 'SERVER: Server_SSLify Please do SSLify_Options() first ( or pass in a $ctx object ) at /tmp/loop_over_bdir-13719-oCqJQh/POE-Component-SSLify-1.012-0/blib/lib/POE/Component/SSLify.pm line 247.
# '
# at t/simple_parallel_superbig.t line 66.
# Failed test 'CLIENT: SSLify_ContextCreate Can't locate auto/Net/SSLeay/CTX_v3_new.al in @INC (@INC contains: /tmp/loop_over_bdir-13719-oCqJQh/POE-Component-SSLify-1.012-0/blib/lib /tmp/loop_over_bdir-13719-oCqJQh/POE-Component-SSLify-1.012-0/blib/arch /home/sand/src/perl/repoperls/installed-perls/host/k93msid/v5.24.1/da1c/lib/site_perl/5.24.1/x86_64-linux /home/sand/src/perl/repoperls/installed-perls/host/k93msid/v5.24.1/da1c/lib/site_perl/5.24.1 /home/sand/src/perl/repoperls/installed-perls/host/k93msid/v5.24.1/da1c/lib/5.24.1/x86_64-linux /home/sand/src/perl/repoperls/installed-perls/host/k93msid/v5.24.1/da1c/lib/5.24.1 .) at /tmp/loop_over_bdir-13719-oCqJQh/POE-Component-SSLify-1.012-0/blib/lib/POE/Component/SSLify.pm line 362.
# '
# at t/simple_parallel_superbig.t line 120.
# Failed test 'CLIENT: SSLify_ContextCreate Can't locate auto/Net/SSLeay/CTX_v3_new.al in @INC (@INC contains: /tmp/loop_over_bdir-13719-oCqJQh/POE-Component-SSLify-1.012-0/blib/lib /tmp/loop_over_bdir-13719-oCqJQh/POE-Component-SSLify-1.012-0/blib/arch /home/sand/src/perl/repoperls/installed-perls/host/k93msid/v5.24.1/da1c/lib/site_perl/5.24.1/x86_64-linux /home/sand/src/perl/repoperls/installed-perls/host/k93msid/v5.24.1/da1c/lib/site_perl/5.24.1 /home/sand/src/perl/repoperls/installed-perls/host/k93msid/v5.24.1/da1c/lib/5.24.1/x86_64-linux /home/sand/src/perl/repoperls/installed-perls/host/k93msid/v5.24.1/da1c/lib/5.24.1 .) at /tmp/loop_over_bdir-13719-oCqJQh/POE-Component-SSLify-1.012-0/blib/lib/POE/Component/SSLify.pm line 362.
# '
# at t/simple_parallel_superbig.t line 120.
# Failed test 'CLIENT: SSLify_ContextCreate Can't locate auto/Net/SSLeay/CTX_v3_new.al in @INC (@INC contains: /tmp/loop_over_bdir-13719-oCqJQh/POE-Component-SSLify-1.012-0/blib/lib /tmp/loop_over_bdir-13719-oCqJQh/POE-Component-SSLify-1.012-0/blib/arch /home/sand/src/perl/repoperls/installed-perls/host/k93msid/v5.24.1/da1c/lib/site_perl/5.24.1/x86_64-linux /home/sand/src/perl/repoperls/installed-perls/host/k93msid/v5.24.1/da1c/lib/site_perl/5.24.1 /home/sand/src/perl/repoperls/installed-perls/host/k93msid/v5.24.1/da1c/lib/5.24.1/x86_64-linux /home/sand/src/perl/repoperls/installed-perls/host/k93msid/v5.24.1/da1c/lib/5.24.1 .) at /tmp/loop_over_bdir-13719-oCqJQh/POE-Component-SSLify-1.012-0/blib/lib/POE/Component/SSLify.pm line 362.
# '
# at t/simple_parallel_superbig.t line 120.
# Failed test 'CLIENT: SSLify_ContextCreate Can't locate auto/Net/SSLeay/CTX_v3_new.al in @INC (@INC contains: /tmp/loop_over_bdir-13719-oCqJQh/POE-Component-SSLify-1.012-0/blib/lib /tmp/loop_over_bdir-13719-oCqJQh/POE-Component-SSLify-1.012-0/blib/arch /home/sand/src/perl/repoperls/installed-perls/host/k93msid/v5.24.1/da1c/lib/site_perl/5.24.1/x86_64-linux /home/sand/src/perl/repoperls/installed-perls/host/k93msid/v5.24.1/da1c/lib/site_perl/5.24.1 /home/sand/src/perl/repoperls/installed-perls/host/k93msid/v5.24.1/da1c/lib/5.24.1/x86_64-linux /home/sand/src/perl/repoperls/installed-perls/host/k93msid/v5.24.1/da1c/lib/5.24.1 .) at /tmp/loop_over_bdir-13719-oCqJQh/POE-Component-SSLify-1.012-0/blib/lib/POE/Component/SSLify.pm line 362.
# '
# at t/simple_parallel_superbig.t line 120.
# Failed test 'CLIENT: SSLify_ContextCreate Can't locate auto/Net/SSLeay/CTX_v3_new.al in @INC (@INC contains: /tmp/loop_over_bdir-13719-oCqJQh/POE-Component-SSLify-1.012-0/blib/lib /tmp/loop_over_bdir-13719-oCqJQh/POE-Component-SSLify-1.012-0/blib/arch /home/sand/src/perl/repoperls/installed-perls/host/k93msid/v5.24.1/da1c/lib/site_perl/5.24.1/x86_64-linux /home/sand/src/perl/repoperls/installed-perls/host/k93msid/v5.24.1/da1c/lib/site_perl/5.24.1 /home/sand/src/perl/repoperls/installed-perls/host/k93msid/v5.24.1/da1c/lib/5.24.1/x86_64-linux /home/sand/src/perl/repoperls/installed-perls/host/k93msid/v5.24.1/da1c/lib/5.24.1 .) at /tmp/loop_over_bdir-13719-oCqJQh/POE-Component-SSLify-1.012-0/blib/lib/POE/Component/SSLify.pm line 362.
# '
# at t/simple_parallel_superbig.t line 120.
# Failed test 'CLIENT: SSLify_ContextCreate Can't locate auto/Net/SSLeay/CTX_v3_new.al in @INC (@INC contains: /tmp/loop_over_bdir-13719-oCqJQh/POE-Component-SSLify-1.012-0/blib/lib /tmp/loop_over_bdir-13719-oCqJQh/POE-Component-SSLify-1.012-0/blib/arch /home/sand/src/perl/repoperls/installed-perls/host/k93msid/v5.24.1/da1c/lib/site_perl/5.24.1/x86_64-linux /home/sand/src/perl/repoperls/installed-perls/host/k93msid/v5.24.1/da1c/lib/site_perl/5.24.1 /home/sand/src/perl/repoperls/installed-perls/host/k93msid/v5.24.1/da1c/lib/5.24.1/x86_64-linux /home/sand/src/perl/repoperls/installed-perls/host/k93msid/v5.24.1/da1c/lib/5.24.1 .) at /tmp/loop_over_bdir-13719-oCqJQh/POE-Component-SSLify-1.012-0/blib/lib/POE/Component/SSLify.pm line 362.
# '
# at t/simple_parallel_superbig.t line 120.
# Failed test 'CLIENT: SSLify_ContextCreate Can't locate auto/Net/SSLeay/CTX_v3_new.al in @INC (@INC contains: /tmp/loop_over_bdir-13719-oCqJQh/POE-Component-SSLify-1.012-0/blib/lib /tmp/loop_over_bdir-13719-oCqJQh/POE-Component-SSLify-1.012-0/blib/arch /home/sand/src/perl/repoperls/installed-perls/host/k93msid/v5.24.1/da1c/lib/site_perl/5.24.1/x86_64-linux /home/sand/src/perl/repoperls/installed-perls/host/k93msid/v5.24.1/da1c/lib/site_perl/5.24.1 /home/sand/src/perl/repoperls/installed-perls/host/k93msid/v5.24.1/da1c/lib/5.24.1/x86_64-linux /home/sand/src/perl/repoperls/installed-perls/host/k93msid/v5.24.1/da1c/lib/5.24.1 .) at /tmp/loop_over_bdir-13719-oCqJQh/POE-Component-SSLify-1.012-0/blib/lib/POE/Component/SSLify.pm line 362.
# '
# at t/simple_parallel_superbig.t line 120.
# Failed test 'CLIENT: SSLify_ContextCreate Can't locate auto/Net/SSLeay/CTX_v3_new.al in @INC (@INC contains: /tmp/loop_over_bdir-13719-oCqJQh/POE-Component-SSLify-1.012-0/blib/lib /tmp/loop_over_bdir-13719-oCqJQh/POE-Component-SSLify-1.012-0/blib/arch /home/sand/src/perl/repoperls/installed-perls/host/k93msid/v5.24.1/da1c/lib/site_perl/5.24.1/x86_64-linux /home/sand/src/perl/repoperls/installed-perls/host/k93msid/v5.24.1/da1c/lib/site_perl/5.24.1 /home/sand/src/perl/repoperls/installed-perls/host/k93msid/v5.24.1/da1c/lib/5.24.1/x86_64-linux /home/sand/src/perl/repoperls/installed-perls/host/k93msid/v5.24.1/da1c/lib/5.24.1 .) at /tmp/loop_over_bdir-13719-oCqJQh/POE-Component-SSLify-1.012-0/blib/lib/POE/Component/SSLify.pm line 362.
# '
# at t/simple_parallel_superbig.t line 120.
# Failed test 'CLIENT: SSLify_ContextCreate Can't locate auto/Net/SSLeay/CTX_v3_new.al in @INC (@INC contains: /tmp/loop_over_bdir-13719-oCqJQh/POE-Component-SSLify-1.012-0/blib/lib /tmp/loop_over_bdir-13719-oCqJQh/POE-Component-SSLify-1.012-0/blib/arch /home/sand/src/perl/repoperls/installed-perls/host/k93msid/v5.24.1/da1c/lib/site_perl/5.24.1/x86_64-linux /home/sand/src/perl/repoperls/installed-perls/host/k93msid/v5.24.1/da1c/lib/site_perl/5.24.1 /home/sand/src/perl/repoperls/installed-perls/host/k93msid/v5.24.1/da1c/lib/5.24.1/x86_64-linux /home/sand/src/perl/repoperls/installed-perls/host/k93msid/v5.24.1/da1c/lib/5.24.1 .) at /tmp/loop_over_bdir-13719-oCqJQh/POE-Component-SSLify-1.012-0/blib/lib/POE/Component/SSLify.pm line 362.
# '
# at t/simple_parallel_superbig.t line 120.
# Failed test 'CLIENT: SSLify_ContextCreate Can't locate auto/Net/SSLeay/CTX_v3_new.al in @INC (@INC contains: /tmp/loop_over_bdir-13719-oCqJQh/POE-Component-SSLify-1.012-0/blib/lib /tmp/loop_over_bdir-13719-oCqJQh/POE-Component-SSLify-1.012-0/blib/arch /home/sand/src/perl/repoperls/installed-perls/host/k93msid/v5.24.1/da1c/lib/site_perl/5.24.1/x86_64-linux /home/sand/src/perl/repoperls/installed-perls/host/k93msid/v5.24.1/da1c/lib/site_perl/5.24.1 /home/sand/src/perl/repoperls/installed-perls/host/k93msid/v5.24.1/da1c/lib/5.24.1/x86_64-linux /home/sand/src/perl/repoperls/installed-perls/host/k93msid/v5.24.1/da1c/lib/5.24.1 .) at /tmp/loop_over_bdir-13719-oCqJQh/POE-Component-SSLify-1.012-0/blib/lib/POE/Component/SSLify.pm line 362.
# '
# at t/simple_parallel_superbig.t line 120.
Can't use an undefined value as a symbol reference at /tmp/loop_over_bdir-13719-oCqJQh/POE-Component-SSLify-1.012-0/blib/lib/POE/Component/SSLify.pm line 446.
# Tests were run but no plan was declared and done_testing() was not seen.
# Looks like your test exited with 22 just after 42.
t/simple_parallel_superbig.t ..
Dubious, test returned 22 (wstat 5632, 0x1600)
Failed 12/42 subtests
# Failed test 'SERVER: SSLify_Options Can't locate auto/Net/SSLeay/CTX_v3_new.al in @INC (@INC contains: /tmp/loop_over_bdir-13719-oCqJQh/POE-Component-SSLify-1.012-0/blib/lib /tmp/loop_over_bdir-13719-oCqJQh/POE-Component-SSLify-1.012-0/blib/arch /home/sand/src/perl/repoperls/installed-perls/host/k93msid/v5.24.1/da1c/lib/site_perl/5.24.1/x86_64-linux /home/sand/src/perl/repoperls/installed-perls/host/k93msid/v5.24.1/da1c/lib/site_perl/5.24.1 /home/sand/src/perl/repoperls/installed-perls/host/k93msid/v5.24.1/da1c/lib/5.24.1/x86_64-linux /home/sand/src/perl/repoperls/installed-perls/host/k93msid/v5.24.1/da1c/lib/5.24.1 .) at /tmp/loop_over_bdir-13719-oCqJQh/POE-Component-SSLify-1.012-0/blib/lib/POE/Component/SSLify.pm line 362.
# '
# at t/simple_superbig.t line 62.
# Failed test 'SERVER: Server_SSLify Please do SSLify_Options() first ( or pass in a $ctx object ) at /tmp/loop_over_bdir-13719-oCqJQh/POE-Component-SSLify-1.012-0/blib/lib/POE/Component/SSLify.pm line 247.
# '
# at t/simple_superbig.t line 65.
# Failed test 'CLIENT: SSLify_ContextCreate Can't locate auto/Net/SSLeay/CTX_v3_new.al in @INC (@INC contains: /tmp/loop_over_bdir-13719-oCqJQh/POE-Component-SSLify-1.012-0/blib/lib /tmp/loop_over_bdir-13719-oCqJQh/POE-Component-SSLify-1.012-0/blib/arch /home/sand/src/perl/repoperls/installed-perls/host/k93msid/v5.24.1/da1c/lib/site_perl/5.24.1/x86_64-linux /home/sand/src/perl/repoperls/installed-perls/host/k93msid/v5.24.1/da1c/lib/site_perl/5.24.1 /home/sand/src/perl/repoperls/installed-perls/host/k93msid/v5.24.1/da1c/lib/5.24.1/x86_64-linux /home/sand/src/perl/repoperls/installed-perls/host/k93msid/v5.24.1/da1c/lib/5.24.1 .) at /tmp/loop_over_bdir-13719-oCqJQh/POE-Component-SSLify-1.012-0/blib/lib/POE/Component/SSLify.pm line 362.
# '
# at t/simple_superbig.t line 123.
Can't use an undefined value as a symbol reference at /tmp/loop_over_bdir-13719-oCqJQh/POE-Component-SSLify-1.012-0/blib/lib/POE/Component/SSLify.pm line 446.
# Tests were run but no plan was declared and done_testing() was not seen.
# Looks like your test exited with 22 just after 6.
t/simple_superbig.t ...........
Dubious, test returned 22 (wstat 5632, 0x1600)
Failed 3/6 subtests
# Failed test 'SERVER: SSLify_Options Can't locate auto/Net/SSLeay/CTX_v3_new.al in @INC (@INC contains: /tmp/loop_over_bdir-13719-oCqJQh/POE-Component-SSLify-1.012-0/blib/lib /tmp/loop_over_bdir-13719-oCqJQh/POE-Component-SSLify-1.012-0/blib/arch /home/sand/src/perl/repoperls/installed-perls/host/k93msid/v5.24.1/da1c/lib/site_perl/5.24.1/x86_64-linux /home/sand/src/perl/repoperls/installed-perls/host/k93msid/v5.24.1/da1c/lib/site_perl/5.24.1 /home/sand/src/perl/repoperls/installed-perls/host/k93msid/v5.24.1/da1c/lib/5.24.1/x86_64-linux /home/sand/src/perl/repoperls/installed-perls/host/k93msid/v5.24.1/da1c/lib/5.24.1 .) at /tmp/loop_over_bdir-13719-oCqJQh/POE-Component-SSLify-1.012-0/blib/lib/POE/Component/SSLify.pm line 362.
# '
# at t/upgrade.t line 59.
# Failed test 'SERVER: Server_SSLify Please do SSLify_Options() first ( or pass in a $ctx object ) at /tmp/loop_over_bdir-13719-oCqJQh/POE-Component-SSLify-1.012-0/blib/lib/POE/Component/SSLify.pm line 247.
# '
# at t/upgrade.t line 61.
Can't use an undefined value as a symbol reference at /tmp/loop_over_bdir-13719-oCqJQh/POE-Component-SSLify-1.012-0/blib/lib/POE/Component/SSLify.pm line 446.
# Tests were run but no plan was declared and done_testing() was not seen.
# Looks like your test exited with 22 just after 5.
t/upgrade.t ...................
Dubious, test returned 22 (wstat 5632, 0x1600)
Failed 2/5 subtests
Test Summary Report
-------------------
t/renegotiate_client.t (Wstat: 5632 Tests: 7 Failed: 3)
Failed tests: 1-3
Non-zero exit status: 22
Parse errors: No plan found in TAP output
t/renegotiate_client_pings.t (Wstat: 5632 Tests: 7 Failed: 3)
Failed tests: 1-3
Non-zero exit status: 22
Parse errors: No plan found in TAP output
t/renegotiate_server.t (Wstat: 5632 Tests: 7 Failed: 3)
Failed tests: 1-3
Non-zero exit status: 22
Parse errors: No plan found in TAP output
t/simple.t (Wstat: 5632 Tests: 7 Failed: 3)
Failed tests: 1-3
Non-zero exit status: 22
Parse errors: No plan found in TAP output
t/simple_large.t (Wstat: 5632 Tests: 6 Failed: 3)
Failed tests: 1-3
Non-zero exit status: 22
Parse errors: No plan found in TAP output
t/simple_parallel.t (Wstat: 5632 Tests: 52 Failed: 12)
Failed tests: 1-3, 8, 13, 18, 23, 28, 33, 38, 43, 48
Non-zero exit status: 22
Parse errors: No plan found in TAP output
t/simple_parallel_large.t (Wstat: 5632 Tests: 42 Failed: 12)
Failed tests: 1-3, 7, 11, 15, 19, 23, 27, 31, 35, 39
Non-zero exit status: 22
Parse errors: No plan found in TAP output
t/simple_parallel_superbig.t (Wstat: 5632 Tests: 42 Failed: 12)
Failed tests: 1-3, 7, 11, 15, 19, 23, 27, 31, 35, 39
Non-zero exit status: 22
Parse errors: No plan found in TAP output
t/simple_superbig.t (Wstat: 5632 Tests: 6 Failed: 3)
Failed tests: 1-3
Non-zero exit status: 22
Parse errors: No plan found in TAP output
t/upgrade.t (Wstat: 5632 Tests: 5 Failed: 2)
Failed tests: 4-5
Non-zero exit status: 22
Parse errors: No plan found in TAP output
Files=19, Tests=235, 10 wallclock secs ( 0.07 usr 0.09 sys + 3.64 cusr 0.67 csys = 4.47 CPU)
Result: FAIL
Failed 10/19 test programs. 56/235 subtests failed.
make: *** [Makefile:902: test_dynamic] Error 22
------------------------------
PREREQUISITES
------------------------------
Prerequisite modules loaded:
requires:
Module Need Have
--------------------------- -------- --------
Exporter 0 5.73
IO::Handle 1.28 1.39
Net::SSLeay 1.36 1.88
parent 0 0.237
perl 5.006 5.024001
POE 1.267 1.367
Scalar::Util 0 1.50
strict 0 1.11
Symbol 0 1.07
Task::Weaken 1.03 1.06
warnings 0 1.36
build_requires:
Module Need Have
--------------------------- -------- --------
ExtUtils::MakeMaker 0 7.36
File::Spec 0 3.75
File::Temp 0 0.2309
IO::Handle 1.28 1.39
IPC::Open3 0 1.20
POE 1.267 1.367
POE::Component::Client::TCP 0 1.367
POE::Component::Server::TCP 0 1.367
POE::Filter::Stream 0 1.367
Socket 0 2.020_03
Test::FailWarnings 0 0.008
Test::More 1.001002 1.302166
configure_requires:
Module Need Have
--------------------------- -------- --------
ExtUtils::MakeMaker 0 7.36
Module::Build::Tiny 0.039 0.039
perl 5.006 5.024001
------------------------------
ENVIRONMENT AND OTHER CONTEXT
------------------------------
Environment variables:
AUTOMATED_TESTING = 1
LANG = en_US.UTF-8
PATH = /home/sand/bin:/usr/local/bin:/usr/bin:/bin:/usr/games:/usr/local/perl/bin:/usr/X11/bin:/sbin:/usr/sbin
PERL5LIB =
PERL5OPT =
PERL5_CPANPLUS_IS_RUNNING = 13726
PERL5_CPAN_IS_RUNNING = 13726
PERL_CANARY_STABILITY_NOPROMPT = 1
PERL_MM_USE_DEFAULT = 1
PERL_USE_UNSAFE_INC = 1
SHELL = /usr/bin/zsh
TERM = screen
Perl special variables (and OS-specific diagnostics, for MSWin32):
$^X = /home/sand/src/perl/repoperls/installed-perls/host/k93msid/v5.24.1/da1c/bin/perl
$UID/$EUID = 1005 / 1005
$GID = 1005 1005
$EGID = 1005 1005
Perl module toolchain versions installed:
Module Have
------------------- --------
CPAN 2.27
CPAN::Meta 2.150010
Cwd 3.75
ExtUtils::CBuilder 0.280231
ExtUtils::Command 7.36
ExtUtils::Install 2.06
ExtUtils::MakeMaker 7.36
ExtUtils::Manifest 1.70
ExtUtils::ParseXS 3.35
File::Spec 3.75
JSON 4.02
JSON::PP 4.03
Module::Build 0.4229
Module::Signature 0.83
Parse::CPAN::Meta 2.150010
Test::Harness 3.42
Test::More 1.302166
YAML 1.29
YAML::Syck 1.31
version 0.9924
--
Summary of my perl5 (revision 5 version 24 subversion 1) configuration:
Derived from: 443bd156a6baaf7a8fe6b6b05fcf6c4178140ed2
Platform:
osname=linux, osvers=4.18.0-2-amd64, archname=x86_64-linux
uname='linux k93msid 4.18.0-2-amd64 #1 smp debian 4.18.10-2 (2018-10-07) x86_64 gnulinux '
config_args='-Dprefix=/home/sand/src/perl/repoperls/installed-perls/host/k93msid/v5.24.1/da1c -Dmyhostname=k93msid -Dinstallusrbinperl=n -Uversiononly -Dusedevel -des -Ui_db -Dlibswanted=cl pthread socket inet nsl gdbm dbm malloc dl ld sun m crypt sec util c cposix posix ucb BSD gdbm_compat -Uuseithreads -Uuselongdouble -DEBUGGING=-g'
hint=recommended, useposix=true, d_sigaction=define
useithreads=undef, usemultiplicity=undef
use64bitint=define, use64bitall=define, uselongdouble=undef
usemymalloc=n, bincompat5005=undef
Compiler:
cc='cc', ccflags ='-fwrapv -fno-strict-aliasing -pipe -fstack-protector-strong -I/usr/local/include -D_LARGEFILE_SOURCE -D_FILE_OFFSET_BITS=64',
optimize='-O2 -g',
cppflags='-fwrapv -fno-strict-aliasing -pipe -fstack-protector-strong -I/usr/local/include'
ccversion='', gccversion='8.2.0', gccosandvers=''
intsize=4, longsize=8, ptrsize=8, doublesize=8, byteorder=12345678, doublekind=3
d_longlong=define, longlongsize=8, d_longdbl=define, longdblsize=16, longdblkind=3
ivtype='long', ivsize=8, nvtype='double', nvsize=8, Off_t='off_t', lseeksize=8
alignbytes=8, prototype=define
Linker and Libraries:
ld='cc', ldflags =' -fstack-protector-strong -L/usr/local/lib'
libpth=/usr/local/lib /usr/lib/gcc/x86_64-linux-gnu/8/include-fixed /usr/include/x86_64-linux-gnu /usr/lib /lib/x86_64-linux-gnu /lib/../lib /usr/lib/x86_64-linux-gnu /usr/lib/../lib /lib
libs=-lpthread -lnsl -ldl -lm -lcrypt -lutil -lc
perllibs=-lpthread -lnsl -ldl -lm -lcrypt -lutil -lc
libc=libc-2.27.so, so=so, useshrplib=false, libperl=libperl.a
gnulibc_version='2.27'
Dynamic Linking:
dlsrc=dl_dlopen.xs, dlext=so, d_dlsymun=undef, ccdlflags='-Wl,-E'
cccdlflags='-fPIC', lddlflags='-shared -O2 -g -L/usr/local/lib -fstack-protector-strong'
Characteristics of this binary (from libperl):
Compile-time options: HAS_TIMES PERLIO_LAYERS PERL_COPY_ON_WRITE
PERL_DONT_CREATE_GVSV
PERL_HASH_FUNC_ONE_AT_A_TIME_HARD PERL_MALLOC_WRAP
PERL_PRESERVE_IVUV PERL_USE_DEVEL USE_64_BIT_ALL
USE_64_BIT_INT USE_LARGE_FILES USE_LOCALE
USE_LOCALE_COLLATE USE_LOCALE_CTYPE
USE_LOCALE_NUMERIC USE_LOCALE_TIME USE_PERLIO
USE_PERL_ATOF
Locally applied patches:
uncommitted-changes
Built under linux
Compiled at Oct 28 2018 21:46:56
%ENV:
PERL5LIB=""
PERL5OPT=""
PERL5_CPANPLUS_IS_RUNNING="13726"
PERL5_CPAN_IS_RUNNING="13726"
PERL_CANARY_STABILITY_NOPROMPT="1"
PERL_MM_USE_DEFAULT="1"
PERL_USE_UNSAFE_INC="1"
@INC:
/home/sand/src/perl/repoperls/installed-perls/host/k93msid/v5.24.1/da1c/lib/site_perl/5.24.1/x86_64-linux
/home/sand/src/perl/repoperls/installed-perls/host/k93msid/v5.24.1/da1c/lib/site_perl/5.24.1
/home/sand/src/perl/repoperls/installed-perls/host/k93msid/v5.24.1/da1c/lib/5.24.1/x86_64-linux
/home/sand/src/perl/repoperls/installed-perls/host/k93msid/v5.24.1/da1c/lib/5.24.1
.