Back
From: metabase:user:320bfe00-2aae-11df-837a-5e0a49663a4f
Subject: FAIL Socialtext-WikiTest-0.07 v5.15.3 GNU/Linux
Date: 2011-10-19T23:06:33Z
This distribution has been tested as part of the CPAN Testers
project, supporting the Perl programming language. See
http://wiki.cpantesters.org/ for more information or email
questions to cpan-testers-discuss@perl.org
--
Dear Luke Closs,
This is a computer-generated report for Socialtext-WikiTest-0.07
on perl 5.15.3, created by CPAN-Reporter-1.1902.
Thank you for uploading your work to CPAN. However, there was a problem
testing your distribution.
If you think this report is invalid, please consult the CPAN Testers Wiki
for suggestions on how to avoid getting FAIL reports for missing library
or binary dependencies, unsupported operating systems, and so on:
http://wiki.cpantesters.org/wiki/CPANAuthorNotes
Sections of this report:
* Tester comments
* Program output
* Prerequisites
* Environment and other context
------------------------------
TESTER COMMENTS
------------------------------
Additional comments from tester:
none provided
------------------------------
PROGRAM OUTPUT
------------------------------
Output from '/usr/bin/make test':
make[1]: Entering directory `/tmp/tmp.Ym0zGjCpuP/Socialtext-WikiTest-0.07-9HA7vg'
PERL_DL_NONLAZY=1 /home/sand/src/perl/repoperls/installed-perls/perl/v5.15.3-406-g05f861a/165a/bin/perl "-MExtUtils::Command::MM" "-e" "test_harness(0, 'blib/lib', 'blib/arch')" t/*.t
# Failed test at t/lib/Test/WWW/Selenium.pm line 30.
# Structures begin differing at:
# $got = (?^u:monkey)
# $expected = (?^:monkey)
# Failed test at t/lib/Test/WWW/Selenium.pm line 30.
# Structures begin differing at:
# $got->[1] = (?^u:water)
# $expected->[1] = (?^:water)
# Failed test at t/lib/Test/WWW/Selenium.pm line 30.
# Structures begin differing at:
# $got->[1] = (?^u:pen\?)
# $expected->[1] = (?^:pen\?)
# Failed test at t/lib/Test/WWW/Selenium.pm line 30.
# Structures begin differing at:
# $got = (?^u:pen\?)
# $expected = (?^:pen\?)
# Failed test at t/lib/Test/WWW/Selenium.pm line 30.
# Structures begin differing at:
# $got->[1] = (?^u:foo)
# $expected->[1] = (?^:foo)
# Failed test at t/fixture-selenese.t line 119.
# got: '(?^u:foo)'
# expected: '(?^:foo)'
# Looks like you failed 6 tests of 39.
t/fixture-selenese.t ..
Dubious, test returned 6 (wstat 1536, 0x600)
Failed 6/39 subtests
#
# comment: included
#
# comment: included
#
# comment: included
#
# comment: included2
t/fixture.t ........... ok
# Loading test plan Plan1...
# Loading test plan Plan2...
# Loading test plan Plan1...
# Loading test plan Plan2...
t/testplan.t .......... ok
Test Summary Report
-------------------
t/fixture-selenese.t (Wstat: 1536 Tests: 39 Failed: 6)
Failed tests: 4-6, 8, 29, 34
Non-zero exit status: 6
Files=3, Tests=76, 1 wallclock secs ( 0.02 usr 0.00 sys + 0.12 cusr 0.02 csys = 0.16 CPU)
Result: FAIL
Failed 1/3 test programs. 6/76 subtests failed.
make[1]: *** [test_dynamic] Error 255
make[1]: Leaving directory `/tmp/tmp.Ym0zGjCpuP/Socialtext-WikiTest-0.07-9HA7vg'
------------------------------
PREREQUISITES
------------------------------
Prerequisite modules loaded:
requires:
Module Need Have
-------------------------- ---- -------
mocked 0 0.09
Socialtext::Resting 0 0.35
Socialtext::Resting::Utils 0.04 0.21
Test::Exception 0 0.31
Test::More 0 0.98
build_requires:
Module Need Have
-------------------------- ---- -------
ExtUtils::MakeMaker 0 6.61_01
------------------------------
ENVIRONMENT AND OTHER CONTEXT
------------------------------
Environment variables:
LANG = en_US.UTF-8
LANGUAGE = en_US:en
PATH = /home/sand/bin:/usr/local/bin:/usr/bin:/bin:/usr/bin/X11:/usr/games:/usr/local/perl/bin:/usr/X11/bin:/sbin:/usr/sbin
PERL5LIB =
PERL5OPT =
PERL5_CPANPLUS_IS_RUNNING = 2628
PERL5_CPAN_IS_RUNNING = 2628
SHELL = /usr/bin/zsh
TERM = screen
Perl special variables (and OS-specific diagnostics, for MSWin32):
$^X = /home/sand/src/perl/repoperls/installed-perls/perl/v5.15.3-406-g05f861a/165a/bin/perl
$UID/$EUID = 1005 / 1005
$GID = 1005 1005
$EGID = 1005 1005
Perl module toolchain versions installed:
Module Have
------------------- --------
CPAN 1.9800
Cwd 3.37
ExtUtils::CBuilder 0.280204
ExtUtils::Command 1.17
ExtUtils::Install 1.57
ExtUtils::MakeMaker 6.61_01
ExtUtils::Manifest 1.60
ExtUtils::ParseXS 3.05
File::Spec 3.34
Module::Build 0.39_01
Module::Signature 0.68
Test::Harness 3.23
Test::More 0.98
YAML 0.77
YAML::Syck n/a
version 0.94
--
Summary of my perl5 (revision 5 version 15 subversion 3) configuration:
Commit id: 05f861a2cb5b8f36d571c879ab8b15dd52a612f7
Platform:
osname=linux, osvers=2.6.32-5-amd64, archname=x86_64-linux
uname='linux k83 2.6.32-5-amd64 #1 smp mon oct 3 03:59:20 utc 2011 x86_64 gnulinux '
config_args='-Dprefix=/home/src/perl/repoperls/installed-perls/perl/v5.15.3-406-g05f861a/165a -Dmyhostname=k83 -Dinstallusrbinperl=n -Uversiononly -Dusedevel -des -Ui_db -Uuseithreads -Uuselongdouble -DDEBUGGING=-g'
hint=recommended, useposix=true, d_sigaction=define
useithreads=undef, usemultiplicity=undef
useperlio=define, d_sfio=undef, uselargefiles=define, usesocks=undef
use64bitint=define, use64bitall=define, uselongdouble=undef
usemymalloc=n, bincompat5005=undef
Compiler:
cc='cc', ccflags ='-fno-strict-aliasing -pipe -fstack-protector -I/usr/local/include -D_LARGEFILE_SOURCE -D_FILE_OFFSET_BITS=64',
optimize='-O2 -g',
cppflags='-fno-strict-aliasing -pipe -fstack-protector -I/usr/local/include'
ccversion='', gccversion='4.4.5', gccosandvers=''
intsize=4, longsize=8, ptrsize=8, doublesize=8, byteorder=12345678
d_longlong=define, longlongsize=8, d_longdbl=define, longdblsize=16
ivtype='long', ivsize=8, nvtype='double', nvsize=8, Off_t='off_t', lseeksize=8
alignbytes=8, prototype=define
Linker and Libraries:
ld='cc', ldflags =' -fstack-protector -L/usr/local/lib'
libpth=/usr/local/lib /lib/../lib /usr/lib/../lib /lib /usr/lib /lib64 /usr/lib64
libs=-lnsl -ldb -ldl -lm -lcrypt -lutil -lc
perllibs=-lnsl -ldl -lm -lcrypt -lutil -lc
libc=/lib/libc-2.11.2.so, so=so, useshrplib=false, libperl=libperl.a
gnulibc_version='2.11.2'
Dynamic Linking:
dlsrc=dl_dlopen.xs, dlext=so, d_dlsymun=undef, ccdlflags='-Wl,-E'
cccdlflags='-fPIC', lddlflags='-shared -O2 -g -L/usr/local/lib -fstack-protector'
Characteristics of this binary (from libperl):
Compile-time options: HAS_TIMES PERLIO_LAYERS PERL_DONT_CREATE_GVSV
PERL_MALLOC_WRAP PERL_PRESERVE_IVUV PERL_USE_DEVEL
USE_64_BIT_ALL USE_64_BIT_INT USE_LARGE_FILES
USE_LOCALE USE_LOCALE_COLLATE USE_LOCALE_CTYPE
USE_LOCALE_NUMERIC USE_PERLIO USE_PERL_ATOF
Built under linux
Compiled at Oct 18 2011 08:32:03
%ENV:
PERL5LIB=""
PERL5OPT=""
PERL5_CPANPLUS_IS_RUNNING="2628"
PERL5_CPAN_IS_RUNNING="2628"
@INC:
/home/src/perl/repoperls/installed-perls/perl/v5.15.3-406-g05f861a/165a/lib/site_perl/5.15.3/x86_64-linux
/home/src/perl/repoperls/installed-perls/perl/v5.15.3-406-g05f861a/165a/lib/site_perl/5.15.3
/home/src/perl/repoperls/installed-perls/perl/v5.15.3-406-g05f861a/165a/lib/5.15.3/x86_64-linux
/home/src/perl/repoperls/installed-perls/perl/v5.15.3-406-g05f861a/165a/lib/5.15.3
.