HTTP-WebTest v2.04 Perl 5 v5.8.9 amd64-freebsd

Status
Fail
From
Slaven Rezić
Dist
HTTP-WebTest v2.04
Platform
Perl 5 v5.8.9 amd64-freebsd
Date
2020-12-13 20:44:26
ID
fd1123fc-3d83-11eb-93f9-8f1a1f24ea8f
This distribution has been tested as part of the CPAN Testers
project, supporting the Perl programming language.  See
http://wiki.cpantesters.org/ for more information or email
questions to cpan-testers-discuss@perl.org


--
Dear Ilya Martynov,

This is a computer-generated report for HTTP-WebTest-2.04
on perl 5.8.9, created by CPAN-Reporter-1.2018.

Thank you for uploading your work to CPAN.  However, there was a problem
testing your distribution.

If you think this report is invalid, please consult the CPAN Testers Wiki
for suggestions on how to avoid getting FAIL reports for missing library
or binary dependencies, unsupported operating systems, and so on:

http://wiki.cpantesters.org/wiki/CPANAuthorNotes

Sections of this report:

    * Tester comments
    * Program output
    * Prerequisites
    * Environment and other context

------------------------------
TESTER COMMENTS
------------------------------

Additional comments from tester:

none provided

------------------------------
PROGRAM OUTPUT
------------------------------

Output from '/usr/bin/make test':

PERL_DL_NONLAZY=1 "/usr/perl5.8.9/bin/perl" "-MExtUtils::Command::MM" "-MTest::Harness" "-e" "undef *Test::Harness::Switches; test_harness(0, 'blib/lib', 'blib/arch')" t/*.t

#   Failed test at t/01-api.t line 52.

#   Failed test at /usr/home/cpansand/.cpan/build/2020121320/HTTP-WebTest-2.04-5/blib/lib/HTTP/WebTest/SelfTest.pm line 202.

#   Failed test at t/01-api.t line 91.

#   Failed test at t/01-api.t line 113.

#   Failed test at t/01-api.t line 126.
#          got: '3'
#     expected: '2'

#   Failed test at t/01-api.t line 127.
#          got: '0'
#     expected: '1'
# Looks like you failed 6 tests of 19.
t/01-api.t ............ 
Dubious, test returned 6 (wstat 1536, 0x600)
Failed 6/19 subtests 

#   Failed test at /usr/home/cpansand/.cpan/build/2020121320/HTTP-WebTest-2.04-5/blib/lib/HTTP/WebTest/SelfTest.pm line 202.

#   Failed test at /usr/home/cpansand/.cpan/build/2020121320/HTTP-WebTest-2.04-5/blib/lib/HTTP/WebTest/SelfTest.pm line 202.

#   Failed test at /usr/home/cpansand/.cpan/build/2020121320/HTTP-WebTest-2.04-5/blib/lib/HTTP/WebTest/SelfTest.pm line 202.

#   Failed test at /usr/home/cpansand/.cpan/build/2020121320/HTTP-WebTest-2.04-5/blib/lib/HTTP/WebTest/SelfTest.pm line 202.

#   Failed test at /usr/home/cpansand/.cpan/build/2020121320/HTTP-WebTest-2.04-5/blib/lib/HTTP/WebTest/SelfTest.pm line 202.

#   Failed test at /usr/home/cpansand/.cpan/build/2020121320/HTTP-WebTest-2.04-5/blib/lib/HTTP/WebTest/SelfTest.pm line 202.

#   Failed test at /usr/home/cpansand/.cpan/build/2020121320/HTTP-WebTest-2.04-5/blib/lib/HTTP/WebTest/SelfTest.pm line 202.

#   Failed test at /usr/home/cpansand/.cpan/build/2020121320/HTTP-WebTest-2.04-5/blib/lib/HTTP/WebTest/SelfTest.pm line 202.

#   Failed test at /usr/home/cpansand/.cpan/build/2020121320/HTTP-WebTest-2.04-5/blib/lib/HTTP/WebTest/SelfTest.pm line 202.

#   Failed test at /usr/home/cpansand/.cpan/build/2020121320/HTTP-WebTest-2.04-5/blib/lib/HTTP/WebTest/SelfTest.pm line 202.

#   Failed test at /usr/home/cpansand/.cpan/build/2020121320/HTTP-WebTest-2.04-5/blib/lib/HTTP/WebTest/SelfTest.pm line 202.

#   Failed test at /usr/home/cpansand/.cpan/build/2020121320/HTTP-WebTest-2.04-5/blib/lib/HTTP/WebTest/SelfTest.pm line 202.

#   Failed test at /usr/home/cpansand/.cpan/build/2020121320/HTTP-WebTest-2.04-5/blib/lib/HTTP/WebTest/SelfTest.pm line 202.

#   Failed test at /usr/home/cpansand/.cpan/build/2020121320/HTTP-WebTest-2.04-5/blib/lib/HTTP/WebTest/SelfTest.pm line 202.

#   Failed test at /usr/home/cpansand/.cpan/build/2020121320/HTTP-WebTest-2.04-5/blib/lib/HTTP/WebTest/SelfTest.pm line 202.

#   Failed test at /usr/home/cpansand/.cpan/build/2020121320/HTTP-WebTest-2.04-5/blib/lib/HTTP/WebTest/SelfTest.pm line 202.

#   Failed test at /usr/home/cpansand/.cpan/build/2020121320/HTTP-WebTest-2.04-5/blib/lib/HTTP/WebTest/SelfTest.pm line 202.

#   Failed test at /usr/home/cpansand/.cpan/build/2020121320/HTTP-WebTest-2.04-5/blib/lib/HTTP/WebTest/SelfTest.pm line 202.

#   Failed test at /usr/home/cpansand/.cpan/build/2020121320/HTTP-WebTest-2.04-5/blib/lib/HTTP/WebTest/SelfTest.pm line 202.

#   Failed test at /usr/home/cpansand/.cpan/build/2020121320/HTTP-WebTest-2.04-5/blib/lib/HTTP/WebTest/SelfTest.pm line 202.

#   Failed test at /usr/home/cpansand/.cpan/build/2020121320/HTTP-WebTest-2.04-5/blib/lib/HTTP/WebTest/SelfTest.pm line 202.

#   Failed test at /usr/home/cpansand/.cpan/build/2020121320/HTTP-WebTest-2.04-5/blib/lib/HTTP/WebTest/SelfTest.pm line 202.

#   Failed test at /usr/home/cpansand/.cpan/build/2020121320/HTTP-WebTest-2.04-5/blib/lib/HTTP/WebTest/SelfTest.pm line 202.

#   Failed test at /usr/home/cpansand/.cpan/build/2020121320/HTTP-WebTest-2.04-5/blib/lib/HTTP/WebTest/SelfTest.pm line 202.

#   Failed test at /usr/home/cpansand/.cpan/build/2020121320/HTTP-WebTest-2.04-5/blib/lib/HTTP/WebTest/SelfTest.pm line 202.

#   Failed test at /usr/home/cpansand/.cpan/build/2020121320/HTTP-WebTest-2.04-5/blib/lib/HTTP/WebTest/SelfTest.pm line 202.

#   Failed test at /usr/home/cpansand/.cpan/build/2020121320/HTTP-WebTest-2.04-5/blib/lib/HTTP/WebTest/SelfTest.pm line 202.

#   Failed test at /usr/home/cpansand/.cpan/build/2020121320/HTTP-WebTest-2.04-5/blib/lib/HTTP/WebTest/SelfTest.pm line 202.

#   Failed test at /usr/home/cpansand/.cpan/build/2020121320/HTTP-WebTest-2.04-5/blib/lib/HTTP/WebTest/SelfTest.pm line 202.

#   Failed test at /usr/home/cpansand/.cpan/build/2020121320/HTTP-WebTest-2.04-5/blib/lib/HTTP/WebTest/SelfTest.pm line 202.
# Looks like you failed 30 tests of 37.
t/02-generic.t ........ 
Dubious, test returned 30 (wstat 7680, 0x1e00)
Failed 30/37 subtests 

#   Failed test at /usr/home/cpansand/.cpan/build/2020121320/HTTP-WebTest-2.04-5/blib/lib/HTTP/WebTest/SelfTest.pm line 202.

#   Failed test at /usr/home/cpansand/.cpan/build/2020121320/HTTP-WebTest-2.04-5/blib/lib/HTTP/WebTest/SelfTest.pm line 202.
# Looks like you failed 2 tests of 2.
t/03-proxy.t .......... 
Dubious, test returned 2 (wstat 512, 0x200)
Failed 2/2 subtests 

#   Failed test at t/05-report.t line 45.

#   Failed test at /usr/home/cpansand/.cpan/build/2020121320/HTTP-WebTest-2.04-5/blib/lib/HTTP/WebTest/SelfTest.pm line 202.

#   Failed test at /usr/home/cpansand/.cpan/build/2020121320/HTTP-WebTest-2.04-5/blib/lib/HTTP/WebTest/SelfTest.pm line 202.

#   Failed test at /usr/home/cpansand/.cpan/build/2020121320/HTTP-WebTest-2.04-5/blib/lib/HTTP/WebTest/SelfTest.pm line 202.

#   Failed test at /usr/home/cpansand/.cpan/build/2020121320/HTTP-WebTest-2.04-5/blib/lib/HTTP/WebTest/SelfTest.pm line 202.

#   Failed test at /usr/home/cpansand/.cpan/build/2020121320/HTTP-WebTest-2.04-5/blib/lib/HTTP/WebTest/SelfTest.pm line 202.

#   Failed test at /usr/home/cpansand/.cpan/build/2020121320/HTTP-WebTest-2.04-5/blib/lib/HTTP/WebTest/SelfTest.pm line 202.

#   Failed test at /usr/home/cpansand/.cpan/build/2020121320/HTTP-WebTest-2.04-5/blib/lib/HTTP/WebTest/SelfTest.pm line 202.
Use of uninitialized value in concatenation (.) or string at /usr/home/cpansand/.cpan/build/2020121320/HTTP-WebTest-2.04-5/blib/lib/HTTP/WebTest/Plugin/DefaultReport.pm line 217.
Use of uninitialized value in concatenation (.) or string at /usr/home/cpansand/.cpan/build/2020121320/HTTP-WebTest-2.04-5/blib/lib/HTTP/WebTest/Plugin/DefaultReport.pm line 217.

#   Failed test at /usr/home/cpansand/.cpan/build/2020121320/HTTP-WebTest-2.04-5/blib/lib/HTTP/WebTest/SelfTest.pm line 202.

#   Failed test at /usr/home/cpansand/.cpan/build/2020121320/HTTP-WebTest-2.04-5/blib/lib/HTTP/WebTest/SelfTest.pm line 202.
Use of uninitialized value in concatenation (.) or string at /usr/home/cpansand/.cpan/build/2020121320/HTTP-WebTest-2.04-5/blib/lib/HTTP/WebTest/Plugin/DefaultReport.pm line 217.
Use of uninitialized value in concatenation (.) or string at /usr/home/cpansand/.cpan/build/2020121320/HTTP-WebTest-2.04-5/blib/lib/HTTP/WebTest/Plugin/DefaultReport.pm line 217.

#   Failed test at /usr/home/cpansand/.cpan/build/2020121320/HTTP-WebTest-2.04-5/blib/lib/HTTP/WebTest/SelfTest.pm line 202.
# Looks like you failed 11 tests of 12.
t/05-report.t ......... 
Dubious, test returned 11 (wstat 2816, 0xb00)
Failed 11/12 subtests 
t/05a-email-report.t .. ok
Use of uninitialized value in string eq at /usr/home/cpansand/.cpan/build/2020121320/HTTP-WebTest-2.04-5/blib/lib/HTTP/WebTest/Parser.pm line 237.
Use of uninitialized value in string eq at /usr/home/cpansand/.cpan/build/2020121320/HTTP-WebTest-2.04-5/blib/lib/HTTP/WebTest/Parser.pm line 237.
Use of uninitialized value in string eq at /usr/home/cpansand/.cpan/build/2020121320/HTTP-WebTest-2.04-5/blib/lib/HTTP/WebTest/Parser.pm line 262.
t/06-parser.t ......... ok

#   Failed test at t/07-compat.t line 33.

#   Failed test at t/07-compat.t line 36.

#   Failed test at t/07-compat.t line 37.

#   Failed test at t/07-compat.t line 52.

#   Failed test at t/07-compat.t line 69.

#   Failed test at t/07-compat.t line 72.

#   Failed test at t/07-compat.t line 73.

#   Failed test at t/07-compat.t line 88.
# Looks like you failed 8 tests of 10.
t/07-compat.t ......... 
Dubious, test returned 8 (wstat 2048, 0x800)
Failed 8/10 subtests 

#   Failed test at /usr/home/cpansand/.cpan/build/2020121320/HTTP-WebTest-2.04-5/blib/lib/HTTP/WebTest/SelfTest.pm line 202.

#   Failed test at /usr/home/cpansand/.cpan/build/2020121320/HTTP-WebTest-2.04-5/blib/lib/HTTP/WebTest/SelfTest.pm line 202.

#   Failed test at /usr/home/cpansand/.cpan/build/2020121320/HTTP-WebTest-2.04-5/blib/lib/HTTP/WebTest/SelfTest.pm line 202.
# Looks like you failed 3 tests of 4.
t/08-plugins.t ........ 
Dubious, test returned 3 (wstat 768, 0x300)
Failed 3/4 subtests 

#   Failed test at t/09-hooks.t line 34.

#   Failed test at t/09-hooks.t line 43.

#   Failed test at t/09-hooks.t line 57.

#   Failed test at t/09-hooks.t line 58.

#   Failed test at t/09-hooks.t line 66.

#   Failed test at /usr/home/cpansand/.cpan/build/2020121320/HTTP-WebTest-2.04-5/blib/lib/HTTP/WebTest/SelfTest.pm line 202.

#   Failed test at t/09-hooks.t line 108.

#   Failed test at t/09-hooks.t line 111.

#   Failed test at t/09-hooks.t line 135.

#   Failed test at t/09-hooks.t line 138.
# Looks like you failed 10 tests of 13.
t/09-hooks.t .......... 
Dubious, test returned 10 (wstat 2560, 0xa00)
Failed 10/13 subtests 
HTTP::WebTest: request uri is not set at /usr/home/cpansand/.cpan/build/2020121320/HTTP-WebTest-2.04-5/blib/lib/HTTP/WebTest/API.pm line 567.
# Looks like your test exited with 61 before it could output anything.
t/10-click.t .......... 
Dubious, test returned 61 (wstat 15616, 0x3d00)
Failed 9/9 subtests 

#   Failed test at /usr/home/cpansand/.cpan/build/2020121320/HTTP-WebTest-2.04-5/blib/lib/HTTP/WebTest/SelfTest.pm line 202.

#   Failed test at /usr/home/cpansand/.cpan/build/2020121320/HTTP-WebTest-2.04-5/blib/lib/HTTP/WebTest/SelfTest.pm line 202.
# Looks like you failed 2 tests of 4.
t/11-delay.t .......... 
Dubious, test returned 2 (wstat 512, 0x200)
Failed 2/4 subtests 
t/12-request.t ........ ok

#   Failed test 'test HarnessReport plugin (with some tests failing)'
#   at t/13-harness.t line 60.
# STDOUT is:
#   # ------------------------------------------------------------
#   # URL: http://127.0.0.1:24168/test-file1
#   # STATUS CODE CHECK
# > #   Expected '200' and got: 500 Can't connect to 127.0.0.1:24168 (Verbindung wurde abgelehnt): FAIL
#   # REQUIRED TEXT
# > #   987654: FAIL
# > not ok 1
#   # ------------------------------------------------------------
#   # URL: http://127.0.0.1:24168/non-existent
#   # STATUS CODE CHECK
# > #   Expected '200' and got: 500 Can't connect to 127.0.0.1:24168 (Verbindung wurde abgelehnt): FAIL
#   not ok 2
#   # ------------------------------------------------------------
#   # URL: http://127.0.0.1:24168/non-existent
#   # Test Name: BlaBla
#   # STATUS CODE CHECK
# > #   Expected '200' and got: 500 Can't connect to 127.0.0.1:24168 (Verbindung wurde abgelehnt): FAIL
#   not ok 3
# not:
#   # ------------------------------------------------------------
#   # URL: http://127.0.0.1:24168/test-file1
#   # STATUS CODE CHECK
# > #   Expected '200' and got: 200 OK: SUCCEED
#   # REQUIRED TEXT
# > #   987654: SUCCEED
# > ok 1
#   # ------------------------------------------------------------
#   # URL: http://127.0.0.1:24168/non-existent
#   # STATUS CODE CHECK
# > #   Expected '200' and got: 404 Not Found: FAIL
#   not ok 2
#   # ------------------------------------------------------------
#   # URL: http://127.0.0.1:24168/non-existent
#   # Test Name: BlaBla
#   # STATUS CODE CHECK
# > #   Expected '200' and got: 404 Not Found: FAIL
#   not ok 3
# as expected
# STDERR is:
# > #   Failed test at t/13-harness.t line 59.
# > #   Failed test at t/13-harness.t line 59.
# > #   Failed test at t/13-harness.t line 59.
# not:
# > /#\s+Failed\ test.*?\n?.*?at\ t\/13\-harness\.t line 59.*\n?/
# > /#\s+Failed\ test.*?\n?.*?at\ t\/13\-harness\.t line 59.*\n?/
# > 
# as expected

#   Failed test 'test HarnessReport plugin (with all tests passing)'
#   at t/13-harness.t line 89.
# STDOUT is:
#   # ------------------------------------------------------------
#   # URL: http://127.0.0.1:24168/test-file1
#   # STATUS CODE CHECK
# > #   Expected '200' and got: 500 Can't connect to 127.0.0.1:24168 (Verbindung wurde abgelehnt): FAIL
#   # REQUIRED TEXT
# > #   987654: FAIL
# > not ok 1
#   # ------------------------------------------------------------
#   # URL: http://127.0.0.1:24168/test-file1
#   # STATUS CODE CHECK
# > #   Expected '200' and got: 500 Can't connect to 127.0.0.1:24168 (Verbindung wurde abgelehnt): FAIL
#   # REQUIRED TEXT
# > #   987654: FAIL
# > not ok 2
# not:
#   # ------------------------------------------------------------
#   # URL: http://127.0.0.1:24168/test-file1
#   # STATUS CODE CHECK
# > #   Expected '200' and got: 200 OK: SUCCEED
#   # REQUIRED TEXT
# > #   987654: SUCCEED
# > ok 1
#   # ------------------------------------------------------------
#   # URL: http://127.0.0.1:24168/test-file1
#   # STATUS CODE CHECK
# > #   Expected '200' and got: 200 OK: SUCCEED
#   # REQUIRED TEXT
# > #   987654: SUCCEED
# > ok 2
# as expected
# STDERR is:
# > #   Failed test at t/13-harness.t line 88.
# > #   Failed test at t/13-harness.t line 88.
# not:
# > 
# > 
# as expected
t/13-harness.t ........ 
Failed 2/2 subtests 

Test Summary Report
-------------------
t/01-api.t          (Wstat: 1536 Tests: 19 Failed: 6)
  Failed tests:  6-7, 11-14
  Non-zero exit status: 6
t/02-generic.t      (Wstat: 7680 Tests: 37 Failed: 30)
  Failed tests:  1-11, 15-22, 27-37
  Non-zero exit status: 30
t/03-proxy.t        (Wstat: 512 Tests: 2 Failed: 2)
  Failed tests:  1-2
  Non-zero exit status: 2
t/05-report.t       (Wstat: 2816 Tests: 12 Failed: 11)
  Failed tests:  1-8, 10-12
  Non-zero exit status: 11
t/07-compat.t       (Wstat: 2048 Tests: 10 Failed: 8)
  Failed tests:  1-3, 5-8, 10
  Non-zero exit status: 8
t/08-plugins.t      (Wstat: 768 Tests: 4 Failed: 3)
  Failed tests:  1-3
  Non-zero exit status: 3
t/09-hooks.t        (Wstat: 2560 Tests: 13 Failed: 10)
  Failed tests:  2-7, 9-10, 12-13
  Non-zero exit status: 10
t/10-click.t        (Wstat: 15616 Tests: 0 Failed: 0)
  Non-zero exit status: 61
  Parse errors: Bad plan.  You planned 9 tests but ran 0.
t/11-delay.t        (Wstat: 512 Tests: 4 Failed: 2)
  Failed tests:  1, 3
  Non-zero exit status: 2
t/13-harness.t      (Wstat: 0 Tests: 2 Failed: 2)
  Failed tests:  1-2
Files=13, Tests=238,  9 wallclock secs ( 0.06 usr  0.05 sys +  1.59 cusr  0.36 csys =  2.07 CPU)
Result: FAIL
Failed 10/13 test programs. 74/238 subtests failed.
*** [test_dynamic] Error code 255

Stop in /usr/home/cpansand/.cpan/build/2020121320/HTTP-WebTest-2.04-5.

------------------------------
PREREQUISITES
------------------------------

Prerequisite modules loaded:

requires:

    Module                Need Have      
    --------------------- ---- ----------
    Algorithm::Diff       0    1.200     
    CGI::Cookie           0    4.51      
    LWP                   5.6  6.49      
    MIME::Base64          0    3.15      
    Net::SMTP             0    3.12      
    Pod::Man              1.14 4.14      
    Pod::Usage            0    2.01      
    Test::Builder::Tester 0    1.302183  
    Test::MockObject      0.07 1.20200122
    Test::More            0    1.302183  
    Text::Balanced        0    2.03      
    Time::HiRes           0    1.9764    
    URI                   0    1.76      

build_requires:

    Module                Need Have      
    --------------------- ---- ----------
    ExtUtils::MakeMaker   0    7.54      


------------------------------
ENVIRONMENT AND OTHER CONTEXT
------------------------------

Environment variables:

    LC_ALL = de_DE.ISO8859-1
    PATH = /usr/local/bin:/usr/bin:/bin:/usr/local/sbin:/usr/sbin:/sbin:/home/cpansand/bin/freebsd9.3:/home/cpansand/bin/sh:/home/cpansand/bin:/usr/games:/home/cpansand/devel:/usr/home/eserte/src/srezic-misc/scripts
    PERL5LIB = 
    PERL5OPT = 
    PERL5_CPANPLUS_IS_RUNNING = 87245
    PERL5_CPAN_IS_RUNNING = 87245
    PERL5_CPAN_IS_RUNNING_IN_RECURSION = 85516,87245
    PERLDOC = -MPod::Perldoc::ToTextOverstrike
    PERL_BATCH = yes
    PERL_CANARY_STABILITY_NOPROMPT = 1
    PERL_CPAN_REPORTER_CONFIG = /var/tmp/cpansmoker-1023/2020121320/cpanreporter_000_config.ini
    PERL_EXTUTILS_AUTOINSTALL = --defaultdeps
    PERL_USE_UNSAFE_INC = 1
    SHELL = /usr/local/bin/zsh
    TERM = screen
    TMPDIR = /var/tmp/cpansmoker-1023/2020121320

Perl special variables (and OS-specific diagnostics, for MSWin32):

    $^X = /usr/perl5.8.9/bin/perl
    $UID/$EUID = 1023 / 1023
    $GID = 1023 1023
    $EGID = 1023 1023

Perl module toolchain versions installed:

    Module              Have    
    ------------------- --------
    CPAN                2.27    
    CPAN::Meta          2.150010
    Cwd                 3.75    
    ExtUtils::CBuilder  0.280231
    ExtUtils::Command   7.54    
    ExtUtils::Install   2.18    
    ExtUtils::MakeMaker 7.54    
    ExtUtils::Manifest  1.72    
    ExtUtils::ParseXS   3.35    
    File::Spec          3.75    
    JSON                4.02    
    JSON::PP            4.05    
    Module::Build       0.4231  
    Module::Signature   0.86    
    Parse::CPAN::Meta   2.150010
    Test::Harness       3.42    
    Test::More          1.302183
    YAML                1.30    
    YAML::Syck          1.33    
    version             0.9924  


--

Summary of my perl5 (revision 5 version 8 subversion 9) configuration:
  Platform:
    osname=freebsd, osvers=9.2-release-p4, archname=amd64-freebsd
    uname='freebsd cvrsnica-freebsd-92 9.2-release-p4 freebsd 9.2-release-p4 #0: tue apr 8 18:08:22 utc 2014 root@amd64-builder.daemonology.net:usrobjusrsrcsysgeneric amd64 '
    config_args='-ds -e -Dprefix=/usr/perl5.8.9'
    hint=recommended, useposix=true, d_sigaction=define
    usethreads=undef use5005threads=undef useithreads=undef usemultiplicity=undef
    useperlio=define d_sfio=undef uselargefiles=define usesocks=undef
    use64bitint=define use64bitall=define uselongdouble=undef
    usemymalloc=n, bincompat5005=undef
  Compiler:
    cc='cc', ccflags ='-DHAS_FPSETMASK -DHAS_FLOATINGPOINT_H -fno-strict-aliasing -pipe -I/usr/local/include',
    optimize='-O',
    cppflags='-DHAS_FPSETMASK -DHAS_FLOATINGPOINT_H -fno-strict-aliasing -pipe -I/usr/local/include'
    ccversion='', gccversion='4.2.1 20070831 patched [FreeBSD]', gccosandvers=''
    intsize=4, longsize=8, ptrsize=8, doublesize=8, byteorder=12345678
    d_longlong=define, longlongsize=8, d_longdbl=define, longdblsize=16
    ivtype='long', ivsize=8, nvtype='double', nvsize=8, Off_t='off_t', lseeksize=8
    alignbytes=8, prototype=define
  Linker and Libraries:
    ld='cc', ldflags ='-Wl,-E  -L/usr/local/lib'
    libpth=/usr/lib /usr/local/lib
    libs=-lgdbm -lm -lcrypt -lutil -lc
    perllibs=-lm -lcrypt -lutil -lc
    libc=, so=so, useshrplib=false, libperl=libperl.a
    gnulibc_version=''
  Dynamic Linking:
    dlsrc=dl_dlopen.xs, dlext=so, d_dlsymun=undef, ccdlflags=' '
    cccdlflags='-DPIC -fPIC', lddlflags='-shared  -L/usr/local/lib'


Characteristics of this binary (from libperl): 
  Compile-time options: PERL_MALLOC_WRAP USE_64_BIT_ALL USE_64_BIT_INT
                        USE_FAST_STDIO USE_LARGE_FILES USE_PERLIO
  Built under freebsd
  Compiled at May 15 2014 22:27:57
  %ENV:
    PERL5LIB=""
    PERL5OPT=""
    PERL5_CPANPLUS_IS_RUNNING="87245"
    PERL5_CPAN_IS_RUNNING="87245"
    PERL5_CPAN_IS_RUNNING_IN_RECURSION="85516,87245"
    PERLDOC="-MPod::Perldoc::ToTextOverstrike"
    PERL_BATCH="yes"
    PERL_CANARY_STABILITY_NOPROMPT="1"
    PERL_CPAN_REPORTER_CONFIG="/var/tmp/cpansmoker-1023/2020121320/cpanreporter_000_config.ini"
    PERL_EXTUTILS_AUTOINSTALL="--defaultdeps"
    PERL_USE_UNSAFE_INC="1"
  @INC:
    /usr/perl5.8.9/lib/5.8.9/amd64-freebsd
    /usr/perl5.8.9/lib/5.8.9
    /usr/perl5.8.9/lib/site_perl/5.8.9/amd64-freebsd
    /usr/perl5.8.9/lib/site_perl/5.8.9
    .