Report for HTTP-Engine-0.03005

Back
From: metabase:user:320bfe00-2aae-11df-837a-5e0a49663a4f
Subject: FAIL HTTP-Engine-0.03005 v5.25.1 GNU/Linux
Date: 2016-05-23T05:48:34Z

This distribution has been tested as part of the CPAN Testers
project, supporting the Perl programming language.  See
http://wiki.cpantesters.org/ for more information or email
questions to cpan-testers-discuss@perl.org


--
Dear Kazuhiro Osawa,

This is a computer-generated report for HTTP-Engine-0.03005
on perl 5.25.1, created by CPAN-Reporter-1.2017.

Thank you for uploading your work to CPAN.  However, there was a problem
testing your distribution.

If you think this report is invalid, please consult the CPAN Testers Wiki
for suggestions on how to avoid getting FAIL reports for missing library
or binary dependencies, unsupported operating systems, and so on:

http://wiki.cpantesters.org/wiki/CPANAuthorNotes

Sections of this report:

    * Tester comments
    * Program output
    * Prerequisites
    * Environment and other context

------------------------------
TESTER COMMENTS
------------------------------

Additional comments from tester:

this report is from an automated smoke testing program
and was not reviewed by a human for accuracy

------------------------------
PROGRAM OUTPUT
------------------------------

Output from '/usr/bin/make test':

PERL_DL_NONLAZY=1 "/tmp/basesmoker-reloperl-WA1O/bin/perl" "-MExtUtils::Command::MM" "-MTest::Harness" "-e" "undef *Test::Harness::Switches; test_harness(0, 'inc', 'blib/lib', 'blib/arch')" t/*.t t/*/*.t
Possible precedence issue with control flow operator at /tmp/loop_over_bdir-20635-QKfHmq/HTTP-Engine-0.03005-0/inc/Test/Builder.pm line 917.
# Soft dependency versions:
#  Any::Moose 0.26
#  Mouse v2.4.5
#  MooseX::Types is not available
t/00_compile.t ........................................ ok
Possible precedence issue with control flow operator at /tmp/loop_over_bdir-20635-QKfHmq/HTTP-Engine-0.03005-0/inc/Test/Builder.pm line 917.
t/010_core/builder_options-upload_tmp.t ............... ok
Possible precedence issue with control flow operator at /tmp/loop_over_bdir-20635-QKfHmq/HTTP-Engine-0.03005-0/inc/Test/Builder.pm line 917.
t/010_core/interface-require.t ........................ ok
Possible precedence issue with control flow operator at /tmp/loop_over_bdir-20635-QKfHmq/HTTP-Engine-0.03005-0/inc/Test/Builder.pm line 917.
t/010_core/interface.t ................................ ok
Possible precedence issue with control flow operator at /tmp/loop_over_bdir-20635-QKfHmq/HTTP-Engine-0.03005-0/inc/Test/Builder.pm line 917.
t/010_core/load_requestbuilder_cgi.t .................. ok
Possible precedence issue with control flow operator at /tmp/loop_over_bdir-20635-QKfHmq/HTTP-Engine-0.03005-0/inc/Test/Builder.pm line 917.
Redundant argument in sprintf at /tmp/loop_over_bdir-20635-QKfHmq/HTTP-Engine-0.03005-0/inc/Spiffy.pm line 225.
Redundant argument in sprintf at /tmp/loop_over_bdir-20635-QKfHmq/HTTP-Engine-0.03005-0/inc/Spiffy.pm line 225.
Redundant argument in sprintf at /tmp/loop_over_bdir-20635-QKfHmq/HTTP-Engine-0.03005-0/inc/Spiffy.pm line 225.
Redundant argument in sprintf at /tmp/loop_over_bdir-20635-QKfHmq/HTTP-Engine-0.03005-0/inc/Spiffy.pm line 225.
t/010_core/request-absolute_uri.t ..................... ok
Possible precedence issue with control flow operator at /tmp/loop_over_bdir-20635-QKfHmq/HTTP-Engine-0.03005-0/inc/Test/Builder.pm line 917.
t/010_core/request-as_http_request.t .................. ok
Possible precedence issue with control flow operator at /tmp/loop_over_bdir-20635-QKfHmq/HTTP-Engine-0.03005-0/inc/Test/Builder.pm line 917.
t/010_core/request-as_string.t ........................ ok
Possible precedence issue with control flow operator at /tmp/loop_over_bdir-20635-QKfHmq/HTTP-Engine-0.03005-0/inc/Test/Builder.pm line 917.
t/010_core/request-body.t ............................. ok
Possible precedence issue with control flow operator at /tmp/loop_over_bdir-20635-QKfHmq/HTTP-Engine-0.03005-0/inc/Test/Builder.pm line 917.
t/010_core/request-content.t .......................... ok
Possible precedence issue with control flow operator at /tmp/loop_over_bdir-20635-QKfHmq/HTTP-Engine-0.03005-0/inc/Test/Builder.pm line 917.
t/010_core/request-cookie.t ........................... ok
Possible precedence issue with control flow operator at /tmp/loop_over_bdir-20635-QKfHmq/HTTP-Engine-0.03005-0/inc/Test/Builder.pm line 917.
t/010_core/request-hostname.t ......................... ok
Possible precedence issue with control flow operator at /tmp/loop_over_bdir-20635-QKfHmq/HTTP-Engine-0.03005-0/inc/Test/Builder.pm line 917.
t/010_core/request-many_upload.t ...................... ok
Possible precedence issue with control flow operator at /tmp/loop_over_bdir-20635-QKfHmq/HTTP-Engine-0.03005-0/inc/Test/Builder.pm line 917.
t/010_core/request-parameters.t ....................... ok
Possible precedence issue with control flow operator at /tmp/loop_over_bdir-20635-QKfHmq/HTTP-Engine-0.03005-0/inc/Test/Builder.pm line 917.
Redundant argument in sprintf at /tmp/loop_over_bdir-20635-QKfHmq/HTTP-Engine-0.03005-0/inc/Spiffy.pm line 225.
Redundant argument in sprintf at /tmp/loop_over_bdir-20635-QKfHmq/HTTP-Engine-0.03005-0/inc/Spiffy.pm line 225.
Redundant argument in sprintf at /tmp/loop_over_bdir-20635-QKfHmq/HTTP-Engine-0.03005-0/inc/Spiffy.pm line 225.
Redundant argument in sprintf at /tmp/loop_over_bdir-20635-QKfHmq/HTTP-Engine-0.03005-0/inc/Spiffy.pm line 225.
t/010_core/request-params.t ........................... ok
Possible precedence issue with control flow operator at /tmp/loop_over_bdir-20635-QKfHmq/HTTP-Engine-0.03005-0/inc/Test/Builder.pm line 917.
t/010_core/request-parse.t ............................ ok
Possible precedence issue with control flow operator at /tmp/loop_over_bdir-20635-QKfHmq/HTTP-Engine-0.03005-0/inc/Test/Builder.pm line 917.
Redundant argument in sprintf at /tmp/loop_over_bdir-20635-QKfHmq/HTTP-Engine-0.03005-0/inc/Spiffy.pm line 225.
Redundant argument in sprintf at /tmp/loop_over_bdir-20635-QKfHmq/HTTP-Engine-0.03005-0/inc/Spiffy.pm line 225.
Redundant argument in sprintf at /tmp/loop_over_bdir-20635-QKfHmq/HTTP-Engine-0.03005-0/inc/Spiffy.pm line 225.
Redundant argument in sprintf at /tmp/loop_over_bdir-20635-QKfHmq/HTTP-Engine-0.03005-0/inc/Spiffy.pm line 225.
t/010_core/request-proxy_request.t .................... ok
Possible precedence issue with control flow operator at /tmp/loop_over_bdir-20635-QKfHmq/HTTP-Engine-0.03005-0/inc/Test/Builder.pm line 917.
t/010_core/request-raw_body.t ......................... ok
Possible precedence issue with control flow operator at /tmp/loop_over_bdir-20635-QKfHmq/HTTP-Engine-0.03005-0/inc/Test/Builder.pm line 917.
t/010_core/request-readbody.t ......................... ok
Possible precedence issue with control flow operator at /tmp/loop_over_bdir-20635-QKfHmq/HTTP-Engine-0.03005-0/inc/Test/Builder.pm line 917.
Redundant argument in sprintf at /tmp/loop_over_bdir-20635-QKfHmq/HTTP-Engine-0.03005-0/inc/Spiffy.pm line 225.
Redundant argument in sprintf at /tmp/loop_over_bdir-20635-QKfHmq/HTTP-Engine-0.03005-0/inc/Spiffy.pm line 225.
Redundant argument in sprintf at /tmp/loop_over_bdir-20635-QKfHmq/HTTP-Engine-0.03005-0/inc/Spiffy.pm line 225.
Redundant argument in sprintf at /tmp/loop_over_bdir-20635-QKfHmq/HTTP-Engine-0.03005-0/inc/Spiffy.pm line 225.
t/010_core/request-secure.t ........................... ok
Possible precedence issue with control flow operator at /tmp/loop_over_bdir-20635-QKfHmq/HTTP-Engine-0.03005-0/inc/Test/Builder.pm line 917.
t/010_core/request-upload.t ........................... ok
Possible precedence issue with control flow operator at /tmp/loop_over_bdir-20635-QKfHmq/HTTP-Engine-0.03005-0/inc/Test/Builder.pm line 917.
Redundant argument in sprintf at /tmp/loop_over_bdir-20635-QKfHmq/HTTP-Engine-0.03005-0/inc/Spiffy.pm line 225.
Redundant argument in sprintf at /tmp/loop_over_bdir-20635-QKfHmq/HTTP-Engine-0.03005-0/inc/Spiffy.pm line 225.
Redundant argument in sprintf at /tmp/loop_over_bdir-20635-QKfHmq/HTTP-Engine-0.03005-0/inc/Spiffy.pm line 225.
Redundant argument in sprintf at /tmp/loop_over_bdir-20635-QKfHmq/HTTP-Engine-0.03005-0/inc/Spiffy.pm line 225.
t/010_core/request-uri.t .............................. ok
Possible precedence issue with control flow operator at /tmp/loop_over_bdir-20635-QKfHmq/HTTP-Engine-0.03005-0/inc/Test/Builder.pm line 917.
t/010_core/request.t .................................. ok
Possible precedence issue with control flow operator at /tmp/loop_over_bdir-20635-QKfHmq/HTTP-Engine-0.03005-0/inc/Test/Builder.pm line 917.
t/010_core/request_builder-noenv.t .................... ok
Possible precedence issue with control flow operator at /tmp/loop_over_bdir-20635-QKfHmq/HTTP-Engine-0.03005-0/inc/Test/Builder.pm line 917.
t/010_core/request_processor-catch_error.t ............ ok
Possible precedence issue with control flow operator at /tmp/loop_over_bdir-20635-QKfHmq/HTTP-Engine-0.03005-0/inc/Test/Builder.pm line 917.
t/010_core/request_processor-make_request.t ........... ok
Possible precedence issue with control flow operator at /tmp/loop_over_bdir-20635-QKfHmq/HTTP-Engine-0.03005-0/inc/Test/Builder.pm line 917.
t/010_core/request_processor-response_error.t ......... ok
Possible precedence issue with control flow operator at /tmp/loop_over_bdir-20635-QKfHmq/HTTP-Engine-0.03005-0/inc/Test/Builder.pm line 917.
t/010_core/request_upload-basename.t .................. ok
Possible precedence issue with control flow operator at /tmp/loop_over_bdir-20635-QKfHmq/HTTP-Engine-0.03005-0/inc/Test/Builder.pm line 917.
t/010_core/response-code.t ............................ ok
Possible precedence issue with control flow operator at /tmp/loop_over_bdir-20635-QKfHmq/HTTP-Engine-0.03005-0/inc/Test/Builder.pm line 917.
t/010_core/response-coerce_headers.t .................. ok
Possible precedence issue with control flow operator at /tmp/loop_over_bdir-20635-QKfHmq/HTTP-Engine-0.03005-0/inc/Test/Builder.pm line 917.
t/010_core/response-content_length.t .................. ok
Possible precedence issue with control flow operator at /tmp/loop_over_bdir-20635-QKfHmq/HTTP-Engine-0.03005-0/inc/Test/Builder.pm line 917.
t/010_core/response-cookie.t .......................... ok
Possible precedence issue with control flow operator at /tmp/loop_over_bdir-20635-QKfHmq/HTTP-Engine-0.03005-0/inc/Test/Builder.pm line 917.
t/010_core/response-new.t ............................. ok
Possible precedence issue with control flow operator at /tmp/loop_over_bdir-20635-QKfHmq/HTTP-Engine-0.03005-0/inc/Test/Builder.pm line 917.
t/010_core/response-set_http_response.t ............... ok
Possible precedence issue with control flow operator at /tmp/loop_over_bdir-20635-QKfHmq/HTTP-Engine-0.03005-0/inc/Test/Builder.pm line 917.
Redundant argument in sprintf at /tmp/loop_over_bdir-20635-QKfHmq/HTTP-Engine-0.03005-0/inc/Spiffy.pm line 225.
Redundant argument in sprintf at /tmp/loop_over_bdir-20635-QKfHmq/HTTP-Engine-0.03005-0/inc/Spiffy.pm line 225.
Redundant argument in sprintf at /tmp/loop_over_bdir-20635-QKfHmq/HTTP-Engine-0.03005-0/inc/Spiffy.pm line 225.
Redundant argument in sprintf at /tmp/loop_over_bdir-20635-QKfHmq/HTTP-Engine-0.03005-0/inc/Spiffy.pm line 225.
t/010_core/response-status.t .......................... ok
Possible precedence issue with control flow operator at /tmp/loop_over_bdir-20635-QKfHmq/HTTP-Engine-0.03005-0/inc/Test/Builder.pm line 917.
t/010_core/response.t ................................. ok
Possible precedence issue with control flow operator at /tmp/loop_over_bdir-20635-QKfHmq/HTTP-Engine-0.03005-0/inc/Test/Builder.pm line 917.
Redundant argument in sprintf at /tmp/loop_over_bdir-20635-QKfHmq/HTTP-Engine-0.03005-0/inc/Spiffy.pm line 225.
Redundant argument in sprintf at /tmp/loop_over_bdir-20635-QKfHmq/HTTP-Engine-0.03005-0/inc/Spiffy.pm line 225.
Redundant argument in sprintf at /tmp/loop_over_bdir-20635-QKfHmq/HTTP-Engine-0.03005-0/inc/Spiffy.pm line 225.
Redundant argument in sprintf at /tmp/loop_over_bdir-20635-QKfHmq/HTTP-Engine-0.03005-0/inc/Spiffy.pm line 225.
t/010_core/response_finalizer.t ....................... ok
Possible precedence issue with control flow operator at /tmp/loop_over_bdir-20635-QKfHmq/HTTP-Engine-0.03005-0/inc/Test/Builder.pm line 917.
t/010_core/response_writer.t .......................... ok
Possible precedence issue with control flow operator at /tmp/loop_over_bdir-20635-QKfHmq/HTTP-Engine-0.03005-0/inc/Test/Builder.pm line 917.
t/010_core/responsewriter-broken_io.t ................. ok
Possible precedence issue with control flow operator at /tmp/loop_over_bdir-20635-QKfHmq/HTTP-Engine-0.03005-0/inc/Test/Builder.pm line 917.
Redundant argument in sprintf at /tmp/loop_over_bdir-20635-QKfHmq/HTTP-Engine-0.03005-0/inc/Spiffy.pm line 225.
Redundant argument in sprintf at /tmp/loop_over_bdir-20635-QKfHmq/HTTP-Engine-0.03005-0/inc/Spiffy.pm line 225.
Redundant argument in sprintf at /tmp/loop_over_bdir-20635-QKfHmq/HTTP-Engine-0.03005-0/inc/Spiffy.pm line 225.
Redundant argument in sprintf at /tmp/loop_over_bdir-20635-QKfHmq/HTTP-Engine-0.03005-0/inc/Spiffy.pm line 225.
t/010_core/responsewriter-with_io.t ................... ok
Possible precedence issue with control flow operator at /tmp/loop_over_bdir-20635-QKfHmq/HTTP-Engine-0.03005-0/inc/Test/Builder.pm line 917.
Redundant argument in sprintf at /tmp/loop_over_bdir-20635-QKfHmq/HTTP-Engine-0.03005-0/inc/Spiffy.pm line 225.
Redundant argument in sprintf at /tmp/loop_over_bdir-20635-QKfHmq/HTTP-Engine-0.03005-0/inc/Spiffy.pm line 225.
Redundant argument in sprintf at /tmp/loop_over_bdir-20635-QKfHmq/HTTP-Engine-0.03005-0/inc/Spiffy.pm line 225.
Redundant argument in sprintf at /tmp/loop_over_bdir-20635-QKfHmq/HTTP-Engine-0.03005-0/inc/Spiffy.pm line 225.
t/020_interface/cgi.t ................................. ok
Possible precedence issue with control flow operator at /tmp/loop_over_bdir-20635-QKfHmq/HTTP-Engine-0.03005-0/inc/Test/Builder.pm line 917.
t/020_interface/lighty-fcgi.t ......................... skipped: set TEST_LIGHTTPD to enable this test
Possible precedence issue with control flow operator at /tmp/loop_over_bdir-20635-QKfHmq/HTTP-Engine-0.03005-0/inc/Test/Builder.pm line 917.
t/020_interface/modperl_wildcard_hostname.t ........... skipped: this test requires mod_perl 2
Possible precedence issue with control flow operator at /tmp/loop_over_bdir-20635-QKfHmq/HTTP-Engine-0.03005-0/inc/Test/Builder.pm line 917.
=== 2012 === !!! Kernel has 1 child process(es).
=== 2012 === !!! Stopped child process (PID 2014) reaped when POE::Kernel->run() is ready to return.
=== 2012 === !!! Stopped child process (PID 2015) reaped when POE::Kernel->run() is ready to return.
=== 2012 === !!! Stopped child process (PID 2016) reaped when POE::Kernel->run() is ready to return.
=== 2012 === !!! Stopped child process (PID 2017) reaped when POE::Kernel->run() is ready to return.
=== 2012 === !!! Stopped child process (PID 2018) reaped when POE::Kernel->run() is ready to return.
=== 2012 === !!! Stopped child process (PID 2019) reaped when POE::Kernel->run() is ready to return.
=== 2012 === !!! Stopped child process (PID 2020) reaped when POE::Kernel->run() is ready to return.
=== 2012 === !!! At least one child process is still running when POE::Kernel->run() is ready to return.
=== 2012 === !!! Be sure to use sig_child() to reap child processes.
=== 2012 === !!! In extreme cases, failure to reap child processes has
=== 2012 === !!! resulted in a slow 'fork bomb' that has halted systems.
t/020_interface/poe-proxy.t ........................... ok
Possible precedence issue with control flow operator at /tmp/loop_over_bdir-20635-QKfHmq/HTTP-Engine-0.03005-0/inc/Test/Builder.pm line 917.
=== 2021 === !!! Kernel has 1 child process(es).
=== 2021 === !!! Stopped child process (PID 2022) reaped when POE::Kernel->run() is ready to return.
=== 2021 === !!! Stopped child process (PID 2023) reaped when POE::Kernel->run() is ready to return.
=== 2021 === !!! Stopped child process (PID 2024) reaped when POE::Kernel->run() is ready to return.
=== 2021 === !!! Stopped child process (PID 2025) reaped when POE::Kernel->run() is ready to return.
=== 2021 === !!! Stopped child process (PID 2026) reaped when POE::Kernel->run() is ready to return.
=== 2021 === !!! Stopped child process (PID 2027) reaped when POE::Kernel->run() is ready to return.
=== 2021 === !!! Stopped child process (PID 2028) reaped when POE::Kernel->run() is ready to return.
=== 2021 === !!! At least one child process is still running when POE::Kernel->run() is ready to return.
=== 2021 === !!! Be sure to use sig_child() to reap child processes.
=== 2021 === !!! In extreme cases, failure to reap child processes has
=== 2021 === !!! resulted in a slow 'fork bomb' that has halted systems.
t/020_interface/poe-uri.t ............................. ok
Possible precedence issue with control flow operator at /tmp/loop_over_bdir-20635-QKfHmq/HTTP-Engine-0.03005-0/inc/Test/Builder.pm line 917.
=== 2030 === !!! Kernel has 1 child process(es).
=== 2030 === !!! Stopped child process (PID 2033) reaped when POE::Kernel->run() is ready to return.
=== 2030 === !!! Stopped child process (PID 2034) reaped when POE::Kernel->run() is ready to return.
=== 2030 === !!! Stopped child process (PID 2035) reaped when POE::Kernel->run() is ready to return.
=== 2030 === !!! Stopped child process (PID 2036) reaped when POE::Kernel->run() is ready to return.
=== 2030 === !!! Stopped child process (PID 2037) reaped when POE::Kernel->run() is ready to return.
=== 2030 === !!! At least one child process is still running when POE::Kernel->run() is ready to return.
=== 2030 === !!! Be sure to use sig_child() to reap child processes.
=== 2030 === !!! In extreme cases, failure to reap child processes has
=== 2030 === !!! resulted in a slow 'fork bomb' that has halted systems.
t/020_interface/poe.t ................................. ok
Possible precedence issue with control flow operator at /tmp/loop_over_bdir-20635-QKfHmq/HTTP-Engine-0.03005-0/inc/Test/Builder.pm line 917.
t/020_interface/psgi-with_plack.t ..................... ok
Possible precedence issue with control flow operator at /tmp/loop_over_bdir-20635-QKfHmq/HTTP-Engine-0.03005-0/inc/Test/Builder.pm line 917.
t/020_interface/psgi.t ................................ ok
Possible precedence issue with control flow operator at /tmp/loop_over_bdir-20635-QKfHmq/HTTP-Engine-0.03005-0/inc/Test/Builder.pm line 917.
t/020_interface/server_simple-net_server_configure.t .. skipped: this test requires Net::Server::Single
Possible precedence issue with control flow operator at /tmp/loop_over_bdir-20635-QKfHmq/HTTP-Engine-0.03005-0/inc/Test/Builder.pm line 917.
t/020_interface/server_simple-not-send-header-bug.t ... ok
Possible precedence issue with control flow operator at /tmp/loop_over_bdir-20635-QKfHmq/HTTP-Engine-0.03005-0/inc/Test/Builder.pm line 917.
t/020_interface/server_simple-print_banner.t .......... ok
Possible precedence issue with control flow operator at /tmp/loop_over_bdir-20635-QKfHmq/HTTP-Engine-0.03005-0/inc/Test/Builder.pm line 917.
t/020_interface/server_simple.t ....................... ok
Possible precedence issue with control flow operator at /tmp/loop_over_bdir-20635-QKfHmq/HTTP-Engine-0.03005-0/inc/Test/Builder.pm line 917.
t/020_interface/standalone-keep_alive.t ............... skipped: Interface::Standalone will be removed
Possible precedence issue with control flow operator at /tmp/loop_over_bdir-20635-QKfHmq/HTTP-Engine-0.03005-0/inc/Test/Builder.pm line 917.
t/020_interface/standalone-restart.t .................. skipped: Interface::Standalone will be removed
Possible precedence issue with control flow operator at /tmp/loop_over_bdir-20635-QKfHmq/HTTP-Engine-0.03005-0/inc/Test/Builder.pm line 917.
t/020_interface/streaming_response.t .................. ok
Possible precedence issue with control flow operator at /tmp/loop_over_bdir-20635-QKfHmq/HTTP-Engine-0.03005-0/inc/Test/Builder.pm line 917.
t/020_interface/test-validation.t ..................... ok
Possible precedence issue with control flow operator at /tmp/loop_over_bdir-20635-QKfHmq/HTTP-Engine-0.03005-0/inc/Test/Builder.pm line 917.
t/020_interface/test-warn_at_utf8.t ................... ok
Possible precedence issue with control flow operator at /tmp/loop_over_bdir-20635-QKfHmq/HTTP-Engine-0.03005-0/inc/Test/Builder.pm line 917.
Redundant argument in sprintf at /tmp/loop_over_bdir-20635-QKfHmq/HTTP-Engine-0.03005-0/inc/Spiffy.pm line 225.
Redundant argument in sprintf at /tmp/loop_over_bdir-20635-QKfHmq/HTTP-Engine-0.03005-0/inc/Spiffy.pm line 225.
Redundant argument in sprintf at /tmp/loop_over_bdir-20635-QKfHmq/HTTP-Engine-0.03005-0/inc/Spiffy.pm line 225.
Redundant argument in sprintf at /tmp/loop_over_bdir-20635-QKfHmq/HTTP-Engine-0.03005-0/inc/Spiffy.pm line 225.
t/020_interface/test.t ................................ ok
Possible precedence issue with control flow operator at /tmp/loop_over_bdir-20635-QKfHmq/HTTP-Engine-0.03005-0/inc/Test/Builder.pm line 917.
t/020_interface/test_response-with_io.t ............... ok
Possible precedence issue with control flow operator at /tmp/loop_over_bdir-20635-QKfHmq/HTTP-Engine-0.03005-0/inc/Test/Builder.pm line 917.
Redundant argument in sprintf at /tmp/loop_over_bdir-20635-QKfHmq/HTTP-Engine-0.03005-0/inc/Spiffy.pm line 225.
Redundant argument in sprintf at /tmp/loop_over_bdir-20635-QKfHmq/HTTP-Engine-0.03005-0/inc/Spiffy.pm line 225.
Redundant argument in sprintf at /tmp/loop_over_bdir-20635-QKfHmq/HTTP-Engine-0.03005-0/inc/Spiffy.pm line 225.
Redundant argument in sprintf at /tmp/loop_over_bdir-20635-QKfHmq/HTTP-Engine-0.03005-0/inc/Spiffy.pm line 225.
t/020_interface/test_upload.t ......................... ok
Possible precedence issue with control flow operator at /tmp/loop_over_bdir-20635-QKfHmq/HTTP-Engine-0.03005-0/inc/Test/Builder.pm line 917.
t/030_daemonize/connection_info.t ..................... ok
Possible precedence issue with control flow operator at /tmp/loop_over_bdir-20635-QKfHmq/HTTP-Engine-0.03005-0/inc/Test/Builder.pm line 917.
t/030_daemonize/headers.t ............................. ok
Possible precedence issue with control flow operator at /tmp/loop_over_bdir-20635-QKfHmq/HTTP-Engine-0.03005-0/inc/Test/Builder.pm line 917.

#   Failed test at /tmp/loop_over_bdir-20635-QKfHmq/HTTP-Engine-0.03005-0/inc/Test/More.pm line 376.
#          got: '/foo|'
#     expected: '/|http://example.com/foo?http=1'

#   Failed test at /tmp/loop_over_bdir-20635-QKfHmq/HTTP-Engine-0.03005-0/inc/Test/More.pm line 376.
#          got: '/foo|'
#     expected: '/|http://example.com:8080/foo?http=1'

#   Failed test at /tmp/loop_over_bdir-20635-QKfHmq/HTTP-Engine-0.03005-0/inc/Test/More.pm line 376.
#          got: '/foo|'
#     expected: '/|http://example.com/foo?http=1'

#   Failed test at /tmp/loop_over_bdir-20635-QKfHmq/HTTP-Engine-0.03005-0/inc/Test/More.pm line 376.
#          got: '/foo|'
#     expected: '/|http://example.com:8080/foo?http=1'
# Looks like you failed 4 tests of 16.
t/030_daemonize/proxy_path.t .......................... 
Dubious, test returned 4 (wstat 1024, 0x400)
Failed 4/16 subtests 
Possible precedence issue with control flow operator at /tmp/loop_over_bdir-20635-QKfHmq/HTTP-Engine-0.03005-0/inc/Test/Builder.pm line 917.
t/030_daemonize/raw_body.t ............................ ok
Possible precedence issue with control flow operator at /tmp/loop_over_bdir-20635-QKfHmq/HTTP-Engine-0.03005-0/inc/Test/Builder.pm line 917.
t/030_daemonize/request_independence.t ................ ok
Possible precedence issue with control flow operator at /tmp/loop_over_bdir-20635-QKfHmq/HTTP-Engine-0.03005-0/inc/Test/Builder.pm line 917.
t/030_daemonize/responsewriter_io.t ................... ok
Possible precedence issue with control flow operator at /tmp/loop_over_bdir-20635-QKfHmq/HTTP-Engine-0.03005-0/inc/Test/Builder.pm line 917.
t/030_daemonize/upload-methods.t ...................... ok
Possible precedence issue with control flow operator at /tmp/loop_over_bdir-20635-QKfHmq/HTTP-Engine-0.03005-0/inc/Test/Builder.pm line 917.
t/030_daemonize/upload.t .............................. ok
Possible precedence issue with control flow operator at /tmp/loop_over_bdir-20635-QKfHmq/HTTP-Engine-0.03005-0/inc/Test/Builder.pm line 917.
t/030_daemonize/uri.t ................................. ok
Possible precedence issue with control flow operator at /tmp/loop_over_bdir-20635-QKfHmq/HTTP-Engine-0.03005-0/inc/Test/Builder.pm line 917.
t/030_daemonize/utf8flagged-uri.t ..................... ok
Possible precedence issue with control flow operator at /tmp/loop_over_bdir-20635-QKfHmq/HTTP-Engine-0.03005-0/inc/Test/Builder.pm line 917.
Redundant argument in sprintf at /tmp/loop_over_bdir-20635-QKfHmq/HTTP-Engine-0.03005-0/inc/Spiffy.pm line 225.
Redundant argument in sprintf at /tmp/loop_over_bdir-20635-QKfHmq/HTTP-Engine-0.03005-0/inc/Spiffy.pm line 225.
Redundant argument in sprintf at /tmp/loop_over_bdir-20635-QKfHmq/HTTP-Engine-0.03005-0/inc/Spiffy.pm line 225.
Redundant argument in sprintf at /tmp/loop_over_bdir-20635-QKfHmq/HTTP-Engine-0.03005-0/inc/Spiffy.pm line 225.
t/040_minimal/001_simple.t ............................ ok
Possible precedence issue with control flow operator at /tmp/loop_over_bdir-20635-QKfHmq/HTTP-Engine-0.03005-0/inc/Test/Builder.pm line 917.
t/050_tests/request.t ................................. ok

Test Summary Report
-------------------
t/030_daemonize/proxy_path.t                        (Wstat: 1024 Tests: 16 Failed: 4)
  Failed tests:  2, 4, 10, 12
  Non-zero exit status: 4
Files=72, Tests=690, 15 wallclock secs ( 0.13 usr  0.28 sys +  8.53 cusr  1.84 csys = 10.78 CPU)
Result: FAIL
Failed 1/72 test programs. 4/690 subtests failed.
Makefile:862: recipe for target 'test_dynamic' failed
make: *** [test_dynamic] Error 255

------------------------------
PREREQUISITES
------------------------------

Prerequisite modules loaded:

requires:

    Module               Need   Have    
    -------------------- ------ --------
    Any::Moose           0.13   0.26    
    CGI::Simple::Cookie  1.103  1.114   
    File::Copy           0      2.31    
    File::Spec::Unix     3.2701 3.63    
    Filter::Util::Call   0      1.55    
    HTTP::Body           1.05   1.22    
    HTTP::Headers::Fast  0.11   0.20    
    HTTP::Server::Simple 0.35   0.51    
    Mouse                0.62   v2.4.5  
    MouseX::Types        0.05   0.06    
    perl                 5.008  5.025001
    Scalar::Util         1.19   1.45_01 
    URI                  1.36   1.71    

build_requires:

    Module               Need   Have    
    -------------------- ------ --------
    ExtUtils::MakeMaker  6.42   7.16    
    File::Temp           0.20   0.2304  
    HTTP::Request::AsCGI 0      1.2     
    IO::File             1.14   1.16    
    IO::Scalar           0      2.111   
    IO::Socket           1.3    1.38    
    IO::Socket::INET     0      1.35    
    Test::More           0      1.302021
    Test::SharedFork     0.11   0.35    
    Test::TCP            0.16   2.16    
    YAML                 0      1.15    

configure_requires:

    Module               Need   Have    
    -------------------- ------ --------
    ExtUtils::MakeMaker  6.42   7.16    


------------------------------
ENVIRONMENT AND OTHER CONTEXT
------------------------------

Environment variables:

    AUTOMATED_TESTING = 1
    LANG = C
    PATH = /usr/lib/ccache:/home/sand/bin:/usr/local/bin:/usr/lib/ccache:/usr/bin:/bin:/usr/games:/usr/local/perl/bin:/usr/X11/bin:/sbin:/usr/sbin
    PERL5LIB = 
    PERL5OPT = 
    PERL5_CPANPLUS_IS_RUNNING = 5626
    PERL5_CPAN_IS_RUNNING = 5626
    PERL_CANARY_STABILITY_NOPROMPT = 1
    PERL_MM_USE_DEFAULT = 1
    SHELL = /usr/bin/zsh
    TERM = screen

Perl special variables (and OS-specific diagnostics, for MSWin32):

    $^X = /tmp/basesmoker-reloperl-WA1O/bin/perl
    $UID/$EUID = 1005 / 1005
    $GID = 1005 1005
    $EGID = 1005 1005

Perl module toolchain versions installed:

    Module              Have    
    ------------------- --------
    CPAN                2.13    
    CPAN::Meta          2.150005
    Cwd                 3.63    
    ExtUtils::CBuilder  0.280225
    ExtUtils::Command   7.16    
    ExtUtils::Install   2.04    
    ExtUtils::MakeMaker 7.16    
    ExtUtils::Manifest  1.70    
    ExtUtils::ParseXS   3.31    
    File::Spec          3.63    
    JSON                2.90    
    JSON::PP            2.27300 
    Module::Build       0.4218  
    Module::Signature   0.79    
    Parse::CPAN::Meta   1.4417  
    Test::Harness       3.36    
    Test::More          1.302021
    YAML                1.15    
    YAML::Syck          1.29    
    version             0.9916  


--

Summary of my perl5 (revision 5 version 25 subversion 1) configuration:
  Commit id: 5b145eb412326b9b57276229cfde0ef09e7ca2bc
  Platform:
    osname=linux, osvers=4.5.0-2-amd64, archname=x86_64-linux
    uname='linux k93x64sid 4.5.0-2-amd64 #1 smp debian 4.5.4-1 (2016-05-16) x86_64 gnulinux '
    config_args='-Dprefix=/home/sand/src/perl/repoperls/installed-perls/host/k93x64sid/v5.25.1/29a8 -Dmyhostname=k93x64sid -Dinstallusrbinperl=n -Uversiononly -Dusedevel -des -Ui_db -Dlibswanted=cl pthread socket inet nsl gdbm dbm malloc dl ld sun m crypt sec util c cposix posix ucb BSD gdbm_compat -Uuseithreads -Uuselongdouble -DDEBUGGING=-g'
    hint=recommended, useposix=true, d_sigaction=define
    useithreads=undef, usemultiplicity=undef
    use64bitint=define, use64bitall=define, uselongdouble=undef
    usemymalloc=n, bincompat5005=undef
  Compiler:
    cc='cc', ccflags ='-fwrapv -fno-strict-aliasing -pipe -fstack-protector-strong -I/usr/local/include -D_LARGEFILE_SOURCE -D_FILE_OFFSET_BITS=64 -D_FORTIFY_SOURCE=2',
    optimize='-O2 -g',
    cppflags='-fwrapv -fno-strict-aliasing -pipe -fstack-protector-strong -I/usr/local/include'
    ccversion='', gccversion='5.3.1 20160519', gccosandvers=''
    intsize=4, longsize=8, ptrsize=8, doublesize=8, byteorder=12345678, doublekind=3
    d_longlong=define, longlongsize=8, d_longdbl=define, longdblsize=16, longdblkind=3
    ivtype='long', ivsize=8, nvtype='double', nvsize=8, Off_t='off_t', lseeksize=8
    alignbytes=8, prototype=define
  Linker and Libraries:
    ld='cc', ldflags =' -fstack-protector-strong -L/usr/local/lib'
    libpth=/usr/local/lib /usr/lib/gcc/x86_64-linux-gnu/5/include-fixed /usr/include/x86_64-linux-gnu /usr/lib /lib/x86_64-linux-gnu /lib/../lib /usr/lib/x86_64-linux-gnu /usr/lib/../lib /lib
    libs=-lpthread -lnsl -ldl -lm -lcrypt -lutil -lc
    perllibs=-lpthread -lnsl -ldl -lm -lcrypt -lutil -lc
    libc=libc-2.22.so, so=so, useshrplib=false, libperl=libperl.a
    gnulibc_version='2.22'
  Dynamic Linking:
    dlsrc=dl_dlopen.xs, dlext=so, d_dlsymun=undef, ccdlflags='-Wl,-E'
    cccdlflags='-fPIC', lddlflags='-shared -O2 -g -L/usr/local/lib -fstack-protector-strong'


Characteristics of this binary (from libperl): 
  Compile-time options: HAS_TIMES PERLIO_LAYERS PERL_COPY_ON_WRITE
                        PERL_DONT_CREATE_GVSV
                        PERL_HASH_FUNC_ONE_AT_A_TIME_HARD PERL_MALLOC_WRAP
                        PERL_OP_PARENT PERL_PRESERVE_IVUV PERL_USE_DEVEL
                        USE_64_BIT_ALL USE_64_BIT_INT USE_LARGE_FILES
                        USE_LOCALE USE_LOCALE_COLLATE USE_LOCALE_CTYPE
                        USE_LOCALE_NUMERIC USE_LOCALE_TIME USE_PERLIO
                        USE_PERL_ATOF
  Built under linux
  Compiled at Jan  1 1970 00:00:00
  %ENV:
    PERL5LIB=""
    PERL5OPT=""
    PERL5_CPANPLUS_IS_RUNNING="5626"
    PERL5_CPAN_IS_RUNNING="5626"
    PERL_CANARY_STABILITY_NOPROMPT="1"
    PERL_MM_USE_DEFAULT="1"
  @INC:
    /home/sand/src/perl/repoperls/installed-perls/host/k93x64sid/v5.25.1/29a8/lib/site_perl/5.25.1/x86_64-linux
    /home/sand/src/perl/repoperls/installed-perls/host/k93x64sid/v5.25.1/29a8/lib/site_perl/5.25.1
    /home/sand/src/perl/repoperls/installed-perls/host/k93x64sid/v5.25.1/29a8/lib/5.25.1/x86_64-linux
    /home/sand/src/perl/repoperls/installed-perls/host/k93x64sid/v5.25.1/29a8/lib/5.25.1
    .