Report for Script-Toolbox-0.49

Back
From: metabase:user:a0e144f2-373b-11e6-8edd-c6848980b093
Subject: FAIL Script-Toolbox-0.49 v5.25.2 GNU/Linux
Date: 2016-06-29T18:26:22Z

This distribution has been tested as part of the CPAN Testers
project, supporting the Perl programming language.  See
http://wiki.cpantesters.org/ for more information or email
questions to cpan-testers-discuss@perl.org


--
Dear Matthias Eckardt,

This is a computer-generated report for Script-Toolbox-0.49
on perl 5.25.2, created by CPAN-Reporter-1.2018.

Thank you for uploading your work to CPAN.  However, there was a problem
testing your distribution.

If you think this report is invalid, please consult the CPAN Testers Wiki
for suggestions on how to avoid getting FAIL reports for missing library
or binary dependencies, unsupported operating systems, and so on:

http://wiki.cpantesters.org/wiki/CPANAuthorNotes

Sections of this report:

    * Tester comments
    * Program output
    * Prerequisites
    * Environment and other context

------------------------------
TESTER COMMENTS
------------------------------

Additional comments from tester:

none provided

------------------------------
PROGRAM OUTPUT
------------------------------

Output from '/usr/bin/make test':

make[1]: Entering directory '/home/dcollins/toolchain/.afl3/.cpan/build/Script-Toolbox-0.49-0/Util'
make[2]: Entering directory '/home/dcollins/toolchain/.afl3/.cpan/build/Script-Toolbox-0.49-0/Util/Formatter'
make[2]: Leaving directory '/home/dcollins/toolchain/.afl3/.cpan/build/Script-Toolbox-0.49-0/Util/Formatter'
make[2]: Entering directory '/home/dcollins/toolchain/.afl3/.cpan/build/Script-Toolbox-0.49-0/Util/Opt'
make[2]: Leaving directory '/home/dcollins/toolchain/.afl3/.cpan/build/Script-Toolbox-0.49-0/Util/Opt'
make[1]: Leaving directory '/home/dcollins/toolchain/.afl3/.cpan/build/Script-Toolbox-0.49-0/Util'
make[1]: Entering directory '/home/dcollins/toolchain/.afl3/.cpan/build/Script-Toolbox-0.49-0/Util'
make[2]: Entering directory '/home/dcollins/toolchain/.afl3/.cpan/build/Script-Toolbox-0.49-0/Util/Formatter'
make[2]: Leaving directory '/home/dcollins/toolchain/.afl3/.cpan/build/Script-Toolbox-0.49-0/Util/Formatter'
make[2]: Entering directory '/home/dcollins/toolchain/.afl3/.cpan/build/Script-Toolbox-0.49-0/Util/Opt'
make[2]: Leaving directory '/home/dcollins/toolchain/.afl3/.cpan/build/Script-Toolbox-0.49-0/Util/Opt'
make[2]: Entering directory '/home/dcollins/toolchain/.afl3/.cpan/build/Script-Toolbox-0.49-0/Util/Formatter'
No tests defined for Script::Toolbox::Util::Formatter extension.
make[2]: Leaving directory '/home/dcollins/toolchain/.afl3/.cpan/build/Script-Toolbox-0.49-0/Util/Formatter'
make[2]: Entering directory '/home/dcollins/toolchain/.afl3/.cpan/build/Script-Toolbox-0.49-0/Util/Opt'
No tests defined for Script::Toolbox::Util::Opt extension.
make[2]: Leaving directory '/home/dcollins/toolchain/.afl3/.cpan/build/Script-Toolbox-0.49-0/Util/Opt'
No tests defined for Script::Toolbox::Util extension.
make[1]: Leaving directory '/home/dcollins/toolchain/.afl3/.cpan/build/Script-Toolbox-0.49-0/Util'
PERL_DL_NONLAZY=1 "/usr/bin/perl5.25.2" "-MExtUtils::Command::MM" "-MTest::Harness" "-e" "undef *Test::Harness::Switches; test_harness(0, 'blib/lib', 'blib/arch')" t/*.t
t/01_new.t ..... ok
t/02_Log.t ..... ok

#   Failed test 'help'
#   at t/03_Exit.t line 61.
#          got: '1'
#     expected: '2'

#   Failed test 'Help'
#   at t/03_Exit.t line 62.
#                   'You need to install the perl-doc package to use this program.
# '
#     doesn't match '(?^:Missing nroff)'

#   Failed test 'help'
#   at t/03_Exit.t line 66.
#          got: '1'
#     expected: '2'

#   Failed test 'Help'
#   at t/03_Exit.t line 67.
#                   'You need to install the perl-doc package to use this program.
# '
#     doesn't match '(?^:Missing nroff)'
# Looks like you failed 4 tests of 10.
t/03_Exit.t .... 
Dubious, test returned 4 (wstat 1024, 0x400)
Failed 4/10 subtests 
	(less 4 skipped subtests: 2 okay)
t/04_Open.t .... ok
t/05_GetSet.t .. ok
t/06_Table.t ... ok
t/07_File.t .... ok
t/08_Dir.t ..... ok
t/09_Misc.t .... ok
t/10_Stat.t .... ok

Test Summary Report
-------------------
t/03_Exit.t  (Wstat: 1024 Tests: 10 Failed: 4)
  Failed tests:  7-10
  Non-zero exit status: 4
Files=10, Tests=137,  4 wallclock secs ( 0.03 usr  0.01 sys +  1.26 cusr  0.33 csys =  1.63 CPU)
Result: FAIL
Failed 1/10 test programs. 4/137 subtests failed.
Makefile:860: recipe for target 'test_dynamic' failed
make: *** [test_dynamic] Error 255

------------------------------
PREREQUISITES
------------------------------

Prerequisite modules loaded:

requires:

    Module              Need Have    
    ------------------- ---- --------
    Data::Dumper        2    2.160   
    Fatal               1    2.29    
    File::stat          1    1.07    
    IO::Dir             1    1.10    
    IO::File            1    1.16    
    Time::ParseDate     1    2015.103
    UNIVERSAL           1    1.13    

build_requires:

    Module              Need Have    
    ------------------- ---- --------
    ExtUtils::MakeMaker 0    7.18    

configure_requires:

    Module              Need Have    
    ------------------- ---- --------
    ExtUtils::MakeMaker 0    7.18    


------------------------------
ENVIRONMENT AND OTHER CONTEXT
------------------------------

Environment variables:

    LANG = en_US.UTF-8
    PATH = /usr/local/bin:/usr/bin:/bin:/usr/local/games:/usr/games
    PERL5LIB = 
    PERL5OPT = 
    PERL5_CPANPLUS_IS_RUNNING = 21074
    PERL5_CPAN_IS_RUNNING = 21074
    SHELL = /bin/bash
    TERM = xterm

Perl special variables (and OS-specific diagnostics, for MSWin32):

    $^X = /usr/bin/perl5.25.2
    $UID/$EUID = 1003 / 1003
    $GID = 1005 1005
    $EGID = 1005 1005

Perl module toolchain versions installed:

    Module              Have    
    ------------------- --------
    CPAN                2.14    
    CPAN::Meta          2.150005
    Cwd                 3.64    
    ExtUtils::CBuilder  0.280225
    ExtUtils::Command   7.18    
    ExtUtils::Install   2.04    
    ExtUtils::MakeMaker 7.18    
    ExtUtils::Manifest  1.70    
    ExtUtils::ParseXS   3.32    
    File::Spec          3.64    
    JSON                2.90    
    JSON::PP            2.27400 
    Module::Build       n/a     
    Module::Signature   n/a     
    Parse::CPAN::Meta   1.4417  
    Test::Harness       3.36    
    Test::More          1.302030
    YAML                1.15    
    YAML::Syck          1.29    
    version             0.9917  


--

Summary of my perl5 (revision 5 version 25 subversion 2) configuration:
  Commit id: d6e0ab90d221e0e0cbfcd8c68c96c721a688265f
  Platform:
    osname=linux
    osvers=4.6.0-1-amd64
    archname=x86_64-linux-ld
    uname='linux nightshade64 4.6.0-1-amd64 #1 smp debian 4.6.1-1 (2016-06-06) x86_64 gnulinux '
    config_args='-Dusedevel -Dprefix=/usr -Dcc=ccache gcc-6 -Duselongdouble -Duse64bitall -Doptimize=-O3 -Dversiononly -Uman1dir -Uman3dir -Dsiteprefix=/home/dcollins/toolchain/local -DDEBUGGING -des'
    hint=recommended
    useposix=true
    d_sigaction=define
    useithreads=undef
    usemultiplicity=undef
    use64bitint=define
    use64bitall=define
    uselongdouble=define
    usemymalloc=n
    bincompat5005=undef
  Compiler:
    cc='ccache gcc-6'
    ccflags ='-fwrapv -DDEBUGGING -fno-strict-aliasing -pipe -fstack-protector-strong -I/usr/local/include -D_LARGEFILE_SOURCE -D_FILE_OFFSET_BITS=64'
    optimize='-O3 -g'
    cppflags='-fwrapv -DDEBUGGING -fno-strict-aliasing -pipe -fstack-protector-strong -I/usr/local/include'
    ccversion=''
    gccversion='6.1.1 20160519'
    gccosandvers=''
    intsize=4
    longsize=8
    ptrsize=8
    doublesize=8
    byteorder=12345678
    doublekind=3
    d_longlong=define
    longlongsize=8
    d_longdbl=define
    longdblsize=16
    longdblkind=3
    ivtype='long'
    ivsize=8
    nvtype='long double'
    nvsize=16
    Off_t='off_t'
    lseeksize=8
    alignbytes=16
    prototype=define
  Linker and Libraries:
    ld='ccache gcc-6'
    ldflags =' -fstack-protector-strong -L/usr/local/lib'
    libpth=/usr/local/lib /usr/lib/gcc/x86_64-linux-gnu/6/include-fixed /usr/include/x86_64-linux-gnu /usr/lib /lib/x86_64-linux-gnu /lib/../lib /usr/lib/x86_64-linux-gnu /usr/lib/../lib /lib
    libs=-lpthread -lnsl -ldl -lm -lcrypt -lutil -lc
    perllibs=-lpthread -lnsl -ldl -lm -lcrypt -lutil -lc
    libc=libc-2.22.so
    so=so
    useshrplib=false
    libperl=libperl.a
    gnulibc_version='2.22'
  Dynamic Linking:
    dlsrc=dl_dlopen.xs
    dlext=so
    d_dlsymun=undef
    ccdlflags='-Wl,-E'
    cccdlflags='-fPIC'
    lddlflags='-shared -O3 -g -L/usr/local/lib -fstack-protector-strong'


Characteristics of this binary (from libperl): 
  Compile-time options:
    DEBUGGING
    HAS_TIMES
    PERLIO_LAYERS
    PERL_COPY_ON_WRITE
    PERL_DONT_CREATE_GVSV
    PERL_HASH_FUNC_ONE_AT_A_TIME_HARD
    PERL_MALLOC_WRAP
    PERL_OP_PARENT
    PERL_PRESERVE_IVUV
    PERL_USE_DEVEL
    USE_64_BIT_ALL
    USE_64_BIT_INT
    USE_LARGE_FILES
    USE_LOCALE
    USE_LOCALE_COLLATE
    USE_LOCALE_CTYPE
    USE_LOCALE_NUMERIC
    USE_LOCALE_TIME
    USE_LONG_DOUBLE
    USE_PERLIO
    USE_PERL_ATOF
  Built under linux
  Compiled at Jan  1 1970 00:00:00
  %ENV:
    PERL5LIB=""
    PERL5OPT=""
    PERL5_CPANPLUS_IS_RUNNING="21074"
    PERL5_CPAN_IS_RUNNING="21074"
  @INC:
    /home/dcollins/toolchain/local/lib/perl5/site_perl/5.25.2/x86_64-linux-ld
    /home/dcollins/toolchain/local/lib/perl5/site_perl/5.25.2
    /usr/lib/perl5/5.25.2/x86_64-linux-ld
    /usr/lib/perl5/5.25.2
    /home/dcollins/toolchain/local/lib/perl5/site_perl
    .