CGI-JSONRPC v0.11 Perl 5 v5.16.3 x86_64-linux

Status
Fail
From
Andreas J. König (ANDK)
Dist
CGI-JSONRPC v0.11
Platform
Perl 5 v5.16.3 x86_64-linux
Date
2019-03-25 02:52:08
ID
fb4e1cf8-4ea8-11e9-a1fe-d1c6ec8ecb8d
This distribution has been tested as part of the CPAN Testers
project, supporting the Perl programming language.  See
http://wiki.cpantesters.org/ for more information or email
questions to cpan-testers-discuss@perl.org


--
Dear Tyler MacDonald,

This is a computer-generated report for CGI-JSONRPC-0.11
on perl 5.16.3, created by CPAN-Reporter-1.2018.

Thank you for uploading your work to CPAN.  However, there was a problem
testing your distribution.

If you think this report is invalid, please consult the CPAN Testers Wiki
for suggestions on how to avoid getting FAIL reports for missing library
or binary dependencies, unsupported operating systems, and so on:

http://wiki.cpantesters.org/wiki/CPANAuthorNotes

Sections of this report:

    * Tester comments
    * Program output
    * Prerequisites
    * Environment and other context

------------------------------
TESTER COMMENTS
------------------------------

Additional comments from tester:

this report is from an automated smoke testing program
and was not reviewed by a human for accuracy

------------------------------
PROGRAM OUTPUT
------------------------------

Output from '/usr/bin/make test':

PERL_DL_NONLAZY=1 "/home/sand/src/perl/repoperls/installed-perls/host/k93msid/v5.16.3/da1c/bin/perl" "-MExtUtils::Command::MM" "-MTest::Harness" "-e" "undef *Test::Harness::Switches; test_harness(0, 'blib/lib', 'blib/arch')" t/*.t
Ignoring import spec :withtestmore at t/Apache2-JSONRPC-Session.t line 6
Prototype mismatch: sub main::ok ($;$) vs ($;$$) at /tmp/loop_over_bdir-27366-I9_qFZ/Apache-Test-1.40-0/blib/lib/Apache/Test.pm line 123.
Prototype mismatch: sub main::skip: none vs ($;$$$) at /tmp/loop_over_bdir-27366-I9_qFZ/Apache-Test-1.40-0/blib/lib/Apache/Test.pm line 123.
[  error] You must explicitly specify -httpd and/or -apxs options, or set $ENV{APACHE_TEST_HTTPD} and $ENV{APACHE_TEST_APXS}, or set your $PATH to include the httpd and apxs binaries.
t/Apache2-JSONRPC-Session.t .. 
Failed 10/10 subtests 
Ignoring import spec :withtestmore at t/Apache2-JSONRPC.t line 6
Prototype mismatch: sub main::ok ($;$) vs ($;$$) at /tmp/loop_over_bdir-27366-I9_qFZ/Apache-Test-1.40-0/blib/lib/Apache/Test.pm line 123.
Prototype mismatch: sub main::skip: none vs ($;$$$) at /tmp/loop_over_bdir-27366-I9_qFZ/Apache-Test-1.40-0/blib/lib/Apache/Test.pm line 123.
[  error] You must explicitly specify -httpd and/or -apxs options, or set $ENV{APACHE_TEST_HTTPD} and $ENV{APACHE_TEST_APXS}, or set your $PATH to include the httpd and apxs binaries.
t/Apache2-JSONRPC.t .......... 
Failed 6/6 subtests 
t/CGI-JSONRPC-Dispatcher.t ... ok
Ignoring import spec :withtestmore at t/CGI-JSONRPC-Session.t line 6
Prototype mismatch: sub main::ok ($;$) vs ($;$$) at /tmp/loop_over_bdir-27366-I9_qFZ/Apache-Test-1.40-0/blib/lib/Apache/Test.pm line 123.
Prototype mismatch: sub main::skip: none vs ($;$$$) at /tmp/loop_over_bdir-27366-I9_qFZ/Apache-Test-1.40-0/blib/lib/Apache/Test.pm line 123.
[  error] You must explicitly specify -httpd and/or -apxs options, or set $ENV{APACHE_TEST_HTTPD} and $ENV{APACHE_TEST_APXS}, or set your $PATH to include the httpd and apxs binaries.
t/CGI-JSONRPC-Session.t ...... 
Failed 10/10 subtests 
Ignoring import spec :withtestmore at t/CGI-JSONRPC.t line 6
Prototype mismatch: sub main::ok ($;$) vs ($;$$) at /tmp/loop_over_bdir-27366-I9_qFZ/Apache-Test-1.40-0/blib/lib/Apache/Test.pm line 123.
Prototype mismatch: sub main::skip: none vs ($;$$$) at /tmp/loop_over_bdir-27366-I9_qFZ/Apache-Test-1.40-0/blib/lib/Apache/Test.pm line 123.
[  error] You must explicitly specify -httpd and/or -apxs options, or set $ENV{APACHE_TEST_HTTPD} and $ENV{APACHE_TEST_APXS}, or set your $PATH to include the httpd and apxs binaries.
t/CGI-JSONRPC.t .............. 
No subtests run 

Test Summary Report
-------------------
t/Apache2-JSONRPC-Session.t (Wstat: 0 Tests: 0 Failed: 0)
  Parse errors: Bad plan.  You planned 10 tests but ran 0.
t/Apache2-JSONRPC.t        (Wstat: 0 Tests: 0 Failed: 0)
  Parse errors: Bad plan.  You planned 6 tests but ran 0.
t/CGI-JSONRPC-Session.t    (Wstat: 0 Tests: 0 Failed: 0)
  Parse errors: Bad plan.  You planned 10 tests but ran 0.
t/CGI-JSONRPC.t            (Wstat: 0 Tests: 0 Failed: 0)
  Parse errors: No plan found in TAP output
Files=5, Tests=6,  2 wallclock secs ( 0.01 usr  0.03 sys +  0.76 cusr  0.21 csys =  1.01 CPU)
Result: FAIL
Failed 4/5 test programs. 0/6 subtests failed.
make: *** [Makefile:879: test_dynamic] Error 255

------------------------------
PREREQUISITES
------------------------------

Prerequisite modules loaded:

requires:

    Module              Need Have   
    ------------------- ---- -------
    Apache::Test        0    1.40   
    CGI                 3.11 4.40   
    JSON::Syck          0    1.31   
    Test::Exception     0    0.43   
    Test::Warn          0    0.36   

build_requires:

    Module              Need Have   
    ------------------- ---- -------
    ExtUtils::MakeMaker 0    7.35_10


------------------------------
ENVIRONMENT AND OTHER CONTEXT
------------------------------

Environment variables:

    AUTOMATED_TESTING = 1
    LANG = en_US.UTF-8
    PATH = /home/sand/bin:/usr/local/bin:/usr/bin:/bin:/usr/games:/usr/local/perl/bin:/usr/X11/bin:/sbin:/usr/sbin
    PERL5LIB = /tmp/loop_over_bdir-27366-I9_qFZ/Apache-Test-1.40-0/blib/arch:/tmp/loop_over_bdir-27366-I9_qFZ/Apache-Test-1.40-0/blib/lib
    PERL5OPT = 
    PERL5_CPANPLUS_IS_RUNNING = 27373
    PERL5_CPAN_IS_RUNNING = 27373
    PERL5_CPAN_IS_RUNNING_IN_RECURSION = 4303,27373
    PERL_CANARY_STABILITY_NOPROMPT = 1
    PERL_MM_USE_DEFAULT = 1
    PERL_USE_UNSAFE_INC = 1
    SHELL = /usr/bin/zsh
    TERM = screen

Perl special variables (and OS-specific diagnostics, for MSWin32):

    $^X = /home/sand/src/perl/repoperls/installed-perls/host/k93msid/v5.16.3/da1c/bin/perl
    $UID/$EUID = 1005 / 1005
    $GID = 1005 1005
    $EGID = 1005 1005

Perl module toolchain versions installed:

    Module              Have    
    ------------------- --------
    CPAN                2.25    
    CPAN::Meta          2.150010
    Cwd                 3.75    
    ExtUtils::CBuilder  0.280230
    ExtUtils::Command   7.35_10 
    ExtUtils::Install   2.06    
    ExtUtils::MakeMaker 7.35_10 
    ExtUtils::Manifest  1.70    
    ExtUtils::ParseXS   3.35    
    File::Spec          3.75    
    JSON                4.02    
    JSON::PP            3.99_01 
    Module::Build       0.4224  
    Module::Signature   0.83    
    Parse::CPAN::Meta   2.150010
    Test::Harness       3.42    
    Test::More          1.302162
    YAML                1.26    
    YAML::Syck          1.31    
    version             0.9924  


--

Summary of my perl5 (revision 5 version 16 subversion 3) configuration:
  Derived from: fd04d42d38f4751b981eb6e9213ee1ab8ef11ea6
  Platform:
    osname=linux, osvers=4.18.0-2-amd64, archname=x86_64-linux
    uname='linux k93msid 4.18.0-2-amd64 #1 smp debian 4.18.10-2 (2018-10-07) x86_64 gnulinux '
    config_args='-Dprefix=/home/sand/src/perl/repoperls/installed-perls/host/k93msid/v5.16.3/da1c -Dmyhostname=k93msid -Dinstallusrbinperl=n -Uversiononly -Dusedevel -des -Ui_db -Dlibswanted=cl pthread socket inet nsl gdbm dbm malloc dl ld sun m crypt sec util c cposix posix ucb BSD gdbm_compat -Uuseithreads -Uuselongdouble -DEBUGGING=-g'
    hint=recommended, useposix=true, d_sigaction=define
    useithreads=undef, usemultiplicity=undef
    useperlio=define, d_sfio=undef, uselargefiles=define, usesocks=undef
    use64bitint=define, use64bitall=define, uselongdouble=undef
    usemymalloc=n, bincompat5005=undef
  Compiler:
    cc='cc', ccflags ='-fno-strict-aliasing -pipe -fstack-protector -I/usr/local/include -D_LARGEFILE_SOURCE -D_FILE_OFFSET_BITS=64',
    optimize='-O2 -g',
    cppflags='-fno-strict-aliasing -pipe -fstack-protector -I/usr/local/include'
    ccversion='', gccversion='8.2.0', gccosandvers=''
    intsize=4, longsize=8, ptrsize=8, doublesize=8, byteorder=12345678
    d_longlong=define, longlongsize=8, d_longdbl=define, longdblsize=16
    ivtype='long', ivsize=8, nvtype='double', nvsize=8, Off_t='off_t', lseeksize=8
    alignbytes=8, prototype=define
  Linker and Libraries:
    ld='cc', ldflags =' -fstack-protector -L/usr/local/lib'
    libpth=/usr/local/lib /lib/x86_64-linux-gnu /lib/../lib /usr/lib/x86_64-linux-gnu /usr/lib/../lib /lib /usr/lib
    libs=-lpthread -lnsl -ldl -lm -lcrypt -lutil -lc
    perllibs=-lpthread -lnsl -ldl -lm -lcrypt -lutil -lc
    libc=libc-2.27.so, so=so, useshrplib=false, libperl=libperl.a
    gnulibc_version='2.27'
  Dynamic Linking:
    dlsrc=dl_dlopen.xs, dlext=so, d_dlsymun=undef, ccdlflags='-Wl,-E'
    cccdlflags='-fPIC', lddlflags='-shared -O2 -g -L/usr/local/lib -fstack-protector'


Characteristics of this binary (from libperl): 
  Compile-time options: HAS_TIMES PERLIO_LAYERS PERL_DONT_CREATE_GVSV
                        PERL_MALLOC_WRAP PERL_PRESERVE_IVUV PERL_USE_DEVEL
                        USE_64_BIT_ALL USE_64_BIT_INT USE_LARGE_FILES
                        USE_LOCALE USE_LOCALE_COLLATE USE_LOCALE_CTYPE
                        USE_LOCALE_NUMERIC USE_PERLIO USE_PERL_ATOF
  Locally applied patches:
	uncommitted-changes
  Built under linux
  Compiled at Oct 29 2018 00:31:44
  %ENV:
    PERL5LIB="/tmp/loop_over_bdir-27366-I9_qFZ/Apache-Test-1.40-0/blib/arch:/tmp/loop_over_bdir-27366-I9_qFZ/Apache-Test-1.40-0/blib/lib"
    PERL5OPT=""
    PERL5_CPANPLUS_IS_RUNNING="27373"
    PERL5_CPAN_IS_RUNNING="27373"
    PERL5_CPAN_IS_RUNNING_IN_RECURSION="4303,27373"
    PERL_CANARY_STABILITY_NOPROMPT="1"
    PERL_MM_USE_DEFAULT="1"
    PERL_USE_UNSAFE_INC="1"
  @INC:
    /tmp/loop_over_bdir-27366-I9_qFZ/Apache-Test-1.40-0/blib/arch
    /tmp/loop_over_bdir-27366-I9_qFZ/Apache-Test-1.40-0/blib/lib
    /home/sand/src/perl/repoperls/installed-perls/host/k93msid/v5.16.3/da1c/lib/site_perl/5.16.3/x86_64-linux
    /home/sand/src/perl/repoperls/installed-perls/host/k93msid/v5.16.3/da1c/lib/site_perl/5.16.3
    /home/sand/src/perl/repoperls/installed-perls/host/k93msid/v5.16.3/da1c/lib/5.16.3/x86_64-linux
    /home/sand/src/perl/repoperls/installed-perls/host/k93msid/v5.16.3/da1c/lib/5.16.3
    .