Back
From: metabase:user:30ae4450-2aae-11df-837a-5e0a49663a4f
Subject: FAIL Attribute-Context-0.042 v5.16.0
Date: 2014-01-11T14:34:55Z
This distribution has been tested as part of the CPAN Testers
project, supporting the Perl programming language. See
http://wiki.cpantesters.org/ for more information or email
questions to cpan-testers-discuss@perl.org
--
Dear Curtis 'Ovid' Poe,
This is a computer-generated report for Attribute-Context-0.042
on perl 5.16.0, created by CPAN-Reporter-1.2010_01.
Thank you for uploading your work to CPAN. However, there was a problem
testing your distribution.
If you think this report is invalid, please consult the CPAN Testers Wiki
for suggestions on how to avoid getting FAIL reports for missing library
or binary dependencies, unsupported operating systems, and so on:
http://wiki.cpantesters.org/wiki/CPANAuthorNotes
Sections of this report:
* Tester comments
* Program output
* Prerequisites
* Environment and other context
------------------------------
TESTER COMMENTS
------------------------------
Additional comments from tester:
this report is from an automated smoke testing program
and was not reviewed by a human for accuracy
------------------------------
PROGRAM OUTPUT
------------------------------
Output from 'C:\strawberry160\perl\bin\perl.exe ./Build test':
Arrayref arguments to main::bar must be a single argument or an even sized list at ../lib/Attribute/Context.pm line 20.
CHECK failed--call queue aborted.
t\10arrayref.t ....
Dubious, test returned 255 (wstat 65280, 0xff00)
Failed 7/8 subtests
Last arguments to main::bar must be a single argument or an even sized list at ../lib/Attribute/Context.pm line 20.
CHECK failed--call queue aborted.
t\20last.t ........
Dubious, test returned 255 (wstat 65280, 0xff00)
Failed 6/7 subtests
First arguments to main::bar must be a single argument or an even sized list at ../lib/Attribute/Context.pm line 20.
CHECK failed--call queue aborted.
t\30first.t .......
Dubious, test returned 255 (wstat 65280, 0xff00)
Failed 6/7 subtests
Count arguments to main::bar must be a single argument or an even sized list at ../lib/Attribute/Context.pm line 20.
CHECK failed--call queue aborted.
t\40count.t .......
Dubious, test returned 255 (wstat 65280, 0xff00)
Failed 6/7 subtests
Custom arguments to main::bar must be a single argument or an even sized list at ../lib/Attribute/Context.pm line 20.
CHECK failed--call queue aborted.
t\50custom.t ......
Dubious, test returned 255 (wstat 65280, 0xff00)
Failed 13/14 subtests
t\pod-coverage.t .. ok
t\pod.t ........... ok
Test Summary Report
-------------------
t\10arrayref.t (Wstat: 65280 Tests: 1 Failed: 0)
Non-zero exit status: 255
Parse errors: Bad plan. You planned 8 tests but ran 1.
t\20last.t (Wstat: 65280 Tests: 1 Failed: 0)
Non-zero exit status: 255
Parse errors: Bad plan. You planned 7 tests but ran 1.
t\30first.t (Wstat: 65280 Tests: 1 Failed: 0)
Non-zero exit status: 255
Parse errors: Bad plan. You planned 7 tests but ran 1.
t\40count.t (Wstat: 65280 Tests: 1 Failed: 0)
Non-zero exit status: 255
Parse errors: Bad plan. You planned 7 tests but ran 1.
t\50custom.t (Wstat: 65280 Tests: 1 Failed: 0)
Non-zero exit status: 255
Parse errors: Bad plan. You planned 14 tests but ran 1.
Files=7, Tests=7, 2 wallclock secs ( 0.02 usr + 0.06 sys = 0.08 CPU)
Result: FAIL
Failed 5/7 test programs. 0/7 subtests failed.
------------------------------
PREREQUISITES
------------------------------
Prerequisite modules loaded:
requires:
Module Need Have
------------------- ---- --------
Attribute::Handlers 0.78 0.93
Sub::Uplevel 0.09 0.24
build_requires:
Module Need Have
------------------- ---- --------
Test::Exception 0.21 0.32
Test::More 0.6 1.001002
------------------------------
ENVIRONMENT AND OTHER CONTEXT
------------------------------
Environment variables:
AUTOMATED_TESTING = 1
COMSPEC = C:\WINDOWS\system32\cmd.exe
NUMBER_OF_PROCESSORS = 1
PATH = C:\Program Files\Far Manager\;C:\WINDOWS\system32;C:\WINDOWS;C:\WINDOWS\System32\Wbem;C:\strawberry160\c\bin;C:\strawberry160\perl\site\bin;C:\strawberry160\perl\bin
PERL5LIB =
PERL5OPT =
PERL5_CPANPLUS_IS_RUNNING = 12092
PERL5_CPAN_IS_RUNNING = 12092
PERL5_CPAN_IS_RUNNING_IN_RECURSION = 412,12092
PERL_CR_SMOKER_CURRENT = Attribute-Context-0.042
PERL_EXTUTILS_AUTOINSTALL = --defaultdeps
PERL_JSON_BACKEND = JSON::XS
PERL_MM_USE_DEFAULT = 1
PERL_YAML_BACKEND = YAML
PROCESSOR_IDENTIFIER = x86 Family 16 Model 5 Stepping 3, AuthenticAMD
TEMP = C:\DOCUME~1\a\LOCALS~1\Temp
TERM = dumb
Perl special variables (and OS-specific diagnostics, for MSWin32):
$^X = C:\strawberry160\perl\bin\perl.exe
$UID/$EUID = 0 / 0
$GID = 0
$EGID = 0
Win32::GetOSName = WinXP/.Net
Win32::GetOSVersion = Service Pack 3, 5, 1, 2600, 2, 3, 0, 256, 1
Win32::FsType = NTFS
Win32::IsAdminUser = 1
Perl module toolchain versions installed:
Module Have
------------------- --------
CPAN 2.00
CPAN::Meta 2.133380
Cwd 3.40
ExtUtils::CBuilder 0.280206
ExtUtils::Command 1.17
ExtUtils::Install 1.58
ExtUtils::MakeMaker 6.84
ExtUtils::Manifest 1.61
ExtUtils::ParseXS 3.22
File::Spec 3.40
JSON 2.53
JSON::PP 2.27203
Module::Build 0.4203
Module::Signature 0.68
Parse::CPAN::Meta 1.4405
Test::Harness 3.30
Test::More 1.001002
YAML 0.88
YAML::Syck 1.27
version 0.9904
--
Summary of my perl5 (revision 5 version 16 subversion 0) configuration:
Platform:
osname=MSWin32, osvers=4.0, archname=MSWin32-x86-multi-thread
uname='Win32 strawberry-perl 5.16.0.1 #1 Mon May 21 22:07:30 2012 i386'
config_args='undef'
hint=recommended, useposix=true, d_sigaction=undef
useithreads=define, usemultiplicity=define
useperlio=define, d_sfio=undef, uselargefiles=define, usesocks=undef
use64bitint=undef, use64bitall=undef, uselongdouble=undef
usemymalloc=n, bincompat5005=undef
Compiler:
cc='gcc', ccflags =' -s -O2 -DWIN32 -DPERL_TEXTMODE_SCRIPTS -DPERL_IMPLICIT_CONTEXT -DPERL_IMPLICIT_SYS -fno-strict-aliasing -mms-bitfields',
optimize='-s -O2',
cppflags='-DWIN32'
ccversion='', gccversion='4.6.3', gccosandvers=''
intsize=4, longsize=4, ptrsize=4, doublesize=8, byteorder=1234
d_longlong=undef, longlongsize=8, d_longdbl=define, longdblsize=12
ivtype='long', ivsize=4, nvtype='double', nvsize=8, Off_t='long long', lseeksize=8
alignbytes=8, prototype=define
Linker and Libraries:
ld='g++', ldflags ='-s -L"C:\strawberry160\perl\lib\CORE" -L"C:\strawberry160\c\lib"'
libpth=C:\strawberry160\c\lib C:\strawberry160\c\i686-w64-mingw32\lib
libs=-lmoldname -lkernel32 -luser32 -lgdi32 -lwinspool -lcomdlg32 -ladvapi32 -lshell32 -lole32 -loleaut32 -lnetapi32 -luuid -lws2_32 -lmpr -lwinmm -lversion -lodbc32 -lodbccp32 -lcomctl32
perllibs=-lmoldname -lkernel32 -luser32 -lgdi32 -lwinspool -lcomdlg32 -ladvapi32 -lshell32 -lole32 -loleaut32 -lnetapi32 -luuid -lws2_32 -lmpr -lwinmm -lversion -lodbc32 -lodbccp32 -lcomctl32
libc=, so=dll, useshrplib=true, libperl=libperl516.a
gnulibc_version=''
Dynamic Linking:
dlsrc=dl_win32.xs, dlext=dll, d_dlsymun=undef, ccdlflags=' '
cccdlflags=' ', lddlflags='-mdll -s -L"C:\strawberry160\perl\lib\CORE" -L"C:\strawberry160\c\lib"'
Characteristics of this binary (from libperl):
Compile-time options: HAS_TIMES HAVE_INTERP_INTERN MULTIPLICITY
PERLIO_LAYERS PERL_DONT_CREATE_GVSV
PERL_IMPLICIT_CONTEXT PERL_IMPLICIT_SYS
PERL_MALLOC_WRAP PERL_PRESERVE_IVUV PL_OP_SLAB_ALLOC
USE_ITHREADS USE_LARGE_FILES USE_LOCALE
USE_LOCALE_COLLATE USE_LOCALE_CTYPE
USE_LOCALE_NUMERIC USE_PERLIO USE_PERL_ATOF
Built under MSWin32
Compiled at May 21 2012 22:15:38
%ENV:
PERL5_CPANPLUS_IS_RUNNING="12092"
PERL5_CPAN_IS_RUNNING="12092"
PERL5_CPAN_IS_RUNNING_IN_RECURSION="412,12092"
PERL_CR_SMOKER_CURRENT="Attribute-Context-0.042"
PERL_EXTUTILS_AUTOINSTALL="--defaultdeps"
PERL_JSON_BACKEND="JSON::XS"
PERL_MM_USE_DEFAULT="1"
PERL_YAML_BACKEND="YAML"
@INC:
C:/strawberry160/perl/site/lib/MSWin32-x86-multi-thread
C:/strawberry160/perl/site/lib
C:/strawberry160/perl/vendor/lib
C:/strawberry160/perl/lib
.