Report for Pod-Cpandoc-Cache-0.03

Back
From: metabase:user:314402c4-2aae-11df-837a-5e0a49663a4f
Subject: FAIL Pod-Cpandoc-Cache-0.03 v5.24.1 GNU/Linux
Date: 2017-06-05T14:26:36Z

This distribution has been tested as part of the CPAN Testers
project, supporting the Perl programming language.  See
http://wiki.cpantesters.org/ for more information or email
questions to cpan-testers-discuss@perl.org


--
Dear Kouji Tominaga,

This is a computer-generated report for Pod-Cpandoc-Cache-0.03
on perl 5.24.1, created by CPAN-Reporter-1.2018.

Thank you for uploading your work to CPAN.  However, there was a problem
testing your distribution.

If you think this report is invalid, please consult the CPAN Testers Wiki
for suggestions on how to avoid getting FAIL reports for missing library
or binary dependencies, unsupported operating systems, and so on:

http://wiki.cpantesters.org/wiki/CPANAuthorNotes

Sections of this report:

    * Tester comments
    * Program output
    * Prerequisites
    * Environment and other context

------------------------------
TESTER COMMENTS
------------------------------

Additional comments from tester:

none provided

------------------------------
PROGRAM OUTPUT
------------------------------

Output from './Build test':

t/00_compile.t .. ok
# /var/tmp/cpansmoker-1002/2017060515/fqBnLf6uf_
# 2049 5799939 16832 2 1002 1002 0 4096 1496672449 1496672449 1496672449 4096 8
# Test ended with extra hubs on the stack!
t/01_basic.t .... 
Dubious, test returned 255 (wstat 65280, 0xff00)
No subtests run 
    # , 0
t/02_opt_c.t .... ok

Test Summary Report
-------------------
t/01_basic.t  (Wstat: 65280 Tests: 0 Failed: 0)
  Non-zero exit status: 255
  Parse errors: No plan found in TAP output
Files=3, Tests=2,  1 wallclock secs ( 0.03 usr  0.00 sys +  0.69 cusr  0.09 csys =  0.81 CPU)
Result: FAIL

------------------------------
PREREQUISITES
------------------------------

Prerequisite modules loaded:

requires:

    Module                   Need     Have    
    ------------------------ -------- --------
    Class::Method::Modifiers 0        2.12    
    parent                   0        0.234   
    perl                     5.008005 5.024001
    Pod::Cpandoc             0        0.16    
    Time::Piece              1.16     1.31    

build_requires:

    Module                   Need     Have    
    ------------------------ -------- --------
    Capture::Tiny            0        0.46    
    File::Temp               0        0.2304  
    Test::More               0.98     1.302085

configure_requires:

    Module                   Need     Have    
    ------------------------ -------- --------
    Module::Build::Tiny      0.035    0.039   


------------------------------
ENVIRONMENT AND OTHER CONTEXT
------------------------------

Environment variables:

    LANG = de_DE.UTF-8
    PATH = /usr/local/bin:/usr/bin:/bin:/usr/local/sbin:/usr/sbin:/sbin:/home/cpansand/bin/linux-gnu:/home/cpansand/bin/sh:/home/cpansand/bin:/usr/games:/home/cpansand/devel:/home/eserte/src/srezic-misc/scripts
    PERL5LIB = /home/cpansand/.cpan/build/2017060515/Pod-Cpandoc-0.16-3/blib/arch:/home/cpansand/.cpan/build/2017060515/Pod-Cpandoc-0.16-3/blib/lib
    PERL5OPT = 
    PERL5_CPANPLUS_IS_RUNNING = 25185
    PERL5_CPAN_IS_RUNNING = 25185
    PERL5_CPAN_IS_RUNNING_IN_RECURSION = 24008,25185
    PERLDOC = -MPod::Perldoc::ToTextOverstrike
    PERL_BATCH = yes
    PERL_CANARY_STABILITY_NOPROMPT = 1
    PERL_CPAN_REPORTER_CONFIG = /var/tmp/cpansmoker-1002/2017060515/cpanreporter_001_config.ini
    PERL_EXTUTILS_AUTOINSTALL = --defaultdeps
    SHELL = /bin/zsh
    TERM = screen
    TMPDIR = /var/tmp/cpansmoker-1002/2017060515

Perl special variables (and OS-specific diagnostics, for MSWin32):

    $^X = /opt/perl-5.24.1/bin/perl
    $UID/$EUID = 1002 / 1002
    $GID = 1002 1002
    $EGID = 1002 1002

Perl module toolchain versions installed:

    Module              Have      
    ------------------- ----------
    CPAN                2.16      
    CPAN::Meta          2.150005  
    Cwd                 3.63_01   
    ExtUtils::CBuilder  0.280225  
    ExtUtils::Command   7.24      
    ExtUtils::Install   2.12      
    ExtUtils::MakeMaker 7.24      
    ExtUtils::Manifest  1.70      
    ExtUtils::ParseXS   3.31      
    File::Spec          3.63_01   
    JSON                2.94      
    JSON::PP            2.27400   
    Module::Build       0.4220    
    Module::Signature   0.81      
    Parse::CPAN::Meta   1.4417_001
    Test::Harness       3.36_01   
    Test::More          1.302085  
    YAML                1.23      
    YAML::Syck          1.30      
    version             0.9916    


--

Summary of my perl5 (revision 5 version 24 subversion 1) configuration:
   
  Platform:
    osname=linux, osvers=3.10.0-514.6.2.el7.x86_64, archname=x86_64-linux
    uname='linux prod5 3.10.0-514.6.2.el7.x86_64 #1 smp thu feb 23 03:04:39 utc 2017 x86_64 x86_64 x86_64 gnulinux '
    config_args='-ds -e -Dprefix=/opt/perl-5.24.1 -Dcf_email=srezic@cpan.org'
    hint=recommended, useposix=true, d_sigaction=define
    useithreads=undef, usemultiplicity=undef
    use64bitint=define, use64bitall=define, uselongdouble=undef
    usemymalloc=n, bincompat5005=undef
  Compiler:
    cc='cc', ccflags ='-fwrapv -fno-strict-aliasing -pipe -fstack-protector-strong -I/usr/local/include -D_LARGEFILE_SOURCE -D_FILE_OFFSET_BITS=64 -D_FORTIFY_SOURCE=2',
    optimize='-O2',
    cppflags='-fwrapv -fno-strict-aliasing -pipe -fstack-protector-strong -I/usr/local/include'
    ccversion='', gccversion='4.8.5 20150623 (Red Hat 4.8.5-11)', gccosandvers=''
    intsize=4, longsize=8, ptrsize=8, doublesize=8, byteorder=12345678, doublekind=3
    d_longlong=define, longlongsize=8, d_longdbl=define, longdblsize=16, longdblkind=3
    ivtype='long', ivsize=8, nvtype='double', nvsize=8, Off_t='off_t', lseeksize=8
    alignbytes=8, prototype=define
  Linker and Libraries:
    ld='cc', ldflags =' -fstack-protector-strong -L/usr/local/lib'
    libpth=/usr/local/lib /usr/lib /lib/../lib64 /usr/lib/../lib64 /lib /lib64 /usr/lib64 /usr/local/lib64
    libs=-lpthread -lnsl -lgdbm -ldb -ldl -lm -lcrypt -lutil -lc -lgdbm_compat
    perllibs=-lpthread -lnsl -ldl -lm -lcrypt -lutil -lc
    libc=libc-2.17.so, so=so, useshrplib=false, libperl=libperl.a
    gnulibc_version='2.17'
  Dynamic Linking:
    dlsrc=dl_dlopen.xs, dlext=so, d_dlsymun=undef, ccdlflags='-Wl,-E'
    cccdlflags='-fPIC', lddlflags='-shared -O2 -L/usr/local/lib -fstack-protector-strong'


Characteristics of this binary (from libperl): 
  Compile-time options: HAS_TIMES PERLIO_LAYERS PERL_COPY_ON_WRITE
                        PERL_DONT_CREATE_GVSV
                        PERL_HASH_FUNC_ONE_AT_A_TIME_HARD PERL_MALLOC_WRAP
                        PERL_PRESERVE_IVUV USE_64_BIT_ALL USE_64_BIT_INT
                        USE_LARGE_FILES USE_LOCALE USE_LOCALE_COLLATE
                        USE_LOCALE_CTYPE USE_LOCALE_NUMERIC USE_LOCALE_TIME
                        USE_PERLIO USE_PERL_ATOF
  Built under linux
  Compiled at Feb 23 2017 19:18:49
  %ENV:
    PERL5LIB="/home/cpansand/.cpan/build/2017060515/Pod-Cpandoc-0.16-3/blib/arch:/home/cpansand/.cpan/build/2017060515/Pod-Cpandoc-0.16-3/blib/lib"
    PERL5OPT=""
    PERL5_CPANPLUS_IS_RUNNING="25185"
    PERL5_CPAN_IS_RUNNING="25185"
    PERL5_CPAN_IS_RUNNING_IN_RECURSION="24008,25185"
    PERLDOC="-MPod::Perldoc::ToTextOverstrike"
    PERL_BATCH="yes"
    PERL_CANARY_STABILITY_NOPROMPT="1"
    PERL_CPAN_REPORTER_CONFIG="/var/tmp/cpansmoker-1002/2017060515/cpanreporter_001_config.ini"
    PERL_EXTUTILS_AUTOINSTALL="--defaultdeps"
  @INC:
    /home/cpansand/.cpan/build/2017060515/Pod-Cpandoc-0.16-3/blib/arch
    /home/cpansand/.cpan/build/2017060515/Pod-Cpandoc-0.16-3/blib/lib
    /opt/perl-5.24.1/lib/site_perl/5.24.1/x86_64-linux
    /opt/perl-5.24.1/lib/site_perl/5.24.1
    /opt/perl-5.24.1/lib/5.24.1/x86_64-linux
    /opt/perl-5.24.1/lib/5.24.1
    .