POE-Component-Client-Keepalive v0.272 Perl 5 v5.40.0 x86_64-linux

Status
Fail
From
Nigel Horne
Dist
POE-Component-Client-Keepalive v0.272
Platform
Perl 5 v5.40.0 x86_64-linux
Date
2025-04-24 03:48:27
ID
fb0caa4a-20be-11f0-abfc-81f91c34a59d
This distribution has been tested as part of the CPAN Testers
project, supporting the Perl programming language.  See
http://wiki.cpantesters.org/ for more information or email
questions to cpan-testers-discuss@perl.org


--
Dear Rocco Caputo,

This is a computer-generated report for POE-Component-Client-Keepalive-0.272
on perl 5.40.0, created by CPAN-Reporter-1.2020.

Thank you for uploading your work to CPAN.  However, there was a problem
testing your distribution.

If you think this report is invalid, please consult the CPAN Testers Wiki
for suggestions on how to avoid getting FAIL reports for missing library
or binary dependencies, unsupported operating systems, and so on:

http://wiki.cpantesters.org/wiki/CPANAuthorNotes

Sections of this report:

    * Tester comments
    * Program output
    * Prerequisites
    * Environment and other context

------------------------------
TESTER COMMENTS
------------------------------

Additional comments from tester:

this report is from an automated smoke testing program
and was not reviewed by a human for accuracy

------------------------------
PROGRAM OUTPUT
------------------------------

Output from '/usr/bin/make test':

PERL_DL_NONLAZY=1 "/home/opc/perl5/perlbrew/perls/perl-5.40.0/bin/perl" "-MExtUtils::Command::MM" "-MTest::Harness" "-e" "undef *Test::Harness::Switches; test_harness(0, 'blib/lib', 'blib/arch')" t/*.t
# Testing with Perl 5.040000, /home/opc/perl5/perlbrew/perls/perl-5.40.0/bin/perl
#     ExtUtils::MakeMaker version is 7.74
#     Net::IP::Minimal version is 0.06
#     POE version is 1.370
#     POE::Component::Resolver version is 0.921
t/000-report-versions.t ... ok
Use of uninitialized value in concatenation (.) or string at t/01_socket_reuse.t line 62.

#   Failed test 'first request resolve error : Host has no address.'
#   at t/01_socket_reuse.t line 62.
Use of uninitialized value in concatenation (.) or string at t/01_socket_reuse.t line 62.

#   Failed test 'second request resolve error : Host has no address.'
#   at t/01_socket_reuse.t line 62.

#   Failed test 'second request from cache'
#   at t/01_socket_reuse.t line 79.
# Looks like you failed 3 tests of 4.
t/01_socket_reuse.t ....... 
Dubious, test returned 3 (wstat 768, 0x300)
Failed 3/4 subtests 
# This test may take a long time if your firewall blackholes connections.
t/02_socket_queue.t ....... ok
Use of uninitialized value in concatenation (.) or string at t/03_each_queue.t line 87.

#   Failed test 'first request resolve error : Host has no address.'
#   at t/03_each_queue.t line 87.
Use of uninitialized value in concatenation (.) or string at t/03_each_queue.t line 87.

#   Failed test 'second request resolve error : Host has no address.'
#   at t/03_each_queue.t line 87.

#   Failed test 'second deferred from cache'
#   at t/03_each_queue.t line 93.
#          got: undef
#     expected: 'deferred'
Use of uninitialized value in concatenation (.) or string at t/03_each_queue.t line 112.

#   Failed test 'third request resolve error : Host has no address.'
#   at t/03_each_queue.t line 112.

#   Failed test 'third connection request honored from pool immediately'
#   at t/03_each_queue.t line 115.
#          got: undef
#     expected: 'immediate'
Use of uninitialized value in concatenation (.) or string at t/03_each_queue.t line 157.

#   Failed test 'fourth request resolve error : Host has no address.'
#   at t/03_each_queue.t line 157.

#   Failed test 'connection from pool'
#   at t/03_each_queue.t line 160.
#          got: undef
#     expected: 'deferred'
# Looks like you failed 7 tests of 8.
t/03_each_queue.t ......... 
Dubious, test returned 7 (wstat 1792, 0x700)
Failed 7/8 subtests 

#   Failed test 'first connection created successfully'
#   at t/04_free_each.t line 72.

#   Failed test 'second connection created successfully'
#   at t/04_free_each.t line 72.
	(in cleanup) === 17932 === <us> must call select() from a running session at /home/opc/perl5/perlbrew/perls/perl-5.40.0/lib/site_perl/5.40.0/POE/Kernel.pm line 2198.
	POE::Kernel::select(POE::Kernel=ARRAY(0xb125ba8), GLOB(0xc040a70)) called at /home/opc/perl5/perlbrew/perls/perl-5.40.0/lib/site_perl/5.40.0/POE/Wheel/SocketFactory.pm line 1130
	POE::Wheel::SocketFactory::_shutdown(SCALAR(0xc040bf0), REF(0xc040ad0), SCALAR(0xc040b48), SCALAR(0xc040b60), SCALAR(0xc040b78), SCALAR(0xc040b00), SCALAR(0xc040b90), SCALAR(0xc040b18)) called at /home/opc/perl5/perlbrew/perls/perl-5.40.0/lib/site_perl/5.40.0/POE/Wheel/SocketFactory.pm line 1108
	POE::Wheel::SocketFactory::DESTROY(POE::Wheel::SocketFactory=ARRAY(0xc040ab8)) called at /home/opc/perl5/perlbrew/perls/perl-5.40.0/lib/site_perl/5.40.0/POE/Kernel.pm line 1343
	eval {...} called at /home/opc/perl5/perlbrew/perls/perl-5.40.0/lib/site_perl/5.40.0/POE/Kernel.pm line 1343
	POE::Kernel::stop("POE::Kernel") called at /home/opc/perl5/perlbrew/perls/perl-5.40.0/lib/site_perl/5.40.0/POE/Resource/Events.pm line 391
	POE::Kernel::_data_ev_dispatch_due(POE::Kernel=ARRAY(0xb125ba8)) called at /home/opc/perl5/perlbrew/perls/perl-5.40.0/lib/site_perl/5.40.0/POE/Loop/Select.pm line 309
	POE::Kernel::loop_do_timeslice(POE::Kernel=ARRAY(0xb125ba8)) called at /home/opc/perl5/perlbrew/perls/perl-5.40.0/lib/site_perl/5.40.0/POE/Loop/Select.pm line 317
	POE::Kernel::loop_run(POE::Kernel=ARRAY(0xb125ba8)) called at /home/opc/perl5/perlbrew/perls/perl-5.40.0/lib/site_perl/5.40.0/POE/Kernel.pm line 1292
	POE::Kernel::run("POE::Kernel") called at t/04_free_each.t line 137
=== 17932 === !!! Kernel has 1 child process(es).
=== 17932 === !!! At least one child process is still running when POE::Kernel->run() is ready to return.
=== 17932 === !!! Be sure to use sig_child() to reap child processes.
=== 17932 === !!! In extreme cases, failure to reap child processes has
=== 17932 === !!! resulted in a slow 'fork bomb' that has halted systems.
Can't call method "start" on an undefined value at t/04_free_each.t line 80.
# Looks like your test exited with 22 just after 4.
t/04_free_each.t .......... 
Dubious, test returned 22 (wstat 5632, 0x1600)
Failed 4/6 subtests 

#   Failed test 'Must call start() with an even number of parameters'
#   at t/05_errors.t line 20.
# Looks like you failed 1 test of 12.
t/05_errors.t ............. 
Dubious, test returned 1 (wstat 256, 0x100)
Failed 1/12 subtests 

#   Failed test 'first connection established asynchronously'
#   at t/06_activity.t line 61.
	(in cleanup) === 17951 === <us> must call select() from a running session at /home/opc/perl5/perlbrew/perls/perl-5.40.0/lib/site_perl/5.40.0/POE/Kernel.pm line 2198.
	POE::Kernel::select(POE::Kernel=ARRAY(0x1ba79af8), GLOB(0x1c993958)) called at /home/opc/perl5/perlbrew/perls/perl-5.40.0/lib/site_perl/5.40.0/POE/Wheel/SocketFactory.pm line 1130
	POE::Wheel::SocketFactory::_shutdown(SCALAR(0x1c993ad8), REF(0x1c9939b8), SCALAR(0x1c993a30), SCALAR(0x1c993a48), SCALAR(0x1c993a60), SCALAR(0x1c9939e8), SCALAR(0x1c993a78), SCALAR(0x1c993a00)) called at /home/opc/perl5/perlbrew/perls/perl-5.40.0/lib/site_perl/5.40.0/POE/Wheel/SocketFactory.pm line 1108
	POE::Wheel::SocketFactory::DESTROY(POE::Wheel::SocketFactory=ARRAY(0x1c9939a0)) called at /home/opc/perl5/perlbrew/perls/perl-5.40.0/lib/site_perl/5.40.0/POE/Kernel.pm line 1343
	eval {...} called at /home/opc/perl5/perlbrew/perls/perl-5.40.0/lib/site_perl/5.40.0/POE/Kernel.pm line 1343
	POE::Kernel::stop("POE::Kernel") called at /home/opc/perl5/perlbrew/perls/perl-5.40.0/lib/site_perl/5.40.0/POE/Resource/Events.pm line 391
	POE::Kernel::_data_ev_dispatch_due(POE::Kernel=ARRAY(0x1ba79af8)) called at /home/opc/perl5/perlbrew/perls/perl-5.40.0/lib/site_perl/5.40.0/POE/Loop/Select.pm line 309
	POE::Kernel::loop_do_timeslice(POE::Kernel=ARRAY(0x1ba79af8)) called at /home/opc/perl5/perlbrew/perls/perl-5.40.0/lib/site_perl/5.40.0/POE/Loop/Select.pm line 317
	POE::Kernel::loop_run(POE::Kernel=ARRAY(0x1ba79af8)) called at /home/opc/perl5/perlbrew/perls/perl-5.40.0/lib/site_perl/5.40.0/POE/Kernel.pm line 1292
	POE::Kernel::run("POE::Kernel") called at t/06_activity.t line 119
=== 17951 === !!! Kernel has 1 child process(es).
=== 17951 === !!! Stopped child process (PID 17953) reaped when POE::Kernel->run() is ready to return.
=== 17951 === !!! At least one child process is still running when POE::Kernel->run() is ready to return.
=== 17951 === !!! Be sure to use sig_child() to reap child processes.
=== 17951 === !!! In extreme cases, failure to reap child processes has
=== 17951 === !!! resulted in a slow 'fork bomb' that has halted systems.
Can't call method "start" on an undefined value at t/06_activity.t line 99.
# Looks like your test exited with 22 just after 3.
t/06_activity.t ........... 
Dubious, test returned 22 (wstat 5632, 0x1600)
Failed 3/5 subtests 

#   Failed test 'first request honored asynchronously'
#   at t/07_keep_alive.t line 59.

#   Failed test 'second request honored asynchronously'
#   at t/07_keep_alive.t line 93.

#   Failed test 'third request honored asynchronously'
#   at t/07_keep_alive.t line 93.
# Looks like you failed 3 tests of 6.
t/07_keep_alive.t ......... 
Dubious, test returned 3 (wstat 768, 0x300)
Failed 3/6 subtests 
Use of uninitialized value in concatenation (.) or string at t/08_quick_reuse.t line 81.

#   Failed test 'first request resolve error : Host has no address.'
#   at t/08_quick_reuse.t line 81.
Use of uninitialized value in concatenation (.) or string at t/08_quick_reuse.t line 81.

#   Failed test 'second request resolve error : Host has no address.'
#   at t/08_quick_reuse.t line 81.

#   Failed test 'third connection request honored from pool'
#   at t/08_quick_reuse.t line 119.
#          got: undef
#     expected: 'immediate'
Use of uninitialized value in concatenation (.) or string at t/08_quick_reuse.t line 138.

#   Failed test 'fourth request resolve error : Host has no address.'
#   at t/08_quick_reuse.t line 138.
# Looks like you failed 4 tests of 7.
t/08_quick_reuse.t ........ 
Dubious, test returned 4 (wstat 1024, 0x400)
Failed 4/7 subtests 
t/09_timeout.t ............ ok
Use of uninitialized value in concatenation (.) or string at t/10_resolver.t line 98.

#   Failed test 'first request resolve error : Host has no address.'
#   at t/10_resolver.t line 98.
Use of uninitialized value in concatenation (.) or string at t/10_resolver.t line 98.

#   Failed test 'second request resolve error : Host has no address.'
#   at t/10_resolver.t line 98.
# Looks like you failed 2 tests of 6.
t/10_resolver.t ........... 
Dubious, test returned 2 (wstat 512, 0x200)
Failed 2/6 subtests 

#   Failed test 'first connection established asynchronously'
#   at t/11_dead_socket.t line 78.

#   Failed test 'second connection established asynchronously'
#   at t/11_dead_socket.t line 78.
	(in cleanup) === 18005 === <us> must call select() from a running session at /home/opc/perl5/perlbrew/perls/perl-5.40.0/lib/site_perl/5.40.0/POE/Kernel.pm line 2198.
	POE::Kernel::select(POE::Kernel=ARRAY(0x21952b98), GLOB(0x2286cae0)) called at /home/opc/perl5/perlbrew/perls/perl-5.40.0/lib/site_perl/5.40.0/POE/Wheel/SocketFactory.pm line 1130
	POE::Wheel::SocketFactory::_shutdown(SCALAR(0x21949fe8), REF(0x2286cb40), SCALAR(0x2286cbb8), SCALAR(0x2286cbd0), SCALAR(0x2286cbe8), SCALAR(0x2286cb70), SCALAR(0x2286cc00), SCALAR(0x2286cb88)) called at /home/opc/perl5/perlbrew/perls/perl-5.40.0/lib/site_perl/5.40.0/POE/Wheel/SocketFactory.pm line 1108
	POE::Wheel::SocketFactory::DESTROY(POE::Wheel::SocketFactory=ARRAY(0x2286cb28)) called at /home/opc/perl5/perlbrew/perls/perl-5.40.0/lib/site_perl/5.40.0/POE/Kernel.pm line 1343
	eval {...} called at /home/opc/perl5/perlbrew/perls/perl-5.40.0/lib/site_perl/5.40.0/POE/Kernel.pm line 1343
	POE::Kernel::stop("POE::Kernel") called at /home/opc/perl5/perlbrew/perls/perl-5.40.0/lib/site_perl/5.40.0/POE/Resource/Events.pm line 391
	POE::Kernel::_data_ev_dispatch_due(POE::Kernel=ARRAY(0x21952b98)) called at /home/opc/perl5/perlbrew/perls/perl-5.40.0/lib/site_perl/5.40.0/POE/Loop/Select.pm line 309
	POE::Kernel::loop_do_timeslice(POE::Kernel=ARRAY(0x21952b98)) called at /home/opc/perl5/perlbrew/perls/perl-5.40.0/lib/site_perl/5.40.0/POE/Loop/Select.pm line 317
	POE::Kernel::loop_run(POE::Kernel=ARRAY(0x21952b98)) called at /home/opc/perl5/perlbrew/perls/perl-5.40.0/lib/site_perl/5.40.0/POE/Kernel.pm line 1292
	POE::Kernel::run("POE::Kernel") called at t/11_dead_socket.t line 125
=== 18005 === !!! Kernel has 1 child process(es).
=== 18005 === !!! At least one child process is still running when POE::Kernel->run() is ready to return.
=== 18005 === !!! Be sure to use sig_child() to reap child processes.
=== 18005 === !!! In extreme cases, failure to reap child processes has
=== 18005 === !!! resulted in a slow 'fork bomb' that has halted systems.
Can't call method "start" on an undefined value at t/11_dead_socket.t line 81.
# Looks like your test exited with 22 just after 4.
t/11_dead_socket.t ........ 
Dubious, test returned 22 (wstat 5632, 0x1600)
Failed 5/7 subtests 
t/12_extref.t ............. ok

#   Failed test 'first request honored asynchronously'
#   at t/13_close.t line 59.
	(in cleanup) === 18016 === <us> must call select() from a running session at /home/opc/perl5/perlbrew/perls/perl-5.40.0/lib/site_perl/5.40.0/POE/Kernel.pm line 2198.
	POE::Kernel::select(POE::Kernel=ARRAY(0x12482728), GLOB(0x1245fba8)) called at /home/opc/perl5/perlbrew/perls/perl-5.40.0/lib/site_perl/5.40.0/POE/Wheel/SocketFactory.pm line 1130
	POE::Wheel::SocketFactory::_shutdown(SCALAR(0x1245fd28), REF(0x1245fc08), SCALAR(0x1245fc80), SCALAR(0x1245fc98), SCALAR(0x1245fcb0), SCALAR(0x1245fc38), SCALAR(0x1245fcc8), SCALAR(0x1245fc50)) called at /home/opc/perl5/perlbrew/perls/perl-5.40.0/lib/site_perl/5.40.0/POE/Wheel/SocketFactory.pm line 1108
	POE::Wheel::SocketFactory::DESTROY(POE::Wheel::SocketFactory=ARRAY(0x1245fbf0)) called at /home/opc/perl5/perlbrew/perls/perl-5.40.0/lib/site_perl/5.40.0/POE/Kernel.pm line 1343
	eval {...} called at /home/opc/perl5/perlbrew/perls/perl-5.40.0/lib/site_perl/5.40.0/POE/Kernel.pm line 1343
	POE::Kernel::stop("POE::Kernel") called at /home/opc/perl5/perlbrew/perls/perl-5.40.0/lib/site_perl/5.40.0/POE/Resource/Events.pm line 391
	POE::Kernel::_data_ev_dispatch_due(POE::Kernel=ARRAY(0x12482728)) called at /home/opc/perl5/perlbrew/perls/perl-5.40.0/lib/site_perl/5.40.0/POE/Loop/Select.pm line 309
	POE::Kernel::loop_do_timeslice(POE::Kernel=ARRAY(0x12482728)) called at /home/opc/perl5/perlbrew/perls/perl-5.40.0/lib/site_perl/5.40.0/POE/Loop/Select.pm line 317
	POE::Kernel::loop_run(POE::Kernel=ARRAY(0x12482728)) called at /home/opc/perl5/perlbrew/perls/perl-5.40.0/lib/site_perl/5.40.0/POE/Kernel.pm line 1292
	POE::Kernel::run("POE::Kernel") called at t/13_close.t line 91
=== 18016 === !!! Kernel has 1 child process(es).
=== 18016 === !!! Stopped child process (PID 18024) reaped when POE::Kernel->run() is ready to return.
=== 18016 === !!! At least one child process is still running when POE::Kernel->run() is ready to return.
=== 18016 === !!! Be sure to use sig_child() to reap child processes.
=== 18016 === !!! In extreme cases, failure to reap child processes has
=== 18016 === !!! resulted in a slow 'fork bomb' that has halted systems.
Can't call method "start" on an undefined value at t/13_close.t line 62.
# Looks like your test exited with 22 just after 2.
t/13_close.t .............. 
Dubious, test returned 22 (wstat 5632, 0x1600)
Failed 3/4 subtests 
t/50_bisbee_timeout.t ..... ok
Use of uninitialized value in concatenation (.) or string at t/51_reiss_reuse.t line 70.

#   Failed test 'first/1 request resolve error : Host has no address.'
#   at t/51_reiss_reuse.t line 70.
Use of uninitialized value in concatenation (.) or string at t/51_reiss_reuse.t line 70.

#   Failed test 'first/2 request resolve error : Host has no address.'
#   at t/51_reiss_reuse.t line 70.
Use of uninitialized value in concatenation (.) or string at t/51_reiss_reuse.t line 70.

#   Failed test 'first/3 request resolve error : Host has no address.'
#   at t/51_reiss_reuse.t line 70.
Use of uninitialized value in concatenation (.) or string at t/51_reiss_reuse.t line 70.

#   Failed test 'second-a request resolve error : Host has no address.'
#   at t/51_reiss_reuse.t line 70.
Use of uninitialized value in concatenation (.) or string at t/51_reiss_reuse.t line 70.

#   Failed test 'second-b request resolve error : Host has no address.'
#   at t/51_reiss_reuse.t line 70.
# Looks like you failed 5 tests of 5.
t/51_reiss_reuse.t ........ 
Dubious, test returned 5 (wstat 1280, 0x500)
Failed 5/5 subtests 
t/release-pod-coverage.t .. skipped: these tests are for release candidate testing
t/release-pod-syntax.t .... skipped: these tests are for release candidate testing

Test Summary Report
-------------------
t/01_socket_reuse.t     (Wstat: 768 (exited 3) Tests: 4 Failed: 3)
  Failed tests:  1, 3-4
  Non-zero exit status: 3
t/03_each_queue.t       (Wstat: 1792 (exited 7) Tests: 8 Failed: 7)
  Failed tests:  1, 3-8
  Non-zero exit status: 7
t/04_free_each.t        (Wstat: 5632 (exited 22) Tests: 4 Failed: 2)
  Failed tests:  1, 3
  Non-zero exit status: 22
  Parse errors: Bad plan.  You planned 6 tests but ran 4.
t/05_errors.t           (Wstat: 256 (exited 1) Tests: 12 Failed: 1)
  Failed test:  12
  Non-zero exit status: 1
t/06_activity.t         (Wstat: 5632 (exited 22) Tests: 3 Failed: 1)
  Failed test:  1
  Non-zero exit status: 22
  Parse errors: Bad plan.  You planned 5 tests but ran 3.
t/07_keep_alive.t       (Wstat: 768 (exited 3) Tests: 6 Failed: 3)
  Failed tests:  2-3, 5
  Non-zero exit status: 3
t/08_quick_reuse.t      (Wstat: 1024 (exited 4) Tests: 7 Failed: 4)
  Failed tests:  1, 3, 5, 7
  Non-zero exit status: 4
t/10_resolver.t         (Wstat: 512 (exited 2) Tests: 6 Failed: 2)
  Failed tests:  1, 4
  Non-zero exit status: 2
t/11_dead_socket.t      (Wstat: 5632 (exited 22) Tests: 4 Failed: 2)
  Failed tests:  1, 3
  Non-zero exit status: 22
  Parse errors: Bad plan.  You planned 7 tests but ran 4.
t/13_close.t            (Wstat: 5632 (exited 22) Tests: 2 Failed: 1)
  Failed test:  2
  Non-zero exit status: 22
  Parse errors: Bad plan.  You planned 4 tests but ran 2.
t/51_reiss_reuse.t      (Wstat: 1280 (exited 5) Tests: 5 Failed: 5)
  Failed tests:  1-5
  Non-zero exit status: 5
Files=18, Tests=83, 37 wallclock secs ( 0.07 usr  0.03 sys +  4.31 cusr  2.41 csys =  6.82 CPU)
Result: FAIL
Failed 11/18 test programs. 31/83 subtests failed.
make: *** [test_dynamic] Error 255

------------------------------
PREREQUISITES
------------------------------

Prerequisite modules loaded:

requires:

    Module                   Need  Have 
    ------------------------ ----- -----
    Net::IP::Minimal         0.02  0.06 
    POE                      1.311 1.370
    POE::Component::Resolver 0.917 0.921

build_requires:

    Module                   Need  Have 
    ------------------------ ----- -----
    ExtUtils::MakeMaker      0     7.74 

configure_requires:

    Module                   Need  Have 
    ------------------------ ----- -----
    ExtUtils::MakeMaker      6.30  7.74 


------------------------------
ENVIRONMENT AND OTHER CONTEXT
------------------------------

Environment variables:

    AUTOMATED_TESTING = 1
    LANG = en_US.UTF-8
    PATH = /home/opc/perl5/perlbrew/bin:/home/opc/perl5/perlbrew/perls/perl-5.40.0/bin:/home/opc/perl5/perlbrew/bin:/home/opc/src/njh/smoker/bin:/usr/bin:/bin
    PERL5LIB = /home/opc/.cpan/build/POE-Component-Resolver-0.921-0/blib/arch:/home/opc/.cpan/build/POE-Component-Resolver-0.921-0/blib/lib:/home/opc/.cpan/build/Module-CoreList-5.20250421-1/blib/arch:/home/opc/.cpan/build/Module-CoreList-5.20250421-1/blib/lib:/home/opc/.cpan/build/CPAN-Perl-Releases-5.20250422-0/blib/arch:/home/opc/.cpan/build/CPAN-Perl-Releases-5.20250422-0/blib/lib:/home/opc/.cpan/build/Perlgram-0.03-0/blib/arch:/home/opc/.cpan/build/Perlgram-0.03-0/blib/lib:/home/opc/.cpan/build/Net-Versa-Director-0.003000-0/blib/arch:/home/opc/.cpan/build/Net-Versa-Director-0.003000-0/blib/lib:/home/opc/.cpan/build/Role-REST-Client-Auth-Basic-0.05-0/blib/arch:/home/opc/.cpan/build/Role-REST-Client-Auth-Basic-0.05-0/blib/lib:/home/opc/.cpan/build/Role-REST-Client-0.23-0/blib/arch:/home/opc/.cpan/build/Role-REST-Client-0.23-0/blib/lib:/home/opc/.cpan/build/URI-Escape-XS-0.14-0/blib/arch:/home/opc/.cpan/build/URI-Escape-XS-0.14-0/blib/lib:/home/opc/.cpan/build/Plack-1.0051-0/blib/arch:/home/opc/.cpan/build/Plack-1.0051-0/blib/lib:/home/opc/.cpan/build/Test-TCP-2.22-0/blib/arch:/home/opc/.cpan/build/Test-TCP-2.22-0/blib/lib:/home/opc/.cpan/build/HTTP-Headers-Fast-0.22-0/blib/arch:/home/opc/.cpan/build/HTTP-Headers-Fast-0.22-0/blib/lib:/home/opc/.cpan/build/HTTP-Entity-Parser-0.25-0/blib/arch:/home/opc/.cpan/build/HTTP-Entity-Parser-0.25-0/blib/lib:/home/opc/.cpan/build/WWW-Form-UrlEncoded-0.26-0/blib/arch:/home/opc/.cpan/build/WWW-Form-UrlEncoded-0.26-0/blib/lib:/home/opc/.cpan/build/Stream-Buffered-0.03-0/blib/arch:/home/opc/.cpan/build/Stream-Buffered-0.03-0/blib/lib:/home/opc/.cpan/build/HTTP-MultiPartParser-0.02-0/blib/arch:/home/opc/.cpan/build/HTTP-MultiPartParser-0.02-0/blib/lib:/home/opc/.cpan/build/Filesys-Notify-Simple-0.14-0/blib/arch:/home/opc/.cpan/build/Filesys-Notify-Simple-0.14-0/blib/lib:/home/opc/.cpan/build/Test-SharedFork-0.35-0/blib/arch:/home/opc/.cpan/build/Test-SharedFork-0.35-0/blib/lib:/home/opc/.cpan/build/Devel-StackTrace-AsHTML-0.15-0/blib/arch:/home/opc/.cpan/build/Devel-StackTrace-AsHTML-0.15-0/blib/lib:/home/opc/.cpan/build/Cookie-Baker-0.12-0/blib/arch:/home/opc/.cpan/build/Cookie-Baker-0.12-0/blib/lib:/home/opc/.cpan/build/Test-Time-0.092-0/blib/arch:/home/opc/.cpan/build/Test-Time-0.092-0/blib/lib:/home/opc/.cpan/build/Apache-LogFormat-Compiler-0.36-0/blib/arch:/home/opc/.cpan/build/Apache-LogFormat-Compiler-0.36-0/blib/lib:/home/opc/.cpan/build/POSIX-strftime-Compiler-0.46-0/blib/arch:/home/opc/.cpan/build/POSIX-strftime-Compiler-0.46-0/blib/lib:/home/opc/.cpan/build/MooX-HandlesVia-0.001009-0/blib/arch:/home/opc/.cpan/build/MooX-HandlesVia-0.001009-0/blib/lib:/home/opc/.cpan/build/Data-Perl-0.002011-0/blib/arch:/home/opc/.cpan/build/Data-Perl-0.002011-0/blib/lib:/home/opc/.cpan/build/HTTP-Thin-0.006-0/blib/arch:/home/opc/.cpan/build/HTTP-Thin-0.006-0/blib/lib:/home/opc/.cpan/build/Hash-MultiValue-0.16-0/blib/arch:/home/opc/.cpan/build/Hash-MultiValue-0.16-0/blib/lib
    PERL5OPT = 
    PERL5_CPANPLUS_IS_RUNNING = 13729
    PERL5_CPAN_IS_RUNNING = 13729
    PERL5_CPAN_IS_RUNNING_IN_RECURSION = 13717,13729
    PERLBREW_LIB = 
    PERLBREW_MANPATH = /home/opc/perl5/perlbrew/perls/perl-5.40.0/man
    PERLBREW_PATH = /home/opc/perl5/perlbrew/bin:/home/opc/perl5/perlbrew/perls/perl-5.40.0/bin
    PERLBREW_PERL = perl-5.40.0
    PERLBREW_ROOT = /home/opc/perl5/perlbrew
    PERLBREW_SHELLRC_VERSION = 0.98
    PERLBREW_VERSION = 0.98
    PERL_LOCAL_LIB_ROOT = 
    PERL_MM_USE_DEFAULT = 1
    PERL_USE_UNSAFE_INC = 1
    SHELL = /usr/bin/bash
    TMPDIR = /tmp/testwrapper.13722

Perl special variables (and OS-specific diagnostics, for MSWin32):

    $^X = /home/opc/perl5/perlbrew/perls/perl-5.40.0/bin/perl
    $UID/$EUID = 1000 / 1000
    $GID = 1000 4 10 190 1000
    $EGID = 1000 4 10 190 1000

Perl module toolchain versions installed:

    Module              Have    
    ------------------- --------
    CPAN                2.38    
    CPAN::Meta          2.150010
    Cwd                 3.90    
    ExtUtils::CBuilder  0.280240
    ExtUtils::Command   7.74    
    ExtUtils::Install   2.22    
    ExtUtils::MakeMaker 7.74    
    ExtUtils::Manifest  1.75    
    ExtUtils::ParseXS   3.51    
    File::Spec          3.90    
    JSON                4.10    
    JSON::PP            4.16    
    Module::Build       0.4234  
    Module::Signature   0.89    
    Parse::CPAN::Meta   2.150010
    Test2               1.302210
    Test::Harness       3.50    
    Test::More          1.302210
    YAML                1.31    
    YAML::Syck          1.34    
    version             0.9933  


--

Summary of my perl5 (revision 5 version 40 subversion 0) configuration:
   
  Platform:
    osname=linux
    osvers=5.4.17-2136.330.7.1.el7uek.x86_64
    archname=x86_64-linux
    uname='linux oracle2.bandsman.co.uk 5.4.17-2136.330.7.1.el7uek.x86_64 #2 smp thu apr 4 18:11:10 pdt 2024 x86_64 x86_64 x86_64 gnulinux '
    config_args='-de -Dprefix=/home/opc/perl5/perlbrew/perls/perl-5.40.0 -Aeval:scriptdir=/home/opc/perl5/perlbrew/perls/perl-5.40.0/bin'
    hint=recommended
    useposix=true
    d_sigaction=define
    useithreads=undef
    usemultiplicity=undef
    use64bitint=define
    use64bitall=define
    uselongdouble=undef
    usemymalloc=n
    default_inc_excludes_dot=define
  Compiler:
    cc='cc'
    ccflags ='-std=gnu99 -fwrapv -fno-strict-aliasing -pipe -fstack-protector-strong -I/usr/local/include -D_LARGEFILE_SOURCE -D_FILE_OFFSET_BITS=64 -D_FORTIFY_SOURCE=2'
    optimize='-O2'
    cppflags='-std=gnu99 -fwrapv -fno-strict-aliasing -pipe -fstack-protector-strong -I/usr/local/include'
    ccversion=''
    gccversion='4.8.5 20150623 (Red Hat 4.8.5-44.0.3)'
    gccosandvers=''
    intsize=4
    longsize=8
    ptrsize=8
    doublesize=8
    byteorder=12345678
    doublekind=3
    d_longlong=define
    longlongsize=8
    d_longdbl=define
    longdblsize=16
    longdblkind=3
    ivtype='long'
    ivsize=8
    nvtype='double'
    nvsize=8
    Off_t='off_t'
    lseeksize=8
    alignbytes=8
    prototype=define
  Linker and Libraries:
    ld='cc'
    ldflags =' -fstack-protector-strong -L/usr/local/lib'
    libpth=/usr/local/lib /usr/lib /usr/lib64 /usr/local/lib64
    libs=-lpthread -lgdbm -ldb -ldl -lm -lcrypt -lutil -lc -lgdbm_compat
    perllibs=-lpthread -ldl -lm -lcrypt -lutil -lc
    libc=libc-2.17.so
    so=so
    useshrplib=false
    libperl=libperl.a
    gnulibc_version='2.17'
  Dynamic Linking:
    dlsrc=dl_dlopen.xs
    dlext=so
    d_dlsymun=undef
    ccdlflags='-Wl,-E'
    cccdlflags='-fPIC'
    lddlflags='-shared -O2 -L/usr/local/lib -fstack-protector-strong'


Characteristics of this binary (from libperl): 
  Compile-time options:
    HAS_LONG_DOUBLE
    HAS_STRTOLD
    HAS_TIMES
    PERLIO_LAYERS
    PERL_COPY_ON_WRITE
    PERL_DONT_CREATE_GVSV
    PERL_HASH_FUNC_SIPHASH13
    PERL_HASH_USE_SBOX32
    PERL_MALLOC_WRAP
    PERL_OP_PARENT
    PERL_PRESERVE_IVUV
    PERL_USE_SAFE_PUTENV
    USE_64_BIT_ALL
    USE_64_BIT_INT
    USE_LARGE_FILES
    USE_LOCALE
    USE_LOCALE_COLLATE
    USE_LOCALE_CTYPE
    USE_LOCALE_NUMERIC
    USE_LOCALE_TIME
    USE_PERLIO
    USE_PERL_ATOF
  Built under linux
  Compiled at Jun 17 2024 10:18:20
  %ENV:
    PERL5LIB="/home/opc/.cpan/build/POE-Component-Resolver-0.921-0/blib/arch:/home/opc/.cpan/build/POE-Component-Resolver-0.921-0/blib/lib:/home/opc/.cpan/build/Module-CoreList-5.20250421-1/blib/arch:/home/opc/.cpan/build/Module-CoreList-5.20250421-1/blib/lib:/home/opc/.cpan/build/CPAN-Perl-Releases-5.20250422-0/blib/arch:/home/opc/.cpan/build/CPAN-Perl-Releases-5.20250422-0/blib/lib:/home/opc/.cpan/build/Perlgram-0.03-0/blib/arch:/home/opc/.cpan/build/Perlgram-0.03-0/blib/lib:/home/opc/.cpan/build/Net-Versa-Director-0.003000-0/blib/arch:/home/opc/.cpan/build/Net-Versa-Director-0.003000-0/blib/lib:/home/opc/.cpan/build/Role-REST-Client-Auth-Basic-0.05-0/blib/arch:/home/opc/.cpan/build/Role-REST-Client-Auth-Basic-0.05-0/blib/lib:/home/opc/.cpan/build/Role-REST-Client-0.23-0/blib/arch:/home/opc/.cpan/build/Role-REST-Client-0.23-0/blib/lib:/home/opc/.cpan/build/URI-Escape-XS-0.14-0/blib/arch:/home/opc/.cpan/build/URI-Escape-XS-0.14-0/blib/lib:/home/opc/.cpan/build/Plack-1.0051-0/blib/arch:/home/opc/.cpan/build/Plack-1.0051-0/blib/lib:/home/opc/.cpan/build/Test-TCP-2.22-0/blib/arch:/home/opc/.cpan/build/Test-TCP-2.22-0/blib/lib:/home/opc/.cpan/build/HTTP-Headers-Fast-0.22-0/blib/arch:/home/opc/.cpan/build/HTTP-Headers-Fast-0.22-0/blib/lib:/home/opc/.cpan/build/HTTP-Entity-Parser-0.25-0/blib/arch:/home/opc/.cpan/build/HTTP-Entity-Parser-0.25-0/blib/lib:/home/opc/.cpan/build/WWW-Form-UrlEncoded-0.26-0/blib/arch:/home/opc/.cpan/build/WWW-Form-UrlEncoded-0.26-0/blib/lib:/home/opc/.cpan/build/Stream-Buffered-0.03-0/blib/arch:/home/opc/.cpan/build/Stream-Buffered-0.03-0/blib/lib:/home/opc/.cpan/build/HTTP-MultiPartParser-0.02-0/blib/arch:/home/opc/.cpan/build/HTTP-MultiPartParser-0.02-0/blib/lib:/home/opc/.cpan/build/Filesys-Notify-Simple-0.14-0/blib/arch:/home/opc/.cpan/build/Filesys-Notify-Simple-0.14-0/blib/lib:/home/opc/.cpan/build/Test-SharedFork-0.35-0/blib/arch:/home/opc/.cpan/build/Test-SharedFork-0.35-0/blib/lib:/home/opc/.cpan/build/Devel-StackTrace-AsHTML-0.15-0/blib/arch:/home/opc/.cpan/build/Devel-StackTrace-AsHTML-0.15-0/blib/lib:/home/opc/.cpan/build/Cookie-Baker-0.12-0/blib/arch:/home/opc/.cpan/build/Cookie-Baker-0.12-0/blib/lib:/home/opc/.cpan/build/Test-Time-0.092-0/blib/arch:/home/opc/.cpan/build/Test-Time-0.092-0/blib/lib:/home/opc/.cpan/build/Apache-LogFormat-Compiler-0.36-0/blib/arch:/home/opc/.cpan/build/Apache-LogFormat-Compiler-0.36-0/blib/lib:/home/opc/.cpan/build/POSIX-strftime-Compiler-0.46-0/blib/arch:/home/opc/.cpan/build/POSIX-strftime-Compiler-0.46-0/blib/lib:/home/opc/.cpan/build/MooX-HandlesVia-0.001009-0/blib/arch:/home/opc/.cpan/build/MooX-HandlesVia-0.001009-0/blib/lib:/home/opc/.cpan/build/Data-Perl-0.002011-0/blib/arch:/home/opc/.cpan/build/Data-Perl-0.002011-0/blib/lib:/home/opc/.cpan/build/HTTP-Thin-0.006-0/blib/arch:/home/opc/.cpan/build/HTTP-Thin-0.006-0/blib/lib:/home/opc/.cpan/build/Hash-MultiValue-0.16-0/blib/arch:/home/opc/.cpan/build/Hash-MultiValue-0.16-0/blib/lib"
    PERL5OPT=""
    PERL5_CPANPLUS_IS_RUNNING="13729"
    PERL5_CPAN_IS_RUNNING="13729"
    PERL5_CPAN_IS_RUNNING_IN_RECURSION="13717,13729"
    PERLBREW_LIB=""
    PERLBREW_MANPATH="/home/opc/perl5/perlbrew/perls/perl-5.40.0/man"
    PERLBREW_PATH="/home/opc/perl5/perlbrew/bin:/home/opc/perl5/perlbrew/perls/perl-5.40.0/bin"
    PERLBREW_PERL="perl-5.40.0"
    PERLBREW_ROOT="/home/opc/perl5/perlbrew"
    PERLBREW_SHELLRC_VERSION="0.98"
    PERLBREW_VERSION="0.98"
    PERL_LOCAL_LIB_ROOT=""
    PERL_MM_USE_DEFAULT="1"
    PERL_USE_UNSAFE_INC="1"
  @INC:
    /home/opc/.cpan/build/POE-Component-Resolver-0.921-0/blib/arch
    /home/opc/.cpan/build/POE-Component-Resolver-0.921-0/blib/lib
    /home/opc/.cpan/build/Module-CoreList-5.20250421-1/blib/arch
    /home/opc/.cpan/build/Module-CoreList-5.20250421-1/blib/lib
    /home/opc/.cpan/build/CPAN-Perl-Releases-5.20250422-0/blib/arch
    /home/opc/.cpan/build/CPAN-Perl-Releases-5.20250422-0/blib/lib
    /home/opc/.cpan/build/Perlgram-0.03-0/blib/arch
    /home/opc/.cpan/build/Perlgram-0.03-0/blib/lib
    /home/opc/.cpan/build/Net-Versa-Director-0.003000-0/blib/arch
    /home/opc/.cpan/build/Net-Versa-Director-0.003000-0/blib/lib
    /home/opc/.cpan/build/Role-REST-Client-Auth-Basic-0.05-0/blib/arch
    /home/opc/.cpan/build/Role-REST-Client-Auth-Basic-0.05-0/blib/lib
    /home/opc/.cpan/build/Role-REST-Client-0.23-0/blib/arch
    /home/opc/.cpan/build/Role-REST-Client-0.23-0/blib/lib
    /home/opc/.cpan/build/URI-Escape-XS-0.14-0/blib/arch
    /home/opc/.cpan/build/URI-Escape-XS-0.14-0/blib/lib
    /home/opc/.cpan/build/Plack-1.0051-0/blib/arch
    /home/opc/.cpan/build/Plack-1.0051-0/blib/lib
    /home/opc/.cpan/build/Test-TCP-2.22-0/blib/arch
    /home/opc/.cpan/build/Test-TCP-2.22-0/blib/lib
    /home/opc/.cpan/build/HTTP-Headers-Fast-0.22-0/blib/arch
    /home/opc/.cpan/build/HTTP-Headers-Fast-0.22-0/blib/lib
    /home/opc/.cpan/build/HTTP-Entity-Parser-0.25-0/blib/arch
    /home/opc/.cpan/build/HTTP-Entity-Parser-0.25-0/blib/lib
    /home/opc/.cpan/build/WWW-Form-UrlEncoded-0.26-0/blib/arch
    /home/opc/.cpan/build/WWW-Form-UrlEncoded-0.26-0/blib/lib
    /home/opc/.cpan/build/Stream-Buffered-0.03-0/blib/arch
    /home/opc/.cpan/build/Stream-Buffered-0.03-0/blib/lib
    /home/opc/.cpan/build/HTTP-MultiPartParser-0.02-0/blib/arch
    /home/opc/.cpan/build/HTTP-MultiPartParser-0.02-0/blib/lib
    /home/opc/.cpan/build/Filesys-Notify-Simple-0.14-0/blib/arch
    /home/opc/.cpan/build/Filesys-Notify-Simple-0.14-0/blib/lib
    /home/opc/.cpan/build/Test-SharedFork-0.35-0/blib/arch
    /home/opc/.cpan/build/Test-SharedFork-0.35-0/blib/lib
    /home/opc/.cpan/build/Devel-StackTrace-AsHTML-0.15-0/blib/arch
    /home/opc/.cpan/build/Devel-StackTrace-AsHTML-0.15-0/blib/lib
    /home/opc/.cpan/build/Cookie-Baker-0.12-0/blib/arch
    /home/opc/.cpan/build/Cookie-Baker-0.12-0/blib/lib
    /home/opc/.cpan/build/Test-Time-0.092-0/blib/arch
    /home/opc/.cpan/build/Test-Time-0.092-0/blib/lib
    /home/opc/.cpan/build/Apache-LogFormat-Compiler-0.36-0/blib/arch
    /home/opc/.cpan/build/Apache-LogFormat-Compiler-0.36-0/blib/lib
    /home/opc/.cpan/build/POSIX-strftime-Compiler-0.46-0/blib/arch
    /home/opc/.cpan/build/POSIX-strftime-Compiler-0.46-0/blib/lib
    /home/opc/.cpan/build/MooX-HandlesVia-0.001009-0/blib/arch
    /home/opc/.cpan/build/MooX-HandlesVia-0.001009-0/blib/lib
    /home/opc/.cpan/build/Data-Perl-0.002011-0/blib/arch
    /home/opc/.cpan/build/Data-Perl-0.002011-0/blib/lib
    /home/opc/.cpan/build/HTTP-Thin-0.006-0/blib/arch
    /home/opc/.cpan/build/HTTP-Thin-0.006-0/blib/lib
    /home/opc/.cpan/build/Hash-MultiValue-0.16-0/blib/arch
    /home/opc/.cpan/build/Hash-MultiValue-0.16-0/blib/lib
    /home/opc/perl5/perlbrew/perls/perl-5.40.0/lib/site_perl/5.40.0/x86_64-linux
    /home/opc/perl5/perlbrew/perls/perl-5.40.0/lib/site_perl/5.40.0
    /home/opc/perl5/perlbrew/perls/perl-5.40.0/lib/5.40.0/x86_64-linux
    /home/opc/perl5/perlbrew/perls/perl-5.40.0/lib/5.40.0
    .