Report for Perlbal-1.80

Back
From: metabase:user:9c36dc84-a30f-11e0-a9fc-0a18abbd4f2f
Subject: FAIL Perlbal-1.80 v5.24.1 OpenBSD
Date: 2017-04-13T01:39:05Z

This distribution has been tested as part of the CPAN Testers
project, supporting the Perl programming language.  See
http://wiki.cpantesters.org/ for more information or email
questions to cpan-testers-discuss@perl.org


--
Dear Alan Kasindorf,

This is a computer-generated report for Perlbal-1.80
on perl 5.24.1, created by CPAN-Reporter-1.2018.

Thank you for uploading your work to CPAN.  However, there was a problem
testing your distribution.

If you think this report is invalid, please consult the CPAN Testers Wiki
for suggestions on how to avoid getting FAIL reports for missing library
or binary dependencies, unsupported operating systems, and so on:

http://wiki.cpantesters.org/wiki/CPANAuthorNotes

Sections of this report:

    * Tester comments
    * Program output
    * Prerequisites
    * Environment and other context

------------------------------
TESTER COMMENTS
------------------------------

Additional comments from tester:

this report is from an automated smoke testing program
and was not reviewed by a human for accuracy

------------------------------
PROGRAM OUTPUT
------------------------------

Output from '/usr/bin/make test':

PERL_DL_NONLAZY=1 "/home/bar/perl5/perlbrew/perls/perl-5.24.1/bin/perl" "-MExtUtils::Command::MM" "-MTest::Harness" "-e" "undef *Test::Harness::Switches; test_harness(0, 'blib/lib', 'blib/arch')" t/*.t
t/00-use.t ............... ok
t/10-testharness.t ....... ok
t/12-headers.t ........... ok
t/13-server-tokens.t ..... ok
t/15-webserver.t ......... ok
t/17-webserver-concat.t .. ok
t/20-put.t ............... ok
# Writing: 500
# Writing: 5
# Writing: 5
# Writing: 5
# Writing: 100000
# Writing: 60000
# Writing: 1000
# Writing: 338485
t/22-chunked-put.t ....... ok
t/30-reverseproxy.t ...... ok
t/31-realworld.t ......... ok
# separator length 2
# separator length 0
500 response!
t/32-pipelining.t ........ ok
t/32-selector.t .......... ok
Didn't get a firstline in HTTP response.
Can't call method "header" on an undefined value at /mnt/cpan_build_dir/bar/Perlbal-1.80-0/blib/lib/Perlbal/Test/WebClient.pm line 168, <GEN40> line 236.
# Looks like your test exited with -1 just after 99.
t/35-reproxy.t ........... 
Dubious, test returned 255 (wstat 65280, 0xff00)
All 99 subtests passed 
t/40-ranges.t ............ ok
t/45-buffereduploads.t ... ok
t/50-plugins.t ........... ok
t/52-chunked-upload.t .... ok
t/60-child-httpd.t ....... skipped: Alpha feature; test skipped without $ENV{PERLBAL_TEST_ALPHA}
t/75-plugin-include.t .... ok
t/76-plugin-redirect.t ... ok
t/77-plugin-throttle.t ... ok
t/78-plugin-xffextras.t .. ok
t/90-accesscontrol.t ..... ok
t/91-fields.t ............ ok
t/99-benchmark-bool.t .... ok

Test Summary Report
-------------------
t/35-reproxy.t         (Wstat: 65280 Tests: 99 Failed: 0)
  Non-zero exit status: 255
Files=25, Tests=579, 94 wallclock secs ( 0.15 usr  0.27 sys +  5.09 cusr  1.82 csys =  7.33 CPU)
Result: FAIL
Failed 1/25 test programs. 0/579 subtests failed.
*** Error 255 in /mnt/cpan_build_dir/bar/Perlbal-1.80-0 (Makefile:975 'test_dynamic')

------------------------------
PREREQUISITES
------------------------------

Prerequisite modules loaded:

requires:

    Module              Need Have    
    ------------------- ---- --------
    base                0    2.23    
    BSD::Resource       0    1.2910  
    Carp                0    1.40    
    constant            0    1.33    
    Danga::Socket       1.44 1.61    
    Errno               0    1.25    
    Exporter            0    5.72    
    Fcntl               0    1.13    
    fields              0    2.23    
    File::Path          0    2.12_002
    File::Temp          0    0.2304  
    FindBin             0    1.51    
    Getopt::Long        0    2.49    
    Hash::Util          0    0.19    
    HTTP::Date          0    6.02    
    HTTP::Request       0    6.11    
    HTTP::Response      0    6.11    
    IO::File            0    1.16    
    IO::Handle          0    1.36    
    IO::Select          0    1.22    
    IO::Socket::INET    0    1.35    
    lib                 0    0.63    
    LWP::UserAgent      0    6.25    
    Scalar::Util        0    1.47    
    Socket              0    2.024   
    strict              0    1.11    
    Sys::Syscall        0    0.25    
    Test::More          0.94 1.302079
    Time::HiRes         0    1.9741  
    vars                0    1.03    
    warnings            0    1.36    

build_requires:

    Module              Need Have    
    ------------------- ---- --------
    ExtUtils::MakeMaker 0    7.24    

configure_requires:

    Module              Need Have    
    ------------------- ---- --------
    ExtUtils::MakeMaker 0    7.24    


------------------------------
ENVIRONMENT AND OTHER CONTEXT
------------------------------

Environment variables:

    AUTOMATED_TESTING = 1
    PATH = /home/bar/perl5/perlbrew/bin:/home/bar/perl5/perlbrew/perls/perl-5.24.1/bin:/home/bar/bin:/sbin:/usr/sbin:/bin:/usr/bin:/usr/X11R6/bin:/usr/local/sbin:/usr/local/bin
    PERL5LIB = 
    PERL5OPT = 
    PERL5_CPANPLUS_IS_RUNNING = 4739
    PERL5_CPAN_IS_RUNNING = 4739
    PERL5_CPAN_IS_RUNNING_IN_RECURSION = 9457,4739
    PERLBREW_BASHRC_VERSION = 0.78
    PERLBREW_HOME = /home/bar/.perlbrew
    PERLBREW_MANPATH = /home/bar/perl5/perlbrew/perls/perl-5.24.1/man
    PERLBREW_PATH = /home/bar/perl5/perlbrew/bin:/home/bar/perl5/perlbrew/perls/perl-5.24.1/bin
    PERLBREW_PERL = perl-5.24.1
    PERLBREW_ROOT = /home/bar/perl5/perlbrew
    PERLBREW_VERSION = 0.78
    PERL_CR_SMOKER_CURRENT = Perlbal-Plugin-SessionAffinity-0.101
    PERL_EXTUTILS_AUTOINSTALL = --defaultdeps
    PERL_MM_USE_DEFAULT = 1
    SHELL = /usr/local/bin/bash
    TERM = vt220

Perl special variables (and OS-specific diagnostics, for MSWin32):

    $^X = /home/bar/perl5/perlbrew/perls/perl-5.24.1/bin/perl
    $UID/$EUID = 1002 / 1002
    $GID = 1002 1002
    $EGID = 1002 1002

Perl module toolchain versions installed:

    Module              Have    
    ------------------- --------
    CPAN                2.16    
    CPAN::Meta          2.150010
    Cwd                 3.63_01 
    ExtUtils::CBuilder  0.280225
    ExtUtils::Command   7.24    
    ExtUtils::Install   2.04    
    ExtUtils::MakeMaker 7.24    
    ExtUtils::Manifest  1.70    
    ExtUtils::ParseXS   3.31    
    File::Spec          3.63_01 
    JSON                2.90    
    JSON::PP            2.27400 
    Module::Build       0.4222  
    Module::Signature   0.81    
    Parse::CPAN::Meta   2.150010
    Test::Harness       3.38    
    Test::More          1.302079
    YAML                1.23    
    YAML::Syck          1.29    
    version             0.9917  


--

Summary of my perl5 (revision 5 version 24 subversion 1) configuration:
   
  Platform:
    osname=openbsd, osvers=6.0, archname=OpenBSD.amd64-openbsd
    uname='openbsd salompas.spo.virtua.com.br 6.0 generic.mp#2319 amd64 '
    config_args='-de -Dprefix=/home/bar/perl5/perlbrew/perls/perl-5.24.1 -Aeval:scriptdir=/home/bar/perl5/perlbrew/perls/perl-5.24.1/bin'
    hint=recommended, useposix=true, d_sigaction=define
    useithreads=undef, usemultiplicity=undef
    use64bitint=define, use64bitall=define, uselongdouble=undef
    usemymalloc=n, bincompat5005=undef
  Compiler:
    cc='cc', ccflags ='-fno-strict-aliasing -pipe -fstack-protector-strong -I/usr/local/include -D_FORTIFY_SOURCE=2',
    optimize='-O2',
    cppflags='-fno-strict-aliasing -pipe -fstack-protector-strong -I/usr/local/include'
    ccversion='', gccversion='4.2.1 20070719 ', gccosandvers='openbsd6.0'
    intsize=4, longsize=8, ptrsize=8, doublesize=8, byteorder=12345678, doublekind=3
    d_longlong=define, longlongsize=8, d_longdbl=define, longdblsize=16, longdblkind=3
    ivtype='long', ivsize=8, nvtype='double', nvsize=8, Off_t='off_t', lseeksize=8
    alignbytes=8, prototype=define
  Linker and Libraries:
    ld='cc', ldflags ='-Wl,-E  -fstack-protector-strong -L/usr/local/lib'
    libpth=/usr/lib /usr/local/lib
    libs=-lpthread -lm -lutil -lc
    perllibs=-lpthread -lm -lutil -lc
    libc=/usr/lib/libc.so.88.0, so=so, useshrplib=false, libperl=libperl.a
    gnulibc_version=''
  Dynamic Linking:
    dlsrc=dl_dlopen.xs, dlext=so, d_dlsymun=undef, ccdlflags=' '
    cccdlflags='-DPIC -fPIC ', lddlflags='-shared -fPIC  -L/usr/local/lib -fstack-protector-strong'


Characteristics of this binary (from libperl): 
  Compile-time options: HAS_TIMES PERLIO_LAYERS PERL_COPY_ON_WRITE
                        PERL_DONT_CREATE_GVSV
                        PERL_HASH_FUNC_ONE_AT_A_TIME_HARD PERL_MALLOC_WRAP
                        PERL_PRESERVE_IVUV USE_64_BIT_ALL USE_64_BIT_INT
                        USE_LARGE_FILES USE_LOCALE USE_LOCALE_COLLATE
                        USE_LOCALE_CTYPE USE_LOCALE_NUMERIC USE_LOCALE_TIME
                        USE_PERLIO USE_PERL_ATOF
  Locally applied patches:
	Devel::PatchPerl 1.38
  Built under openbsd
  Compiled at Mar 31 2017 10:51:57
  %ENV:
    PERL5LIB=""
    PERL5OPT=""
    PERL5_CPANPLUS_IS_RUNNING="4739"
    PERL5_CPAN_IS_RUNNING="4739"
    PERL5_CPAN_IS_RUNNING_IN_RECURSION="9457,4739"
    PERLBREW_BASHRC_VERSION="0.78"
    PERLBREW_HOME="/home/bar/.perlbrew"
    PERLBREW_MANPATH="/home/bar/perl5/perlbrew/perls/perl-5.24.1/man"
    PERLBREW_PATH="/home/bar/perl5/perlbrew/bin:/home/bar/perl5/perlbrew/perls/perl-5.24.1/bin"
    PERLBREW_PERL="perl-5.24.1"
    PERLBREW_ROOT="/home/bar/perl5/perlbrew"
    PERLBREW_VERSION="0.78"
    PERL_CR_SMOKER_CURRENT="Perlbal-Plugin-SessionAffinity-0.101"
    PERL_EXTUTILS_AUTOINSTALL="--defaultdeps"
    PERL_MM_USE_DEFAULT="1"
  @INC:
    /home/bar/perl5/perlbrew/perls/perl-5.24.1/lib/site_perl/5.24.1/OpenBSD.amd64-openbsd
    /home/bar/perl5/perlbrew/perls/perl-5.24.1/lib/site_perl/5.24.1
    /home/bar/perl5/perlbrew/perls/perl-5.24.1/lib/5.24.1/OpenBSD.amd64-openbsd
    /home/bar/perl5/perlbrew/perls/perl-5.24.1/lib/5.24.1
    .