Back
From: metabase:user:314402c4-2aae-11df-837a-5e0a49663a4f
Subject: FAIL File-PathInfo-Ext-1.30 v5.20.1 GNU/Linux
Date: 2015-02-08T10:26:44Z
This distribution has been tested as part of the CPAN Testers
project, supporting the Perl programming language. See
http://wiki.cpantesters.org/ for more information or email
questions to cpan-testers-discuss@perl.org
--
Dear Leo Charre,
This is a computer-generated report for File-PathInfo-Ext-1.30
on perl 5.20.1, created by CPAN-Reporter-1.2011.
Thank you for uploading your work to CPAN. However, there was a problem
testing your distribution.
If you think this report is invalid, please consult the CPAN Testers Wiki
for suggestions on how to avoid getting FAIL reports for missing library
or binary dependencies, unsupported operating systems, and so on:
http://wiki.cpantesters.org/wiki/CPANAuthorNotes
Sections of this report:
* Tester comments
* Program output
* Prerequisites
* Environment and other context
------------------------------
TESTER COMMENTS
------------------------------
Additional comments from tester:
none provided
------------------------------
PROGRAM OUTPUT
------------------------------
Output from '/usr/bin/make test':
PERL_DL_NONLAZY=1 "/bbbike/perl-5.20.1/bin/perl" "-MExtUtils::Command::MM" "-MTest::Harness" "-e" "undef *Test::Harness::Switches; test_harness(0, 'blib/lib', 'blib/arch')" t/*.t
Possible precedence issue with control flow operator at lib/File/PathInfo/Ext.pm line 146.
===================
PART [1], ./T/PUBLIC_HTML/DEMO
stat key 'ctime' = '1423390773'
stat key 'mtime' = '1259076971'
stat key 'nlink' = '2'
stat key 'size' = '80'
stat key 'blocks' = '0'
# Failed test 'stat key method 'blocks()''
# at t/0.t line 84.
stat key 'atime_pretty' = '2015/02/08 10:19'
stat key 'mtime_pretty' = '2009/11/24 15:36'
stat key 'ctime_pretty' = '2015/02/08 10:19'
stat key 'ino' = '26729306'
===================
PART [2], ./T/PUBLIC_HTML/SEVEN.PDF
stat key 'ctime' = '1423390773'
stat key 'mtime' = '1179497048'
stat key 'nlink' = '1'
stat key 'size' = '769239'
stat key 'blocks' = '1504'
stat key 'atime_pretty' = '2015/02/08 10:19'
stat key 'mtime_pretty' = '2007/05/18 14:04'
stat key 'ctime_pretty' = '2015/02/08 10:19'
stat key 'ino' = '26730795'
===================
PART [3], DEMO
stat key 'ctime' = '1423390773'
stat key 'mtime' = '1259076971'
stat key 'nlink' = '2'
stat key 'size' = '80'
stat key 'blocks' = '0'
# Failed test 'stat key method 'blocks()''
# at t/0.t line 84.
stat key 'atime_pretty' = '2015/02/08 10:19'
stat key 'mtime_pretty' = '2009/11/24 15:36'
stat key 'ctime_pretty' = '2015/02/08 10:19'
stat key 'ino' = '26729306'
===================
PART [4], ./T/PUBLIC_HTML/DEMO/HELLOKITTY.GIF
stat key 'ctime' = '1423390773'
stat key 'mtime' = '1174604434'
stat key 'nlink' = '1'
stat key 'size' = '4099'
stat key 'blocks' = '16'
stat key 'atime_pretty' = '2015/02/08 10:19'
stat key 'mtime_pretty' = '2007/03/22 23:00'
stat key 'ctime_pretty' = '2015/02/08 10:19'
stat key 'ino' = '26729307'
===================
PART [5], ./T/PUBLIC_HTML/DEMO/../DEMO/CIVIL.TXT
stat key 'ctime' = '1423390773'
stat key 'mtime' = '1174604434'
stat key 'nlink' = '1'
stat key 'size' = '51460'
stat key 'blocks' = '104'
stat key 'atime_pretty' = '2015/02/08 10:19'
stat key 'mtime_pretty' = '2007/03/22 23:00'
stat key 'ctime_pretty' = '2015/02/08 10:19'
stat key 'ino' = '26729308'
===================
PART [6], DEMO/../DEMO/CIVIL.TXT
stat key 'ctime' = '1423390773'
stat key 'mtime' = '1174604434'
stat key 'nlink' = '1'
stat key 'size' = '51460'
stat key 'blocks' = '104'
stat key 'atime_pretty' = '2015/02/08 10:19'
stat key 'mtime_pretty' = '2007/03/22 23:00'
stat key 'ctime_pretty' = '2015/02/08 10:19'
stat key 'ino' = '26729308'
===================
PART [7], DEMO/CIVIL.TXT
stat key 'ctime' = '1423390773'
stat key 'mtime' = '1174604434'
stat key 'nlink' = '1'
stat key 'size' = '51460'
stat key 'blocks' = '104'
stat key 'atime_pretty' = '2015/02/08 10:19'
stat key 'mtime_pretty' = '2007/03/22 23:00'
stat key 'ctime_pretty' = '2015/02/08 10:19'
stat key 'ino' = '26729308'
# Looks like you failed 2 tests of 129.
t/0.t .................
Dubious, test returned 2 (wstat 512, 0x200)
Failed 2/129 subtests
Possible precedence issue with control flow operator at lib/File/PathInfo/Ext.pm line 146.
newname cannot contain slashes at lib/File/PathInfo/Ext.pm line 16.
File::PathInfo::Ext::rename(File::PathInfo::Ext=HASH(0xbfb758), "awe/gfaw/egawg/\\pou*()^T)(T3wt//n23") called at t/1.t line 21
ls for [/tmpfs/.cpan-build/File-PathInfo-Ext-1.30-AEx2GF]
ls for [/tmpfs/.cpan-build/File-PathInfo-Ext-1.30-AEx2GF/tmp2]
ls for [/tmpfs/.cpan-build/File-PathInfo-Ext-1.30-AEx2GF/tmp2]
t/1.t ................. ok
Possible precedence issue with control flow operator at lib/File/PathInfo/Ext.pm line 146.
SET 2
# on move newloc is : /tmpfs/.cpan-build/File-PathInfo-Ext-1.30-AEx2GF/t/public_html/timp/incoming/movedme.txt
Can't move to '/tmpfs/.cpan-build/File-PathInfo-Ext-1.30-AEx2GF/t/public_html/timp/movedme.txt', destination already exists at lib/File/PathInfo/Ext.pm line 136.
File::PathInfo::Ext::move(File::PathInfo::Ext=HASH(0x23bd490), "/tmpfs/.cpan-build/File-PathInfo-Ext-1.30-AEx2GF/t/public_htm"...) called at t/2_move.t line 92
t/2_move.t ............ ok
Possible precedence issue with control flow operator at lib/File/PathInfo/Ext.pm line 146.
Can't move '/tmpfs/.cpan-build/File-PathInfo-Ext-1.30-AEx2GF/t/f1' to '/tmpfs/.cpan-build/File-PathInfo-Ext-1.30-AEx2GF/t/f2', already exists. at lib/File/PathInfo/Ext.pm line 152.
File::PathInfo::Ext::move(File::PathInfo::Ext=HASH(0x13873e8), "/tmpfs/.cpan-build/File-PathInfo-Ext-1.30-AEx2GF/t/f2") called at lib/File/PathInfo/Ext.pm line 17
File::PathInfo::Ext::rename(File::PathInfo::Ext=HASH(0x13873e8), "f2") called at t/3.t line 21
t/3.t ................. ok
Possible precedence issue with control flow operator at lib/File/PathInfo/Ext.pm line 146.
### $val: undef
### $val: 'this is'
### $val: 'this is a val for errstr'
--------------
----
--------------
----
### $val: '/tmpfs/.cpan-build/File-PathInfo-Ext-1.30-AEx2GF/t/tmp/dir/file.txt'
--------------others
----
arg './file.txt' = [/tmpfs/.cpan-build/File-PathInfo-Ext-1.30-AEx2GF/file.txt]
err?
arg './' = [NO RESULT]
err? Can't set destination to '/tmpfs/.cpan-build/File-PathInfo-Ext-1.30-AEx2GF', already exists.
arg '.' = [NO RESULT]
err? Can't resolve arg ..
arg './../file.txt' = [/tmpfs/.cpan-build/file.txt]
err?
arg './../bogus/thing' = [NO RESULT]
err? Can't resolve arg ../bogus/thing
arg './t/tmp/bogusdir/' = [NO RESULT]
err? Can't resolve arg t/tmp/bogusdir/
t/4_resolve_arg_to.t .. ok
Possible precedence issue with control flow operator at lib/File/PathInfo/Ext.pm line 146.
# NOW try to dirs
### $r: '/tmpfs/.cpan-build/File-PathInfo-Ext-1.30-AEx2GF/t/tmp/dir/filealso.txt'
t/5_copy.t ............ ok
t/99_cleanup.t ........ ok
Test Summary Report
-------------------
t/0.t (Wstat: 512 Tests: 129 Failed: 2)
Failed tests: 13, 49
Non-zero exit status: 2
Files=7, Tests=204, 1 wallclock secs ( 0.04 usr 0.03 sys + 0.24 cusr 0.15 csys = 0.46 CPU)
Result: FAIL
Failed 1/7 test programs. 2/204 subtests failed.
make: *** [test_dynamic] Error 255
------------------------------
PREREQUISITES
------------------------------
Prerequisite modules loaded:
requires:
Module Need Have
------------------- ---- --------
Carp 1 1.3301
Cwd 3 3.47
Digest::MD5 2 2.53
File::Copy 2 2.30
File::Path 1 2.09
File::PathInfo 1.27 1.27
File::Type 0 0.22
Test::Simple 0 1.001009
YAML 0 1.14
build_requires:
Module Need Have
------------------- ---- --------
ExtUtils::MakeMaker 0 7.04
configure_requires:
Module Need Have
------------------- ---- --------
ExtUtils::MakeMaker 0 7.04
------------------------------
ENVIRONMENT AND OTHER CONTEXT
------------------------------
Environment variables:
DBIC_NO_WARN_BAD_PERL = 1
LANG = C
PATH = /usr/local/bin:/usr/bin:/bin:/usr/local/sbin:/usr/sbin:/sbin:/home/eserte/bin/linux-gnu:/home/eserte/bin/sh:/home/eserte/bin:/usr/games:/home/eserte/devel:/home/eserte/src/srezic-misc/scripts
PERL5LIB = /home/eserte/.cpan/build/Data-Visitor-Lite-0.03-8rZwLf/blib/arch:/home/eserte/.cpan/build/Data-Visitor-Lite-0.03-8rZwLf/blib/lib:/home/eserte/.cpan/build/Scrappy-0.94112090-DIyDee/blib/arch:/home/eserte/.cpan/build/Scrappy-0.94112090-DIyDee/blib/lib
PERL5OPT =
PERL5_CPANPLUS_IS_RUNNING = 22536
PERL5_CPAN_IS_RUNNING = 22536
PERL5_CPAN_IS_RUNNING_IN_RECURSION = 11060,22536
PERLDOC = -MPod::Perldoc::ToTextOverstrike
PERL_BATCH = yes
PERL_CPAN_REPORTER_CONFIG = /var/tmp/cpansmoker-1001/ffvVocAP6I_config.ini
PERL_EXTUTILS_AUTOINSTALL = --defaultdeps
PERL_HTML_DISPLAY_CLASS = HTML::Display::Mozilla
SHELL = /bin/zsh
TERM = screen
TMPDIR = /var/tmp/cpansmoker-1001
Perl special variables (and OS-specific diagnostics, for MSWin32):
$^X = /bbbike/perl-5.20.1/bin/perl
$UID/$EUID = 1001 / 1001
$GID = 1001 109 1001
$EGID = 1001 109 1001
Perl module toolchain versions installed:
Module Have
------------------- --------
CPAN 2.05
CPAN::Meta 2.142690
Cwd 3.47
ExtUtils::CBuilder 0.280219
ExtUtils::Command 1.18
ExtUtils::Install 2.04
ExtUtils::MakeMaker 7.04
ExtUtils::Manifest 1.68
ExtUtils::ParseXS 3.24
File::Spec 3.47
JSON 2.90
JSON::PP 2.27203
Module::Build 0.4210
Module::Signature 0.73
Parse::CPAN::Meta 1.4414
Test::Harness 3.34
Test::More 1.001009
YAML 1.14
YAML::Syck 1.29
version 0.9911
--
Summary of my perl5 (revision 5 version 20 subversion 1) configuration:
Platform:
osname=linux, osvers=3.2.0-4-amd64, archname=x86_64-linux
uname='linux eserte 3.2.0-4-amd64 #1 smp debian 3.2.60-1+deb7u3 x86_64 gnulinux '
config_args='-ds -e -Dprefix=/opt/perl-5.20.1'
hint=recommended, useposix=true, d_sigaction=define
useithreads=undef, usemultiplicity=undef
use64bitint=define, use64bitall=define, uselongdouble=undef
usemymalloc=n, bincompat5005=undef
Compiler:
cc='cc', ccflags ='-fwrapv -fno-strict-aliasing -pipe -fstack-protector -I/usr/local/include -D_LARGEFILE_SOURCE -D_FILE_OFFSET_BITS=64',
optimize='-O2',
cppflags='-fwrapv -fno-strict-aliasing -pipe -fstack-protector -I/usr/local/include'
ccversion='', gccversion='4.7.2', gccosandvers=''
intsize=4, longsize=8, ptrsize=8, doublesize=8, byteorder=12345678
d_longlong=define, longlongsize=8, d_longdbl=define, longdblsize=16
ivtype='long', ivsize=8, nvtype='double', nvsize=8, Off_t='off_t', lseeksize=8
alignbytes=8, prototype=define
Linker and Libraries:
ld='cc', ldflags =' -fstack-protector -L/usr/local/lib'
libpth=/usr/local/lib /usr/lib/gcc/x86_64-linux-gnu/4.7/include-fixed /usr/include/x86_64-linux-gnu /usr/lib /lib/x86_64-linux-gnu /lib/../lib /usr/lib/x86_64-linux-gnu /usr/lib/../lib /lib
libs=-lnsl -ldb -ldl -lm -lcrypt -lutil -lc
perllibs=-lnsl -ldl -lm -lcrypt -lutil -lc
libc=libc-2.13.so, so=so, useshrplib=false, libperl=libperl.a
gnulibc_version='2.13'
Dynamic Linking:
dlsrc=dl_dlopen.xs, dlext=so, d_dlsymun=undef, ccdlflags='-Wl,-E'
cccdlflags='-fPIC', lddlflags='-shared -O2 -L/usr/local/lib -fstack-protector'
Characteristics of this binary (from libperl):
Compile-time options: HAS_TIMES PERLIO_LAYERS PERL_DONT_CREATE_GVSV
PERL_HASH_FUNC_ONE_AT_A_TIME_HARD PERL_MALLOC_WRAP
PERL_NEW_COPY_ON_WRITE PERL_PRESERVE_IVUV
USE_64_BIT_ALL USE_64_BIT_INT USE_LARGE_FILES
USE_LOCALE USE_LOCALE_COLLATE USE_LOCALE_CTYPE
USE_LOCALE_NUMERIC USE_PERLIO USE_PERL_ATOF
Built under linux
Compiled at Sep 14 2014 15:24:49
%ENV:
PERL5LIB="/home/eserte/.cpan/build/Data-Visitor-Lite-0.03-8rZwLf/blib/arch:/home/eserte/.cpan/build/Data-Visitor-Lite-0.03-8rZwLf/blib/lib:/home/eserte/.cpan/build/Scrappy-0.94112090-DIyDee/blib/arch:/home/eserte/.cpan/build/Scrappy-0.94112090-DIyDee/blib/lib"
PERL5OPT=""
PERL5_CPANPLUS_IS_RUNNING="22536"
PERL5_CPAN_IS_RUNNING="22536"
PERL5_CPAN_IS_RUNNING_IN_RECURSION="11060,22536"
PERLDOC="-MPod::Perldoc::ToTextOverstrike"
PERL_BATCH="yes"
PERL_CPAN_REPORTER_CONFIG="/var/tmp/cpansmoker-1001/ffvVocAP6I_config.ini"
PERL_EXTUTILS_AUTOINSTALL="--defaultdeps"
PERL_HTML_DISPLAY_CLASS="HTML::Display::Mozilla"
@INC:
/home/eserte/.cpan/build/Data-Visitor-Lite-0.03-8rZwLf/blib/arch
/home/eserte/.cpan/build/Data-Visitor-Lite-0.03-8rZwLf/blib/lib
/home/eserte/.cpan/build/Scrappy-0.94112090-DIyDee/blib/arch
/home/eserte/.cpan/build/Scrappy-0.94112090-DIyDee/blib/lib
/opt/perl-5.20.1/lib/site_perl/5.20.1/x86_64-linux
/opt/perl-5.20.1/lib/site_perl/5.20.1
/opt/perl-5.20.1/lib/5.20.1/x86_64-linux
/opt/perl-5.20.1/lib/5.20.1
.