Back
From: metabase:user:320bfe00-2aae-11df-837a-5e0a49663a4f
Subject: FAIL JQuery-DataTables-Heavy-0.03 v5.8.5 GNU/Linux
Date: 2014-08-20T11:56:11Z
This distribution has been tested as part of the CPAN Testers
project, supporting the Perl programming language. See
http://wiki.cpantesters.org/ for more information or email
questions to cpan-testers-discuss@perl.org
--
Dear Yusuke Watase,
This is a computer-generated report for JQuery-DataTables-Heavy-0.03
on perl 5.8.5, created by CPAN-Reporter-1.2011.
Thank you for uploading your work to CPAN. However, there was a problem
testing your distribution.
If you think this report is invalid, please consult the CPAN Testers Wiki
for suggestions on how to avoid getting FAIL reports for missing library
or binary dependencies, unsupported operating systems, and so on:
http://wiki.cpantesters.org/wiki/CPANAuthorNotes
Sections of this report:
* Tester comments
* Program output
* Prerequisites
* Environment and other context
------------------------------
TESTER COMMENTS
------------------------------
Additional comments from tester:
this report is from an automated smoke testing program
and was not reviewed by a human for accuracy
------------------------------
PROGRAM OUTPUT
------------------------------
Output from './Build test':
t/00_compile.t ....................... ok
# Failed test 'use JQuery::DataTables::Heavy::DBIC;'
# at t/10_jquery-datatables-heavy-dbic.t line 9.
# Tried to use 'JQuery::DataTables::Heavy::DBIC'.
# Error: Type of arg 1 to push must be array (not private variable) at /tmp/loop_over_bdir-30521-pvi24f/JQuery-DataTables-Heavy-0.03-4KFWyA/blib/lib/JQuery/DataTables/Heavy/DBIC.pm line 79, near ");"
# Compilation failed in require at t/10_jquery-datatables-heavy-dbic.t line 9.
# BEGIN failed--compilation aborted at t/10_jquery-datatables-heavy-dbic.t line 9.
# Failed test 'required params'
# at t/10_jquery-datatables-heavy-dbic.t line 19.
# expecting: Regexp ((?-xism:dbh,\sparam,\stable))
# found: normal exit
# Failed test ''dbh' validation'
# at t/10_jquery-datatables-heavy-dbic.t line 24.
# expecting: Regexp ((?-xism:DBIx::Class::Schema))
# found: normal exit
# Failed test ''param' validation'
# at t/10_jquery-datatables-heavy-dbic.t line 29.
# expecting: Regexp ((?-xism:HashRef))
# found: normal exit
# Looks like you failed 3 tests of 3.
# Failed test 'new'
# at t/10_jquery-datatables-heavy-dbic.t line 30.
Can't locate object method "_hashed_has_many" via package "JQuery::DataTables::Heavy::DBIC" at t/10_jquery-datatables-heavy-dbic.t line 94.
# Tests were run but no plan was declared and done_testing() was not seen.
# Looks like your test exited with 255 just after 2.
t/10_jquery-datatables-heavy-dbic.t ..
Dubious, test returned 255 (wstat 65280, 0xff00)
Failed 2/2 subtests
t/11_jquery-datatables-heavy-dbi.t ... ok
Test Summary Report
-------------------
t/10_jquery-datatables-heavy-dbic.t (Wstat: 65280 Tests: 2 Failed: 2)
Failed tests: 1-2
Non-zero exit status: 255
Parse errors: No plan found in TAP output
Files=3, Tests=13, 1 wallclock secs ( 0.02 usr 0.00 sys + 0.50 cusr 0.07 csys = 0.59 CPU)
Result: FAIL
Failed 1/3 test programs. 2/13 subtests failed.
------------------------------
PREREQUISITES
------------------------------
Prerequisite modules loaded:
requires:
Module Need Have
---------------------- -------- ------------
Class::Load 0 0.21
Hash::Merge 0 0.200
Moo 0 1.005000
MooX::Types::MooseLike 0 0.27
perl 5.008005 5.008005
build_requires:
Module Need Have
---------------------- -------- ------------
Test::Mock::Guard 0.09 0.10
Test::More 0.98 1.301001_040
configure_requires:
Module Need Have
---------------------- -------- ------------
Module::Build 0.38 0.4207
------------------------------
ENVIRONMENT AND OTHER CONTEXT
------------------------------
Environment variables:
AUTOMATED_TESTING = 1
LANG = en_US.UTF-8
LANGUAGE = en_US:en
PATH = /usr/lib/ccache:/home/sand/bin:/usr/local/bin:/usr/bin:/bin:/usr/games:/usr/local/perl/bin:/usr/X11/bin:/sbin:/usr/sbin
PERL5LIB =
PERL5OPT =
PERL5_CPANPLUS_IS_RUNNING = 30523
PERL5_CPAN_IS_RUNNING = 30523
PERL_MM_USE_DEFAULT = 1
SHELL = /usr/bin/zsh
TERM = screen
Perl special variables (and OS-specific diagnostics, for MSWin32):
$^X = /home/sand/src/perl/repoperls/installed-perls/perl/perl-5.8.5/5da8/bin/perl
$UID/$EUID = 1005 / 1005
$GID = 1005 1005
$EGID = 1005 1005
Perl module toolchain versions installed:
Module Have
------------------- ------------
CPAN 2.05
CPAN::Meta 2.142060
Cwd 3.47
ExtUtils::CBuilder 0.280216
ExtUtils::Command 1.18
ExtUtils::Install 1.68
ExtUtils::MakeMaker 6.99_08
ExtUtils::Manifest 1.65
ExtUtils::ParseXS 3.24
File::Spec 3.47
JSON 2.90
JSON::PP 2.27203
Module::Build 0.4207
Module::Signature 0.73
Parse::CPAN::Meta 1.4414
Test::Harness 3.33
Test::More 1.301001_040
YAML 1.08
YAML::Syck 1.27
version 0.9909
--
Summary of my perl5 (revision 5 version 8 subversion 5) configuration:
Platform:
osname=linux, osvers=3.14-2-amd64, archname=x86_64-linux
uname='linux k83 3.14-2-amd64 #1 smp debian 3.14.13-2 (2014-07-24) x86_64 gnulinux '
config_args='-Dprefix=/home/sand/src/perl/repoperls/installed-perls/perl/perl-5.8.5/5da8 -Dmyhostname=k83 -Dinstallusrbinperl=n -Uversiononly -Dusedevel -des -Ui_db -Uuseithreads -Uuselongdouble -DDEBUGGING=-g -Dusedl -Ddlsrc=dl_dlopen.xs -Dlibs=-lnsl -ldb -ldl -lm -lcrypt -lutil -lc -Dlibpth=/usr/lib/x86_64-linux-gnu /usr/local/lib /lib /usr/lib'
hint=recommended, useposix=true, d_sigaction=define
usethreads=undef use5005threads=undef useithreads=undef usemultiplicity=undef
useperlio=define d_sfio=undef uselargefiles=define usesocks=undef
use64bitint=define use64bitall=define uselongdouble=undef
usemymalloc=n, bincompat5005=undef
Compiler:
cc='cc', ccflags ='-fno-strict-aliasing -pipe -I/usr/local/include -D_LARGEFILE_SOURCE -D_FILE_OFFSET_BITS=64',
optimize='-O2',
cppflags='-fno-strict-aliasing -pipe -I/usr/local/include'
ccversion='', gccversion='4.9.1', gccosandvers=''
intsize=4, longsize=8, ptrsize=8, doublesize=8, byteorder=12345678
d_longlong=define, longlongsize=8, d_longdbl=define, longdblsize=16
ivtype='long', ivsize=8, nvtype='double', nvsize=8, Off_t='off_t', lseeksize=8
alignbytes=8, prototype=define
Linker and Libraries:
ld='cc', ldflags =' -L/usr/local/lib'
libpth=/usr/lib/x86_64-linux-gnu /usr/local/lib /lib /usr/lib
libs=-lnsl -ldb -ldl -lm -lcrypt -lutil -lc
perllibs=-lnsl -ldl -lm -lcrypt -lutil -lc
libc=, so=so, useshrplib=false, libperl=libperl.a
gnulibc_version='2.19'
Dynamic Linking:
dlsrc=dl_dlopen.xs, dlext=so, d_dlsymun=undef, ccdlflags='-Wl,-E'
cccdlflags='-fpic', lddlflags='-shared -L/usr/local/lib'
Characteristics of this binary (from libperl):
Compile-time options: USE_64_BIT_INT USE_64_BIT_ALL USE_LARGE_FILES
Locally applied patches:
MAINT23136
Built under linux
Compiled at Aug 9 2014 07:23:12
%ENV:
PERL5LIB=""
PERL5OPT=""
PERL5_CPANPLUS_IS_RUNNING="30523"
PERL5_CPAN_IS_RUNNING="30523"
PERL_MM_USE_DEFAULT="1"
@INC:
/home/sand/src/perl/repoperls/installed-perls/perl/perl-5.8.5/5da8/lib/5.8.5/x86_64-linux
/home/sand/src/perl/repoperls/installed-perls/perl/perl-5.8.5/5da8/lib/5.8.5
/home/sand/src/perl/repoperls/installed-perls/perl/perl-5.8.5/5da8/lib/site_perl/5.8.5/x86_64-linux
/home/sand/src/perl/repoperls/installed-perls/perl/perl-5.8.5/5da8/lib/site_perl/5.8.5
/home/sand/src/perl/repoperls/installed-perls/perl/perl-5.8.5/5da8/lib/site_perl
.