FFI-Platypus-Lang-Rust v0.17 Perl 5 v5.38.2 x86_64-linux

Status
Na
From
Slaven Rezić
Dist
FFI-Platypus-Lang-Rust v0.17
Platform
Perl 5 v5.38.2 x86_64-linux
Date
2023-12-29 22:52:44
ID
fa84d52c-a69c-11ee-9c1e-22106e8775ea
This distribution has been tested as part of the CPAN Testers
project, supporting the Perl programming language.  See
http://wiki.cpantesters.org/ for more information or email
questions to cpan-testers-discuss@perl.org


--
Dear Graham Ollis,

This is a computer-generated report for FFI-Platypus-Lang-Rust-0.17
on perl 5.38.2, created by CPAN-Reporter-1.2019.

Thank you for uploading your work to CPAN.  While attempting to build or test
this distribution, the distribution signaled that support is not available
either for this operating system or this version of Perl.  Nevertheless, any
diagnostic output produced is provided below for reference.  If this is not
what you expect, you may wish to consult the CPAN Testers Wiki:

http://wiki.cpantesters.org/wiki/CPANAuthorNotes

Sections of this report:

    * Tester comments
    * Program output
    * Prerequisites
    * Environment and other context

------------------------------
TESTER COMMENTS
------------------------------

Additional comments from tester:

none provided

------------------------------
PROGRAM OUTPUT
------------------------------

Output from '/usr/bin/make test':

PERL_DL_NONLAZY=1 "/usr/perl5.38.2/bin/perl5.38.2" "-MExtUtils::Command::MM" "-MTest::Harness" "-e" "undef *Test::Harness::Switches; test_harness(0, 'blib/lib', 'blib/arch')" t/*.t
# 
# 
# 
# HARNESS_ACTIVE=1
# HARNESS_VERSION=3.48
# LANG=C.UTF-8
# PERL5LIB=/home/cpansand/.cpan/build/2023121320/2023121621/FFI-Platypus-Lang-Rust-0.17-0/blib/lib:/home/cpansand/.cpan/build/2023121320/2023121621/FFI-Platypus-Lang-Rust-0.17-0/blib/arch:/home/cpansand/.cpan/build/2023121320/2023121621/Alien-Rust-0.03-0/blib/arch:/home/cpansand/.cpan/build/2023121320/2023121621/Alien-Rust-0.03-0/blib/lib:/home/cpansand/.cpan/build/2023121320/2023121621/Alien-Rust-0.03-0/blib/arch:/home/cpansand/.cpan/build/2023121320/2023121621/Alien-Rust-0.03-0/blib/lib
# PERL5OPT=
# PERL5_CPANPLUS_IS_RUNNING=91878
# PERL5_CPAN_IS_RUNNING=91878
# PERL5_CPAN_IS_RUNNING_IN_RECURSION=85141,91878
# PERLDOC=-MPod::Perldoc::ToTextOverstrike
# PERL_BATCH=yes
# PERL_CANARY_STABILITY_NOPROMPT=1
# PERL_CPAN_REPORTER_CONFIG=/var/tmp/cpansmoker-1023/2023121608/cpanreporter_000_config.ini
# PERL_DL_NONLAZY=1
# PERL_EXTUTILS_AUTOINSTALL=--defaultdeps
# PERL_USE_UNSAFE_INC=1
# SHELL=/usr/local/bin/zsh
# 
# 
# 
# PERL5LIB path
# /home/cpansand/.cpan/build/2023121320/2023121621/FFI-Platypus-Lang-Rust-0.17-0/blib/lib
# /home/cpansand/.cpan/build/2023121320/2023121621/FFI-Platypus-Lang-Rust-0.17-0/blib/arch
# /home/cpansand/.cpan/build/2023121320/2023121621/Alien-Rust-0.03-0/blib/arch
# /home/cpansand/.cpan/build/2023121320/2023121621/Alien-Rust-0.03-0/blib/lib
# /home/cpansand/.cpan/build/2023121320/2023121621/Alien-Rust-0.03-0/blib/arch
# /home/cpansand/.cpan/build/2023121320/2023121621/Alien-Rust-0.03-0/blib/lib
# 
# 
# 
# perl                   5.038002 freebsd amd64-freebsd
# Alien::Rust            0.03
# Capture::Tiny          0.48
# Env::ShellWords        0.02
# ExtUtils::MakeMaker    7.70
# FFI::Build::File::Base 2.08
# FFI::Build::MM         2.08
# FFI::CheckLib          0.31
# FFI::Platypus          2.08
# File::Which            1.27
# File::chdir            0.1011
# Path::Tiny             0.144
# Test2::V0              0.000159
# Test::Script           1.29
# 
# 
# 
t/00_diag.t ................. ok
t/02_types.t ................ ok
        # Failed test '/home/cpansand/.cpan/build/2023121320/2023121621/Alien-Rust-0.03-0/blib/lib/auto/share/dist/Alien-Rust/bin/rustc add.rs'
        # at t/example.t line 40.
        # +/home/cpansand/.cpan/build/2023121320/2023121621/Alien-Rust-0.03-0/blib/lib/auto/share/dist/Alien-Rust/bin/rustc add.rserror: Unable parse configuration: could not write settings file: '/home/cpansand/.rustup/settings.toml': No space left on device (os error 28)
        # Failed test '/home/cpansand/.cpan/build/2023121320/2023121621/Alien-Rust-0.03-0/blib/lib/auto/share/dist/Alien-Rust/bin/rustc callback.rs'
        # at t/example.t line 40.
        # +/home/cpansand/.cpan/build/2023121320/2023121621/Alien-Rust-0.03-0/blib/lib/auto/share/dist/Alien-Rust/bin/rustc callback.rserror: Unable parse configuration: missing key: 'version'
        # Failed test '/home/cpansand/.cpan/build/2023121320/2023121621/Alien-Rust-0.03-0/blib/lib/auto/share/dist/Alien-Rust/bin/rustc panic.rs'
        # at t/example.t line 40.
        # error: Unable parse configuration: missing key: 'version'
        # Failed test '/home/cpansand/.cpan/build/2023121320/2023121621/Alien-Rust-0.03-0/blib/lib/auto/share/dist/Alien-Rust/bin/rustc slice.rs'
        # at t/example.t line 40.
        # error: Unable parse configuration: missing key: 'version'
        # Failed test '/home/cpansand/.cpan/build/2023121320/2023121621/Alien-Rust-0.03-0/blib/lib/auto/share/dist/Alien-Rust/bin/rustc tuple.rs'
        # at t/example.t line 40.
        # +/home/cpansand/.cpan/build/2023121320/2023121621/Alien-Rust-0.03-0/blib/lib/auto/share/dist/Alien-Rust/bin/rustc tuple.rserror: Unable parse configuration: missing key: 'version'
    # Failed test 'compile rust'
    # at t/example.t line 45.
        # Failed test 'add.pl'
        # at t/example.t line 65.
# Failed test 'examples'
# at t/example.t line 69.
t/example.t ................. 
Dubious, test returned 4 (wstat 1024, 0x400)
Failed 4/4 subtests 
    # Failed test 'run> /usr/perl5.38.2/bin/perl5.38.2 Makefile.PL'
    # at t/example__person.t line 14.
    # +------+----+-------+
    # | GOT  | OP | CHECK |
    # +------+----+-------+
    # | 7168 | eq | 0     |
    # +------+----+-------+
    # Failed test 'run> make'
    # at t/example__person.t line 14.
    # +-----+----+-------+
    # | GOT | OP | CHECK |
    # +-----+----+-------+
    # | 512 | eq | 0     |
    # +-----+----+-------+
    # Failed test 'run> make test'
    # at t/example__person.t line 14.
    # +-----+----+-------+
    # | GOT | OP | CHECK |
    # +-----+----+-------+
    # | 512 | eq | 0     |
    # +-----+----+-------+
    # Failed test 'run> make realclean'
    # at t/example__person.t line 14.
    # +-----+----+-------+
    # | GOT | OP | CHECK |
    # +-----+----+-------+
    # | 512 | eq | 0     |
    # +-----+----+-------+

# Failed test 'build and test'
# at t/example__person.t line 28.
t/example__person.t ......... 
Dubious, test returned 1 (wstat 256, 0x100)
Failed 1/1 subtests 
t/ffi_build_file_cargo.t .... ok
t/ffi_platypus_lang_rust.t .. ok

Test Summary Report
-------------------
t/example.t               (Wstat: 1024 (exited 4) Tests: 4 Failed: 4)
  Failed tests:  1-4
  Non-zero exit status: 4
t/example__person.t       (Wstat: 256 (exited 1) Tests: 1 Failed: 1)
  Failed test:  1
  Non-zero exit status: 1
Files=6, Tests=10,  4 wallclock secs ( 0.05 usr  0.00 sys +  1.23 cusr  2.22 csys =  3.49 CPU)
Result: FAIL
Failed 2/6 test programs. 5/10 subtests failed.
*** Error code 255

Stop.
make: stopped in /home/cpansand/.cpan/build/2023121320/2023121621/FFI-Platypus-Lang-Rust-0.17-0

------------------------------
PREREQUISITES
------------------------------

Prerequisite modules loaded:

requires:

    Module                 Need     Have    
    ---------------------- -------- --------
    Alien::Rust            0.03     0.03    
    base                   0        2.27    
    Env::ShellWords        0        0.02    
    FFI::Build::File::Base 1.00     2.08    
    FFI::CheckLib          0.11     0.31    
    FFI::Platypus          0        2.08    
    File::chdir            0        0.1011  
    File::Which            0        1.27    
    Path::Tiny             0        0.144   
    perl                   5.008001 5.038002

build_requires:

    Module                 Need     Have    
    ---------------------- -------- --------
    Capture::Tiny          0        0.48    
    ExtUtils::MakeMaker    0        7.70    
    Test2::V0              0.000121 0.000159
    Test::Script           0        1.29    

configure_requires:

    Module                 Need