Back
From: metabase:user:320bfe00-2aae-11df-837a-5e0a49663a4f
Subject: FAIL DBIx-TextIndex-0.28 v5.10.1 GNU/Linux
Date: 2016-08-13T15:59:55Z
This distribution has been tested as part of the CPAN Testers
project, supporting the Perl programming language. See
http://wiki.cpantesters.org/ for more information or email
questions to cpan-testers-discuss@perl.org
--
Dear Daniel Koch,
This is a computer-generated report for DBIx-TextIndex-0.28
on perl 5.10.1, created by CPAN-Reporter-1.2018.
Thank you for uploading your work to CPAN. However, there was a problem
testing your distribution.
If you think this report is invalid, please consult the CPAN Testers Wiki
for suggestions on how to avoid getting FAIL reports for missing library
or binary dependencies, unsupported operating systems, and so on:
http://wiki.cpantesters.org/wiki/CPANAuthorNotes
Sections of this report:
* Tester comments
* Program output
* Prerequisites
* Environment and other context
------------------------------
TESTER COMMENTS
------------------------------
Additional comments from tester:
this report is from an automated smoke testing program
and was not reviewed by a human for accuracy
------------------------------
PROGRAM OUTPUT
------------------------------
Output from '/usr/bin/make test':
"/tmp/basesmoker-reloperl-Agh3/bin/perl" -MExtUtils::Command::MM -e 'cp_nonempty' -- TextIndex.bs blib/arch/auto/DBIx/TextIndex/TextIndex.bs 644
PERL_DL_NONLAZY=1 "/tmp/basesmoker-reloperl-Agh3/bin/perl" "-MExtUtils::Command::MM" "-MTest::Harness" "-e" "undef *Test::Harness::Switches; test_harness(0, 'blib/lib', 'blib/arch')" t/*.t
t/00_load.t ............. ok
These tests should not be running unless AUTHOR_TESTING=1 and/or RELEASE_TESTING=1!
t/01_kwalitee.t ......... ok
t/01_pod.t .............. ok
t/01_pod_coverage.t ..... ok
t/02_version.t .......... ok
t/03_connect_db.t ....... skipped: $ENV{DBIX_TEXTINDEX_DSN} (and DBIX_TEXTINDEX_USER and DBIX_TEXTINDEX_PASS) must be set to a DBI DSN to run tests against a database.
t/04_load_docs.t ........ skipped: $ENV{DBIX_TEXTINDEX_DSN} must be defined to run tests.
t/05_index_db_table.t ... skipped: $ENV{DBIX_TEXTINDEX_DSN} must be defined to run tests.
t/06_search.t ........... skipped: $ENV{DBIX_TEXTINDEX_DSN} must be defined to run tests.
t/07_unscored_search.t .. skipped: $ENV{DBIX_TEXTINDEX_DSN} must be defined to run tests.
t/08_remove_docs.t ...... skipped: $ENV{DBIX_TEXTINDEX_DSN} must be defined to run tests.
t/09_delete_index.t ..... skipped: $ENV{DBIX_TEXTINDEX_DSN} must be defined to run tests.
t/10_read_write_mix.t ... skipped: $ENV{DBIX_TEXTINDEX_DSN} must be defined to run tests.
t/11_stoplist.t ......... skipped: $ENV{DBIX_TEXTINDEX_DSN} must be defined to run tests.
Your search did not produce any matching documents.# Looks like your test exited with 2 just after 3.
t/12_sqlite.t ...........
Dubious, test returned 2 (wstat 512, 0x200)
Failed 6/9 subtests
Test Summary Report
-------------------
t/12_sqlite.t (Wstat: 512 Tests: 3 Failed: 0)
Non-zero exit status: 2
Parse errors: Bad plan. You planned 9 tests but ran 3.
Files=15, Tests=43, 2 wallclock secs ( 0.02 usr 0.06 sys + 1.06 cusr 0.17 csys = 1.31 CPU)
Result: FAIL
Failed 1/15 test programs. 0/43 subtests failed.
Makefile:1045: recipe for target 'test_dynamic' failed
make: *** [test_dynamic] Error 2
------------------------------
PREREQUISITES
------------------------------
Prerequisite modules loaded:
requires:
Module Need Have
------------------- ---- -----
Bit::Vector 6.3 7.4
DBI 1.43 1.634
Exception::Class 1.12 1.40
HTML::Entities 1.22 3.69
Text::Balanced 1.83 2.03
build_requires:
Module Need Have
------------------- ---- -----
ExtUtils::MakeMaker 0 7.22
------------------------------
ENVIRONMENT AND OTHER CONTEXT
------------------------------
Environment variables:
AUTOMATED_TESTING = 1
LANG = C
PATH = /home/sand/bin:/usr/local/bin:/usr/bin:/bin:/usr/games:/usr/local/perl/bin:/usr/X11/bin:/sbin:/usr/sbin
PERL = /tmp/basesmoker-reloperl-Agh3/bin/perl
PERL5LIB =
PERL5OPT =
PERL5_CPANPLUS_IS_RUNNING = 1593
PERL5_CPAN_IS_RUNNING = 1593
PERL_CANARY_STABILITY_NOPROMPT = 1
PERL_MM_USE_DEFAULT = 1
SHELL = /usr/bin/zsh
TERM = screen
Perl special variables (and OS-specific diagnostics, for MSWin32):
$^X = /tmp/basesmoker-reloperl-Agh3/bin/perl
$UID/$EUID = 1005 / 1005
$GID = 1005 1005
$EGID = 1005 1005
Perl module toolchain versions installed:
Module Have
------------------- --------
CPAN 2.15
CPAN::Meta 2.150005
Cwd 3.62
ExtUtils::CBuilder 0.280224
ExtUtils::Command 7.22
ExtUtils::Install 1.54
ExtUtils::MakeMaker 7.22
ExtUtils::Manifest 1.70
ExtUtils::ParseXS 3.30
File::Spec 3.62
JSON 2.90
JSON::PP 2.27400
Module::Build 0.4218
Module::Signature 0.80
Parse::CPAN::Meta 1.4422
Test::Harness 3.36
Test::More 1.302049
YAML 1.18
YAML::Syck 1.29
version 0.9917
--
Summary of my perl5 (revision 5 version 10 subversion 1) configuration:
Commit id: 5348debf9fd57fc15c26529386769684fab96e57
Platform:
osname=linux, osvers=4.6.0-1-amd64, archname=x86_64-linux-ld
uname='linux k93x64sid 4.6.0-1-amd64 #1 smp debian 4.6.2-2 (2016-06-25) x86_64 gnulinux '
config_args='-Dprefix=/home/sand/src/perl/repoperls/installed-perls/host/k93x64sid/perl-5.10.1/3bd2 -Dmyhostname=k93x64sid -Dinstallusrbinperl=n -Uversiononly -Dusedevel -des -Ui_db -Dlibswanted=cl pthread socket inet nsl gdbm dbm malloc dl ld sun m crypt sec util c cposix posix ucb BSD gdbm_compat -Uuseithreads -Duselongdouble -DDEBUGGING=-g'
hint=recommended, useposix=true, d_sigaction=define
useithreads=undef, usemultiplicity=undef
useperlio=define, d_sfio=undef, uselargefiles=define, usesocks=undef
use64bitint=define, use64bitall=define, uselongdouble=define
usemymalloc=n, bincompat5005=undef
Compiler:
cc='cc', ccflags ='-fno-strict-aliasing -pipe -fstack-protector -I/usr/local/include -D_LARGEFILE_SOURCE -D_FILE_OFFSET_BITS=64',
optimize='-O2 -g',
cppflags='-fno-strict-aliasing -pipe -fstack-protector -I/usr/local/include'
ccversion='', gccversion='6.1.1 20160802', gccosandvers=''
intsize=4, longsize=8, ptrsize=8, doublesize=8, byteorder=12345678
d_longlong=define, longlongsize=8, d_longdbl=define, longdblsize=16
ivtype='long', ivsize=8, nvtype='long double', nvsize=16, Off_t='off_t', lseeksize=8
alignbytes=16, prototype=define
Linker and Libraries:
ld='cc', ldflags =' -fstack-protector -L/usr/local/lib'
libpth=/usr/local/lib /lib/x86_64-linux-gnu /lib/../lib /usr/lib/x86_64-linux-gnu /usr/lib/../lib /lib /usr/lib
libs=-lpthread -lnsl -ldl -lm -lcrypt -lutil -lc
perllibs=-lpthread -lnsl -ldl -lm -lcrypt -lutil -lc
libc=libc-2.23.so, so=so, useshrplib=false, libperl=libperl.a
gnulibc_version='2.23'
Dynamic Linking:
dlsrc=dl_dlopen.xs, dlext=so, d_dlsymun=undef, ccdlflags='-Wl,-E'
cccdlflags='-fPIC', lddlflags='-shared -O2 -g -L/usr/local/lib -fstack-protector'
Characteristics of this binary (from libperl):
Compile-time options: PERL_DONT_CREATE_GVSV PERL_MALLOC_WRAP PERL_USE_DEVEL
USE_64_BIT_ALL USE_64_BIT_INT USE_LARGE_FILES
USE_LONG_DOUBLE USE_PERLIO
Built under linux
Compiled at Aug 13 2016 09:58:37
%ENV:
PERL="/tmp/basesmoker-reloperl-Agh3/bin/perl"
PERL5LIB=""
PERL5OPT=""
PERL5_CPANPLUS_IS_RUNNING="1593"
PERL5_CPAN_IS_RUNNING="1593"
PERL_CANARY_STABILITY_NOPROMPT="1"
PERL_MM_USE_DEFAULT="1"
@INC:
/home/sand/src/perl/repoperls/installed-perls/host/k93x64sid/perl-5.10.1/3bd2/lib/5.10.1/x86_64-linux-ld
/home/sand/src/perl/repoperls/installed-perls/host/k93x64sid/perl-5.10.1/3bd2/lib/5.10.1
/home/sand/src/perl/repoperls/installed-perls/host/k93x64sid/perl-5.10.1/3bd2/lib/site_perl/5.10.1/x86_64-linux-ld
/home/sand/src/perl/repoperls/installed-perls/host/k93x64sid/perl-5.10.1/3bd2/lib/site_perl/5.10.1
.