Parse-Apache-ServerStatus-Extended v0.02 Perl 5 v5.28.0 RC1 x86_64-linux
- Status
- Fail
- From
- Slaven Rezić (SREZIC)
- Dist
-
Parse-Apache-ServerStatus-Extended v0.02
- Platform
- Perl 5 v5.28.0 RC1 x86_64-linux
- Date
- 2018-05-29 00:33:59
- ID
- fa7cc0b2-62d7-11e8-84b7-bf5afb07f19a
This distribution has been tested as part of the CPAN Testers
project, supporting the Perl programming language. See
http://wiki.cpantesters.org/ for more information or email
questions to cpan-testers-discuss@perl.org
--
Dear Gosuke Miyashita,
This is a computer-generated report for Parse-Apache-ServerStatus-Extended-0.02
on perl 5.28.0, created by CPAN-Reporter-1.2018.
Thank you for uploading your work to CPAN. However, there was a problem
testing your distribution.
If you think this report is invalid, please consult the CPAN Testers Wiki
for suggestions on how to avoid getting FAIL reports for missing library
or binary dependencies, unsupported operating systems, and so on:
http://wiki.cpantesters.org/wiki/CPANAuthorNotes
Sections of this report:
* Tester comments
* Program output
* Prerequisites
* Environment and other context
------------------------------
TESTER COMMENTS
------------------------------
Additional comments from tester:
none provided
------------------------------
PROGRAM OUTPUT
------------------------------
Output from '/usr/bin/make test':
PERL_DL_NONLAZY=1 "/opt/perl-5.28.0-RC1/bin/perl" "-MExtUtils::Command::MM" "-MTest::Harness" "-e" "undef *Test::Harness::Switches; test_harness(0, 'inc', 'blib/lib', 'blib/arch')" t/00.load.t t/perlcritic.t t/pod-coverage.t t/pod.t
# Testing Parse::Apache::ServerStatus::Extended 0.02
t/00.load.t ....... ok
# Failed test 'Test::Perl::Critic for "blib/lib/Parse/Apache/ServerStatus/Extended.pm"'
# at /opt/perl-5.28.0-RC1/lib/site_perl/5.28.0/Test/Perl/Critic.pm line 121.
#
# Variable, subroutine, and package names have to be in CamelCase at line 11, column 1. (no explanation). (Severity: 5)
# Variable, subroutine, and package names have to be in CamelCase at line 12, column 8. (no explanation). (Severity: 5)
# Variable, subroutine, and package names have to be in CamelCase at line 13, column 8. (no explanation). (Severity: 5)
# Variable, subroutine, and package names have to be in CamelCase at line 13, column 35. (no explanation). (Severity: 5)
# Variable, subroutine, and package names have to be in CamelCase at line 14, column 12. (no explanation). (Severity: 5)
# Variable, subroutine, and package names have to be in CamelCase at line 14, column 62. (no explanation). (Severity: 5)
# Variable, subroutine, and package names have to be in CamelCase at line 16, column 8. (no explanation). (Severity: 5)
# Variable, subroutine, and package names have to be in CamelCase at line 24, column 8. (no explanation). (Severity: 5)
# Variable, subroutine, and package names have to be in CamelCase at line 25, column 14. (no explanation). (Severity: 5)
# Private Member Data shouldn't be accessed directly at line 25, column 14. Accessing an objects data directly breaks encapsulation and should be avoided. Example: $object->{ some_key }. (Severity: 5)
# Variable, subroutine, and package names have to be in CamelCase at line 25, column 29. (no explanation). (Severity: 5)
# Private Member Data shouldn't be accessed directly at line 26, column 21. Accessing an objects data directly breaks encapsulation and should be avoided. Example: $object->{ some_key }. (Severity: 5)
# Variable, subroutine, and package names have to be in CamelCase at line 27, column 12. (no explanation). (Severity: 5)
# Private Member Data shouldn't be accessed directly at line 27, column 20. Accessing an objects data directly breaks encapsulation and should be avoided. Example: $object->{ some_key }. (Severity: 5)
# Variable, subroutine, and package names have to be in CamelCase at line 28, column 14. (no explanation). (Severity: 5)
# Variable, subroutine, and package names have to be in CamelCase at line 29, column 24. (no explanation). (Severity: 5)
# Private Member Data shouldn't be accessed directly at line 29, column 24. Accessing an objects data directly breaks encapsulation and should be avoided. Example: $object->{ some_key }. (Severity: 5)
# Variable, subroutine, and package names have to be in CamelCase at line 30, column 24. (no explanation). (Severity: 5)
# Private Member Data shouldn't be accessed directly at line 30, column 24. Accessing an objects data directly breaks encapsulation and should be avoided. Example: $object->{ some_key }. (Severity: 5)
# Variable, subroutine, and package names have to be in CamelCase at line 31, column 24. (no explanation). (Severity: 5)
# Private Member Data shouldn't be accessed directly at line 31, column 24. Accessing an objects data directly breaks encapsulation and should be avoided. Example: $object->{ some_key }. (Severity: 5)
# Variable, subroutine, and package names have to be in CamelCase at line 32, column 24. (no explanation). (Severity: 5)
# Private Member Data shouldn't be accessed directly at line 32, column 24. Accessing an objects data directly breaks encapsulation and should be avoided. Example: $object->{ some_key }. (Severity: 5)
# Variable, subroutine, and package names have to be in CamelCase at line 33, column 24. (no explanation). (Severity: 5)
# Private Member Data shouldn't be accessed directly at line 33, column 24. Accessing an objects data directly breaks encapsulation and should be avoided. Example: $object->{ some_key }. (Severity: 5)
# Variable, subroutine, and package names have to be in CamelCase at line 34, column 24. (no explanation). (Severity: 5)
# Private Member Data shouldn't be accessed directly at line 34, column 24. Accessing an objects data directly breaks encapsulation and should be avoided. Example: $object->{ some_key }. (Severity: 5)
# Variable, subroutine, and package names have to be in CamelCase at line 35, column 24. (no explanation). (Severity: 5)
# Private Member Data shouldn't be accessed directly at line 35, column 24. Accessing an objects data directly breaks encapsulation and should be avoided. Example: $object->{ some_key }. (Severity: 5)
# Variable, subroutine, and package names have to be in CamelCase at line 36, column 24. (no explanation). (Severity: 5)
# Private Member Data shouldn't be accessed directly at line 36, column 24. Accessing an objects data directly breaks encapsulation and should be avoided. Example: $object->{ some_key }. (Severity: 5)
# Variable, subroutine, and package names have to be in CamelCase at line 37, column 24. (no explanation). (Severity: 5)
# Private Member Data shouldn't be accessed directly at line 37, column 24. Accessing an objects data directly breaks encapsulation and should be avoided. Example: $object->{ some_key }. (Severity: 5)
# Variable, subroutine, and package names have to be in CamelCase at line 38, column 24. (no explanation). (Severity: 5)
# Private Member Data shouldn't be accessed directly at line 38, column 24. Accessing an objects data directly breaks encapsulation and should be avoided. Example: $object->{ some_key }. (Severity: 5)
# Variable, subroutine, and package names have to be in CamelCase at line 39, column 24. (no explanation). (Severity: 5)
# Private Member Data shouldn't be accessed directly at line 39, column 24. Accessing an objects data directly breaks encapsulation and should be avoided. Example: $object->{ some_key }. (Severity: 5)
# Variable, subroutine, and package names have to be in CamelCase at line 40, column 24. (no explanation). (Severity: 5)
# Private Member Data shouldn't be accessed directly at line 40, column 24. Accessing an objects data directly breaks encapsulation and should be avoided. Example: $object->{ some_key }. (Severity: 5)
# Variable, subroutine, and package names have to be in CamelCase at line 41, column 24. (no explanation). (Severity: 5)
# Private Member Data shouldn't be accessed directly at line 41, column 24. Accessing an objects data directly breaks encapsulation and should be avoided. Example: $object->{ some_key }. (Severity: 5)
# Variable, subroutine, and package names have to be in CamelCase at line 45, column 13. (no explanation). (Severity: 5)
t/perlcritic.t ....
Dubious, test returned 1 (wstat 256, 0x100)
Failed 1/1 subtests
t/pod-coverage.t .. ok
t/pod.t ........... ok
Test Summary Report
-------------------
t/perlcritic.t (Wstat: 256 Tests: 1 Failed: 1)
Failed test: 1
Non-zero exit status: 1
Files=4, Tests=4, 1 wallclock secs ( 0.01 usr 0.02 sys + 0.84 cusr 0.25 csys = 1.12 CPU)
Result: FAIL
Failed 1/4 test programs. 1/4 subtests failed.
Makefile:777: die Regel für Ziel âÂÂtest_dynamicâ scheiterte
make: *** [test_dynamic] Fehler 255
------------------------------
PREREQUISITES
------------------------------
Prerequisite modules loaded:
requires:
Module Need Have
--------------------------- ---- ----
Parse::Apache::ServerStatus 0 0.10
Web::Scraper 0 0.38
build_requires:
Module Need Have
--------------------------- ---- ----
ExtUtils::MakeMaker 0 7.34
------------------------------
ENVIRONMENT AND OTHER CONTEXT
------------------------------
Environment variables:
LANG = C
LC_ALL = de_DE.UTF-8
PATH = /usr/local/bin:/usr/bin:/bin:/usr/local/sbin:/usr/sbin:/sbin:/home/cpansand/bin/linux-gnu:/home/cpansand/bin/sh:/home/cpansand/bin:/usr/games:/home/cpansand/devel:/home/eserte/src/srezic-misc/scripts
PERL5LIB =
PERL5OPT =
PERL5_CPANPLUS_IS_RUNNING = 22673
PERL5_CPAN_IS_RUNNING = 22673
PERL5_CPAN_IS_RUNNING_IN_RECURSION = 1845,22673
PERLDOC = -MPod::Perldoc::ToTextOverstrike
PERL_BATCH = yes
PERL_CANARY_STABILITY_NOPROMPT = 1
PERL_CPAN_REPORTER_CONFIG = /var/tmp/cpansmoker-1023/2018052815/cpanreporter_000_config.ini
PERL_EXTUTILS_AUTOINSTALL = --defaultdeps
PERL_PARALLEL_SMOKER = yes
PERL_USE_UNSAFE_INC = 1
SHELL = /usr/bin/zsh
TERM = screen
TMPDIR = /var/tmp/cpansmoker-1023/2018052815
Perl special variables (and OS-specific diagnostics, for MSWin32):
$^X = /opt/perl-5.28.0-RC1/bin/perl
$UID/$EUID = 1023 / 1023
$GID = 1023 1023
$EGID = 1023 1023
Perl module toolchain versions installed:
Module Have
------------------- --------
CPAN 2.20
CPAN::Meta 2.150010
Cwd 3.74
ExtUtils::CBuilder 0.280230
ExtUtils::Command 7.34
ExtUtils::Install 2.14
ExtUtils::MakeMaker 7.34
ExtUtils::Manifest 1.71
ExtUtils::ParseXS 3.39
File::Spec 3.74
JSON 2.97001
JSON::PP 2.97001
Module::Build 0.4224
Module::Signature 0.81
Parse::CPAN::Meta 2.150010
Test::Harness 3.42
Test::More 1.302136
YAML 1.26
YAML::Syck 1.30
version 0.9924
--
Summary of my perl5 (revision 5 version 28 subversion 0) configuration:
Platform:
osname=linux
osvers=4.9.0-3-amd64
archname=x86_64-linux
uname='linux debian9 4.9.0-3-amd64 #1 smp debian 4.9.30-2+deb9u5 (2017-09-19) x86_64 gnulinux '
config_args='-ds -e -Dprefix=/opt/perl-5.28.0-RC1 -Dcf_email=srezic@cpan.org'
hint=recommended
useposix=true
d_sigaction=define
useithreads=undef
usemultiplicity=undef
use64bitint=define
use64bitall=define
uselongdouble=undef
usemymalloc=n
default_inc_excludes_dot=define
bincompat5005=undef
Compiler:
cc='cc'
ccflags ='-fwrapv -fno-strict-aliasing -pipe -fstack-protector-strong -I/usr/local/include -D_LARGEFILE_SOURCE -D_FILE_OFFSET_BITS=64 -D_FORTIFY_SOURCE=2'
optimize='-O2'
cppflags='-fwrapv -fno-strict-aliasing -pipe -fstack-protector-strong -I/usr/local/include'
ccversion=''
gccversion='6.3.0 20170516'
gccosandvers=''
intsize=4
longsize=8
ptrsize=8
doublesize=8
byteorder=12345678
doublekind=3
d_longlong=define
longlongsize=8
d_longdbl=define
longdblsize=16
longdblkind=3
ivtype='long'
ivsize=8
nvtype='double'
nvsize=8
Off_t='off_t'
lseeksize=8
alignbytes=8
prototype=define
Linker and Libraries:
ld='cc'
ldflags =' -fstack-protector-strong -L/usr/local/lib'
libpth=/usr/local/lib /usr/lib/gcc/x86_64-linux-gnu/6/include-fixed /usr/include/x86_64-linux-gnu /usr/lib /lib/x86_64-linux-gnu /lib/../lib /usr/lib/x86_64-linux-gnu /usr/lib/../lib /lib
libs=-lpthread -lnsl -lgdbm -ldb -ldl -lm -lcrypt -lutil -lc -lgdbm_compat
perllibs=-lpthread -lnsl -ldl -lm -lcrypt -lutil -lc
libc=libc-2.24.so
so=so
useshrplib=false
libperl=libperl.a
gnulibc_version='2.24'
Dynamic Linking:
dlsrc=dl_dlopen.xs
dlext=so
d_dlsymun=undef
ccdlflags='-Wl,-E'
cccdlflags='-fPIC'
lddlflags='-shared -O2 -L/usr/local/lib -fstack-protector-strong'
Characteristics of this binary (from libperl):
Compile-time options:
HAS_TIMES
PERLIO_LAYERS
PERL_COPY_ON_WRITE
PERL_DONT_CREATE_GVSV
PERL_MALLOC_WRAP
PERL_OP_PARENT
PERL_PRESERVE_IVUV
USE_64_BIT_ALL
USE_64_BIT_INT
USE_LARGE_FILES
USE_LOCALE
USE_LOCALE_COLLATE
USE_LOCALE_CTYPE
USE_LOCALE_NUMERIC
USE_LOCALE_TIME
USE_PERLIO
USE_PERL_ATOF
Locally applied patches:
RC1
Built under linux
Compiled at May 22 2018 06:11:22
%ENV:
PERL5LIB=""
PERL5OPT=""
PERL5_CPANPLUS_IS_RUNNING="22673"
PERL5_CPAN_IS_RUNNING="22673"
PERL5_CPAN_IS_RUNNING_IN_RECURSION="1845,22673"
PERLDOC="-MPod::Perldoc::ToTextOverstrike"
PERL_BATCH="yes"
PERL_CANARY_STABILITY_NOPROMPT="1"
PERL_CPAN_REPORTER_CONFIG="/var/tmp/cpansmoker-1023/2018052815/cpanreporter_000_config.ini"
PERL_EXTUTILS_AUTOINSTALL="--defaultdeps"
PERL_PARALLEL_SMOKER="yes"
PERL_USE_UNSAFE_INC="1"
@INC:
/opt/perl-5.28.0-RC1/lib/site_perl/5.28.0/x86_64-linux
/opt/perl-5.28.0-RC1/lib/site_perl/5.28.0
/opt/perl-5.28.0-RC1/lib/5.28.0/x86_64-linux
/opt/perl-5.28.0-RC1/lib/5.28.0
.