Scene-Graph v0.01 Perl 5 v5.12.1 i86pc-solaris

Status
Fail
From
Graham Crookham (GRAHAMC)
Dist
Scene-Graph v0.01
Platform
Perl 5 v5.12.1 i86pc-solaris
Date
2010-08-06 19:22:39
ID
fa6b42ea-a18f-11df-b237-2b84cd95d8fd
This distribution has been tested as part of the CPAN Testers
project, supporting the Perl programming language.  See
http://wiki.cpantesters.org/ for more information or email
questions to cpan-testers-discuss@perl.org


--
Dear Cory G Watson,

This is a computer-generated report for Scene-Graph-0.01
on perl 5.12.1, created by CPAN-Reporter-1.18.

Thank you for uploading your work to CPAN.  However, there was a problem
testing your distribution.

If you think this report is invalid, please consult the CPAN Testers Wiki
for suggestions on how to avoid getting FAIL reports for missing library
or binary dependencies, unsupported operating systems, and so on:

http://wiki.cpantesters.org/wiki/CPANAuthorNotes

Sections of this report:

    * Tester comments
    * Program output
    * Prerequisites
    * Environment and other context

------------------------------
TESTER COMMENTS
------------------------------

Additional comments from tester:

this report is from an automated smoke testing program
and was not reviewed by a human for accuracy

------------------------------
PROGRAM OUTPUT
------------------------------

Output from '/usr/gnu/bin/make test':

PERL_DL_NONLAZY=1 /export/home/graham/perltest/perl/bin/perl "-MExtUtils::Command::MM" "-e" "test_harness(0, 'inc', 'blib/lib', 'blib/arch')" t/*.t
# Testing Scene::Graph 0.01, Perl 5.012001, /export/home/graham/perltest/perl/bin/perl
t/00-load.t ... ok
t/simple.t .... ok
Couldn't load class (Scene::Graph::Node::Transforms::Translatable) because: has '+attr' is not supported in roles at /export/home/graham/perltest/perl/lib/site_perl/5.12.1/i86pc-solaris/Moose/Meta/Role.pm line 198
	Moose::Meta::Role::add_attribute('Moose::Meta::Role=HASH(0x8843ad0)', '+is_translatable', 'default', 1, 'definition_context', 'HASH(0x87eeff0)') called at /export/home/graham/perltest/perl/lib/site_perl/5.12.1/i86pc-solaris/Moose/Role.pm line 47
	Moose::Role::has('Moose::Meta::Role=HASH(0x8843ad0)', '+is_translatable', 'default', 1) called at /export/home/graham/perltest/perl/lib/site_perl/5.12.1/i86pc-solaris/Moose/Exporter.pm line 294
	Moose::Role::has('+is_translatable', 'default', 1) called at /export/home/graham/perltest/cpan/build/Scene-Graph-0.01-H81HkP/blib/lib/Scene/Graph/Node/Transforms/Translatable.pm line 6
	require Scene/Graph/Node/Transforms/Translatable.pm called at /export/home/graham/perltest/perl/lib/site_perl/5.12.1/i86pc-solaris/Class/MOP.pm line 114
	Class::MOP::__ANON__() called at /export/home/graham/perltest/perl/lib/site_perl/5.12.1/Try/Tiny.pm line 71
	eval {...} called at /export/home/graham/perltest/perl/lib/site_perl/5.12.1/Try/Tiny.pm line 67
	Try::Tiny::try('CODE(0x87d4f78)', 'Try::Tiny::Catch=REF(0x87eee70)') called at /export/home/graham/perltest/perl/lib/site_perl/5.12.1/i86pc-solaris/Class/MOP.pm line 125
	Class::MOP::load_first_existing_class('Scene::Graph::Node::Transforms::Translatable') called at /export/home/graham/perltest/perl/lib/site_perl/5.12.1/i86pc-solaris/Class/MOP.pm line 137
	Class::MOP::load_class('Scene::Graph::Node::Transforms::Translatable', undef) called at /export/home/graham/perltest/perl/lib/site_perl/5.12.1/i86pc-solaris/Moose/Util.pm line 109
	Moose::Util::_apply_all_roles('Moose::Meta::Class=HASH(0x8233f90)', undef, 'Scene::Graph::Node::Transforms::Translatable') called at /export/home/graham/perltest/perl/lib/site_perl/5.12.1/i86pc-solaris/Moose/Util.pm line 87
	Moose::Util::apply_all_roles('Moose::Meta::Class=HASH(0x8233f90)', 'Scene::Graph::Node::Transforms::Translatable') called at /export/home/graham/perltest/perl/lib/site_perl/5.12.1/i86pc-solaris/Moose.pm line 58
	Moose::with('Moose::Meta::Class=HASH(0x8233f90)', 'Scene::Graph::Node::Transforms::Translatable') called at /export/home/graham/perltest/perl/lib/site_perl/5.12.1/i86pc-solaris/Moose/Exporter.pm line 294
	Moose::with('Scene::Graph::Node::Transforms::Translatable') called at /export/home/graham/perltest/cpan/build/Scene-Graph-0.01-H81HkP/blib/lib/Scene/Graph/Node/Spatial.pm line 6
	require Scene/Graph/Node/Spatial.pm called at t/spatial.t line 5
	main::BEGIN() called at /export/home/graham/perltest/cpan/build/Scene-Graph-0.01-H81HkP/blib/lib/Scene/Graph/Node/Transforms/Translatable.pm line 0
	eval {...} called at /export/home/graham/perltest/cpan/build/Scene-Graph-0.01-H81HkP/blib/lib/Scene/Graph/Node/Transforms/Translatable.pm line 0
Compilation failed in require at /export/home/graham/perltest/perl/lib/site_perl/5.12.1/i86pc-solaris/Class/MOP.pm line 114.
 at /export/home/graham/perltest/perl/lib/site_perl/5.12.1/i86pc-solaris/Class/MOP.pm line 120
	Class::MOP::__ANON__('has \'+attr\' is not supported in roles at /export/home/graha...') called at /export/home/graham/perltest/perl/lib/site_perl/5.12.1/Try/Tiny.pm line 98
	Try::Tiny::try('CODE(0x87d4f78)', 'Try::Tiny::Catch=REF(0x87eee70)') called at /export/home/graham/perltest/perl/lib/site_perl/5.12.1/i86pc-solaris/Class/MOP.pm line 125
	Class::MOP::load_first_existing_class('Scene::Graph::Node::Transforms::Translatable') called at /export/home/graham/perltest/perl/lib/site_perl/5.12.1/i86pc-solaris/Class/MOP.pm line 137
	Class::MOP::load_class('Scene::Graph::Node::Transforms::Translatable', undef) called at /export/home/graham/perltest/perl/lib/site_perl/5.12.1/i86pc-solaris/Moose/Util.pm line 109
	Moose::Util::_apply_all_roles('Moose::Meta::Class=HASH(0x8233f90)', undef, 'Scene::Graph::Node::Transforms::Translatable') called at /export/home/graham/perltest/perl/lib/site_perl/5.12.1/i86pc-solaris/Moose/Util.pm line 87
	Moose::Util::apply_all_roles('Moose::Meta::Class=HASH(0x8233f90)', 'Scene::Graph::Node::Transforms::Translatable') called at /export/home/graham/perltest/perl/lib/site_perl/5.12.1/i86pc-solaris/Moose.pm line 58
	Moose::with('Moose::Meta::Class=HASH(0x8233f90)', 'Scene::Graph::Node::Transforms::Translatable') called at /export/home/graham/perltest/perl/lib/site_perl/5.12.1/i86pc-solaris/Moose/Exporter.pm line 294
	Moose::with('Scene::Graph::Node::Transforms::Translatable') called at /export/home/graham/perltest/cpan/build/Scene-Graph-0.01-H81HkP/blib/lib/Scene/Graph/Node/Spatial.pm line 6
	require Scene/Graph/Node/Spatial.pm called at t/spatial.t line 5
	main::BEGIN() called at /export/home/graham/perltest/cpan/build/Scene-Graph-0.01-H81HkP/blib/lib/Scene/Graph/Node/Spatial.pm line 0
	eval {...} called at /export/home/graham/perltest/cpan/build/Scene-Graph-0.01-H81HkP/blib/lib/Scene/Graph/Node/Spatial.pm line 0
Compilation failed in require at t/spatial.t line 5.
BEGIN failed--compilation aborted at t/spatial.t line 5.
t/spatial.t ... 
Dubious, test returned 255 (wstat 65280, 0xff00)
No subtests run 
Can't locate Geometry/AffineTransform.pm in @INC (@INC contains: /export/home/graham/perltest/cpan/build/Scene-Graph-0.01-H81HkP/inc /export/home/graham/perltest/cpan/build/Scene-Graph-0.01-H81HkP/blib/lib /export/home/graham/perltest/cpan/build/Scene-Graph-0.01-H81HkP/blib/arch /export/home/graham/perltest/perl/lib/site_perl/5.12.1/i86pc-solaris /export/home/graham/perltest/perl/lib/site_perl/5.12.1 /export/home/graham/perltest/perl/lib/5.12.1/i86pc-solaris /export/home/graham/perltest/perl/lib/5.12.1 .) at /export/home/graham/perltest/cpan/build/Scene-Graph-0.01-H81HkP/blib/lib/Scene/Graph/Traverser.pm line 4.
BEGIN failed--compilation aborted at /export/home/graham/perltest/cpan/build/Scene-Graph-0.01-H81HkP/blib/lib/Scene/Graph/Traverser.pm line 4.
Compilation failed in require at t/traverse.t line 5.
BEGIN failed--compilation aborted at t/traverse.t line 5.
t/traverse.t .. 
Dubious, test returned 2 (wstat 512, 0x200)
No subtests run 

Test Summary Report
-------------------
t/spatial.t (Wstat: 65280 Tests: 0 Failed: 0)
  Non-zero exit status: 255
  Parse errors: No plan found in TAP output
t/traverse.t (Wstat: 512 Tests: 0 Failed: 0)
  Non-zero exit status: 2
  Parse errors: No plan found in TAP output
Files=4, Tests=2,  2 wallclock secs ( 0.05 usr  0.04 sys +  1.88 cusr  0.35 csys =  2.32 CPU)
Result: FAIL
Failed 2/4 test programs. 0/2 subtests failed.
make: *** [test_dynamic] Error 2

------------------------------
PREREQUISITES
------------------------------

Prerequisite modules loaded:

requires:

    Module              Need Have   
    ------------------- ---- -------
    ExtUtils::MakeMaker 6.42 6.56   
    Geometry::Primitive 0    0.22   
    Moose               0    1.09   
    MooseX::Clone       0    0.05   
    MooseX::Storage     0    0.27   
    Test::More          0    0.95_02

configure_requires:

    Module              Need Have   
    ------------------- ---- -------
    ExtUtils::MakeMaker 6.42 6.56   


------------------------------
ENVIRONMENT AND OTHER CONTEXT
------------------------------

Environment variables:

    AUTOMATED_TESTING = 1
    LANG = en_US.UTF-8
    LC_MESSAGES = en_US.UTF-8
    PATH = /export/home/graham/perltest/perl/bin:/export/home/graham/perltest/perl/bin:/usr/gnu/bin:/usr/bin:/usr/X11/bin:/usr/sbin:/sbin:/usr/ccs/bin
    PERL5LIB = 
    PERL5OPT = 
    PERL5_CPANPLUS_IS_RUNNING = 11947
    PERL5_CPAN_IS_RUNNING = 11947
    PERL5_CPAN_IS_RUNNING_IN_RECURSION = 693,11947
    PERL_CR_SMOKER_CURRENT = Scene-Graph-0.01
    PERL_EXTUTILS_AUTOINSTALL = --defaultdeps
    PERL_MM_USE_DEFAULT = 1
    SHELL = /bin/bash
    TERM = xterm

Perl special variables (and OS-specific diagnostics, for MSWin32):

    $^X = /export/home/graham/perltest/perl/bin/perl
    $UID/$EUID = 101 / 101
    $GID = 10 10
    $EGID = 10 10

Perl module toolchain versions installed:

    Module              Have   
    ------------------- -------
    CPAN                1.94_58
    Cwd                 3.31_02
    ExtUtils::CBuilder  0.2703 
    ExtUtils::Command   1.16   
    ExtUtils::Install   1.55   
    ExtUtils::MakeMaker 6.56   
    ExtUtils::Manifest  1.57   
    ExtUtils::ParseXS   2.2206 
    File::Spec          3.31_02
    Module::Build       0.36_13
    Module::Signature   n/a    
    Test::Harness       3.21   
    Test::More          0.95_02
    YAML                0.71   
    YAML::Syck          1.12   
    version             0.82   


--

Summary of my perl5 (revision 5 version 12 subversion 1) configuration:
   
  Platform:
    osname=solaris, osvers=2.11, archname=i86pc-solaris
    uname='sunos hidegkuti 5.11 snv_111b i86pc i386 i86pc solaris '
    config_args=''
    hint=recommended, useposix=true, d_sigaction=define
    useithreads=undef, usemultiplicity=undef
    useperlio=define, d_sfio=undef, uselargefiles=define, usesocks=undef
    use64bitint=undef, use64bitall=undef, uselongdouble=undef
    usemymalloc=n, bincompat5005=undef
  Compiler:
    cc='gcc', ccflags ='-fno-strict-aliasing -pipe -D_LARGEFILE_SOURCE -D_FILE_OFFSET_BITS=64 -DPERL_USE_SAFE_PUTENV -DPERL_USE_SAFE_PUTENV -DPERL_USE_SAFE_PUTENV -DPERL_USE_SAFE_PUTENV',
    optimize='-O',
    cppflags='-fno-strict-aliasing -pipe'
    ccversion='', gccversion='3.4.3 (csl-sol210-3_4-20050802)', gccosandvers='solaris2.11'
    intsize=4, longsize=4, ptrsize=4, doublesize=8, byteorder=1234
    d_longlong=define, longlongsize=8, d_longdbl=define, longdblsize=12
    ivtype='long', ivsize=4, nvtype='double', nvsize=8, Off_t='off_t', lseeksize=8
    alignbytes=4, prototype=define
  Linker and Libraries:
    ld='gcc', ldflags =' '
    libpth=/usr/lib /usr/ccs/lib
    libs=-lsocket -lnsl -ldl -lm -lc
    perllibs=-lsocket -lnsl -ldl -lm -lc
    libc=/lib/libc.so, so=so, useshrplib=false, libperl=libperl.a
    gnulibc_version=''
  Dynamic Linking:
    dlsrc=dl_dlopen.xs, dlext=so, d_dlsymun=undef, ccdlflags=' '
    cccdlflags='-fPIC', lddlflags='-G'


Characteristics of this binary (from libperl): 
  Compile-time options: PERL_DONT_CREATE_GVSV PERL_MALLOC_WRAP
                        PERL_USE_SAFE_PUTENV USE_LARGE_FILES USE_PERLIO
                        USE_PERL_ATOF
  Built under solaris
  Compiled at Jul 21 2010 15:14:27
  %ENV:
    PERL5LIB=""
    PERL5OPT=""
    PERL5_CPANPLUS_IS_RUNNING="11947"
    PERL5_CPAN_IS_RUNNING="11947"
    PERL5_CPAN_IS_RUNNING_IN_RECURSION="693,11947"
    PERL_CR_SMOKER_CURRENT="Scene-Graph-0.01"
    PERL_EXTUTILS_AUTOINSTALL="--defaultdeps"
    PERL_MM_USE_DEFAULT="1"
  @INC:
    /export/home/graham/perltest/perl/lib/site_perl/5.12.1/i86pc-solaris
    /export/home/graham/perltest/perl/lib/site_perl/5.12.1
    /export/home/graham/perltest/perl/lib/5.12.1/i86pc-solaris
    /export/home/graham/perltest/perl/lib/5.12.1
    .