Back
From: metabase:user:322078bc-2aae-11df-837a-5e0a49663a4f
Subject: FAIL HTTP-Server-Simple-0.45_02 v5.16.0 GNU/Linux
Date: 2012-05-21T23:23:30Z
This distribution has been tested as part of the CPAN Testers
project, supporting the Perl programming language. See
http://wiki.cpantesters.org/ for more information or email
questions to cpan-testers-discuss@perl.org
--
Dear JESSE,
This is a computer-generated error report created automatically by
CPANPLUS, version 0.9129. Testers personal comments may appear
at the end of this report.
Thank you for uploading your work to CPAN. However, it appears that
there were some problems testing your distribution.
TEST RESULTS:
Below is the error stack from stage 'make test':
PERL_DL_NONLAZY=1 /home/cpan/pit/thr/perl-5.16.0/bin/perl "-MExtUtils::Command::MM" "-e" "test_harness(0, 'inc', 'blib/lib', 'blib/arch')" t/*.t
t/00signature.t .... ok
t/00smoke.t ........ ok
bind to *:46028: Address already in use at t/01live.t line 134.
# Failed test 'Returns a page'
# at t/01live.t line 141.
# '[ERROR] getaddrinfo: No address associated with hostname at t/01live.t line 89, <DATA> line 16.
# '
# doesn't match '/Congratulations/'
bind to *:46029: Address already in use at t/01live.t line 134.
# Failed test 'Returns a page'
# at t/01live.t line 141.
# '[ERROR] getaddrinfo: No address associated with hostname at t/01live.t line 89, <DATA> line 16.
# '
# doesn't match '/Congratulations/'
No address associated with hostname! at /home/cpan/pit/thr/conf/perl-5.16.0/.cpanplus/5.16.0/build/HTTP-Server-Simple-0.45_02/blib/lib/HTTP/Server/Simple.pm line 704, <DATA> line 16.
Use of uninitialized value $sockaddr in bind at /home/cpan/pit/thr/conf/perl-5.16.0/.cpanplus/5.16.0/build/HTTP-Server-Simple-0.45_02/blib/lib/HTTP/Server/Simple.pm line 724, <DATA> line 16.
bind to localhost:46030: Invalid argument at t/01live.t line 44.
# Failed test 'Returns a page'
# at t/01live.t line 49.
# '[ERROR] getaddrinfo: No address associated with hostname at t/01live.t line 89, <DATA> line 16.
# '
# doesn't match '/Congratulations/'
# Failed test 'knows what a request isn't'
# at t/01live.t line 52.
# '[ERROR] getaddrinfo: No address associated with hostname at t/01live.t line 89, <DATA> line 16.
# '
# doesn't match '/bad request/i'
# Failed test 'HTTP/1.1 request'
# at t/01live.t line 58.
# '[ERROR] getaddrinfo: No address associated with hostname at t/01live.t line 89, <DATA> line 16.
# '
# doesn't match '/Congratulations/'
# Failed test 'HTTP/0.9 request'
# at t/01live.t line 61.
# '[ERROR] getaddrinfo: No address associated with hostname at t/01live.t line 89, <DATA> line 16.
# '
# doesn't match '/Congratulations/'
# Looks like you failed 6 tests of 34.
t/01live.t .........
Dubious, test returned 6 (wstat 1536, 0x600)
Failed 6/34 subtests
t/02pod.t .......... skipped: Test::Pod 1.14 required for testing POD
t/03podcoverage.t .. skipped: Test::Pod::Coverage 1.04 required for testing POD coverage
t/04cgi.t .......... ok
Test Summary Report
-------------------
t/01live.t (Wstat: 1536 Tests: 34 Failed: 6)
Failed tests: 8, 16, 26-29
Non-zero exit status: 6
Files=6, Tests=103, 17 wallclock secs ( 0.05 usr 0.01 sys + 0.23 cusr 0.04 csys = 0.33 CPU)
Result: FAIL
Failed 1/6 test programs. 6/103 subtests failed.
make: *** [test_dynamic] Error 255
PREREQUISITES:
Here is a list of prerequisites you specified and versions we
managed to load:
Module Name Have Want
CGI 3.59 0
ExtUtils::MakeMaker 6.63_02 6.36
Socket 2.001 0
Test::More 0.98 0
Perl module toolchain versions installed:
Module Name Have
CPANPLUS 0.9129
CPANPLUS::Dist::Build 0.62
Cwd 3.39_02
ExtUtils::CBuilder 0.280206
ExtUtils::Command 1.17
ExtUtils::Install 1.58
ExtUtils::MakeMaker 6.63_02
ExtUtils::Manifest 1.61
ExtUtils::ParseXS 3.16
File::Spec 3.39_02
Module::Build 0.40
Test::Harness 3.23
Test::More 0.98
version 0.99
******************************** NOTE ********************************
The comments above are created mechanically, possibly without manual
checking by the sender. As there are many people performing automatic
tests on each upload to CPAN, it is likely that you will receive
identical messages about the same problem.
If you believe that the message is mistaken, please reply to the first
one with correction and/or additional informations, and do not take
it personally. We appreciate your patience. :)
**********************************************************************
Additional comments:
This report was machine-generated by CPANPLUS::Dist::YACSmoke 0.80.
Powered by minismokebox version 0.54
------------------------------
ENVIRONMENT AND OTHER CONTEXT
------------------------------
Environment variables:
AUTOMATED_TESTING = 1
LANG = en_GB.UTF-8
LANGUAGE = en_GB:en
PATH = /usr/local/sbin:/usr/local/bin:/usr/sbin:/usr/bin:/sbin:/bin:/usr/games
PERL5LIB = :/home/cpan/pit/thr/conf/perl-5.16.0/.cpanplus/5.16.0/build/HTTP-Server-Simple-0.45_02/blib/lib:/home/cpan/pit/thr/conf/perl-5.16.0/.cpanplus/5.16.0/build/HTTP-Server-Simple-0.45_02/blib/arch
PERL5_CPANPLUS_IS_RUNNING = 7156
PERL5_CPANPLUS_IS_VERSION = 0.9129
PERL5_MINISMOKEBOX = 0.54
PERL5_YACSMOKE_BASE = /home/cpan/pit/thr/conf/perl-5.16.0
PERL_EXTUTILS_AUTOINSTALL = --defaultdeps
PERL_MM_USE_DEFAULT = 1
SHELL = /bin/bash
TERM = screen
Perl special variables (and OS-specific diagnostics, for MSWin32):
Perl: $^X = /home/cpan/pit/thr/perl-5.16.0/bin/perl
UID: $< = 1001
EUID: $> = 1001
GID: $( = 1001 1001
EGID: $) = 1001 1001
-------------------------------
--
Summary of my perl5 (revision 5 version 16 subversion 0) configuration:
Platform:
osname=linux, osvers=3.2.0-24-generic, archname=x86_64-linux-thread-multi
uname='linux pluto 3.2.0-24-generic #37-ubuntu smp wed apr 25 08:43:22 utc 2012 x86_64 x86_64 x86_64 gnulinux '
config_args='-des -Dprefix=/home/cpan/pit/thr/perl-5.16.0 -Dusethreads'
hint=recommended, useposix=true, d_sigaction=define
useithreads=define, usemultiplicity=define
useperlio=define, d_sfio=undef, uselargefiles=define, usesocks=undef
use64bitint=define, use64bitall=define, uselongdouble=undef
usemymalloc=n, bincompat5005=undef
Compiler:
cc='cc', ccflags ='-D_REENTRANT -D_GNU_SOURCE -fno-strict-aliasing -pipe -fstack-protector -I/usr/local/include -D_LARGEFILE_SOURCE -D_FILE_OFFSET_BITS=64',
optimize='-O2',
cppflags='-D_REENTRANT -D_GNU_SOURCE -fno-strict-aliasing -pipe -fstack-protector -I/usr/local/include'
ccversion='', gccversion='4.6.3', gccosandvers=''
intsize=4, longsize=8, ptrsize=8, doublesize=8, byteorder=12345678
d_longlong=define, longlongsize=8, d_longdbl=define, longdblsize=16
ivtype='long', ivsize=8, nvtype='double', nvsize=8, Off_t='off_t', lseeksize=8
alignbytes=8, prototype=define
Linker and Libraries:
ld='cc', ldflags =' -fstack-protector -L/usr/local/lib'
libpth=/usr/local/lib /lib/x86_64-linux-gnu /lib/../lib /usr/lib/x86_64-linux-gnu /usr/lib/../lib /lib /usr/lib
libs=-lnsl -lgdbm -ldb -ldl -lm -lcrypt -lutil -lpthread -lc -lgdbm_compat
perllibs=-lnsl -ldl -lm -lcrypt -lutil -lpthread -lc
libc=, so=so, useshrplib=false, libperl=libperl.a
gnulibc_version='2.15'
Dynamic Linking:
dlsrc=dl_dlopen.xs, dlext=so, d_dlsymun=undef, ccdlflags='-Wl,-E'
cccdlflags='-fPIC', lddlflags='-shared -O2 -L/usr/local/lib -fstack-protector'
Characteristics of this binary (from libperl):
Compile-time options: HAS_TIMES MULTIPLICITY PERLIO_LAYERS
PERL_DONT_CREATE_GVSV PERL_IMPLICIT_CONTEXT
PERL_MALLOC_WRAP PERL_PRESERVE_IVUV USE_64_BIT_ALL
USE_64_BIT_INT USE_ITHREADS USE_LARGE_FILES
USE_LOCALE USE_LOCALE_COLLATE USE_LOCALE_CTYPE
USE_LOCALE_NUMERIC USE_PERLIO USE_PERL_ATOF
USE_REENTRANT_API
Built under linux
Compiled at May 21 2012 11:25:15
%ENV:
PERL5LIB=":/home/cpan/pit/thr/conf/perl-5.16.0/.cpanplus/5.16.0/build/HTTP-Server-Simple-0.45_02/blib/lib:/home/cpan/pit/thr/conf/perl-5.16.0/.cpanplus/5.16.0/build/HTTP-Server-Simple-0.45_02/blib/arch"
PERL5_CPANPLUS_IS_RUNNING="7156"
PERL5_CPANPLUS_IS_VERSION="0.9129"
PERL5_MINISMOKEBOX="0.54"
PERL5_YACSMOKE_BASE="/home/cpan/pit/thr/conf/perl-5.16.0"
PERL_EXTUTILS_AUTOINSTALL="--defaultdeps"
PERL_MM_USE_DEFAULT="1"
@INC:
/home/cpan/pit/thr/conf/perl-5.16.0/.cpanplus/5.16.0/build/HTTP-Server-Simple-0.45_02/blib/lib
/home/cpan/pit/thr/conf/perl-5.16.0/.cpanplus/5.16.0/build/HTTP-Server-Simple-0.45_02/blib/arch
/home/cpan/pit/thr/perl-5.16.0/lib/site_perl/5.16.0/x86_64-linux-thread-multi
/home/cpan/pit/thr/perl-5.16.0/lib/site_perl/5.16.0
/home/cpan/pit/thr/perl-5.16.0/lib/5.16.0/x86_64-linux-thread-multi
/home/cpan/pit/thr/perl-5.16.0/lib/5.16.0
.