Back
From: metabase:user:320bfe00-2aae-11df-837a-5e0a49663a4f
Subject: FAIL NgxQueue-0.02 v5.26.0 GNU/Linux
Date: 2017-03-21T21:54:37Z
This distribution has been tested as part of the CPAN Testers
project, supporting the Perl programming language. See
http://wiki.cpantesters.org/ for more information or email
questions to cpan-testers-discuss@perl.org
--
Dear Daisuke Murase,
This is a computer-generated report for NgxQueue-0.02
on perl 5.26.0, created by CPAN-Reporter-1.2018.
Thank you for uploading your work to CPAN. However, there was a problem
testing your distribution.
If you think this report is invalid, please consult the CPAN Testers Wiki
for suggestions on how to avoid getting FAIL reports for missing library
or binary dependencies, unsupported operating systems, and so on:
http://wiki.cpantesters.org/wiki/CPANAuthorNotes
Sections of this report:
* Tester comments
* Program output
* Prerequisites
* Environment and other context
------------------------------
TESTER COMMENTS
------------------------------
Additional comments from tester:
this report is from an automated smoke testing program
and was not reviewed by a human for accuracy
------------------------------
PROGRAM OUTPUT
------------------------------
Output from '/usr/bin/make test':
"/tmp/basesmoker-reloperl-KX3e/bin/perl" "-Iinc" -MExtUtils::Command::MM -e 'cp_nonempty' -- NgxQueue.bs blib/arch/auto/NgxQueue/NgxQueue.bs 644
PERL_DL_NONLAZY=1 "/tmp/basesmoker-reloperl-KX3e/bin/perl" "-MExtUtils::Command::MM" "-MTest::Harness" "-e" "undef *Test::Harness::Switches; test_harness(0, 'inc', 'blib/lib', 'blib/arch'); " t/*.t
# Test for: XS
# Failed test at t/basic.t line 17.
# got: undef
# expected: 'foo'
# Failed test at t/basic.t line 18.
# got: undef
# expected: 'foo'
# Failed test at t/basic.t line 21.
# Failed test at t/basic.t line 28.
# got: undef
# expected: 'bar'
# Failed test at t/basic.t line 29.
# got: undef
# expected: 'bar'
*** Error in `/tmp/basesmoker-reloperl-KX3e/bin/perl': malloc(): memory corruption (fast): 0x000055cd0bf542b0 ***
======= Backtrace: =========
/lib/x86_64-linux-gnu/libc.so.6(+0x70bcb)[0x7fc3490d0bcb]
/lib/x86_64-linux-gnu/libc.so.6(+0x76f96)[0x7fc3490d6f96]
/lib/x86_64-linux-gnu/libc.so.6(+0x793b1)[0x7fc3490d93b1]
/lib/x86_64-linux-gnu/libc.so.6(__libc_malloc+0x54)[0x7fc3490dad84]
/tmp/basesmoker-reloperl-KX3e/bin/perl(Perl_safesysmalloc+0x12)[0x55cd0a6cb7e2]
/tmp/basesmoker-reloperl-KX3e/bin/perl(Perl_sv_grow+0xc7)[0x55cd0a702947]
/tmp/basesmoker-reloperl-KX3e/bin/perl(Perl_sv_setpvn+0x75)[0x55cd0a709e85]
/tmp/basesmoker-reloperl-KX3e/bin/perl(Perl_newSVpv+0x67)[0x55cd0a70a8c7]
/tmp/basesmoker-reloperl-KX3e/bin/perl(Perl_pp_caller+0x1bf)[0x55cd0a73457f]
/home/sand/src/perl/repoperls/installed-perls/host/k93msid/v5.25.11-9-gc490dda191/496c/lib/site_perl/5.26.0/x86_64-linux-thread-multi-ld/auto/Test/LeakTrace/LeakTrace.so(+0x290a)[0x7fc3484d390a]
/tmp/basesmoker-reloperl-KX3e/bin/perl(perl_run+0x319)[0x55cd0a66d569]
/tmp/basesmoker-reloperl-KX3e/bin/perl(main+0x13d)[0x55cd0a64482d]
/lib/x86_64-linux-gnu/libc.so.6(__libc_start_main+0xf1)[0x7fc3490802b1]
/tmp/basesmoker-reloperl-KX3e/bin/perl(_start+0x2a)[0x55cd0a64486a]
======= Memory map: ========
55cd0a619000-55cd0a80f000 r-xp 00000000 00:22 62098216 /tmp/basesmoker-reloperl-KX3e/bin/perl
55cd0aa0f000-55cd0aa14000 r--p 001f6000 00:22 62098216 /tmp/basesmoker-reloperl-KX3e/bin/perl
55cd0aa14000-55cd0aa17000 rw-p 001fb000 00:22 62098216 /tmp/basesmoker-reloperl-KX3e/bin/perl
55cd0bb03000-55cd0c0b0000 rw-p 00000000 00:00 0 [heap]
7fc344000000-7fc344021000 rw-p 00000000 00:00 0
7fc344021000-7fc348000000 ---p 00000000 00:00 0
7fc3480b5000-7fc3480cb000 r-xp 00000000 ca:01 661898 /lib/x86_64-linux-gnu/libgcc_s.so.1
7fc3480cb000-7fc3482ca000 ---p 00016000 ca:01 661898 /lib/x86_64-linux-gnu/libgcc_s.so.1
7fc3482ca000-7fc3482cb000 r--p 00015000 ca:01 661898 /lib/x86_64-linux-gnu/libgcc_s.so.1
7fc3482cb000-7fc3482cc000 rw-p 00016000 ca:01 661898 /lib/x86_64-linux-gnu/libgcc_s.so.1
7fc3482cc000-7fc3482d0000 r-xp 00000000 00:22 63031001 /tmp/loop_over_bdir-15976-UN6C2R/NgxQueue-0.02-0/blib/arch/auto/NgxQueue/NgxQueue.so
7fc3482d0000-7fc3484cf000 ---p 00004000 00:22 63031001 /tmp/loop_over_bdir-15976-UN6C2R/NgxQueue-0.02-0/blib/arch/auto/NgxQueue/NgxQueue.so
7fc3484cf000-7fc3484d0000 r--p 00003000 00:22 63031001 /tmp/loop_over_bdir-15976-UN6C2R/NgxQueue-0.02-0/blib/arch/auto/NgxQueue/NgxQueue.so
7fc3484d0000-7fc3484d1000 rw-p 00004000 00:22 63031001 /tmp/loop_over_bdir-15976-UN6C2R/NgxQueue-0.02-0/blib/arch/auto/NgxQueue/NgxQueue.so
7fc3484d1000-7fc3484d4000 r-xp 00000000 00:22 62763383 /tmp/basesmoker-reloperl-KX3e/lib/site_perl/5.26.0/x86_64-linux-thread-multi-ld/auto/Test/LeakTrace/LeakTrace.so
7fc3484d4000-7fc3486d4000 ---p 00003000 00:22 62763383 /tmp/basesmoker-reloperl-KX3e/lib/site_perl/5.26.0/x86_64-linux-thread-multi-ld/auto/Test/LeakTrace/LeakTrace.so
7fc3486d4000-7fc3486d5000 r--p 00003000 00:22 62763383 /tmp/basesmoker-reloperl-KX3e/lib/site_perl/5.26.0/x86_64-linux-thread-multi-ld/auto/Test/LeakTrace/LeakTrace.so
7fc3486d5000-7fc3486d6000 rw-p 00004000 00:22 62763383 /tmp/basesmoker-reloperl-KX3e/lib/site_perl/5.26.0/x86_64-linux-thread-multi-ld/auto/Test/LeakTrace/LeakTrace.so
7fc3486d6000-7fc3486da000 r-xp 00000000 00:22 62102734 /tmp/basesmoker-reloperl-KX3e/lib/5.26.0/x86_64-linux-thread-multi-ld/auto/mro/mro.so
7fc3486da000-7fc3488d9000 ---p 00004000 00:22 62102734 /tmp/basesmoker-reloperl-KX3e/lib/5.26.0/x86_64-linux-thread-multi-ld/auto/mro/mro.so
7fc3488d9000-7fc3488da000 r--p 00003000 00:22 62102734 /tmp/basesmoker-reloperl-KX3e/lib/5.26.0/x86_64-linux-thread-multi-ld/auto/mro/mro.so
7fc3488da000-7fc3488db000 rw-p 00004000 00:22 62102734 /tmp/basesmoker-reloperl-KX3e/lib/5.26.0/x86_64-linux-thread-multi-ld/auto/mro/mro.so
7fc3488db000-7fc3488e6000 r-xp 00000000 00:22 62544372 /tmp/basesmoker-reloperl-KX3e/lib/site_perl/5.26.0/x86_64-linux-thread-multi-ld/auto/List/Util/Util.so
7fc3488e6000-7fc348ae6000 ---p 0000b000 00:22 62544372 /tmp/basesmoker-reloperl-KX3e/lib/site_perl/5.26.0/x86_64-linux-thread-multi-ld/auto/List/Util/Util.so
7fc348ae6000-7fc348ae7000 r--p 0000b000 00:22 62544372 /tmp/basesmoker-reloperl-KX3e/lib/site_perl/5.26.0/x86_64-linux-thread-multi-ld/auto/List/Util/Util.so
7fc348ae7000-7fc348ae8000 rw-p 0000c000 00:22 62544372 /tmp/basesmoker-reloperl-KX3e/lib/site_perl/5.26.0/x86_64-linux-thread-multi-ld/auto/List/Util/Util.so
7fc348ae8000-7fc349060000 r--p 00000000 ca:01 795066 /usr/lib/locale/locale-archive
7fc349060000-7fc3491f5000 r-xp 00000000 ca:01 661930 /lib/x86_64-linux-gnu/libc-2.24.so
7fc3491f5000-7fc3493f4000 ---p 00195000 ca:01 661930 /lib/x86_64-linux-gnu/libc-2.24.so
7fc3493f4000-7fc3493f8000 r--p 00194000 ca:01 661930 /lib/x86_64-linux-gnu/libc-2.24.so
7fc3493f8000-7fc3493fa000 rw-p 00198000 ca:01 661930 /lib/x86_64-linux-gnu/libc-2.24.so
7fc3493fa000-7fc3493fe000 rw-p 00000000 00:00 0
7fc3493fe000-7fc349400000 r-xp 00000000 ca:01 661949 /lib/x86_64-linux-gnu/libutil-2.24.so
7fc349400000-7fc3495ff000 ---p 00002000 ca:01 661949 /lib/x86_64-linux-gnu/libutil-2.24.so
7fc3495ff000-7fc349600000 r--p 00001000 ca:01 661949 /lib/x86_64-linux-gnu/libutil-2.24.so
7fc349600000-7fc349601000 rw-p 00002000 ca:01 661949 /lib/x86_64-linux-gnu/libutil-2.24.so
7fc349601000-7fc349609000 r-xp 00000000 ca:01 661932 /lib/x86_64-linux-gnu/libcrypt-2.24.so
7fc349609000-7fc349809000 ---p 00008000 ca:01 661932 /lib/x86_64-linux-gnu/libcrypt-2.24.so
7fc349809000-7fc34980a000 r--p 00008000 ca:01 661932 /lib/x86_64-linux-gnu/libcrypt-2.24.so
7fc34980a000-7fc34980b000 rw-p 00009000 ca:01 661932 /lib/x86_64-linux-gnu/libcrypt-2.24.so
7fc34980b000-7fc349839000 rw-p 00000000 00:00 0
7fc349839000-7fc34993c000 r-xp 00000000 ca:01 661934 /lib/x86_64-linux-gnu/libm-2.24.so
7fc34993c000-7fc349b3b000 ---p 00103000 ca:01 661934 /lib/x86_64-linux-gnu/libm-2.24.so
7fc349b3b000-7fc349b3c000 r--p 00102000 ca:01 661934 /lib/x86_64-linux-gnu/libm-2.24.so
7fc349b3c000-7fc349b3d000 rw-p 00103000 ca:01 661934 /lib/x86_64-linux-gnu/libm-2.24.so
7fc349b3d000-7fc349b3f000 r-xp 00000000 ca:01 661933 /lib/x86_64-linux-gnu/libdl-2.24.so
7fc349b3f000-7fc349d3f000 ---p 00002000 ca:01 661933 /lib/x86_64-linux-gnu/libdl-2.24.so
7fc349d3f000-7fc349d40000 r--p 00002000 ca:01 661933 /lib/x86_64-linux-gnu/libdl-2.24.so
7fc349d40000-7fc349d41000 rw-p 00003000 ca:01 661933 /lib/x86_64-linux-gnu/libdl-2.24.so
7fc349d41000-7fc349d55000 r-xp 00000000 ca:01 661937 /lib/x86_64-linux-gnu/libnsl-2.24.so
7fc349d55000-7fc349f55000 ---p 00014000 ca:01 661937 /lib/x86_64-linux-gnu/libnsl-2.24.so
7fc349f55000-7fc349f56000 r--p 00014000 ca:01 661937 /lib/x86_64-linux-gnu/libnsl-2.24.so
7fc349f56000-7fc349f57000 rw-p 00015000 ca:01 661937 /lib/x86_64-linux-gnu/libnsl-2.24.so
7fc349f57000-7fc349f59000 rw-p 00000000 00:00 0
7fc349f59000-7fc349f71000 r-xp 00000000 ca:01 661945 /lib/x86_64-linux-gnu/libpthread-2.24.so
7fc349f71000-7fc34a170000 ---p 00018000 ca:01 661945 /lib/x86_64-linux-gnu/libpthread-2.24.so
7fc34a170000-7fc34a171000 r--p 00017000 ca:01 661945 /lib/x86_64-linux-gnu/libpthread-2.24.so
7fc34a171000-7fc34a172000 rw-p 00018000 ca:01 661945 /lib/x86_64-linux-gnu/libpthread-2.24.so
7fc34a172000-7fc34a176000 rw-p 00000000 00:00 0
7fc34a176000-7fc34a199000 r-xp 00000000 ca:01 661926 /lib/x86_64-linux-gnu/ld-2.24.so
7fc34a383000-7fc34a387000 rw-p 00000000 00:00 0
7fc34a395000-7fc34a399000 rw-p 00000000 00:00 0
7fc34a399000-7fc34a39a000 r--p 00023000 ca:01 661926 /lib/x86_64-linux-gnu/ld-2.24.so
7fc34a39a000-7fc34a39b000 rw-p 00024000 ca:01 661926 /lib/x86_64-linux-gnu/ld-2.24.so
7fc34a39b000-7fc34a39c000 rw-p 00000000 00:00 0
7fffea9b2000-7fffea9d3000 rw-p 00000000 00:00 0 [stack]
7fffea9f0000-7fffea9f2000 r--p 00000000 00:00 0 [vvar]
7fffea9f2000-7fffea9f4000 r-xp 00000000 00:00 0 [vdso]
ffffffffff600000-ffffffffff601000 r-xp 00000000 00:00 0 [vsyscall]
t/basic.t ....
Failed 5/8 subtests
t/pp.t ....... ok
t/sv_leak.t ..
No subtests run
Test Summary Report
-------------------
t/basic.t (Wstat: 134 Tests: 8 Failed: 5)
Failed tests: 3-5, 7-8
Non-zero wait status: 134
Parse errors: No plan found in TAP output
t/sv_leak.t (Wstat: 139 Tests: 0 Failed: 0)
Non-zero wait status: 139
Parse errors: No plan found in TAP output
Files=3, Tests=10, 1 wallclock secs ( 0.02 usr 0.03 sys + 0.14 cusr 0.04 csys = 0.23 CPU)
Result: FAIL
Failed 2/3 test programs. 5/10 subtests failed.
Makefile:967: recipe for target 'test_dynamic' failed
make: *** [test_dynamic] Error 255
------------------------------
PREREQUISITES
------------------------------
Prerequisite modules loaded:
requires:
Module Need Have
------------------- -------- --------
perl 5.008001 5.026000
XSLoader 0.02 0.26
build_requires:
Module Need Have
------------------- -------- --------
CPAN::Meta 0 2.150010
Devel::PPPort 3.2 3.35
ExtUtils::MakeMaker 6.36 7.24
ExtUtils::ParseXS 2.21 3.34
Test::LeakTrace 0.14 0.15
Test::More 0.88 1.302078
configure_requires:
Module Need Have
------------------- -------- --------
CPAN::Meta 0 2.150010
Devel::PPPort 3.2 3.35
ExtUtils::MakeMaker 6.36 7.24
ExtUtils::ParseXS 2.21 3.34
------------------------------
ENVIRONMENT AND OTHER CONTEXT
------------------------------
Environment variables:
AUTOMATED_TESTING = 1
LANG = en_US.UTF-8
PATH = /home/sand/bin:/usr/local/bin:/usr/bin:/bin:/usr/games:/usr/local/perl/bin:/usr/X11/bin:/sbin:/usr/sbin
PERL5LIB = /tmp/loop_over_bdir-15976-UN6C2R/Mouse-v2.4.9-0/blib/arch:/tmp/loop_over_bdir-15976-UN6C2R/Mouse-v2.4.9-0/blib/lib:/tmp/loop_over_bdir-15976-UN6C2R/WWW-Form-UrlEncoded-0.24-0/blib/arch:/tmp/loop_over_bdir-15976-UN6C2R/WWW-Form-UrlEncoded-0.24-0/blib/lib
PERL5OPT =
PERL5_CPANPLUS_IS_RUNNING = 16040
PERL5_CPAN_IS_RUNNING = 16040
PERL_CANARY_STABILITY_NOPROMPT = 1
PERL_MM_USE_DEFAULT = 1
PERL_USE_UNSAFE_INC = 1
SHELL = /usr/bin/zsh
TERM = screen
Perl special variables (and OS-specific diagnostics, for MSWin32):
$^X = /tmp/basesmoker-reloperl-KX3e/bin/perl
$UID/$EUID = 1005 / 1005
$GID = 1005 1005
$EGID = 1005 1005
Perl module toolchain versions installed:
Module Have
------------------- ----------
CPAN 2.17
CPAN::Meta 2.150010
Cwd 3.67
ExtUtils::CBuilder 0.280225
ExtUtils::Command 7.24
ExtUtils::Install 2.04
ExtUtils::MakeMaker 7.24
ExtUtils::Manifest 1.70
ExtUtils::ParseXS 3.34
File::Spec 3.67
JSON 2.90
JSON::PP 2.27400_02
Module::Build 0.4220
Module::Signature 0.81
Parse::CPAN::Meta 2.150010
Test::Harness 3.38
Test::More 1.302078
YAML 1.23
YAML::Syck 1.29
version 0.9917
--
Summary of my perl5 (revision 5 version 26 subversion 0) configuration:
Commit id: c490dda1915fb0badb89835e8cf64527e06d25e2
Platform:
osname=linux
osvers=4.9.0-2-amd64
archname=x86_64-linux-thread-multi-ld
uname='linux k93msid 4.9.0-2-amd64 #1 smp debian 4.9.13-1 (2017-02-27) x86_64 gnulinux '
config_args='-Dprefix=/home/sand/src/perl/repoperls/installed-perls/host/k93msid/v5.25.11-9-gc490dda191/496c -Dmyhostname=k93msid -Dinstallusrbinperl=n -Uversiononly -Dusedevel -des -Ui_db -Dlibswanted=cl pthread socket inet nsl gdbm dbm malloc dl ld sun m crypt sec util c cposix posix ucb BSD gdbm_compat -Duseithreads -Duselongdouble -DEBUGGING=none'
hint=recommended
useposix=true
d_sigaction=define
useithreads=define
usemultiplicity=define
use64bitint=define
use64bitall=define
uselongdouble=define
usemymalloc=n
default_inc_excludes_dot=define
bincompat5005=undef
Compiler:
cc='cc'
ccflags ='-D_REENTRANT -D_GNU_SOURCE -fwrapv -fno-strict-aliasing -pipe -fstack-protector-strong -I/usr/local/include -D_LARGEFILE_SOURCE -D_FILE_OFFSET_BITS=64'
optimize='-O2'
cppflags='-D_REENTRANT -D_GNU_SOURCE -fwrapv -fno-strict-aliasing -pipe -fstack-protector-strong -I/usr/local/include'
ccversion=''
gccversion='6.3.0 20170316'
gccosandvers=''
intsize=4
longsize=8
ptrsize=8
doublesize=8
byteorder=12345678
doublekind=3
d_longlong=define
longlongsize=8
d_longdbl=define
longdblsize=16
longdblkind=3
ivtype='long'
ivsize=8
nvtype='long double'
nvsize=16
Off_t='off_t'
lseeksize=8
alignbytes=16
prototype=define
Linker and Libraries:
ld='cc'
ldflags =' -fstack-protector-strong -L/usr/local/lib'
libpth=/usr/local/lib /usr/lib/gcc/x86_64-linux-gnu/6/include-fixed /usr/include/x86_64-linux-gnu /usr/lib /lib/x86_64-linux-gnu /lib/../lib /usr/lib/x86_64-linux-gnu /usr/lib/../lib /lib
libs=-lpthread -lnsl -ldl -lm -lcrypt -lutil -lc
perllibs=-lpthread -lnsl -ldl -lm -lcrypt -lutil -lc
libc=libc-2.24.so
so=so
useshrplib=false
libperl=libperl.a
gnulibc_version='2.24'
Dynamic Linking:
dlsrc=dl_dlopen.xs
dlext=so
d_dlsymun=undef
ccdlflags='-Wl,-E'
cccdlflags='-fPIC'
lddlflags='-shared -O2 -L/usr/local/lib -fstack-protector-strong'
Characteristics of this binary (from libperl):
Compile-time options:
HAS_TIMES
MULTIPLICITY
PERLIO_LAYERS
PERL_COPY_ON_WRITE
PERL_DONT_CREATE_GVSV
PERL_IMPLICIT_CONTEXT
PERL_MALLOC_WRAP
PERL_OP_PARENT
PERL_PRESERVE_IVUV
PERL_USE_DEVEL
USE_64_BIT_ALL
USE_64_BIT_INT
USE_ITHREADS
USE_LARGE_FILES
USE_LOCALE
USE_LOCALE_COLLATE
USE_LOCALE_CTYPE
USE_LOCALE_NUMERIC
USE_LOCALE_TIME
USE_LONG_DOUBLE
USE_PERLIO
USE_PERL_ATOF
USE_REENTRANT_API
Built under linux
Compiled at Mar 21 2017 17:57:13
%ENV:
PERL5LIB="/tmp/loop_over_bdir-15976-UN6C2R/Mouse-v2.4.9-0/blib/arch:/tmp/loop_over_bdir-15976-UN6C2R/Mouse-v2.4.9-0/blib/lib:/tmp/loop_over_bdir-15976-UN6C2R/WWW-Form-UrlEncoded-0.24-0/blib/arch:/tmp/loop_over_bdir-15976-UN6C2R/WWW-Form-UrlEncoded-0.24-0/blib/lib"
PERL5OPT=""
PERL5_CPANPLUS_IS_RUNNING="16040"
PERL5_CPAN_IS_RUNNING="16040"
PERL_CANARY_STABILITY_NOPROMPT="1"
PERL_MM_USE_DEFAULT="1"
PERL_USE_UNSAFE_INC="1"
@INC:
/tmp/loop_over_bdir-15976-UN6C2R/Mouse-v2.4.9-0/blib/arch
/tmp/loop_over_bdir-15976-UN6C2R/Mouse-v2.4.9-0/blib/lib
/tmp/loop_over_bdir-15976-UN6C2R/WWW-Form-UrlEncoded-0.24-0/blib/arch
/tmp/loop_over_bdir-15976-UN6C2R/WWW-Form-UrlEncoded-0.24-0/blib/lib
/home/sand/src/perl/repoperls/installed-perls/host/k93msid/v5.25.11-9-gc490dda191/496c/lib/site_perl/5.26.0/x86_64-linux-thread-multi-ld
/home/sand/src/perl/repoperls/installed-perls/host/k93msid/v5.25.11-9-gc490dda191/496c/lib/site_perl/5.26.0
/home/sand/src/perl/repoperls/installed-perls/host/k93msid/v5.25.11-9-gc490dda191/496c/lib/5.26.0/x86_64-linux-thread-multi-ld
/home/sand/src/perl/repoperls/installed-perls/host/k93msid/v5.25.11-9-gc490dda191/496c/lib/5.26.0
.