Report for Statistics-LineFit-0.07

Back
From: metabase:user:320bfe00-2aae-11df-837a-5e0a49663a4f
Subject: FAIL Statistics-LineFit-0.07 v5.19.9 GNU/Linux
Date: 2014-02-01T18:38:00Z

This distribution has been tested as part of the CPAN Testers
project, supporting the Perl programming language.  See
http://wiki.cpantesters.org/ for more information or email
questions to cpan-testers-discuss@perl.org


--
Dear Richard Anderson,

This is a computer-generated report for Statistics-LineFit-0.07
on perl 5.19.9, created by CPAN-Reporter-1.2010.

Thank you for uploading your work to CPAN.  However, there was a problem
testing your distribution.

If you think this report is invalid, please consult the CPAN Testers Wiki
for suggestions on how to avoid getting FAIL reports for missing library
or binary dependencies, unsupported operating systems, and so on:

http://wiki.cpantesters.org/wiki/CPANAuthorNotes

Sections of this report:

    * Tester comments
    * Program output
    * Prerequisites
    * Environment and other context

------------------------------
TESTER COMMENTS
------------------------------

Additional comments from tester:

this report is from an automated smoke testing program
and was not reviewed by a human for accuracy

------------------------------
PROGRAM OUTPUT
------------------------------

Output from '/usr/bin/make test':

PERL_DL_NONLAZY=1 /tmp/basesmoker-reloperl-bFWP/bin/perl "-MExtUtils::Command::MM" "-MTest::Harness" "-e" "undef *Test::Harness::Switches; test_harness(0, 'blib/lib', 'blib/arch')" t/*.t
t/01_load.t ........... ok
t/02_R5ptsU1-D.t ...... ok
t/03_R5ptsW1-D.t ...... ok
t/04_4ptsU1-D.t ....... ok
t/05_4ptsU2-D.t ....... ok

#   Failed test 'tStatistics[0]'
#   at t/06_4ptsW1-D.t line 27.
#     '1.00564348515241875e-12'
#         <
#     '1e-12'
# Looks like you failed 1 test of 21.
t/06_4ptsW1-D.t ....... 
Dubious, test returned 1 (wstat 256, 0x100)
Failed 1/21 subtests 

#   Failed test 'tStatistics[0]'
#   at t/07_4ptsW2-D.t line 40.
#     '1.00564348515241875e-12'
#         <
#     '1e-12'
# Looks like you failed 1 test of 21.
t/07_4ptsW2-D.t ....... 
Dubious, test returned 1 (wstat 256, 0x100)
Failed 1/21 subtests 
t/08_3ptsU1-D.t ....... ok
t/09_2ptsU1-D.t ....... ok
t/10_bad_data.t ....... ok
t/11_no_data.t ........ ok
t/12_idempotent.t ..... ok

#   Failed test 'meanSqError()'
#   at t/13_long_array.t line 27.
#     '5.07640846025836368e-10'
#         <
#     '1e-10'

#   Failed test 'tStatistics[0]'
#   at t/13_long_array.t line 34.
#     '1.0737739586375028e-09'
#         <
#     '1e-10'

#   Failed test 'tStatistics[0]'
#   at t/13_long_array.t line 36.
#     '1.7330953339111943e-09'
#         <
#     '1e-10'
# Looks like you failed 3 tests of 12.
t/13_long_array.t ..... 
Dubious, test returned 3 (wstat 768, 0x300)
Failed 3/12 subtests 
t/14_scale_weights.t .. ok

Test Summary Report
-------------------
t/06_4ptsW1-D.t     (Wstat: 256 Tests: 21 Failed: 1)
  Failed test:  5
  Non-zero exit status: 1
t/07_4ptsW2-D.t     (Wstat: 256 Tests: 21 Failed: 1)
  Failed test:  11
  Non-zero exit status: 1
t/13_long_array.t   (Wstat: 768 Tests: 12 Failed: 3)
  Failed tests:  5, 8-9
  Non-zero exit status: 3
Files=14, Tests=244,  0 wallclock secs ( 0.05 usr  0.01 sys +  0.62 cusr  0.03 csys =  0.71 CPU)
Result: FAIL
Failed 3/14 test programs. 5/244 subtests failed.
make: *** [test_dynamic] Error 255

------------------------------
PREREQUISITES
------------------------------

Prerequisite modules loaded:

requires:

    Module              Need Have    
    ------------------- ---- --------
    Test::Simple        0.44 1.001002

build_requires:

    Module              Need Have    
    ------------------- ---- --------
    ExtUtils::MakeMaker 0    6.88    


------------------------------
ENVIRONMENT AND OTHER CONTEXT
------------------------------

Environment variables:

    AUTOMATED_TESTING = 1
    LANG = en_US.UTF-8
    LANGUAGE = en_US:en
    PATH = /usr/lib/ccache:/home/sand/bin:/usr/local/bin:/usr/bin:/bin:/usr/bin/X11:/usr/games:/usr/local/perl/bin:/usr/X11/bin:/sbin:/usr/sbin
    PERL5LIB = 
    PERL5OPT = 
    PERL5_CPANPLUS_IS_RUNNING = 7006
    PERL5_CPAN_IS_RUNNING = 7006
    PERL_MM_USE_DEFAULT = 1
    SHELL = /usr/bin/zsh
    TERM = screen

Perl special variables (and OS-specific diagnostics, for MSWin32):

    $^X = /tmp/basesmoker-reloperl-bFWP/bin/perl
    $UID/$EUID = 1005 / 1005
    $GID = 1005 1005
    $EGID = 1005 1005

Perl module toolchain versions installed:

    Module              Have    
    ------------------- --------
    CPAN                2.03    
    CPAN::Meta          2.133380
    Cwd                 3.46    
    ExtUtils::CBuilder  0.280214
    ExtUtils::Command   1.18    
    ExtUtils::Install   1.62    
    ExtUtils::MakeMaker 6.88    
    ExtUtils::Manifest  1.63    
    ExtUtils::ParseXS   3.23    
    File::Spec          3.46    
    JSON                2.90    
    JSON::PP            2.27203 
    Module::Build       0.4204  
    Module::Signature   0.73    
    Parse::CPAN::Meta   1.4409  
    Test::Harness       3.30    
    Test::More          1.001002
    YAML                0.88    
    YAML::Syck          1.27    
    version             0.9907  


--

Summary of my perl5 (revision 5 version 19 subversion 9) configuration:
  Commit id: b33b7abd0ef74e9aff9fd7775585be1d2e690942
  Platform:
    osname=linux, osvers=3.10-3-amd64, archname=x86_64-linux-ld
    uname='linux k83 3.10-3-amd64 #1 smp debian 3.10.11-1 (2013-09-10) x86_64 gnulinux '
    config_args='-Dprefix=/home/sand/src/perl/repoperls/installed-perls/perl/v5.19.8-265-gb33b7ab/127e -Dmyhostname=k83 -Dinstallusrbinperl=n -Uversiononly -Dusedevel -des -Ui_db -Uuseithreads -Duselongdouble -DDEBUGGING=-g'
    hint=recommended, useposix=true, d_sigaction=define
    useithreads=undef, usemultiplicity=undef
    use64bitint=define, use64bitall=define, uselongdouble=define
    usemymalloc=n, bincompat5005=undef
  Compiler:
    cc='cc', ccflags ='-fno-strict-aliasing -pipe -fstack-protector -I/usr/local/include -D_LARGEFILE_SOURCE -D_FILE_OFFSET_BITS=64',
    optimize='-O2 -g',
    cppflags='-fno-strict-aliasing -pipe -fstack-protector -I/usr/local/include'
    ccversion='', gccversion='4.8.2', gccosandvers=''
    intsize=4, longsize=8, ptrsize=8, doublesize=8, byteorder=12345678
    d_longlong=define, longlongsize=8, d_longdbl=define, longdblsize=16
    ivtype='long', ivsize=8, nvtype='long double', nvsize=16, Off_t='off_t', lseeksize=8
    alignbytes=16, prototype=define
  Linker and Libraries:
    ld='cc', ldflags =' -fstack-protector -L/usr/local/lib'
    libpth=/usr/local/lib /usr/lib/gcc/x86_64-linux-gnu/4.8/include-fixed /usr/include/x86_64-linux-gnu /usr/lib /lib/x86_64-linux-gnu /lib/../lib /usr/lib/x86_64-linux-gnu /usr/lib/../lib /lib
    libs=-lnsl -lgdbm -ldb -ldl -lm -lcrypt -lutil -lc -lgdbm_compat
    perllibs=-lnsl -ldl -lm -lcrypt -lutil -lc
    libc=libc-2.17.so, so=so, useshrplib=false, libperl=libperl.a
    gnulibc_version='2.17'
  Dynamic Linking:
    dlsrc=dl_dlopen.xs, dlext=so, d_dlsymun=undef, ccdlflags='-Wl,-E'
    cccdlflags='-fPIC', lddlflags='-shared -O2 -g -L/usr/local/lib -fstack-protector'


Characteristics of this binary (from libperl): 
  Compile-time options: HAS_TIMES PERLIO_LAYERS PERL_DONT_CREATE_GVSV
                        PERL_HASH_FUNC_ONE_AT_A_TIME_HARD PERL_MALLOC_WRAP
                        PERL_NEW_COPY_ON_WRITE PERL_PRESERVE_IVUV
                        PERL_USE_DEVEL USE_64_BIT_ALL USE_64_BIT_INT
                        USE_LARGE_FILES USE_LOCALE USE_LOCALE_COLLATE
                        USE_LOCALE_CTYPE USE_LOCALE_NUMERIC USE_LONG_DOUBLE
                        USE_PERLIO USE_PERL_ATOF
  Built under linux
  Compiled at Feb  1 2014 00:26:27
  %ENV:
    PERL5LIB=""
    PERL5OPT=""
    PERL5_CPANPLUS_IS_RUNNING="7006"
    PERL5_CPAN_IS_RUNNING="7006"
    PERL_MM_USE_DEFAULT="1"
  @INC:
    /home/sand/src/perl/repoperls/installed-perls/perl/v5.19.8-265-gb33b7ab/127e/lib/site_perl/5.19.9/x86_64-linux-ld
    /home/sand/src/perl/repoperls/installed-perls/perl/v5.19.8-265-gb33b7ab/127e/lib/site_perl/5.19.9
    /home/sand/src/perl/repoperls/installed-perls/perl/v5.19.8-265-gb33b7ab/127e/lib/5.19.9/x86_64-linux-ld
    /home/sand/src/perl/repoperls/installed-perls/perl/v5.19.8-265-gb33b7ab/127e/lib/5.19.9
    .