Acme-Perl-VM v0.006 Perl 5 v5.13.3 i686-linux
- Status
- Fail
- From
- Serguei Trouchelle (STRO)
- Dist
-
Acme-Perl-VM v0.006
- Platform
- Perl 5 v5.13.3 i686-linux
- Date
- 2010-08-17 15:20:32
- ID
- f9dd4c02-aa12-11df-b0fb-e03645804272
This distribution has been tested as part of the CPAN Testers
project, supporting the Perl programming language. See
http://wiki.cpantesters.org/ for more information or email
questions to cpan-testers-discuss@perl.org
--
Dear Goro Fuji,
This is a computer-generated report for Acme-Perl-VM-0.006
on perl 5.13.3, created by CPAN-Reporter-1.18.
Thank you for uploading your work to CPAN. However, there was a problem
testing your distribution.
If you think this report is invalid, please consult the CPAN Testers Wiki
for suggestions on how to avoid getting FAIL reports for missing library
or binary dependencies, unsupported operating systems, and so on:
http://wiki.cpantesters.org/wiki/CPANAuthorNotes
Sections of this report:
* Tester comments
* Program output
* Prerequisites
* Environment and other context
------------------------------
TESTER COMMENTS
------------------------------
Additional comments from tester:
this report is from an automated smoke testing program
and was not reviewed by a human for accuracy
------------------------------
PROGRAM OUTPUT
------------------------------
Output from '/usr/bin/make test':
PERL_DL_NONLAZY=1 /home/stro/perl/perl5133/bin/perl "-MExtUtils::Command::MM" "-e" "test_harness(0, 'inc', 'blib/lib', 'blib/arch')" t/*.t
defined(%hash) is deprecated at /home/stro/cpan/build/5.13.3/Acme-Perl-VM-0.006-hto_IC/blib/lib/Acme/Perl/VM/PP.pm line 1130.
(Maybe you should just omit the defined()?)
# Testing Acme::Perl::VM/0.006 (APVM_DEBUG=0)
t/00_load.t ....... ok
defined(%hash) is deprecated at /home/stro/cpan/build/5.13.3/Acme-Perl-VM-0.006-hto_IC/blib/lib/Acme/Perl/VM/PP.pm line 1130.
(Maybe you should just omit the defined()?)
t/01_print.t ...... ok
defined(%hash) is deprecated at /home/stro/cpan/build/5.13.3/Acme-Perl-VM-0.006-hto_IC/blib/lib/Acme/Perl/VM/PP.pm line 1130.
(Maybe you should just omit the defined()?)
t/02_return.t ..... ok
defined(%hash) is deprecated at /home/stro/cpan/build/5.13.3/Acme-Perl-VM-0.006-hto_IC/blib/lib/Acme/Perl/VM/PP.pm line 1130.
(Maybe you should just omit the defined()?)
t/03_assign.t ..... ok
defined(%hash) is deprecated at /home/stro/cpan/build/5.13.3/Acme-Perl-VM-0.006-hto_IC/blib/lib/Acme/Perl/VM/PP.pm line 1130.
(Maybe you should just omit the defined()?)
t/04_funcall.t .... ok
defined(%hash) is deprecated at /home/stro/cpan/build/5.13.3/Acme-Perl-VM-0.006-hto_IC/blib/lib/Acme/Perl/VM/PP.pm line 1130.
(Maybe you should just omit the defined()?)
t/05_methcall.t ... ok
defined(%hash) is deprecated at /home/stro/cpan/build/5.13.3/Acme-Perl-VM-0.006-hto_IC/blib/lib/Acme/Perl/VM/PP.pm line 1130.
(Maybe you should just omit the defined()?)
t/06_misc.t ....... ok
defined(%hash) is deprecated at /home/stro/cpan/build/5.13.3/Acme-Perl-VM-0.006-hto_IC/blib/lib/Acme/Perl/VM/PP.pm line 1130.
(Maybe you should just omit the defined()?)
t/07_loop.t ....... ok
defined(%hash) is deprecated at /home/stro/cpan/build/5.13.3/Acme-Perl-VM-0.006-hto_IC/blib/lib/Acme/Perl/VM/PP.pm line 1130.
(Maybe you should just omit the defined()?)
t/08_array.t ...... ok
defined(%hash) is deprecated at /home/stro/cpan/build/5.13.3/Acme-Perl-VM-0.006-hto_IC/blib/lib/Acme/Perl/VM/PP.pm line 1130.
(Maybe you should just omit the defined()?)
t/09_hash.t ....... ok
defined(%hash) is deprecated at /home/stro/cpan/build/5.13.3/Acme-Perl-VM-0.006-hto_IC/blib/lib/Acme/Perl/VM/PP.pm line 1130.
(Maybe you should just omit the defined()?)
t/10_rv2xv.t ...... ok
defined(%hash) is deprecated at /home/stro/cpan/build/5.13.3/Acme-Perl-VM-0.006-hto_IC/blib/lib/Acme/Perl/VM/PP.pm line 1130.
(Maybe you should just omit the defined()?)
t/11_readline.t ... ok
defined(%hash) is deprecated at /home/stro/cpan/build/5.13.3/Acme-Perl-VM-0.006-hto_IC/blib/lib/Acme/Perl/VM/PP.pm line 1130.
(Maybe you should just omit the defined()?)
t/12_anon.t ....... ok
defined(%hash) is deprecated at /home/stro/cpan/build/5.13.3/Acme-Perl-VM-0.006-hto_IC/blib/lib/Acme/Perl/VM/PP.pm line 1130.
(Maybe you should just omit the defined()?)
t/13_foreach.t .... ok
defined(%hash) is deprecated at /home/stro/cpan/build/5.13.3/Acme-Perl-VM-0.006-hto_IC/blib/lib/Acme/Perl/VM/PP.pm line 1130.
(Maybe you should just omit the defined()?)
t/14_assign2.t .... ok
defined(%hash) is deprecated at /home/stro/cpan/build/5.13.3/Acme-Perl-VM-0.006-hto_IC/blib/lib/Acme/Perl/VM/PP.pm line 1130.
(Maybe you should just omit the defined()?)
t/15_range.t ...... ok
defined(%hash) is deprecated at /home/stro/cpan/build/5.13.3/Acme-Perl-VM-0.006-hto_IC/blib/lib/Acme/Perl/VM/PP.pm line 1130.
(Maybe you should just omit the defined()?)
t/16_wantarray.t .. ok
defined(%hash) is deprecated at /home/stro/cpan/build/5.13.3/Acme-Perl-VM-0.006-hto_IC/blib/lib/Acme/Perl/VM/PP.pm line 1130.
(Maybe you should just omit the defined()?)
t/17_pushpop.t .... ok
defined(%hash) is deprecated at /home/stro/cpan/build/5.13.3/Acme-Perl-VM-0.006-hto_IC/blib/lib/Acme/Perl/VM/PP.pm line 1130.
(Maybe you should just omit the defined()?)
t/18_extern.t ..... ok
defined(%hash) is deprecated at /home/stro/cpan/build/5.13.3/Acme-Perl-VM-0.006-hto_IC/blib/lib/Acme/Perl/VM/PP.pm line 1130.
(Maybe you should just omit the defined()?)
Can't call method "object_2svref" on an undefined value at /home/stro/cpan/build/5.13.3/Acme-Perl-VM-0.006-hto_IC/blib/lib/Acme/Perl/VM/PP.pm line 1411.
# Looks like your test exited with 255 before it could output anything.
t/19_bless.t ......
Dubious, test returned 255 (wstat 65280, 0xff00)
Failed 15/15 subtests
defined(%hash) is deprecated at /home/stro/cpan/build/5.13.3/Acme-Perl-VM-0.006-hto_IC/blib/lib/Acme/Perl/VM/PP.pm line 1130.
(Maybe you should just omit the defined()?)
t/20_join.t ....... ok
defined(%hash) is deprecated at /home/stro/cpan/build/5.13.3/Acme-Perl-VM-0.006-hto_IC/blib/lib/Acme/Perl/VM/PP.pm line 1130.
(Maybe you should just omit the defined()?)
t/21_assign3.t .... ok
Test Summary Report
-------------------
t/19_bless.t (Wstat: 65280 Tests: 0 Failed: 0)
Non-zero exit status: 255
Parse errors: Bad plan. You planned 15 tests but ran 0.
Files=22, Tests=307, 6 wallclock secs ( 0.06 usr 0.26 sys + 1.84 cusr 1.29 csys = 3.45 CPU)
Result: FAIL
Failed 1/22 test programs. 0/307 subtests failed.
make: *** [test_dynamic] Error 255
------------------------------
PREREQUISITES
------------------------------
Prerequisite modules loaded:
requires:
Module Need Have
------------------- ---- -------
B 0 1.23
Exporter 5.57 5.64_03
ExtUtils::MakeMaker 6.42 6.56
Mouse 0.21 0.64
Test::More 0.62 0.96
configure_requires:
Module Need Have
------------------- ---- -------
ExtUtils::MakeMaker 6.42 6.56
------------------------------
ENVIRONMENT AND OTHER CONTEXT
------------------------------
Environment variables:
AUTOMATED_TESTING = 1
LANG = en_US.UTF-8
PATH = /usr/local/bin:/usr/bin:/bin:/usr/games
PERL5LIB =
PERL5OPT =
PERL5_CPANPLUS_IS_RUNNING = 7761
PERL5_CPAN_IS_RUNNING = 7761
PERL5_CPAN_IS_RUNNING_IN_RECURSION = 20037,7761
PERL_CR_SMOKER_CURRENT = Acme-Perl-VM-0.006
PERL_EXTUTILS_AUTOINSTALL = --defaultdeps
PERL_MM_USE_DEFAULT = 1
SHELL = /bin/bash
TERM = xterm
Perl special variables (and OS-specific diagnostics, for MSWin32):
$^X = /home/stro/perl/perl5133/bin/perl
$UID/$EUID = 1000 / 1000
$GID = 1000 20 24 25 29 44 46 1000
$EGID = 1000 20 24 25 29 44 46 1000
Perl module toolchain versions installed:
Module Have
------------------- -------
CPAN 1.94_58
Cwd 3.31_02
ExtUtils::CBuilder 0.2703
ExtUtils::Command 1.16
ExtUtils::Install 1.55
ExtUtils::MakeMaker 6.56
ExtUtils::Manifest 1.58
ExtUtils::ParseXS 2.2206
File::Spec 3.31_02
Module::Build 0.3607
Module::Signature 0.64
Test::Harness 3.21
Test::More 0.96
YAML 0.71
YAML::Syck 1.12
version 0.82
--
Summary of my perl5 (revision 5 version 13 subversion 3) configuration:
Platform:
osname=linux, osvers=2.6.26-2-686, archname=i686-linux
uname='linux debian5 2.6.26-2-686 #1 smp mon jun 21 05:58:44 utc 2010 i686 gnulinux '
config_args=''
hint=recommended, useposix=true, d_sigaction=define
useithreads=undef, usemultiplicity=undef
useperlio=define, d_sfio=undef, uselargefiles=define, usesocks=undef
use64bitint=undef, use64bitall=undef, uselongdouble=undef
usemymalloc=n, bincompat5005=undef
Compiler:
cc='cc', ccflags ='-fno-strict-aliasing -pipe -fstack-protector -I/usr/local/include -D_LARGEFILE_SOURCE -D_FILE_OFFSET_BITS=64',
optimize='-O2',
cppflags='-fno-strict-aliasing -pipe -fstack-protector -I/usr/local/include'
ccversion='', gccversion='4.3.2', gccosandvers=''
intsize=4, longsize=4, ptrsize=4, doublesize=8, byteorder=1234
d_longlong=define, longlongsize=8, d_longdbl=define, longdblsize=12
ivtype='long', ivsize=4, nvtype='double', nvsize=8, Off_t='off_t', lseeksize=8
alignbytes=4, prototype=define
Linker and Libraries:
ld='cc', ldflags =' -fstack-protector -L/usr/local/lib'
libpth=/usr/local/lib /lib /usr/lib
libs=-lnsl -ldb -ldl -lm -lcrypt -lutil -lc
perllibs=-lnsl -ldl -lm -lcrypt -lutil -lc
libc=/lib/libc-2.7.so, so=so, useshrplib=false, libperl=libperl.a
gnulibc_version='2.7'
Dynamic Linking:
dlsrc=dl_dlopen.xs, dlext=so, d_dlsymun=undef, ccdlflags='-Wl,-E'
cccdlflags='-fPIC', lddlflags='-shared -O2 -L/usr/local/lib -fstack-protector'
Characteristics of this binary (from libperl):
Compile-time options: PERL_DONT_CREATE_GVSV PERL_MALLOC_WRAP
USE_LARGE_FILES USE_PERLIO USE_PERL_ATOF
Built under linux
Compiled at Jul 20 2010 15:30:39
%ENV:
PERL5LIB=""
PERL5OPT=""
PERL5_CPANPLUS_IS_RUNNING="7761"
PERL5_CPAN_IS_RUNNING="7761"
PERL5_CPAN_IS_RUNNING_IN_RECURSION="20037,7761"
PERL_CR_SMOKER_CURRENT="Acme-Perl-VM-0.006"
PERL_EXTUTILS_AUTOINSTALL="--defaultdeps"
PERL_MM_USE_DEFAULT="1"
@INC:
/home/stro/perl/perl5133/lib/site_perl/5.13.3/i686-linux
/home/stro/perl/perl5133/lib/site_perl/5.13.3
/home/stro/perl/perl5133/lib/5.13.3/i686-linux
/home/stro/perl/perl5133/lib/5.13.3
.