Report for Module-Build-IkiWiki-0.0.6

Back
From: metabase:user:314402c4-2aae-11df-837a-5e0a49663a4f
Subject: FAIL Module-Build-IkiWiki-0.0.6 v5.14.4 GNU/Linux
Date: 2015-11-21T17:26:17Z

This distribution has been tested as part of the CPAN Testers
project, supporting the Perl programming language.  See
http://wiki.cpantesters.org/ for more information or email
questions to cpan-testers-discuss@perl.org


--
Dear Victor Moral,

This is a computer-generated report for Module-Build-IkiWiki-0.0.6
on perl 5.14.4, created by CPAN-Reporter-1.2015.

Thank you for uploading your work to CPAN.  However, there was a problem
testing your distribution.

If you think this report is invalid, please consult the CPAN Testers Wiki
for suggestions on how to avoid getting FAIL reports for missing library
or binary dependencies, unsupported operating systems, and so on:

http://wiki.cpantesters.org/wiki/CPANAuthorNotes

Sections of this report:

    * Tester comments
    * Program output
    * Prerequisites
    * Environment and other context

------------------------------
TESTER COMMENTS
------------------------------

Additional comments from tester:

none provided

------------------------------
PROGRAM OUTPUT
------------------------------

Output from './Build test':

Use of qw(...) as parentheses is deprecated at /tmpfs/.cpan-build/2015112109/Module-Build-IkiWiki-0.0.6-HIM7fx/blib/lib/Module/Build/IkiWiki.pm line 30.
Use of qw(...) as parentheses is deprecated at /tmpfs/.cpan-build/2015112109/Module-Build-IkiWiki-0.0.6-HIM7fx/blib/lib/Module/Build/IkiWiki.pm line 48.
# Testing Module::Build::IkiWiki 0.0.3
t/00.load.t .......... ok
Use of qw(...) as parentheses is deprecated at lib/Module/Build/IkiWiki.pm line 30.
Use of qw(...) as parentheses is deprecated at lib/Module/Build/IkiWiki.pm line 48.
t/01.new.t ........... ok
Use of qw(...) as parentheses is deprecated at lib/Module/Build/IkiWiki.pm line 30.
Use of qw(...) as parentheses is deprecated at lib/Module/Build/IkiWiki.pm line 48.

#   Failed test 'POD test for blib/lib/Module/Build/IkiWiki.pm'
#   at /opt/perl-5.14.4/lib/site_perl/5.14.4/Test/Distribution.pm line 144.
# blib/lib/Module/Build/IkiWiki.pm (213): Non-ASCII character seen before =encoding in 'Víctor'. Assuming CP1252
# Looks like you failed 1 test of 10.
t/99.distribution.t .. 
Dubious, test returned 1 (wstat 256, 0x100)
Failed 1/10 subtests 
	(less 1 skipped subtest: 8 okay)

#   Failed test 'Test::Perl::Critic for "blib/script/pod2mdwn"'
#   at /opt/perl-5.14.4/lib/site_perl/5.14.4/Test/Perl/Critic.pm line 104.
# 
#   Private Member Data shouldn't be accessed directly at line 65, column 25.  Accessing an objects data directly breaks encapsulation and should be avoided.  Example: $object->{ some_key }.  (Severity: 5)
#   Private Member Data shouldn't be accessed directly at line 76, column 17.  Accessing an objects data directly breaks encapsulation and should be avoided.  Example: $object->{ some_key }.  (Severity: 5)
#   Private Member Data shouldn't be accessed directly at line 77, column 54.  Accessing an objects data directly breaks encapsulation and should be avoided.  Example: $object->{ some_key }.  (Severity: 5)
#   Private Member Data shouldn't be accessed directly at line 80, column 17.  Accessing an objects data directly breaks encapsulation and should be avoided.  Example: $object->{ some_key }.  (Severity: 5)
#   Private Member Data shouldn't be accessed directly at line 81, column 62.  Accessing an objects data directly breaks encapsulation and should be avoided.  Example: $object->{ some_key }.  (Severity: 5)
#   Private Member Data shouldn't be accessed directly at line 93, column 13.  Accessing an objects data directly breaks encapsulation and should be avoided.  Example: $object->{ some_key }.  (Severity: 5)
#   Private Member Data shouldn't be accessed directly at line 101, column 31.  Accessing an objects data directly breaks encapsulation and should be avoided.  Example: $object->{ some_key }.  (Severity: 5)
#   Private Member Data shouldn't be accessed directly at line 138, column 17.  Accessing an objects data directly breaks encapsulation and should be avoided.  Example: $object->{ some_key }.  (Severity: 5)
#   Private Member Data shouldn't be accessed directly at line 141, column 17.  Accessing an objects data directly breaks encapsulation and should be avoided.  Example: $object->{ some_key }.  (Severity: 5)
#   Private Member Data shouldn't be accessed directly at line 144, column 17.  Accessing an objects data directly breaks encapsulation and should be avoided.  Example: $object->{ some_key }.  (Severity: 5)
#   Private Member Data shouldn't be accessed directly at line 151, column 9.  Accessing an objects data directly breaks encapsulation and should be avoided.  Example: $object->{ some_key }.  (Severity: 5)
#   Private Member Data shouldn't be accessed directly at line 156, column 9.  Accessing an objects data directly breaks encapsulation and should be avoided.  Example: $object->{ some_key }.  (Severity: 5)
#   Private Member Data shouldn't be accessed directly at line 160, column 25.  Accessing an objects data directly breaks encapsulation and should be avoided.  Example: $object->{ some_key }.  (Severity: 5)
#   Private Member Data shouldn't be accessed directly at line 186, column 9.  Accessing an objects data directly breaks encapsulation and should be avoided.  Example: $object->{ some_key }.  (Severity: 5)
#   Private Member Data shouldn't be accessed directly at line 187, column 13.  Accessing an objects data directly breaks encapsulation and should be avoided.  Example: $object->{ some_key }.  (Severity: 5)
#   Private Member Data shouldn't be accessed directly at line 188, column 13.  Accessing an objects data directly breaks encapsulation and should be avoided.  Example: $object->{ some_key }.  (Severity: 5)
#   Private Member Data shouldn't be accessed directly at line 188, column 29.  Accessing an objects data directly breaks encapsulation and should be avoided.  Example: $object->{ some_key }.  (Severity: 5)
#   Private Member Data shouldn't be accessed directly at line 189, column 13.  Accessing an objects data directly breaks encapsulation and should be avoided.  Example: $object->{ some_key }.  (Severity: 5)

#   Failed test 'Test::Perl::Critic for "blib/lib/Module/Build/IkiWiki.pm"'
#   at /opt/perl-5.14.4/lib/site_perl/5.14.4/Test/Perl/Critic.pm line 104.
# 
#   Private Member Data shouldn't be accessed directly at line 27, column 22.  Accessing an objects data directly breaks encapsulation and should be avoided.  Example: $object->{ some_key }.  (Severity: 5)
#   Private Member Data shouldn't be accessed directly at line 28, column 9.  Accessing an objects data directly breaks encapsulation and should be avoided.  Example: $object->{ some_key }.  (Severity: 5)
#   Private Member Data shouldn't be accessed directly at line 31, column 24.  Accessing an objects data directly breaks encapsulation and should be avoided.  Example: $object->{ some_key }.  (Severity: 5)
#   Private Member Data shouldn't be accessed directly at line 32, column 13.  Accessing an objects data directly breaks encapsulation and should be avoided.  Example: $object->{ some_key }.  (Severity: 5)
#   Private Member Data shouldn't be accessed directly at line 50, column 31.  Accessing an objects data directly breaks encapsulation and should be avoided.  Example: $object->{ some_key }.  (Severity: 5)
#   Private Member Data shouldn't be accessed directly at line 57, column 37.  Accessing an objects data directly breaks encapsulation and should be avoided.  Example: $object->{ some_key }.  (Severity: 5)
t/perlcritic.t ....... 
Dubious, test returned 1 (wstat 256, 0x100)
Failed 2/2 subtests 
Use of qw(...) as parentheses is deprecated at /tmpfs/.cpan-build/2015112109/Module-Build-IkiWiki-0.0.6-HIM7fx/blib/lib/Module/Build/IkiWiki.pm line 30.
Use of qw(...) as parentheses is deprecated at /tmpfs/.cpan-build/2015112109/Module-Build-IkiWiki-0.0.6-HIM7fx/blib/lib/Module/Build/IkiWiki.pm line 48.
t/pod-coverage.t ..... ok

#   Failed test 'POD test for blib/script/pod2mdwn'
#   at /opt/perl-5.14.4/lib/site_perl/5.14.4/Test/Pod.pm line 187.
# blib/script/pod2mdwn (292): Non-ASCII character seen before =encoding in 'Víctor'. Assuming UTF-8

#   Failed test 'POD test for blib/lib/Module/Build/IkiWiki.pm'
#   at /opt/perl-5.14.4/lib/site_perl/5.14.4/Test/Pod.pm line 187.
# blib/lib/Module/Build/IkiWiki.pm (213): Non-ASCII character seen before =encoding in 'Víctor'. Assuming CP1252
# Looks like you failed 2 tests of 2.
t/pod.t .............. 
Dubious, test returned 2 (wstat 512, 0x200)
Failed 2/2 subtests 

Test Summary Report
-------------------
t/99.distribution.t (Wstat: 256 Tests: 10 Failed: 1)
  Failed test:  5
  Non-zero exit status: 1
t/perlcritic.t     (Wstat: 256 Tests: 2 Failed: 2)
  Failed tests:  1-2
  Non-zero exit status: 1
t/pod.t            (Wstat: 512 Tests: 2 Failed: 2)
  Failed tests:  1-2
  Non-zero exit status: 2
Files=6, Tests=18,  4 wallclock secs ( 0.02 usr  0.03 sys +  1.82 cusr  0.45 csys =  2.32 CPU)
Result: FAIL
Failed 3/6 test programs. 5/18 subtests failed.

------------------------------
PREREQUISITES
------------------------------

Prerequisite modules loaded:

requires:

    Module        Need Have    
    ------------- ---- --------
    Module::Build 0.26 0.4214  
    Test::More    0    1.001014


------------------------------
ENVIRONMENT AND OTHER CONTEXT
------------------------------

Environment variables:

    LANG = C
    PATH = /usr/local/bin:/usr/bin:/bin:/usr/local/sbin:/usr/sbin:/sbin:/home/eserte/bin/linux-gnu:/home/eserte/bin/sh:/home/eserte/bin:/usr/games:/home/eserte/devel:/home/eserte/src/srezic-misc/scripts
    PERL5LIB = 
    PERL5OPT = 
    PERL5_CPANPLUS_IS_RUNNING = 22540
    PERL5_CPAN_IS_RUNNING = 22540
    PERL5_CPAN_IS_RUNNING_IN_RECURSION = 13448,22540
    PERLDOC = -MPod::Perldoc::ToTextOverstrike
    PERL_BATCH = yes
    PERL_CANARY_STABILITY_NOPROMPT = 1
    PERL_CPAN_REPORTER_CONFIG = /var/tmp/cpansmoker-1001/2015112109/cpanreporter_001_config.ini
    PERL_EXTUTILS_AUTOINSTALL = --defaultdeps
    SHELL = /bin/zsh
    TERM = screen
    TMPDIR = /var/tmp/cpansmoker-1001/2015112109

Perl special variables (and OS-specific diagnostics, for MSWin32):

    $^X = /bbbike/perl-5.14.4/bin/perl
    $UID/$EUID = 1001 / 1001
    $GID = 1001 109 1001
    $EGID = 1001 109 1001

Perl module toolchain versions installed:

    Module              Have     
    ------------------- ---------
    CPAN                1.9600_01
    CPAN::Meta          2.150005 
    Cwd                 3.60     
    ExtUtils::CBuilder  0.280223 
    ExtUtils::Command   1.17     
    ExtUtils::Install   2.04     
    ExtUtils::MakeMaker 7.04     
    ExtUtils::Manifest  1.68     
    ExtUtils::ParseXS   3.24     
    File::Spec          3.60     
    JSON                2.90     
    JSON::PP            2.27300  
    Module::Build       0.4214   
    Module::Signature   0.78     
    Parse::CPAN::Meta   1.4414   
    Test::Harness       3.35     
    Test::More          1.001014 
    YAML                1.15     
    YAML::Syck          1.29     
    version             0.9912   


--

Summary of my perl5 (revision 5 version 14 subversion 4) configuration:
   
  Platform:
    osname=linux, osvers=3.2.0-4-amd64, archname=x86_64-linux
    uname='linux eserte 3.2.0-4-amd64 #1 smp debian 3.2.57-3 x86_64 gnulinux '
    config_args='-ds -e -Dprefix=/opt/perl-5.14.4'
    hint=recommended, useposix=true, d_sigaction=define
    useithreads=undef, usemultiplicity=undef
    useperlio=define, d_sfio=undef, uselargefiles=define, usesocks=undef
    use64bitint=define, use64bitall=define, uselongdouble=undef
    usemymalloc=n, bincompat5005=undef
  Compiler:
    cc='cc', ccflags ='-fno-strict-aliasing -pipe -fstack-protector -I/usr/local/include -D_LARGEFILE_SOURCE -D_FILE_OFFSET_BITS=64',
    optimize='-O2',
    cppflags='-fno-strict-aliasing -pipe -fstack-protector -I/usr/local/include'
    ccversion='', gccversion='4.7.2', gccosandvers=''
    intsize=4, longsize=8, ptrsize=8, doublesize=8, byteorder=12345678
    d_longlong=define, longlongsize=8, d_longdbl=define, longdblsize=16
    ivtype='long', ivsize=8, nvtype='double', nvsize=8, Off_t='off_t', lseeksize=8
    alignbytes=8, prototype=define
  Linker and Libraries:
    ld='cc', ldflags =' -fstack-protector -L/usr/local/lib'
    libpth=/usr/local/lib /lib/x86_64-linux-gnu /lib/../lib /usr/lib/x86_64-linux-gnu /usr/lib/../lib /lib /usr/lib
    libs=-lnsl -ldb -ldl -lm -lcrypt -lutil -lc
    perllibs=-lnsl -ldl -lm -lcrypt -lutil -lc
    libc=, so=so, useshrplib=false, libperl=libperl.a
    gnulibc_version='2.13'
  Dynamic Linking:
    dlsrc=dl_dlopen.xs, dlext=so, d_dlsymun=undef, ccdlflags='-Wl,-E'
    cccdlflags='-fPIC', lddlflags='-shared -O2 -L/usr/local/lib -fstack-protector'


Characteristics of this binary (from libperl): 
  Compile-time options: PERL_DONT_CREATE_GVSV PERL_MALLOC_WRAP
                        PERL_PRESERVE_IVUV USE_64_BIT_ALL USE_64_BIT_INT
                        USE_LARGE_FILES USE_PERLIO USE_PERL_ATOF
  Built under linux
  Compiled at May 15 2014 16:40:06
  %ENV:
    PERL5LIB=""
    PERL5OPT=""
    PERL5_CPANPLUS_IS_RUNNING="22540"
    PERL5_CPAN_IS_RUNNING="22540"
    PERL5_CPAN_IS_RUNNING_IN_RECURSION="13448,22540"
    PERLDOC="-MPod::Perldoc::ToTextOverstrike"
    PERL_BATCH="yes"
    PERL_CANARY_STABILITY_NOPROMPT="1"
    PERL_CPAN_REPORTER_CONFIG="/var/tmp/cpansmoker-1001/2015112109/cpanreporter_001_config.ini"
    PERL_EXTUTILS_AUTOINSTALL="--defaultdeps"
  @INC:
    /opt/perl-5.14.4/lib/site_perl/5.14.4/x86_64-linux
    /opt/perl-5.14.4/lib/site_perl/5.14.4
    /opt/perl-5.14.4/lib/5.14.4/x86_64-linux
    /opt/perl-5.14.4/lib/5.14.4
    .