Back
From: metabase:user:30977d10-2aae-11df-837a-5e0a49663a4f
Subject: FAIL File-System-1.16 v5.14.1
Date: 2011-07-12T19:45:06Z
This distribution has been tested as part of the CPAN Testers
project, supporting the Perl programming language. See
http://wiki.cpantesters.org/ for more information or email
questions to cpan-testers-discuss@perl.org
--
Dear Andrew Sterling Hanenkamp,
This is a computer-generated report for File-System-1.16
on perl 5.14.1, created by CPAN-Reporter-1.1902.
Thank you for uploading your work to CPAN. However, there was a problem
testing your distribution.
If you think this report is invalid, please consult the CPAN Testers Wiki
for suggestions on how to avoid getting FAIL reports for missing library
or binary dependencies, unsupported operating systems, and so on:
http://wiki.cpantesters.org/wiki/CPANAuthorNotes
Sections of this report:
* Tester comments
* Program output
* Prerequisites
* Environment and other context
------------------------------
TESTER COMMENTS
------------------------------
Additional comments from tester:
this report is from an automated smoke testing program
and was not reviewed by a human for accuracy
------------------------------
PROGRAM OUTPUT
------------------------------
Output from 'C:\bin\dev\psdk\2003\Bin\nmake.EXE test':
Microsoft (R) Program Maintenance Utility Version 7.00.8882
Copyright (C) Microsoft Corp 1988-2000. All rights reserved.
C:\home\stro\perl\perl5141\bin\perl5.14.1.exe Build --makefile_env_macros 1 test
Sorry, root \C:\home\stro\cpan\build\5.14.1\File-System-1.16-giX6G1\t\root does not exist! at t\01_normalize_path.t line 14
# Looks like you planned 45 tests but ran 1.
# Looks like your test exited with 2 just after 1.
t\01_normalize_path.t ....
Dubious, test returned 2 (wstat 512, 0x200)
Failed 44/45 subtests
t\02_glob.t .............. ok
Sorry, root \C:\home\stro\cpan\build\5.14.1\File-System-1.16-giX6G1\t\root does not exist! at t\03_real.t line 14
# Looks like you planned 317 tests but ran 1.
# Looks like your test exited with 2 just after 1.
t\03_real.t ..............
Dubious, test returned 2 (wstat 512, 0x200)
Failed 316/317 subtests
Sorry, root \C:\home\stro\cpan\build\5.14.1\File-System-1.16-giX6G1\t\root does not exist! at t\04_table_basic.t line 16
# Looks like you planned 317 tests but ran 1.
# Looks like your test exited with 2 just after 1.
t\04_table_basic.t .......
Dubious, test returned 2 (wstat 512, 0x200)
Failed 316/317 subtests
Sorry, root \C:\home\stro\cpan\build\5.14.1\File-System-1.16-giX6G1\t\root does not exist! at t\05_table_multimount.t line 17
# Looks like you planned 316 tests but ran 1.
# Looks like your test exited with 2 just after 1.
t\05_table_multimount.t ..
Dubious, test returned 2 (wstat 512, 0x200)
Failed 315/316 subtests
Sorry, root \C:\home\stro\cpan\build\5.14.1\File-System-1.16-giX6G1\t\root does not exist! at t\06_table_mount.t line 26
# Looks like you planned 2774 tests but ran 1.
# Looks like your test exited with 2 just after 1.
t\06_table_mount.t .......
Dubious, test returned 2 (wstat 512, 0x200)
Failed 2773/2774 subtests
Sorry, root \C:\home\stro\cpan\build\5.14.1\File-System-1.16-giX6G1\t\root does not exist! at t\07_layered.t line 19
# Looks like you planned 339 tests but ran 1.
# Looks like your test exited with 2 just after 1.
t\07_layered.t ...........
Dubious, test returned 2 (wstat 512, 0x200)
Failed 338/339 subtests
Sorry, root \C:\home\stro\cpan\build\5.14.1\File-System-1.16-giX6G1\t\root does not exist! at t\08_passthrough.t line 14
# Looks like you planned 317 tests but ran 1.
# Looks like your test exited with 2 just after 1.
t\08_passthrough.t .......
Dubious, test returned 2 (wstat 512, 0x200)
Failed 316/317 subtests
Test Summary Report
-------------------
t\01_normalize_path.t (Wstat: 512 Tests: 1 Failed: 0)
Non-zero exit status: 2
Parse errors: Bad plan. You planned 45 tests but ran 1.
t\03_real.t (Wstat: 512 Tests: 1 Failed: 0)
Non-zero exit status: 2
Parse errors: Bad plan. You planned 317 tests but ran 1.
t\04_table_basic.t (Wstat: 512 Tests: 1 Failed: 0)
Non-zero exit status: 2
Parse errors: Bad plan. You planned 317 tests but ran 1.
t\05_table_multimount.t (Wstat: 512 Tests: 1 Failed: 0)
Non-zero exit status: 2
Parse errors: Bad plan. You planned 316 tests but ran 1.
t\06_table_mount.t (Wstat: 512 Tests: 1 Failed: 0)
Non-zero exit status: 2
Parse errors: Bad plan. You planned 2774 tests but ran 1.
t\07_layered.t (Wstat: 512 Tests: 1 Failed: 0)
Non-zero exit status: 2
Parse errors: Bad plan. You planned 339 tests but ran 1.
t\08_passthrough.t (Wstat: 512 Tests: 1 Failed: 0)
Non-zero exit status: 2
Parse errors: Bad plan. You planned 317 tests but ran 1.
Files=8, Tests=21, 7 wallclock secs ( 0.12 usr + 0.05 sys = 0.17 CPU)
Result: FAIL
Failed 7/8 test programs. 0/21 subtests failed.
NMAKE : fatal error U1077: 'C:\home\stro\perl\perl5141\bin\perl5.14.1.exe' : return code '0x2'
Stop.
------------------------------
PREREQUISITES
------------------------------
Prerequisite modules loaded:
requires:
Module Need Have
--------------------- ---- --------
File::Copy::Recursive 0.05 0.38
Parse::RecDescent 1.94 1.965001
------------------------------
ENVIRONMENT AND OTHER CONTEXT
------------------------------
Environment variables:
AUTOMATED_TESTING = 1
COMSPEC = C:\Windows\system32\cmd.exe
INCLUDE = C:\bin\dev\psdk\2003\Include\.;C:\bin\dev\vc\VC98\atl\include;C:\bin\dev\vc\VC98\mfc\include;C:\bin\dev\vc\VC98\include
LIB = C:\bin\dev\psdk\2003\Lib\.;C:\bin\dev\vc\VC98\mfc\lib;C:\bin\dev\vc\VC98\lib
NUMBER_OF_PROCESSORS = 2
PATH = C:\bin\apps\far\;C:\Program Files\Common Files\Microsoft Shared\Windows Live;C:\bin\sys\msys\bin\;c:\bin\graph\imagemagick-6.5.1-q16;C:\bin\dev\tortoiseSVN;C:\bin\dev\perl\site\bin;C:\bin\dev\perl\bin;c:\bin\run;C:\Windows\system32;C:\Windows;C:\Windows\System32\Wbem;C:\bin\sys\unixutils;C:\bin\dev\tortoiseSVN\bin;C:\bin\sys\sysinternals;C:\bin\db\oracle\instantclient_11_1;C:\Program Files\Intel\WiFi\bin\;C:\Program Files\Common Files\Intel\WirelessCommon\;\;C:\usr\bin;C:\bin\dev\psdk\2003\Bin\.;C:\bin\dev\psdk\2003\Bin\WinNT\.;C:\Windows\System32\WindowsPowerShell\v1.0\;C:\Program Files\Windows Live\Shared;C:\bin\dev\vc\Common\Tools\WinNT;C:\bin\dev\vc\Common\MSDev98\Bin;C:\bin\dev\vc\Common\Tools;C:\bin\dev\vc\VC98\bin;C:\bin\db\postgresql\bin\;C:\bin\dev\psdk\2003\Bin\.;C:\bin\graph\ImageConverterPlus;C:\bin\graph\ImageConverterPlus\Microsoft.VC90.CRT;C:\bin\graph\ImageConverterPlus\Microsoft.VC90.MFC;C:\bin\sys\smartmontools\bin;C:\bin\comm\Nmap
PERL5LIB =
PERL5OPT =
PERL5_CPANPLUS_IS_RUNNING = 4652
PERL5_CPAN_IS_RUNNING = 4652
PERL5_CPAN_IS_RUNNING_IN_RECURSION = 4636,4652
PERL_CR_SMOKER_CURRENT = File-System-1.16
PERL_EXTUTILS_AUTOINSTALL = --defaultdeps
PERL_MM_USE_DEFAULT = 1
PROCESSOR_IDENTIFIER = x86 Family 6 Model 15 Stepping 11, GenuineIntel
TEMP = C:\Windows\Temp
TMPDIR = C:\Windows\Temp
Perl special variables (and OS-specific diagnostics, for MSWin32):
$^X = C:\home\stro\perl\perl5141\bin\perl5.14.1.exe
$UID/$EUID = 0 / 0
$GID = 0
$EGID = 0
Win32::GetOSName = WinVista
Win32::GetOSVersion = Service Pack 2, 6, 0, 6002, 2, 2, 0, 768, 1
Win32::FsType = NTFS
Win32::IsAdminUser = 1
Perl module toolchain versions installed:
Module Have
------------------- --------
CPAN 1.9600
Cwd 3.36
ExtUtils::CBuilder 0.280203
ExtUtils::Command 1.17
ExtUtils::Install 1.56
ExtUtils::MakeMaker 6.57_05
ExtUtils::Manifest 1.58
ExtUtils::ParseXS 2.2210
File::Spec 3.33
Module::Build 0.3800
Module::Signature n/a
Test::Harness 3.23
Test::More 0.98
YAML 0.73
YAML::Syck 1.17
version 0.88
--
Summary of my perl5 (revision 5 version 14 subversion 1) configuration:
Platform:
osname=MSWin32, osvers=6.0, archname=MSWin32-x86-multi-thread
uname=''
config_args='undef'
hint=recommended, useposix=true, d_sigaction=undef
useithreads=define, usemultiplicity=define
useperlio=define, d_sfio=undef, uselargefiles=define, usesocks=undef
use64bitint=undef, use64bitall=undef, uselongdouble=undef
usemymalloc=n, bincompat5005=undef
Compiler:
cc='cl', ccflags ='-nologo -GF -W3 -MD -Zi -DNDEBUG -O1 -DWIN32 -D_CONSOLE -DNO_STRICT -DPERL_TEXTMODE_SCRIPTS -DPERL_IMPLICIT_CONTEXT -DPERL_IMPLICIT_SYS -DUSE_PERLIO -D_USE_32BIT_TIME_T',
optimize='-MD -Zi -DNDEBUG -O1',
cppflags='-DWIN32'
ccversion='12.00.8804', gccversion='', gccosandvers=''
intsize=4, longsize=4, ptrsize=4, doublesize=8, byteorder=1234
d_longlong=undef, longlongsize=8, d_longdbl=define, longdblsize=8
ivtype='long', ivsize=4, nvtype='double', nvsize=8, Off_t='__int64', lseeksize=8
alignbytes=8, prototype=define
Linker and Libraries:
ld='link', ldflags ='-nologo -nodefaultlib -debug -opt:ref,icf -libpath:"c:\home\stro\perl\perl5141\lib\CORE" -machine:x86'
libpth=\lib
libs=oldnames.lib kernel32.lib user32.lib gdi32.lib winspool.lib comdlg32.lib advapi32.lib shell32.lib ole32.lib oleaut32.lib netapi32.lib uuid.lib ws2_32.lib mpr.lib winmm.lib version.lib odbc32.lib odbccp32.lib comctl32.lib msvcrt.lib
perllibs=oldnames.lib kernel32.lib user32.lib gdi32.lib winspool.lib comdlg32.lib advapi32.lib shell32.lib ole32.lib oleaut32.lib netapi32.lib uuid.lib ws2_32.lib mpr.lib winmm.lib version.lib odbc32.lib odbccp32.lib comctl32.lib msvcrt.lib
libc=msvcrt.lib, so=dll, useshrplib=true, libperl=perl514.lib
gnulibc_version=''
Dynamic Linking:
dlsrc=dl_win32.xs, dlext=dll, d_dlsymun=undef, ccdlflags=' '
cccdlflags=' ', lddlflags='-dll -nologo -nodefaultlib -debug -opt:ref,icf -libpath:"c:\home\stro\perl\perl5141\lib\CORE" -machine:x86'
Characteristics of this binary (from libperl):
Compile-time options: MULTIPLICITY PERL_DONT_CREATE_GVSV
PERL_IMPLICIT_CONTEXT PERL_IMPLICIT_SYS
PERL_MALLOC_WRAP PERL_PRESERVE_IVUV PL_OP_SLAB_ALLOC
USE_ITHREADS USE_LARGE_FILES USE_PERLIO
USE_PERL_ATOF
Built under MSWin32
Compiled at Jun 23 2011 23:01:35
%ENV:
PERL5_CPANPLUS_IS_RUNNING="4652"
PERL5_CPAN_IS_RUNNING="4652"
PERL5_CPAN_IS_RUNNING_IN_RECURSION="4636,4652"
PERL_CR_SMOKER_CURRENT="File-System-1.16"
PERL_EXTUTILS_AUTOINSTALL="--defaultdeps"
PERL_MM_USE_DEFAULT="1"
@INC:
C:/home/stro/perl/perl5141/site/lib
C:/home/stro/perl/perl5141/lib
.