Back
From: metabase:user:e3434da8-b236-11df-85ca-0247c6d74bde
Subject: FAIL WebService-RTMAgent-0.5_1 v5.12.2 GNU/Linux
Date: 2010-12-04T06:01:45Z
This distribution has been tested as part of the CPAN Testers
project, supporting the Perl programming language. See
http://wiki.cpantesters.org/ for more information or email
questions to cpan-testers-discuss@perl.org
--
Dear Yves Rutschle,
This is a computer-generated report for WebService-RTMAgent-0.5_1
on perl 5.12.2, created by CPAN-Reporter-1.1803.
Thank you for uploading your work to CPAN. However, there was a problem
testing your distribution.
If you think this report is invalid, please consult the CPAN Testers Wiki
for suggestions on how to avoid getting FAIL reports for missing library
or binary dependencies, unsupported operating systems, and so on:
http://wiki.cpantesters.org/wiki/CPANAuthorNotes
Sections of this report:
* Tester comments
* Program output
* Prerequisites
* Environment and other context
------------------------------
TESTER COMMENTS
------------------------------
Additional comments from tester:
this report is from an automated smoke testing program
and was not reviewed by a human for accuracy
------------------------------
PROGRAM OUTPUT
------------------------------
Output from '/usr/bin/make test':
PERL_DL_NONLAZY=1 /home/tester/vers/perl-5.12.2/bin/perl "-MExtUtils::Command::MM" "-e" "test_harness(0, 'blib/lib', 'blib/arch')" t/*.t
# Testing WebService::RTMAgent 0.5_1, Perl 5.012002, /home/tester/vers/perl-5.12.2/bin/perl
t/00-load.t ....... ok
frobbed -- getting token
frobbed -- getting token
token token
t/auth.t .......... ok
t/boilerplate.t ... ok
Unable to recognise encoding of this document at /home/tester/cpan/perl-5.12.2/.cpan/build/XML-SAX-0.96-nUKdc_/blib/lib/XML/SAX/PurePerl/EncodingDetect.pm line 100.
# Failed test 'Don't start if config file isn't XML (API key not defined at t/init.t line 60
# )'
# at t/init.t line 62.
# Looks like you failed 1 test of 4.
t/init.t ..........
Dubious, test returned 1 (wstat 256, 0x100)
Failed 1/4 subtests
t/pod-coverage.t .. ok
t/pod.t ........... ok
request:
POST http://www.rememberthemilk.com/services/rest/
Content-Type: application/x-www-form-urlencoded
method=rtm.tasks.add&nam=adding&api_key=key&auth_token=10438&timeline=114114&api_sig=3340edd30a22e9b2c67ff206283d0b67
response:
HTTP/1.1 200 OK
Connection: keep-alive
Date: Mon, 24 Dec 2007 11:49:10 GMT
Server: nginx/RTM
Vary: Accept-Encoding
Content-Type: text/xml; charset="utf-8"
Client-Date: Mon, 24 Dec 2007 11:50:39 GMT
Client-Peer: 75.126.232.204:80
Client-Response-Num: 1
Client-Transfer-Encoding: chunked
Keep-Alive: timeout=300
<?xml version="1.0" encoding="UTF-8"?>
<rsp stat="fail"><err code="4000" msg="Task name provided is invalid."/></rsp>
t/requests.t ...... ok
t/undo.t .......... ok
Test Summary Report
-------------------
t/boilerplate.t (Wstat: 0 Tests: 3 Failed: 0)
TODO passed: 1-3
t/init.t (Wstat: 256 Tests: 4 Failed: 1)
Failed test: 4
Non-zero exit status: 1
Files=8, Tests=36, 1 wallclock secs ( 0.04 usr 0.02 sys + 0.77 cusr 0.19 csys = 1.02 CPU)
Result: FAIL
Failed 1/8 test programs. 1/36 subtests failed.
make: *** [test_dynamic] Error 255
------------------------------
PREREQUISITES
------------------------------
Prerequisite modules loaded:
requires:
Module Need Have
-------------- ---- -----
Digest::MD5 0 2.51
LWP::UserAgent 0 5.835
Test::More 0 0.96
XML::SAX 0 0.96
XML::Simple 0 2.18
------------------------------
ENVIRONMENT AND OTHER CONTEXT
------------------------------
Environment variables:
AUTOMATED_TESTING = 1
LANG = en_US.utf8
LC_COLLATE = C
PATH = /usr/lib64/qt-3.3/bin:/usr/lib64/ccache:/usr/local/bin:/bin:/usr/bin:/usr/local/sbin:/usr/sbin:/sbin:/home/tester/bin
PERL5LIB = /home/tester/cpan/perl-5.12.2/.cpan/build/XML-Simple-2.18-mWI8Eq/blib/arch:/home/tester/cpan/perl-5.12.2/.cpan/build/XML-Simple-2.18-mWI8Eq/blib/lib:/home/tester/cpan/perl-5.12.2/.cpan/build/XML-SAX-0.96-nUKdc_/blib/arch:/home/tester/cpan/perl-5.12.2/.cpan/build/XML-SAX-0.96-nUKdc_/blib/lib:/home/tester/cpan/perl-5.12.2/.cpan/build/XML-NamespaceSupport-1.11-2MnHD8/blib/arch:/home/tester/cpan/perl-5.12.2/.cpan/build/XML-NamespaceSupport-1.11-2MnHD8/blib/lib
PERL5OPT =
PERL5_CPANPLUS_IS_RUNNING = 5965
PERL5_CPAN_IS_RUNNING = 5965
PERL5_CPAN_IS_RUNNING_IN_RECURSION = 3100,5965
PERL_CR_SMOKER_CURRENT = WebService-RTMAgent-0.5_1
PERL_EXTUTILS_AUTOINSTALL = --defaultdeps
PERL_MM_USE_DEFAULT = 1
SHELL = /bin/bash
TERM = screen
Perl special variables (and OS-specific diagnostics, for MSWin32):
$^X = /home/tester/vers/perl-5.12.2/bin/perl
$UID/$EUID = 501 / 501
$GID = 501 501
$EGID = 501 501
Perl module toolchain versions installed:
Module Have
------------------- -------
CPAN 1.94_56
Cwd 3.33
ExtUtils::CBuilder 0.2703
ExtUtils::Command 1.16
ExtUtils::Install 1.55
ExtUtils::MakeMaker 6.56
ExtUtils::Manifest 1.58
ExtUtils::ParseXS 2.2206
File::Spec 3.33
Module::Build 0.3607
Module::Signature n/a
Test::Harness 3.22
Test::More 0.96
YAML n/a
YAML::Syck 1.17
version 0.86
--
Summary of my perl5 (revision 5 version 12 subversion 2) configuration:
Platform:
osname=linux, osvers=2.6.35.6-48.fc14.x86_64, archname=x86_64-linux-thread-multi
uname='linux firenze.localhost 2.6.35.6-48.fc14.x86_64 #1 smp fri oct 22 15:36:08 utc 2010 x86_64 x86_64 x86_64 gnulinux '
config_args='-des -Dprefix=/home/tester/vers/perl-5.12.2 -Dusethreads -Duse64bitint'
hint=recommended, useposix=true, d_sigaction=define
useithreads=define, usemultiplicity=define
useperlio=define, d_sfio=undef, uselargefiles=define, usesocks=undef
use64bitint=define, use64bitall=define, uselongdouble=undef
usemymalloc=n, bincompat5005=undef
Compiler:
cc='cc', ccflags ='-D_REENTRANT -D_GNU_SOURCE -fno-strict-aliasing -pipe -fstack-protector -I/usr/local/include -D_LARGEFILE_SOURCE -D_FILE_OFFSET_BITS=64',
optimize='-O2',
cppflags='-D_REENTRANT -D_GNU_SOURCE -fno-strict-aliasing -pipe -fstack-protector -I/usr/local/include'
ccversion='', gccversion='4.5.1 20100924 (Red Hat 4.5.1-4)', gccosandvers=''
intsize=4, longsize=8, ptrsize=8, doublesize=8, byteorder=12345678
d_longlong=define, longlongsize=8, d_longdbl=define, longdblsize=16
ivtype='long', ivsize=8, nvtype='double', nvsize=8, Off_t='off_t', lseeksize=8
alignbytes=8, prototype=define
Linker and Libraries:
ld='cc', ldflags =' -fstack-protector -L/usr/local/lib'
libpth=/usr/local/lib /lib /usr/lib /lib64 /usr/lib64 /usr/local/lib64
libs=-lnsl -lgdbm -ldb -ldl -lm -lcrypt -lutil -lpthread -lc -lgdbm_compat
perllibs=-lnsl -ldl -lm -lcrypt -lutil -lpthread -lc
libc=, so=so, useshrplib=false, libperl=libperl.a
gnulibc_version='2.12.90'
Dynamic Linking:
dlsrc=dl_dlopen.xs, dlext=so, d_dlsymun=undef, ccdlflags='-Wl,-E'
cccdlflags='-fPIC', lddlflags='-shared -O2 -L/usr/local/lib -fstack-protector'
Characteristics of this binary (from libperl):
Compile-time options: MULTIPLICITY PERL_DONT_CREATE_GVSV
PERL_IMPLICIT_CONTEXT PERL_MALLOC_WRAP USE_64_BIT_ALL
USE_64_BIT_INT USE_ITHREADS USE_LARGE_FILES
USE_PERLIO USE_PERL_ATOF USE_REENTRANT_API
Built under linux
Compiled at Dec 1 2010 00:01:40
%ENV:
PERL5LIB="/home/tester/cpan/perl-5.12.2/.cpan/build/XML-Simple-2.18-mWI8Eq/blib/arch:/home/tester/cpan/perl-5.12.2/.cpan/build/XML-Simple-2.18-mWI8Eq/blib/lib:/home/tester/cpan/perl-5.12.2/.cpan/build/XML-SAX-0.96-nUKdc_/blib/arch:/home/tester/cpan/perl-5.12.2/.cpan/build/XML-SAX-0.96-nUKdc_/blib/lib:/home/tester/cpan/perl-5.12.2/.cpan/build/XML-NamespaceSupport-1.11-2MnHD8/blib/arch:/home/tester/cpan/perl-5.12.2/.cpan/build/XML-NamespaceSupport-1.11-2MnHD8/blib/lib"
PERL5OPT=""
PERL5_CPANPLUS_IS_RUNNING="5965"
PERL5_CPAN_IS_RUNNING="5965"
PERL5_CPAN_IS_RUNNING_IN_RECURSION="3100,5965"
PERL_CR_SMOKER_CURRENT="WebService-RTMAgent-0.5_1"
PERL_EXTUTILS_AUTOINSTALL="--defaultdeps"
PERL_MM_USE_DEFAULT="1"
@INC:
/home/tester/cpan/perl-5.12.2/.cpan/build/XML-Simple-2.18-mWI8Eq/blib/arch
/home/tester/cpan/perl-5.12.2/.cpan/build/XML-Simple-2.18-mWI8Eq/blib/lib
/home/tester/cpan/perl-5.12.2/.cpan/build/XML-SAX-0.96-nUKdc_/blib/arch
/home/tester/cpan/perl-5.12.2/.cpan/build/XML-SAX-0.96-nUKdc_/blib/lib
/home/tester/cpan/perl-5.12.2/.cpan/build/XML-NamespaceSupport-1.11-2MnHD8/blib/arch
/home/tester/cpan/perl-5.12.2/.cpan/build/XML-NamespaceSupport-1.11-2MnHD8/blib/lib
/home/tester/vers/perl-5.12.2/lib/site_perl/5.12.2/x86_64-linux-thread-multi
/home/tester/vers/perl-5.12.2/lib/site_perl/5.12.2
/home/tester/vers/perl-5.12.2/lib/5.12.2/x86_64-linux-thread-multi
/home/tester/vers/perl-5.12.2/lib/5.12.2
.