App-Prove-Plugin-Distributed v0.08 Perl 5 v5.28.1 x86_64-linux-thread-multi
- Status
- Fail
- From
- Andreas J. König (ANDK)
- Dist
-
App-Prove-Plugin-Distributed v0.08
- Platform
- Perl 5 v5.28.1 x86_64-linux-thread-multi
- Date
- 2018-12-18 11:20:49
- ID
- f9362c8c-02b6-11e9-9b05-d15e8bef4992
This distribution has been tested as part of the CPAN Testers
project, supporting the Perl programming language. See
http://wiki.cpantesters.org/ for more information or email
questions to cpan-testers-discuss@perl.org
--
Dear Shin Leong,
This is a computer-generated report for App-Prove-Plugin-Distributed-0.08
on perl 5.28.1, created by CPAN-Reporter-1.2018.
Thank you for uploading your work to CPAN. However, there was a problem
testing your distribution.
If you think this report is invalid, please consult the CPAN Testers Wiki
for suggestions on how to avoid getting FAIL reports for missing library
or binary dependencies, unsupported operating systems, and so on:
http://wiki.cpantesters.org/wiki/CPANAuthorNotes
Sections of this report:
* Tester comments
* Program output
* Prerequisites
* Environment and other context
------------------------------
TESTER COMMENTS
------------------------------
Additional comments from tester:
this report is from an automated smoke testing program
and was not reviewed by a human for accuracy
------------------------------
PROGRAM OUTPUT
------------------------------
Output from '/usr/bin/make test':
PERL_DL_NONLAZY=1 "/tmp/basesmoker-reloperl-qyBN/bin/perl" "-MExtUtils::Command::MM" "-MTest::Harness" "-e" "undef *Test::Harness::Switches; test_harness(0, 'blib/lib', 'blib/arch')" t/*.t
t/App-Prove-Plugin-Distributed.t .. ok
# Failed test 'Worker: next() should return the first result'
# at t/iterator_worker.t line 77.
# got: 'do "t/sample-tests/out_err_mix" failed, '.' is no longer in @INC; did you mean do "./t/sample-tests/out_err_mix"? at /tmp/loop_over_bdir-25983-0lItWf/App-Prove-Plugin-Distributed-0.08-0/blib/lib/App/Prove/Plugin/Distributed.pm line 457, <GEN0> line 1.'
# expected: 'one'
# Failed test 'Worker: next() should return the second result'
# at t/iterator_worker.t line 80.
# got: undef
# expected: 'two'
Use of uninitialized value $fh in <HANDLE> at /home/sand/src/perl/repoperls/installed-perls/host/k93cosmic/v5.28.1/cf9c/lib/5.28.1/TAP/Parser/Iterator/Stream.pm line 78.
readline() on unopened filehandle at /home/sand/src/perl/repoperls/installed-perls/host/k93cosmic/v5.28.1/cf9c/lib/5.28.1/TAP/Parser/Iterator/Stream.pm line 78.
Can't use an undefined value as a symbol reference at /home/sand/src/perl/repoperls/installed-perls/host/k93cosmic/v5.28.1/cf9c/lib/5.28.1/TAP/Parser/Iterator/Stream.pm line 90.
# Looks like your test exited with 255 just after 9.
t/iterator_worker.t ...............
Dubious, test returned 255 (wstat 65280, 0xff00)
Failed 16/23 subtests
t/no_tap_error.t .................. ok
t/redefine_main_bug.t ............. ok
# Failed test '... line 1'
# at t/source_handler.t line 159.
# got: 'do "t/source_tests/source" failed, '.' is no longer in @INC; did you mean do "./t/source_tests/source"? at /tmp/loop_over_bdir-25983-0lItWf/App-Prove-Plugin-Distributed-0.08-0/blib/lib/App/Prove/Plugin/Distributed.pm line 457, <GEN0> line 1.'
# expected: '1..1'
# Failed test '... line 2'
# at t/source_handler.t line 159.
# got: undef
# expected: 'ok 1 - source'
Use of uninitialized value $fh in <HANDLE> at /home/sand/src/perl/repoperls/installed-perls/host/k93cosmic/v5.28.1/cf9c/lib/5.28.1/TAP/Parser/Iterator/Stream.pm line 78.
readline() on unopened filehandle at /home/sand/src/perl/repoperls/installed-perls/host/k93cosmic/v5.28.1/cf9c/lib/5.28.1/TAP/Parser/Iterator/Stream.pm line 78.
Can't use an undefined value as a symbol reference at /home/sand/src/perl/repoperls/installed-perls/host/k93cosmic/v5.28.1/cf9c/lib/5.28.1/TAP/Parser/Iterator/Stream.pm line 90.
# Looks like your test exited with 255 just after 11.
t/source_handler.t ................
Dubious, test returned 255 (wstat 65280, 0xff00)
Failed 3/12 subtests
t/use_require_no_tap_error.t ...... ok
Test Summary Report
-------------------
t/iterator_worker.t (Wstat: 65280 Tests: 9 Failed: 2)
Failed tests: 8-9
Non-zero exit status: 255
Parse errors: Bad plan. You planned 23 tests but ran 9.
t/source_handler.t (Wstat: 65280 Tests: 11 Failed: 2)
Failed tests: 10-11
Non-zero exit status: 255
Parse errors: Bad plan. You planned 12 tests but ran 11.
Files=6, Tests=28, 1 wallclock secs ( 0.03 usr 0.03 sys + 0.40 cusr 0.11 csys = 0.57 CPU)
Result: FAIL
Failed 2/6 test programs. 4/28 subtests failed.
make: *** [Makefile:910: test_dynamic] Error 255
------------------------------
PREREQUISITES
------------------------------
Prerequisite modules loaded:
requires:
Module Need Have
------------------- ---- --------
App::Prove 3.22 3.42
Carp 0 1.50
Config 0 5.028001
Cwd 0 3.75
File::Spec 0 3.75
Getopt::Long 0 2.5
IO::File 0 1.39
IO::Select 0 1.39
IO::Socket::INET 0 1.39
Sys::Hostname 0 1.22
Test::More 0 1.302141
build_requires:
Module Need Have
------------------- ---- --------
Test::Builder 0 1.302141
Test::Fatal 0 0.014
Test::Requires 0 0.10
configure_requires:
Module Need Have
------------------- ---- --------
ExtUtils::MakeMaker 0 7.34
------------------------------
ENVIRONMENT AND OTHER CONTEXT
------------------------------
Environment variables:
AUTOMATED_TESTING = 1
LANG = en_US.UTF-8
PATH = /home/sand/bin:/usr/local/bin:/usr/local/sbin:/usr/sbin:/usr/bin:/sbin:/bin:/usr/games:/usr/local/games:/usr/local/perl/bin:/usr/X11/bin
PERL5LIB = /tmp/loop_over_bdir-25983-0lItWf/Test-Perinci-CmdLine-1.47-0/blib/arch:/tmp/loop_over_bdir-25983-0lItWf/Test-Perinci-CmdLine-1.47-0/blib/lib
PERL5OPT =
PERL5_CPANPLUS_IS_RUNNING = 23475
PERL5_CPAN_IS_RUNNING = 23475
PERL_CANARY_STABILITY_NOPROMPT = 1
PERL_MM_USE_DEFAULT = 1
PERL_USE_UNSAFE_INC = 1
SHELL = /usr/bin/zsh
TERM = screen
Perl special variables (and OS-specific diagnostics, for MSWin32):
$^X = /tmp/basesmoker-reloperl-qyBN/bin/perl
$UID/$EUID = 1005 / 1005
$GID = 1005 1005
$EGID = 1005 1005
Perl module toolchain versions installed:
Module Have
------------------- --------
CPAN 2.22
CPAN::Meta 2.150010
Cwd 3.75
ExtUtils::CBuilder 0.280230
ExtUtils::Command 7.34
ExtUtils::Install 2.14
ExtUtils::MakeMaker 7.34
ExtUtils::Manifest 1.71
ExtUtils::ParseXS 3.39
File::Spec 3.75
JSON 4.00
JSON::PP 4.00
Module::Build 0.4224
Module::Signature 0.83
Parse::CPAN::Meta 2.150010
Test::Harness 3.42
Test::More 1.302141
YAML 1.27
YAML::Syck 1.31
version 0.9924
--
Summary of my perl5 (revision 5 version 28 subversion 1) configuration:
Commit id: 63afdf6c0f65af480aa5bb9ccba9f46dae52f6fc
Platform:
osname=linux
osvers=4.18.0-12-generic
archname=x86_64-linux-thread-multi
uname='linux k93cosmic 4.18.0-12-generic #13-ubuntu smp wed nov 14 15:17:05 utc 2018 x86_64 x86_64 x86_64 gnulinux '
config_args='-Dprefix=/home/sand/src/perl/repoperls/installed-perls/host/k93cosmic/v5.28.1/cf9c -Dmyhostname=k93cosmic -Dinstallusrbinperl=n -Uversiononly -Dusedevel -des -Ui_db -Dlibswanted=cl pthread socket inet nsl gdbm dbm malloc dl ld sun m crypt sec util c cposix posix ucb BSD gdbm_compat -Duseithreads -Uuselongdouble -DEBUGGING=-g'
hint=recommended
useposix=true
d_sigaction=define
useithreads=define
usemultiplicity=define
use64bitint=define
use64bitall=define
uselongdouble=undef
usemymalloc=n
default_inc_excludes_dot=define
bincompat5005=undef
Compiler:
cc='cc'
ccflags ='-D_REENTRANT -D_GNU_SOURCE -fwrapv -fno-strict-aliasing -pipe -fstack-protector-strong -I/usr/local/include -D_LARGEFILE_SOURCE -D_FILE_OFFSET_BITS=64'
optimize='-O2 -g'
cppflags='-D_REENTRANT -D_GNU_SOURCE -fwrapv -fno-strict-aliasing -pipe -fstack-protector-strong -I/usr/local/include'
ccversion=''
gccversion='8.2.0'
gccosandvers=''
intsize=4
longsize=8
ptrsize=8
doublesize=8
byteorder=12345678
doublekind=3
d_longlong=define
longlongsize=8
d_longdbl=define
longdblsize=16
longdblkind=3
ivtype='long'
ivsize=8
nvtype='double'
nvsize=8
Off_t='off_t'
lseeksize=8
alignbytes=8
prototype=define
Linker and Libraries:
ld='cc'
ldflags =' -fstack-protector-strong -L/usr/local/lib'
libpth=/usr/local/lib /usr/lib/gcc/x86_64-linux-gnu/8/include-fixed /usr/include/x86_64-linux-gnu /usr/lib /lib/x86_64-linux-gnu /lib/../lib /usr/lib/x86_64-linux-gnu /usr/lib/../lib /lib
libs=-lpthread -lnsl -ldl -lm -lcrypt -lutil -lc
perllibs=-lpthread -lnsl -ldl -lm -lcrypt -lutil -lc
libc=libc-2.28.so
so=so
useshrplib=false
libperl=libperl.a
gnulibc_version='2.28'
Dynamic Linking:
dlsrc=dl_dlopen.xs
dlext=so
d_dlsymun=undef
ccdlflags='-Wl,-E'
cccdlflags='-fPIC'
lddlflags='-shared -O2 -g -L/usr/local/lib -fstack-protector-strong'
Characteristics of this binary (from libperl):
Compile-time options:
HAS_TIMES
MULTIPLICITY
PERLIO_LAYERS
PERL_COPY_ON_WRITE
PERL_DONT_CREATE_GVSV
PERL_IMPLICIT_CONTEXT
PERL_MALLOC_WRAP
PERL_OP_PARENT
PERL_PRESERVE_IVUV
PERL_USE_DEVEL
USE_64_BIT_ALL
USE_64_BIT_INT
USE_ITHREADS
USE_LARGE_FILES
USE_LOCALE
USE_LOCALE_COLLATE
USE_LOCALE_CTYPE
USE_LOCALE_NUMERIC
USE_LOCALE_TIME
USE_PERLIO
USE_PERL_ATOF
USE_REENTRANT_API
Built under linux
Compiled at Dec 16 2018 12:25:03
%ENV:
PERL5LIB="/tmp/loop_over_bdir-25983-0lItWf/Test-Perinci-CmdLine-1.47-0/blib/arch:/tmp/loop_over_bdir-25983-0lItWf/Test-Perinci-CmdLine-1.47-0/blib/lib"
PERL5OPT=""
PERL5_CPANPLUS_IS_RUNNING="23475"
PERL5_CPAN_IS_RUNNING="23475"
PERL_CANARY_STABILITY_NOPROMPT="1"
PERL_MM_USE_DEFAULT="1"
PERL_USE_UNSAFE_INC="1"
@INC:
/tmp/loop_over_bdir-25983-0lItWf/Test-Perinci-CmdLine-1.47-0/blib/arch
/tmp/loop_over_bdir-25983-0lItWf/Test-Perinci-CmdLine-1.47-0/blib/lib
/home/sand/src/perl/repoperls/installed-perls/host/k93cosmic/v5.28.1/cf9c/lib/site_perl/5.28.1/x86_64-linux-thread-multi
/home/sand/src/perl/repoperls/installed-perls/host/k93cosmic/v5.28.1/cf9c/lib/site_perl/5.28.1
/home/sand/src/perl/repoperls/installed-perls/host/k93cosmic/v5.28.1/cf9c/lib/5.28.1/x86_64-linux-thread-multi
/home/sand/src/perl/repoperls/installed-perls/host/k93cosmic/v5.28.1/cf9c/lib/5.28.1
.