Back
From: metabase:user:314402c4-2aae-11df-837a-5e0a49663a4f
Subject: FAIL File-DigestStore-1.008 v5.18.4 GNU/Linux
Date: 2015-02-08T10:26:41Z
This distribution has been tested as part of the CPAN Testers
project, supporting the Perl programming language. See
http://wiki.cpantesters.org/ for more information or email
questions to cpan-testers-discuss@perl.org
--
Dear Peter Corlett,
This is a computer-generated report for File-DigestStore-1.008
on perl 5.18.4, created by CPAN-Reporter-1.2011.
Thank you for uploading your work to CPAN. However, there was a problem
testing your distribution.
If you think this report is invalid, please consult the CPAN Testers Wiki
for suggestions on how to avoid getting FAIL reports for missing library
or binary dependencies, unsupported operating systems, and so on:
http://wiki.cpantesters.org/wiki/CPANAuthorNotes
Sections of this report:
* Tester comments
* Program output
* Prerequisites
* Environment and other context
------------------------------
TESTER COMMENTS
------------------------------
Additional comments from tester:
none provided
------------------------------
PROGRAM OUTPUT
------------------------------
Output from '/usr/bin/make test':
PERL_DL_NONLAZY=1 "/bbbike/perl-5.18.4t/bin/perl" "-MExtUtils::Command::MM" "-MTest::Harness" "-e" "undef *Test::Harness::Switches; test_harness(0, 'blib/lib', 'blib/arch')" t/*.t
t/00-compile.t .................. ok
t/author-critic.t ............... skipped: these tests are for testing by the author
# Failed test 'fails on unreadable file'
# at t/lib/File/DigestStore/Test/Storage.pm line 71.
# (in File::DigestStore::Test::Storage->test_store_missing_file)
# expecting: Regexp ((?^:No such file or directory))
# found: Can't read /var/tmp/cpansmoker-1001/FLRoTxAasJ/this/is/an/invalid/filename: Datei oder Verzeichnis nicht gefunden at /tmpfs/.cpan-build/File-DigestStore-1.008-frILXs/blib/lib/File/DigestStore.pm line 164.
# File::DigestStore::_readfile() called at /tmpfs/.cpan-build/File-DigestStore-1.008-frILXs/blib/lib/File/DigestStore.pm line 42
# File::DigestStore::store_path() called at t/lib/File/DigestStore/Test/Storage.pm line 69
# Test::Exception::throws_ok() called at t/lib/File/DigestStore/Test/Storage.pm line 71
# File::DigestStore::Test::Storage::test_store_missing_file() called at /opt/perl-5.18.4t/lib/site_perl/5.18.4/Test/Class.pm line 293
# Test::Class::try {...} () called at /opt/perl-5.18.4t/lib/site_perl/5.18.4/Try/Tiny.pm line 76
# eval {...} called at /opt/perl-5.18.4t/lib/site_perl/5.18.4/Try/Tiny.pm line 72
# Try::Tiny::try() called at /opt/perl-5.18.4t/lib/site_perl/5.18.4/Test/Class.pm line 293
# Test::Class::_run_method() called at /opt/perl-5.18.4t/lib/site_perl/5.18.4/Test/Class.pm line 395
# Test::Class::runtests() called at t/File-DigestStore.t line 9
# Looks like you failed 1 test of 43.
t/File-DigestStore.t ............
Dubious, test returned 1 (wstat 256, 0x100)
Failed 1/43 subtests
t/release-consistent-version.t .. skipped: these tests are for release candidate testing
t/release-cpan-changes.t ........ skipped: these tests are for release candidate testing
t/release-distmeta.t ............ skipped: these tests are for release candidate testing
t/release-eol.t ................. skipped: these tests are for release candidate testing
t/release-has-version.t ......... skipped: these tests are for release candidate testing
t/release-kwalitee.t ............ skipped: these tests are for release candidate testing
t/release-minimum-version.t ..... skipped: these tests are for release candidate testing
t/release-no-tabs.t ............. skipped: these tests are for release candidate testing
t/release-pod-coverage.t ........ skipped: these tests are for release candidate testing
t/release-pod-syntax.t .......... skipped: these tests are for release candidate testing
t/release-portability.t ......... skipped: these tests are for release candidate testing
t/release-synopsis.t ............ skipped: these tests are for release candidate testing
t/release-unused-vars.t ......... skipped: these tests are for release candidate testing
Test Summary Report
-------------------
t/File-DigestStore.t (Wstat: 256 Tests: 43 Failed: 1)
Failed test: 26
Non-zero exit status: 1
Files=16, Tests=44, 1 wallclock secs ( 0.04 usr 0.10 sys + 0.91 cusr 0.39 csys = 1.44 CPU)
Result: FAIL
Failed 1/16 test programs. 1/44 subtests failed.
make: *** [test_dynamic] Fehler 255
------------------------------
PREREQUISITES
------------------------------
Prerequisite modules loaded:
requires:
Module Need Have
---------------------------- ---- --------
Algorithm::Nhash 0 0.002
Digest 0 1.17
IO::File 0 1.16
Moose 0 2.1402
Moose::Util::TypeConstraints 0 2.1402
MooseX::Types 0 0.45
MooseX::Types::Moose 0 0.45
MooseX::Types::Path::Class 0 0.06
Path::Class 0 0.35
Sys::Hostname 0 1.17
build_requires:
Module Need Have
---------------------------- ---- --------
English 0 1.06_01
File::Find 0 1.23
File::stat 0 1.07
File::Temp 0 0.2304
Moose::Role 0 2.1402
strict 0 1.07
Test::Class 0 0.48
Test::Exception 0 0.35
Test::More 0 1.001009
warnings 0 1.18
configure_requires:
Module Need Have
---------------------------- ---- --------
ExtUtils::MakeMaker 6.30 7.02
------------------------------
ENVIRONMENT AND OTHER CONTEXT
------------------------------
Environment variables:
DBIC_NO_WARN_BAD_PERL = 1
LANG = C
LC_ALL = de_DE.UTF-8
PATH = /usr/local/bin:/usr/bin:/bin:/usr/local/sbin:/usr/sbin:/sbin:/home/eserte/bin/linux-gnu:/home/eserte/bin/sh:/home/eserte/bin:/usr/games:/home/eserte/devel:/home/eserte/src/srezic-misc/scripts
PERL5LIB = /home/eserte/.cpan/build/Algorithm-Nhash-0.002-VM1wJS/blib/arch:/home/eserte/.cpan/build/Algorithm-Nhash-0.002-VM1wJS/blib/lib
PERL5OPT =
PERL5_CPANPLUS_IS_RUNNING = 9718
PERL5_CPAN_IS_RUNNING = 9718
PERL5_CPAN_IS_RUNNING_IN_RECURSION = 6753,9718
PERLDOC = -MPod::Perldoc::ToTextOverstrike
PERL_BATCH = yes
PERL_CPAN_REPORTER_CONFIG = /var/tmp/cpansmoker-1001/f6yEKuCAdu_config.ini
PERL_EXTUTILS_AUTOINSTALL = --defaultdeps
PERL_HTML_DISPLAY_CLASS = HTML::Display::Mozilla
SHELL = /bin/zsh
TERM = screen
TMPDIR = /var/tmp/cpansmoker-1001
Perl special variables (and OS-specific diagnostics, for MSWin32):
$^X = /bbbike/perl-5.18.4t/bin/perl
$UID/$EUID = 1001 / 1001
$GID = 1001 109 1001
$EGID = 1001 109 1001
Perl module toolchain versions installed:
Module Have
------------------- --------
CPAN 2.00
CPAN::Meta 2.142690
Cwd 3.47
ExtUtils::CBuilder 0.280210
ExtUtils::Command 1.17
ExtUtils::Install 1.59
ExtUtils::MakeMaker 7.02
ExtUtils::Manifest 1.68
ExtUtils::ParseXS 3.24
File::Spec 3.47
JSON 2.90
JSON::PP 2.27203
Module::Build 0.4210
Module::Signature 0.73
Parse::CPAN::Meta 1.4414
Test::Harness 3.34
Test::More 1.001009
YAML 1.13
YAML::Syck 1.27
version 0.9909
--
Summary of my perl5 (revision 5 version 18 subversion 4) configuration:
Platform:
osname=linux, osvers=3.2.0-4-amd64, archname=x86_64-linux-thread-multi
uname='linux eserte 3.2.0-4-amd64 #1 smp debian 3.2.63-2+deb7u1 x86_64 gnulinux '
config_args='-ds -e -Dprefix=/opt/perl-5.18.4t -Dusethreads'
hint=recommended, useposix=true, d_sigaction=define
useithreads=define, usemultiplicity=define
useperlio=define, d_sfio=undef, uselargefiles=define, usesocks=undef
use64bitint=define, use64bitall=define, uselongdouble=undef
usemymalloc=n, bincompat5005=undef
Compiler:
cc='cc', ccflags ='-D_REENTRANT -D_GNU_SOURCE -fno-strict-aliasing -pipe -fstack-protector -I/usr/local/include -D_LARGEFILE_SOURCE -D_FILE_OFFSET_BITS=64',
optimize='-O2',
cppflags='-D_REENTRANT -D_GNU_SOURCE -fno-strict-aliasing -pipe -fstack-protector -I/usr/local/include'
ccversion='', gccversion='4.7.2', gccosandvers=''
intsize=4, longsize=8, ptrsize=8, doublesize=8, byteorder=12345678
d_longlong=define, longlongsize=8, d_longdbl=define, longdblsize=16
ivtype='long', ivsize=8, nvtype='double', nvsize=8, Off_t='off_t', lseeksize=8
alignbytes=8, prototype=define
Linker and Libraries:
ld='cc', ldflags =' -fstack-protector -L/usr/local/lib'
libpth=/usr/local/lib /lib/x86_64-linux-gnu /lib/../lib /usr/lib/x86_64-linux-gnu /usr/lib/../lib /lib /usr/lib
libs=-lnsl -ldb -ldl -lm -lcrypt -lutil -lpthread -lc
perllibs=-lnsl -ldl -lm -lcrypt -lutil -lpthread -lc
libc=, so=so, useshrplib=false, libperl=libperl.a
gnulibc_version='2.13'
Dynamic Linking:
dlsrc=dl_dlopen.xs, dlext=so, d_dlsymun=undef, ccdlflags='-Wl,-E'
cccdlflags='-fPIC', lddlflags='-shared -O2 -L/usr/local/lib -fstack-protector'
Characteristics of this binary (from libperl):
Compile-time options: HAS_TIMES MULTIPLICITY PERLIO_LAYERS
PERL_DONT_CREATE_GVSV
PERL_HASH_FUNC_ONE_AT_A_TIME_HARD
PERL_IMPLICIT_CONTEXT PERL_MALLOC_WRAP
PERL_PRESERVE_IVUV PERL_SAWAMPERSAND USE_64_BIT_ALL
USE_64_BIT_INT USE_ITHREADS USE_LARGE_FILES
USE_LOCALE USE_LOCALE_COLLATE USE_LOCALE_CTYPE
USE_LOCALE_NUMERIC USE_PERLIO USE_PERL_ATOF
USE_REENTRANT_API
Built under linux
Compiled at Nov 15 2014 13:31:56
%ENV:
PERL5LIB="/home/eserte/.cpan/build/Algorithm-Nhash-0.002-VM1wJS/blib/arch:/home/eserte/.cpan/build/Algorithm-Nhash-0.002-VM1wJS/blib/lib"
PERL5OPT=""
PERL5_CPANPLUS_IS_RUNNING="9718"
PERL5_CPAN_IS_RUNNING="9718"
PERL5_CPAN_IS_RUNNING_IN_RECURSION="6753,9718"
PERLDOC="-MPod::Perldoc::ToTextOverstrike"
PERL_BATCH="yes"
PERL_CPAN_REPORTER_CONFIG="/var/tmp/cpansmoker-1001/f6yEKuCAdu_config.ini"
PERL_EXTUTILS_AUTOINSTALL="--defaultdeps"
PERL_HTML_DISPLAY_CLASS="HTML::Display::Mozilla"
@INC:
/home/eserte/.cpan/build/Algorithm-Nhash-0.002-VM1wJS/blib/arch
/home/eserte/.cpan/build/Algorithm-Nhash-0.002-VM1wJS/blib/lib
/opt/perl-5.18.4t/lib/site_perl/5.18.4/x86_64-linux-thread-multi
/opt/perl-5.18.4t/lib/site_perl/5.18.4
/opt/perl-5.18.4t/lib/5.18.4/x86_64-linux-thread-multi
/opt/perl-5.18.4t/lib/5.18.4
.