Net-DNS-SPF-Expander v0.021 Perl 5 v5.8.9 x86_64-linux

Status
Fail
From
Slaven Rezić (SREZIC)
Dist
Net-DNS-SPF-Expander v0.021
Platform
Perl 5 v5.8.9 x86_64-linux
Date
2019-08-07 05:05:27
ID
f8e10a4c-b8d0-11e9-b252-d7881f24ea8f
This distribution has been tested as part of the CPAN Testers
project, supporting the Perl programming language.  See
http://wiki.cpantesters.org/ for more information or email
questions to cpan-testers-discuss@perl.org


--
Dear Amiri Barksdale,

This is a computer-generated report for Net-DNS-SPF-Expander-0.021
on perl 5.8.9, created by CPAN-Reporter-1.2018.

Thank you for uploading your work to CPAN.  However, there was a problem
testing your distribution.

If you think this report is invalid, please consult the CPAN Testers Wiki
for suggestions on how to avoid getting FAIL reports for missing library
or binary dependencies, unsupported operating systems, and so on:

http://wiki.cpantesters.org/wiki/CPANAuthorNotes

Sections of this report:

    * Tester comments
    * Program output
    * Prerequisites
    * Environment and other context

------------------------------
TESTER COMMENTS
------------------------------

Additional comments from tester:

none provided

------------------------------
PROGRAM OUTPUT
------------------------------

Output from '/usr/bin/make test':

PERL_DL_NONLAZY=1 "/opt/perl-5.8.9/bin/perl" "-MExtUtils::Command::MM" "-MTest::Harness" "-e" "undef *Test::Harness::Switches; test_harness(0, 'blib/lib', 'blib/arch')" t/*.t
Backslash found where operator expected at lib/Net/DNS/SPF/Expander.pm line 918, near "(my $origin         = $self->origin) =~ s/\"
  (Might be a runaway multi-line // string starting on line 884)
	(Missing operator before \?)
"my" variable @record_strings masks earlier declaration in same scope at lib/Net/DNS/SPF/Expander.pm line 919.
"my" variable @containing_records masks earlier declaration in same scope at lib/Net/DNS/SPF/Expander.pm line 921.
"my" variable $i masks earlier declaration in same scope at lib/Net/DNS/SPF/Expander.pm line 936.
"my" variable $master_record masks earlier declaration in same scope at lib/Net/DNS/SPF/Expander.pm line 946.
"my" variable $domain masks earlier declaration in same scope at lib/Net/DNS/SPF/Expander.pm line 967.
"my" variable $domain masks earlier declaration in same scope at lib/Net/DNS/SPF/Expander.pm line 1036.
"my" variable $line masks earlier declaration in same scope at lib/Net/DNS/SPF/Expander.pm line 1060.
Global symbol "$value" requires explicit package name at lib/Net/DNS/SPF/Expander.pm line 884.
Global symbol "$i" requires explicit package name at lib/Net/DNS/SPF/Expander.pm line 884.
Global symbol "$value" requires explicit package name at lib/Net/DNS/SPF/Expander.pm line 884.
Global symbol "$i" requires explicit package name at lib/Net/DNS/SPF/Expander.pm line 884.
Global symbol "$domains" requires explicit package name at lib/Net/DNS/SPF/Expander.pm line 884.
syntax error at lib/Net/DNS/SPF/Expander.pm line 918, near "(my $origin         = $self->origin) =~ s/\"
Global symbol "$domains" requires explicit package name at lib/Net/DNS/SPF/Expander.pm line 952.
Global symbol "$domains" requires explicit package name at lib/Net/DNS/SPF/Expander.pm line 967.
Compilation failed in require at t/integration-idempotency.t line 5.
BEGIN failed--compilation aborted at t/integration-idempotency.t line 5.
t/integration-idempotency.t .... 
Dubious, test returned 9 (wstat 2304, 0x900)
No subtests run 
Backslash found where operator expected at lib/Net/DNS/SPF/Expander.pm line 918, near "(my $origin         = $self->origin) =~ s/\"
  (Might be a runaway multi-line // string starting on line 884)
	(Missing operator before \?)
"my" variable @record_strings masks earlier declaration in same scope at lib/Net/DNS/SPF/Expander.pm line 919.
"my" variable @containing_records masks earlier declaration in same scope at lib/Net/DNS/SPF/Expander.pm line 921.
"my" variable $i masks earlier declaration in same scope at lib/Net/DNS/SPF/Expander.pm line 936.
"my" variable $master_record masks earlier declaration in same scope at lib/Net/DNS/SPF/Expander.pm line 946.
"my" variable $domain masks earlier declaration in same scope at lib/Net/DNS/SPF/Expander.pm line 967.
"my" variable $domain masks earlier declaration in same scope at lib/Net/DNS/SPF/Expander.pm line 1036.
"my" variable $line masks earlier declaration in same scope at lib/Net/DNS/SPF/Expander.pm line 1060.
Global symbol "$value" requires explicit package name at lib/Net/DNS/SPF/Expander.pm line 884.
Global symbol "$i" requires explicit package name at lib/Net/DNS/SPF/Expander.pm line 884.
Global symbol "$value" requires explicit package name at lib/Net/DNS/SPF/Expander.pm line 884.
Global symbol "$i" requires explicit package name at lib/Net/DNS/SPF/Expander.pm line 884.
Global symbol "$domains" requires explicit package name at lib/Net/DNS/SPF/Expander.pm line 884.
syntax error at lib/Net/DNS/SPF/Expander.pm line 918, near "(my $origin         = $self->origin) =~ s/\"
Global symbol "$domains" requires explicit package name at lib/Net/DNS/SPF/Expander.pm line 952.
Global symbol "$domains" requires explicit package name at lib/Net/DNS/SPF/Expander.pm line 967.
Compilation failed in require at t/integration-multi-record.t line 5.
BEGIN failed--compilation aborted at t/integration-multi-record.t line 5.
t/integration-multi-record.t ... 
Dubious, test returned 9 (wstat 2304, 0x900)
No subtests run 
Backslash found where operator expected at lib/Net/DNS/SPF/Expander.pm line 918, near "(my $origin         = $self->origin) =~ s/\"
  (Might be a runaway multi-line // string starting on line 884)
	(Missing operator before \?)
"my" variable @record_strings masks earlier declaration in same scope at lib/Net/DNS/SPF/Expander.pm line 919.
"my" variable @containing_records masks earlier declaration in same scope at lib/Net/DNS/SPF/Expander.pm line 921.
"my" variable $i masks earlier declaration in same scope at lib/Net/DNS/SPF/Expander.pm line 936.
"my" variable $master_record masks earlier declaration in same scope at lib/Net/DNS/SPF/Expander.pm line 946.
"my" variable $domain masks earlier declaration in same scope at lib/Net/DNS/SPF/Expander.pm line 967.
"my" variable $domain masks earlier declaration in same scope at lib/Net/DNS/SPF/Expander.pm line 1036.
"my" variable $line masks earlier declaration in same scope at lib/Net/DNS/SPF/Expander.pm line 1060.
Global symbol "$value" requires explicit package name at lib/Net/DNS/SPF/Expander.pm line 884.
Global symbol "$i" requires explicit package name at lib/Net/DNS/SPF/Expander.pm line 884.
Global symbol "$value" requires explicit package name at lib/Net/DNS/SPF/Expander.pm line 884.
Global symbol "$i" requires explicit package name at lib/Net/DNS/SPF/Expander.pm line 884.
Global symbol "$domains" requires explicit package name at lib/Net/DNS/SPF/Expander.pm line 884.
syntax error at lib/Net/DNS/SPF/Expander.pm line 918, near "(my $origin         = $self->origin) =~ s/\"
Global symbol "$domains" requires explicit package name at lib/Net/DNS/SPF/Expander.pm line 952.
Global symbol "$domains" requires explicit package name at lib/Net/DNS/SPF/Expander.pm line 967.
Compilation failed in require at t/integration-single-record.t line 5.
BEGIN failed--compilation aborted at t/integration-single-record.t line 5.
t/integration-single-record.t .. 
Dubious, test returned 9 (wstat 2304, 0x900)
No subtests run 
Backslash found where operator expected at lib/Net/DNS/SPF/Expander.pm line 918, near "(my $origin         = $self->origin) =~ s/\"
  (Might be a runaway multi-line // string starting on line 884)
	(Missing operator before \?)
"my" variable @record_strings masks earlier declaration in same scope at lib/Net/DNS/SPF/Expander.pm line 919.
"my" variable @containing_records masks earlier declaration in same scope at lib/Net/DNS/SPF/Expander.pm line 921.
"my" variable $i masks earlier declaration in same scope at lib/Net/DNS/SPF/Expander.pm line 936.
"my" variable $master_record masks earlier declaration in same scope at lib/Net/DNS/SPF/Expander.pm line 946.
"my" variable $domain masks earlier declaration in same scope at lib/Net/DNS/SPF/Expander.pm line 967.
"my" variable $domain masks earlier declaration in same scope at lib/Net/DNS/SPF/Expander.pm line 1036.
"my" variable $line masks earlier declaration in same scope at lib/Net/DNS/SPF/Expander.pm line 1060.
Global symbol "$value" requires explicit package name at lib/Net/DNS/SPF/Expander.pm line 884.
Global symbol "$i" requires explicit package name at lib/Net/DNS/SPF/Expander.pm line 884.
Global symbol "$value" requires explicit package name at lib/Net/DNS/SPF/Expander.pm line 884.
Global symbol "$i" requires explicit package name at lib/Net/DNS/SPF/Expander.pm line 884.
Global symbol "$domains" requires explicit package name at lib/Net/DNS/SPF/Expander.pm line 884.
syntax error at lib/Net/DNS/SPF/Expander.pm line 918, near "(my $origin         = $self->origin) =~ s/\"
Global symbol "$domains" requires explicit package name at lib/Net/DNS/SPF/Expander.pm line 952.
Global symbol "$domains" requires explicit package name at lib/Net/DNS/SPF/Expander.pm line 967.
Compilation failed in require at t/record-value-length.t line 5.
BEGIN failed--compilation aborted at t/record-value-length.t line 5.
t/record-value-length.t ........ 
Dubious, test returned 9 (wstat 2304, 0x900)
No subtests run 

Test Summary Report
-------------------
t/integration-idempotency.t  (Wstat: 2304 Tests: 0 Failed: 0)
  Non-zero exit status: 9
  Parse errors: No plan found in TAP output
t/integration-multi-record.t (Wstat: 2304 Tests: 0 Failed: 0)
  Non-zero exit status: 9
  Parse errors: No plan found in TAP output
t/integration-single-record.t (Wstat: 2304 Tests: 0 Failed: 0)
  Non-zero exit status: 9
  Parse errors: No plan found in TAP output
t/record-value-length.t      (Wstat: 2304 Tests: 0 Failed: 0)
  Non-zero exit status: 9
  Parse errors: No plan found in TAP output
Files=4, Tests=0,  1 wallclock secs ( 0.01 usr  0.03 sys +  0.31 cusr  0.16 csys =  0.51 CPU)
Result: FAIL
Failed 4/4 test programs. 0/0 subtests failed.
Makefile:892: recipe for target 'test_dynamic' failed
make: *** [test_dynamic] Error 9

------------------------------
PREREQUISITES
------------------------------

Prerequisite modules loaded:

requires:

    Module              Need Have    
    ------------------- ---- --------
    List::AllUtils      0    0.15    
    Moo                 0    2.003004
    MooX::Options       0    4.103   
    Net::DNS::Resolver  0    1717    
    Net::DNS::ZoneFile  0    1709    
    Path::Tiny          0    0.108   
    Scalar::Util        0    1.50    
    strict              0    1.03    
    Types::Standard     0    1.004004
    warnings            0    1.05_01 

build_requires:

    Module              Need Have    
    ------------------- ---- --------
    ExtUtils::MakeMaker 0    7.34    
    IO::All             0    0.87    
    lib                 0    0.61    
    Test::Differences   0    0.67    
    Test::Exception     0    0.43    
    Test::More          0    1.302164

configure_requires:

    Module              Need Have    
    ------------------- ---- --------
    ExtUtils::MakeMaker 0    7.34    


------------------------------
ENVIRONMENT AND OTHER CONTEXT
------------------------------

Environment variables:

    LANG = C
    PATH = /usr/local/bin:/usr/bin:/bin:/usr/local/sbin:/usr/sbin:/sbin:/home/cpansand/bin/linux-gnu:/home/cpansand/bin/sh:/home/cpansand/bin:/usr/games:/home/cpansand/devel:/home/eserte/src/srezic-misc/scripts
    PERL5LIB = 
    PERL5OPT = 
    PERL5_CPANPLUS_IS_RUNNING = 32548
    PERL5_CPAN_IS_RUNNING = 32548
    PERL5_CPAN_IS_RUNNING_IN_RECURSION = 11779,32548
    PERLDOC = -MPod::Perldoc::ToTextOverstrike
    PERL_BATCH = yes
    PERL_CANARY_STABILITY_NOPROMPT = 1
    PERL_CPAN_REPORTER_CONFIG = /var/tmp/cpansmoker-1023/2019080621/cpanreporter_001_config.ini
    PERL_EXTUTILS_AUTOINSTALL = --defaultdeps
    PERL_USE_UNSAFE_INC = 1
    SHELL = /usr/bin/zsh
    TERM = screen
    TMPDIR = /var/tmp/cpansmoker-1023/2019080621

Perl special variables (and OS-specific diagnostics, for MSWin32):

    $^X = /opt/perl-5.8.9/bin/perl
    $UID/$EUID = 1023 / 1023
    $GID = 1023 1023
    $EGID = 1023 1023

Perl module toolchain versions installed:

    Module              Have    
    ------------------- --------
    CPAN                2.26    
    CPAN::Meta          2.150010
    Cwd                 3.75    
    ExtUtils::CBuilder  0.280231
    ExtUtils::Command   7.34    
    ExtUtils::Install   2.06    
    ExtUtils::MakeMaker 7.34    
    ExtUtils::Manifest  1.70    
    ExtUtils::ParseXS   3.35    
    File::Spec          3.75    
    JSON                4.02    
    JSON::PP            4.04    
    Module::Build       0.4224  
    Module::Signature   0.83    
    Parse::CPAN::Meta   2.150010
    Test::Harness       3.42    
    Test::More          1.302164
    YAML                1.29    
    YAML::Syck          1.31    
    version             0.9924  


--

Summary of my perl5 (revision 5 version 8 subversion 9) configuration:
  Platform:
    osname=linux, osvers=4.9.0-8-amd64, archname=x86_64-linux
    uname='linux eserte 4.9.0-8-amd64 #1 smp debian 4.9.130-2 (2018-10-27) x86_64 gnulinux '
    config_args='-ds -e -Dprefix=/opt/perl-5.8.9 -Dcf_email=srezic@cpan.org'
    hint=recommended, useposix=true, d_sigaction=define
    usethreads=undef use5005threads=undef useithreads=undef usemultiplicity=undef
    useperlio=define d_sfio=undef uselargefiles=define usesocks=undef
    use64bitint=define use64bitall=define uselongdouble=undef
    usemymalloc=n, bincompat5005=undef
  Compiler:
    cc='cc', ccflags ='-fno-strict-aliasing -pipe -I/usr/local/include -D_LARGEFILE_SOURCE -D_FILE_OFFSET_BITS=64',
    optimize='-O2',
    cppflags='-fno-strict-aliasing -pipe -I/usr/local/include'
    ccversion='', gccversion='6.3.0 20170516', gccosandvers=''
    intsize=4, longsize=8, ptrsize=8, doublesize=8, byteorder=12345678
    d_longlong=define, longlongsize=8, d_longdbl=define, longdblsize=16
    ivtype='long', ivsize=8, nvtype='double', nvsize=8, Off_t='off_t', lseeksize=8
    alignbytes=8, prototype=define
  Linker and Libraries:
    ld='cc', ldflags =' -L/usr/local/lib'
    libpth=/usr/local/lib /lib/x86_64-linux-gnu /lib/../lib /usr/lib/x86_64-linux-gnu /usr/lib/../lib /lib /usr/lib
    libs=-lnsl -ldb -ldl -lm -lcrypt -lutil -lc
    perllibs=-lnsl -ldl -lm -lcrypt -lutil -lc
    libc=libc-2.24.so, so=so, useshrplib=false, libperl=libperl.a
    gnulibc_version='2.24'
  Dynamic Linking:
    dlsrc=dl_dlopen.xs, dlext=so, d_dlsymun=undef, ccdlflags='-Wl,-E'
    cccdlflags='-fPIC', lddlflags='-shared -O2 -L/usr/local/lib'


Characteristics of this binary (from libperl): 
  Compile-time options: PERL_MALLOC_WRAP USE_64_BIT_ALL USE_64_BIT_INT
                        USE_FAST_STDIO USE_LARGE_FILES USE_PERLIO
  Locally applied patches:
	Devel::PatchPerl 1.46
  Built under linux
  Compiled at Jan  6 2019 06:53:49
  %ENV:
    PERL5LIB=""
    PERL5OPT=""
    PERL5_CPANPLUS_IS_RUNNING="32548"
    PERL5_CPAN_IS_RUNNING="32548"
    PERL5_CPAN_IS_RUNNING_IN_RECURSION="11779,32548"
    PERLDOC="-MPod::Perldoc::ToTextOverstrike"
    PERL_BATCH="yes"
    PERL_CANARY_STABILITY_NOPROMPT="1"
    PERL_CPAN_REPORTER_CONFIG="/var/tmp/cpansmoker-1023/2019080621/cpanreporter_001_config.ini"
    PERL_EXTUTILS_AUTOINSTALL="--defaultdeps"
    PERL_USE_UNSAFE_INC="1"
  @INC:
    /opt/perl-5.8.9/lib/5.8.9/x86_64-linux
    /opt/perl-5.8.9/lib/5.8.9
    /opt/perl-5.8.9/lib/site_perl/5.8.9/x86_64-linux
    /opt/perl-5.8.9/lib/site_perl/5.8.9
    .