Report for Exherbo-Packager-1.133000

Back
From: metabase:user:d2c9f356-b46f-11df-9a90-20a83c0b7757
Subject: NA Exherbo-Packager-1.133000 v5.10.1 SunOS/Solaris
Date: 2013-10-27T09:12:58Z

This distribution has been tested as part of the CPAN Testers
project, supporting the Perl programming language.  See
http://wiki.cpantesters.org/ for more information or email
questions to cpan-testers-discuss@perl.org


--
Dear William Orr,

This is a computer-generated report for Exherbo-Packager-1.133000
on perl 5.10.1, created by CPAN-Reporter-1.2010.

Thank you for uploading your work to CPAN.  While attempting to build or test
this distribution, the distribution signaled that support is not available
either for this operating system or this version of Perl.  Nevertheless, any
diagnostic output produced is provided below for reference.  If this is not
what you expect, you may wish to consult the CPAN Testers Wiki:

http://wiki.cpantesters.org/wiki/CPANAuthorNotes

Sections of this report:

    * Tester comments
    * Program output
    * Prerequisites
    * Environment and other context

------------------------------
TESTER COMMENTS
------------------------------

Additional comments from tester:

this report is from an automated smoke testing program
and was not reviewed by a human for accuracy

------------------------------
PROGRAM OUTPUT
------------------------------

Output from './Build test':

Perl v5.12.0 required--this is only v5.10.1, stopped at t/01-use-ok.t line 5.
BEGIN failed--compilation aborted at t/01-use-ok.t line 5.
t/01-use-ok.t .... 
Dubious, test returned 255 (wstat 65280, 0xff00)
No subtests run 
t/02-critic.t .... ok
Perl v5.12.0 required--this is only v5.10.1, stopped at t/03-packager.t line 5.
BEGIN failed--compilation aborted at t/03-packager.t line 5.
t/03-packager.t .. 
Dubious, test returned 255 (wstat 65280, 0xff00)
No subtests run 

Test Summary Report
-------------------
t/01-use-ok.t  (Wstat: 65280 Tests: 0 Failed: 0)
  Non-zero exit status: 255
  Parse errors: No plan found in TAP output
t/03-packager.t (Wstat: 65280 Tests: 0 Failed: 0)
  Non-zero exit status: 255
  Parse errors: No plan found in TAP output
Files=3, Tests=2,  6 wallclock secs ( 0.05 usr  0.03 sys +  2.07 cusr  0.25 csys =  2.40 CPU)
Result: FAIL
Failed 2/3 test programs. 0/2 subtests failed.

------------------------------
PREREQUISITES
------------------------------

Prerequisite modules loaded:

requires:

    Module              Need   Have  
    ------------------- ------ ------
    DateTime            0      1.03  
    File::Copy          0      2.14  
    Getopt::Long        0      2.42  
    MetaCPAN::API       0      0.43  
    Ouch                0      0.0408
    Pod::Usage          0      1.63  
    YAML::Any           0      0.84  

build_requires:

    Module              Need   Have  
    ------------------- ------ ------
    Module::Build       0.3601 0.4007
    Test::More          0      0.99  
    Test::Perl::Critic  0      1.02  

configure_requires:

    Module              Need   Have  
    ------------------- ------ ------
    ExtUtils::MakeMaker 6.30   6.80  
    Module::Build       0.3601 0.4007


------------------------------
ENVIRONMENT AND OTHER CONTEXT
------------------------------

Environment variables:

    AUTOMATED_TESTING = 1
    LANG = C
    LD_LIBRARY_PATH = /usr/local/lib:
    PATH = /export/home/cpantest/perl5/bin:/usr/local/bin:/usr/bin
    PERL5LIB = /export/home/cpantest/.cpan/build/MetaCPAN-API-0.43-IM9Djg/blib/arch:/export/home/cpantest/.cpan/build/MetaCPAN-API-0.43-IM9Djg/blib/lib:/export/home/cpantest/.cpan/build/Test-TinyMocker-0.04-6j9Jq2/blib/arch:/export/home/cpantest/.cpan/build/Test-TinyMocker-0.04-6j9Jq2/blib/lib:/export/home/cpantest/.cpan/build/Ouch-0.0408-OL3abu/blib/arch:/export/home/cpantest/.cpan/build/Ouch-0.0408-OL3abu/blib/lib
    PERL5OPT = 
    PERL5_CPANPLUS_IS_RUNNING = 6594
    PERL5_CPAN_IS_RUNNING = 6594
    PERL5_CPAN_IS_RUNNING_IN_RECURSION = 6264,6594
    PERL_CR_SMOKER_CURRENT = Exherbo-Packager-1.133000
    PERL_EXTUTILS_AUTOINSTALL = --defaultdeps
    PERL_MM_USE_DEFAULT = 1
    SHELL = /usr/bin/bash
    TERM = xterm

Perl special variables (and OS-specific diagnostics, for MSWin32):

    $^X = /export/home/cpantest/perl5/bin/perl
    $UID/$EUID = 100 / 100
    $GID = 1 1
    $EGID = 1 1

Perl module toolchain versions installed:

    Module              Have    
    ------------------- --------
    CPAN                2.00    
    CPAN::Meta          2.132830
    Cwd                 3.40    
    ExtUtils::CBuilder  0.280212
    ExtUtils::Command   1.18    
    ExtUtils::Install   1.54    
    ExtUtils::MakeMaker 6.80    
    ExtUtils::Manifest  1.63    
    ExtUtils::ParseXS   3.22    
    File::Spec          3.40    
    JSON                2.61    
    JSON::PP            2.27203 
    Module::Build       0.4007  
    Module::Signature   n/a     
    Parse::CPAN::Meta   1.4409  
    Test::Harness       3.29    
    Test::More          0.99    
    YAML                0.84    
    YAML::Syck          1.27    
    version             0.9904  


--

Summary of my perl5 (revision 5 version 10 subversion 1) configuration:
   
  Platform:
    osname=solaris, osvers=2.10, archname=i86pc-solaris-64int
    uname='sunos vmrz0046 5.10 generic_141445-09 i86pc i386 i86pc '
    config_args='-Dcc=gcc -Dprefix=~/perl5 -Duse64bitint -d'
    hint=recommended, useposix=true, d_sigaction=define
    useithreads=undef, usemultiplicity=undef
    useperlio=define, d_sfio=undef, uselargefiles=define, usesocks=undef
    use64bitint=define, use64bitall=undef, uselongdouble=undef
    usemymalloc=n, bincompat5005=undef
  Compiler:
    cc='gcc', ccflags ='-DPTR_IS_LONG -fno-strict-aliasing -pipe -I/usr/local/include -D_LARGEFILE_SOURCE -D_FILE_OFFSET_BITS=64 -DPERL_USE_SAFE_PUTENV -DPERL_USE_SAFE_PUTENV',
    optimize='-O',
    cppflags='-DPTR_IS_LONG -fno-strict-aliasing -pipe -I/usr/local/include'
    ccversion='', gccversion='3.4.6', gccosandvers='solaris2.10'
    intsize=4, longsize=4, ptrsize=4, doublesize=8, byteorder=12345678
    d_longlong=define, longlongsize=8, d_longdbl=define, longdblsize=12
    ivtype='long long', ivsize=8, nvtype='double', nvsize=8, Off_t='off_t', lseeksize=8
    alignbytes=4, prototype=define
  Linker and Libraries:
    ld='gcc', ldflags =' -L/usr/local/lib '
    libpth=/usr/local/lib /usr/lib /usr/ccs/lib
    libs=-lsocket -lnsl -ldl -lm -lc
    perllibs=-lsocket -lnsl -ldl -lm -lc
    libc=/lib/libc.so, so=so, useshrplib=false, libperl=libperl.a
    gnulibc_version=''
  Dynamic Linking:
    dlsrc=dl_dlopen.xs, dlext=so, d_dlsymun=undef, ccdlflags=' '
    cccdlflags='-fPIC', lddlflags='-G -L/usr/local/lib'


Characteristics of this binary (from libperl): 
  Compile-time options: PERL_DONT_CREATE_GVSV PERL_MALLOC_WRAP
                        PERL_USE_SAFE_PUTENV USE_64_BIT_INT USE_LARGE_FILES
                        USE_PERLIO
  Built under solaris
  Compiled at Mar  1 2011 16:15:56
  %ENV:
    PERL5LIB="/export/home/cpantest/.cpan/build/MetaCPAN-API-0.43-IM9Djg/blib/arch:/export/home/cpantest/.cpan/build/MetaCPAN-API-0.43-IM9Djg/blib/lib:/export/home/cpantest/.cpan/build/Test-TinyMocker-0.04-6j9Jq2/blib/arch:/export/home/cpantest/.cpan/build/Test-TinyMocker-0.04-6j9Jq2/blib/lib:/export/home/cpantest/.cpan/build/Ouch-0.0408-OL3abu/blib/arch:/export/home/cpantest/.cpan/build/Ouch-0.0408-OL3abu/blib/lib"
    PERL5OPT=""
    PERL5_CPANPLUS_IS_RUNNING="6594"
    PERL5_CPAN_IS_RUNNING="6594"
    PERL5_CPAN_IS_RUNNING_IN_RECURSION="6264,6594"
    PERL_CR_SMOKER_CURRENT="Exherbo-Packager-1.133000"
    PERL_EXTUTILS_AUTOINSTALL="--defaultdeps"
    PERL_MM_USE_DEFAULT="1"
  @INC:
    /export/home/cpantest/.cpan/build/MetaCPAN-API-0.43-IM9Djg/blib/arch
    /export/home/cpantest/.cpan/build/MetaCPAN-API-0.43-IM9Djg/blib/lib
    /export/home/cpantest/.cpan/build/Test-TinyMocker-0.04-6j9Jq2/blib/arch
    /export/home/cpantest/.cpan/build/Test-TinyMocker-0.04-6j9Jq2/blib/lib
    /export/home/cpantest/.cpan/build/Ouch-0.0408-OL3abu/blib/arch
    /export/home/cpantest/.cpan/build/Ouch-0.0408-OL3abu/blib/lib
    /export/home/cpantest/perl5/lib/5.10.1/i86pc-solaris-64int
    /export/home/cpantest/perl5/lib/5.10.1
    /export/home/cpantest/perl5/lib/site_perl/5.10.1/i86pc-solaris-64int
    /export/home/cpantest/perl5/lib/site_perl/5.10.1
    /export/home/cpantest/perl5/lib/site_perl
    .