Report for HTTP-Engine-0.03005

Back
From: metabase:user:a0e144f2-373b-11e6-8edd-c6848980b093
Subject: FAIL HTTP-Engine-0.03005 v5.26.0 GNU/Linux
Date: 2017-04-22T14:14:17Z

This distribution has been tested as part of the CPAN Testers
project, supporting the Perl programming language.  See
http://wiki.cpantesters.org/ for more information or email
questions to cpan-testers-discuss@perl.org


--
Dear Kazuhiro Osawa,

This is a computer-generated report for HTTP-Engine-0.03005
on perl 5.26.0, created by CPAN-Reporter-1.2018.

Thank you for uploading your work to CPAN.  However, there was a problem
testing your distribution.

If you think this report is invalid, please consult the CPAN Testers Wiki
for suggestions on how to avoid getting FAIL reports for missing library
or binary dependencies, unsupported operating systems, and so on:

http://wiki.cpantesters.org/wiki/CPANAuthorNotes

Sections of this report:

    * Tester comments
    * Program output
    * Prerequisites
    * Environment and other context

------------------------------
TESTER COMMENTS
------------------------------

Additional comments from tester:

this report is from an automated smoke testing program
and was not reviewed by a human for accuracy

------------------------------
PROGRAM OUTPUT
------------------------------

Output from '/usr/bin/make test':

PERL_DL_NONLAZY=1 "/home/cpan3/install/bin/perl" "-MExtUtils::Command::MM" "-MTest::Harness" "-e" "undef *Test::Harness::Switches; test_harness(0, 'inc', 'blib/lib', 'blib/arch')" t/*.t t/*/*.t t/moose/*/*.t
Possible precedence issue with control flow operator at /home/cpan3/.cpan/build/HTTP-Engine-0.03005-0/inc/Test/Builder.pm line 917.
Possible precedence issue with control flow operator at /home/cpan3/.cpan/build/HTTP-Engine-0.03005-0/inc/Test/Builder.pm line 917.
Any::Moose is deprecated. Please use Moo instead at /home/cpan3/.cpan/build/HTTP-Engine-0.03005-0/blib/lib/HTTP/Engine/Request.pm line 2.
Any::Moose is deprecated. Please use Moo instead at /home/cpan3/.cpan/build/HTTP-Engine-0.03005-0/blib/lib/HTTP/Engine.pm line 3.
# Soft dependency versions:
#  Any::Moose 0.27
#  Mouse v2.4.9
#  MooseX::Types 0.50
t/00_compile.t .............................................. ok
Possible precedence issue with control flow operator at /home/cpan3/.cpan/build/HTTP-Engine-0.03005-0/inc/Test/Builder.pm line 917.
Any::Moose is deprecated. Please use Moo instead at t/Utils.pm line 2.
t/010_core/interface-require.t .............................. ok
t/010_core/builder_options-upload_tmp.t ..................... ok
Possible precedence issue with control flow operator at /home/cpan3/.cpan/build/HTTP-Engine-0.03005-0/inc/Test/Builder.pm line 917.
Possible precedence issue with control flow operator at /home/cpan3/.cpan/build/HTTP-Engine-0.03005-0/inc/Test/Builder.pm line 917.
Any::Moose is deprecated. Please use Moo instead at t/Utils.pm line 2.
Possible precedence issue with control flow operator at /home/cpan3/.cpan/build/HTTP-Engine-0.03005-0/inc/Test/Builder.pm line 917.
Redundant argument in sprintf at /home/cpan3/.cpan/build/HTTP-Engine-0.03005-0/inc/Spiffy.pm line 222.
Redundant argument in sprintf at /home/cpan3/.cpan/build/HTTP-Engine-0.03005-0/inc/Spiffy.pm line 222.
Redundant argument in sprintf at /home/cpan3/.cpan/build/HTTP-Engine-0.03005-0/inc/Spiffy.pm line 222.
Redundant argument in sprintf at /home/cpan3/.cpan/build/HTTP-Engine-0.03005-0/inc/Spiffy.pm line 222.
Any::Moose is deprecated. Please use Moo instead at t/Utils.pm line 2.
Any::Moose is deprecated. Please use Moo instead at /home/cpan3/.cpan/build/HTTP-Engine-0.03005-0/blib/lib/HTTP/Engine/RequestBuilder/CGI.pm line 2.
t/010_core/load_requestbuilder_cgi.t ........................ ok
t/010_core/interface.t ...................................... ok
Possible precedence issue with control flow operator at /home/cpan3/.cpan/build/HTTP-Engine-0.03005-0/inc/Test/Builder.pm line 917.
Possible precedence issue with control flow operator at /home/cpan3/.cpan/build/HTTP-Engine-0.03005-0/inc/Test/Builder.pm line 917.
Any::Moose is deprecated. Please use Moo instead at /home/cpan3/.cpan/build/HTTP-Engine-0.03005-0/blib/lib/HTTP/Engine/Request.pm line 2.
t/010_core/request-absolute_uri.t ........................... ok
Any::Moose is deprecated. Please use Moo instead at /home/cpan3/.cpan/build/HTTP-Engine-0.03005-0/blib/lib/HTTP/Engine.pm line 3.
Possible precedence issue with control flow operator at /home/cpan3/.cpan/build/HTTP-Engine-0.03005-0/inc/Test/Builder.pm line 917.
Any::Moose is deprecated. Please use Moo instead at t/Utils.pm line 2.
t/010_core/request-as_string.t .............................. ok
t/010_core/request-as_http_request.t ........................ ok
t/010_core/request-body.t ................................... ok
Possible precedence issue with control flow operator at /home/cpan3/.cpan/build/HTTP-Engine-0.03005-0/inc/Test/Builder.pm line 917.
Possible precedence issue with control flow operator at /home/cpan3/.cpan/build/HTTP-Engine-0.03005-0/inc/Test/Builder.pm line 917.
Possible precedence issue with control flow operator at /home/cpan3/.cpan/build/HTTP-Engine-0.03005-0/inc/Test/Builder.pm line 917.
Any::Moose is deprecated. Please use Moo instead at /home/cpan3/.cpan/build/HTTP-Engine-0.03005-0/blib/lib/HTTP/Engine/Request.pm line 2.
Any::Moose is deprecated. Please use Moo instead at /home/cpan3/.cpan/build/HTTP-Engine-0.03005-0/blib/lib/HTTP/Engine/Request.pm line 2.
Any::Moose is deprecated. Please use Moo instead at t/Utils.pm line 2.
t/010_core/request-content.t ................................ ok
t/010_core/request-hostname.t ............................... ok
t/010_core/request-cookie.t ................................. ok
Possible precedence issue with control flow operator at /home/cpan3/.cpan/build/HTTP-Engine-0.03005-0/inc/Test/Builder.pm line 917.
Any::Moose is deprecated. Please use Moo instead at t/Utils.pm line 2.
Possible precedence issue with control flow operator at /home/cpan3/.cpan/build/HTTP-Engine-0.03005-0/inc/Test/Builder.pm line 917.
Possible precedence issue with control flow operator at /home/cpan3/.cpan/build/HTTP-Engine-0.03005-0/inc/Test/Builder.pm line 917.
Redundant argument in sprintf at /home/cpan3/.cpan/build/HTTP-Engine-0.03005-0/inc/Spiffy.pm line 222.
Redundant argument in sprintf at /home/cpan3/.cpan/build/HTTP-Engine-0.03005-0/inc/Spiffy.pm line 222.
Redundant argument in sprintf at /home/cpan3/.cpan/build/HTTP-Engine-0.03005-0/inc/Spiffy.pm line 222.
Redundant argument in sprintf at /home/cpan3/.cpan/build/HTTP-Engine-0.03005-0/inc/Spiffy.pm line 222.
Any::Moose is deprecated. Please use Moo instead at /home/cpan3/.cpan/build/HTTP-Engine-0.03005-0/blib/lib/HTTP/Engine/Request.pm line 2.
Any::Moose is deprecated. Please use Moo instead at /home/cpan3/.cpan/build/HTTP-Engine-0.03005-0/blib/lib/HTTP/Engine/Request.pm line 2.
t/010_core/request-parameters.t ............................. ok
Possible precedence issue with control flow operator at /home/cpan3/.cpan/build/HTTP-Engine-0.03005-0/inc/Test/Builder.pm line 917.
t/010_core/request-many_upload.t ............................ ok
Any::Moose is deprecated. Please use Moo instead at /home/cpan3/.cpan/build/HTTP-Engine-0.03005-0/blib/lib/HTTP/Engine/Request.pm line 2.
Possible precedence issue with control flow operator at /home/cpan3/.cpan/build/HTTP-Engine-0.03005-0/inc/Test/Builder.pm line 917.
Redundant argument in sprintf at /home/cpan3/.cpan/build/HTTP-Engine-0.03005-0/inc/Spiffy.pm line 222.
Redundant argument in sprintf at /home/cpan3/.cpan/build/HTTP-Engine-0.03005-0/inc/Spiffy.pm line 222.
Redundant argument in sprintf at /home/cpan3/.cpan/build/HTTP-Engine-0.03005-0/inc/Spiffy.pm line 222.
Redundant argument in sprintf at /home/cpan3/.cpan/build/HTTP-Engine-0.03005-0/inc/Spiffy.pm line 222.
Any::Moose is deprecated. Please use Moo instead at /home/cpan3/.cpan/build/HTTP-Engine-0.03005-0/blib/lib/HTTP/Engine/Request.pm line 2.
t/010_core/request-parse.t .................................. ok
t/010_core/request-params.t ................................. ok
Possible precedence issue with control flow operator at /home/cpan3/.cpan/build/HTTP-Engine-0.03005-0/inc/Test/Builder.pm line 917.
Any::Moose is deprecated. Please use Moo instead at /home/cpan3/.cpan/build/HTTP-Engine-0.03005-0/blib/lib/HTTP/Engine/Request.pm line 2.
Possible precedence issue with control flow operator at /home/cpan3/.cpan/build/HTTP-Engine-0.03005-0/inc/Test/Builder.pm line 917.
Any::Moose is deprecated. Please use Moo instead at t/Utils.pm line 2.
t/010_core/request-raw_body.t ............................... ok
t/010_core/request-proxy_request.t .......................... ok
t/010_core/request-readbody.t ............................... ok
Possible precedence issue with control flow operator at /home/cpan3/.cpan/build/HTTP-Engine-0.03005-0/inc/Test/Builder.pm line 917.
Possible precedence issue with control flow operator at /home/cpan3/.cpan/build/HTTP-Engine-0.03005-0/inc/Test/Builder.pm line 917.
Redundant argument in sprintf at /home/cpan3/.cpan/build/HTTP-Engine-0.03005-0/inc/Spiffy.pm line 222.
Redundant argument in sprintf at /home/cpan3/.cpan/build/HTTP-Engine-0.03005-0/inc/Spiffy.pm line 222.
Redundant argument in sprintf at /home/cpan3/.cpan/build/HTTP-Engine-0.03005-0/inc/Spiffy.pm line 222.
Redundant argument in sprintf at /home/cpan3/.cpan/build/HTTP-Engine-0.03005-0/inc/Spiffy.pm line 222.
Any::Moose is deprecated. Please use Moo instead at /home/cpan3/.cpan/build/HTTP-Engine-0.03005-0/blib/lib/HTTP/Engine/Request.pm line 2.
Any::Moose is deprecated. Please use Moo instead at /home/cpan3/.cpan/build/HTTP-Engine-0.03005-0/blib/lib/HTTP/Engine/Request.pm line 2.
Possible precedence issue with control flow operator at /home/cpan3/.cpan/build/HTTP-Engine-0.03005-0/inc/Test/Builder.pm line 917.
Redundant argument in sprintf at /home/cpan3/.cpan/build/HTTP-Engine-0.03005-0/inc/Spiffy.pm line 222.
Redundant argument in sprintf at /home/cpan3/.cpan/build/HTTP-Engine-0.03005-0/inc/Spiffy.pm line 222.
Redundant argument in sprintf at /home/cpan3/.cpan/build/HTTP-Engine-0.03005-0/inc/Spiffy.pm line 222.
Redundant argument in sprintf at /home/cpan3/.cpan/build/HTTP-Engine-0.03005-0/inc/Spiffy.pm line 222.
Any::Moose is deprecated. Please use Moo instead at /home/cpan3/.cpan/build/HTTP-Engine-0.03005-0/blib/lib/HTTP/Engine/Request.pm line 2.
t/010_core/request-upload.t ................................. ok
t/010_core/request-secure.t ................................. ok
Possible precedence issue with control flow operator at /home/cpan3/.cpan/build/HTTP-Engine-0.03005-0/inc/Test/Builder.pm line 917.
Any::Moose is deprecated. Please use Moo instead at t/Utils.pm line 2.
Possible precedence issue with control flow operator at /home/cpan3/.cpan/build/HTTP-Engine-0.03005-0/inc/Test/Builder.pm line 917.
Any::Moose is deprecated. Please use Moo instead at /home/cpan3/.cpan/build/HTTP-Engine-0.03005-0/blib/lib/HTTP/Engine/Request.pm line 2.
t/010_core/request.t ........................................ ok
Possible precedence issue with control flow operator at /home/cpan3/.cpan/build/HTTP-Engine-0.03005-0/inc/Test/Builder.pm line 917.
t/010_core/request_builder-noenv.t .......................... ok
Any::Moose is deprecated. Please use Moo instead at t/Utils.pm line 2.
Possible precedence issue with control flow operator at /home/cpan3/.cpan/build/HTTP-Engine-0.03005-0/inc/Test/Builder.pm line 917.
Any::Moose is deprecated. Please use Moo instead at t/Utils.pm line 2.
t/010_core/request_processor-catch_error.t .................. ok
t/010_core/request-uri.t .................................... ok
t/010_core/request_processor-make_request.t ................. ok
Possible precedence issue with control flow operator at /home/cpan3/.cpan/build/HTTP-Engine-0.03005-0/inc/Test/Builder.pm line 917.
Any::Moose is deprecated. Please use Moo instead at t/Utils.pm line 2.
Possible precedence issue with control flow operator at /home/cpan3/.cpan/build/HTTP-Engine-0.03005-0/inc/Test/Builder.pm line 917.
Any::Moose is deprecated. Please use Moo instead at /home/cpan3/.cpan/build/HTTP-Engine-0.03005-0/blib/lib/HTTP/Engine.pm line 3.
t/010_core/request_upload-basename.t ........................ ok
Possible precedence issue with control flow operator at /home/cpan3/.cpan/build/HTTP-Engine-0.03005-0/inc/Test/Builder.pm line 917.
Any::Moose is deprecated. Please use Moo instead at /home/cpan3/.cpan/build/HTTP-Engine-0.03005-0/blib/lib/HTTP/Engine/Response.pm line 2.
t/010_core/response-code.t .................................. ok
Possible precedence issue with control flow operator at /home/cpan3/.cpan/build/HTTP-Engine-0.03005-0/inc/Test/Builder.pm line 917.
Possible precedence issue with control flow operator at /home/cpan3/.cpan/build/HTTP-Engine-0.03005-0/inc/Test/Builder.pm line 917.
t/010_core/request_processor-response_error.t ............... ok
Any::Moose is deprecated. Please use Moo instead at /home/cpan3/.cpan/build/HTTP-Engine-0.03005-0/blib/lib/HTTP/Engine/Response.pm line 2.
Any::Moose is deprecated. Please use Moo instead at /home/cpan3/.cpan/build/HTTP-Engine-0.03005-0/blib/lib/HTTP/Engine/Response.pm line 2.
Possible precedence issue with control flow operator at /home/cpan3/.cpan/build/HTTP-Engine-0.03005-0/inc/Test/Builder.pm line 917.
Any::Moose is deprecated. Please use Moo instead at t/Utils.pm line 2.
t/010_core/response-content_length.t ........................ ok
t/010_core/response-coerce_headers.t ........................ ok
t/010_core/response-cookie.t ................................ ok
Possible precedence issue with control flow operator at /home/cpan3/.cpan/build/HTTP-Engine-0.03005-0/inc/Test/Builder.pm line 917.
Possible precedence issue with control flow operator at /home/cpan3/.cpan/build/HTTP-Engine-0.03005-0/inc/Test/Builder.pm line 917.
Any::Moose is deprecated. Please use Moo instead at /home/cpan3/.cpan/build/HTTP-Engine-0.03005-0/blib/lib/HTTP/Engine/Response.pm line 2.
Possible precedence issue with control flow operator at /home/cpan3/.cpan/build/HTTP-Engine-0.03005-0/inc/Test/Builder.pm line 917.
Redundant argument in sprintf at /home/cpan3/.cpan/build/HTTP-Engine-0.03005-0/inc/Spiffy.pm line 222.
Redundant argument in sprintf at /home/cpan3/.cpan/build/HTTP-Engine-0.03005-0/inc/Spiffy.pm line 222.
Redundant argument in sprintf at /home/cpan3/.cpan/build/HTTP-Engine-0.03005-0/inc/Spiffy.pm line 222.
Redundant argument in sprintf at /home/cpan3/.cpan/build/HTTP-Engine-0.03005-0/inc/Spiffy.pm line 222.
Any::Moose is deprecated. Please use Moo instead at /home/cpan3/.cpan/build/HTTP-Engine-0.03005-0/blib/lib/HTTP/Engine/Response.pm line 2.
t/010_core/response-new.t ................................... ok
Any::Moose is deprecated. Please use Moo instead at /home/cpan3/.cpan/build/HTTP-Engine-0.03005-0/blib/lib/HTTP/Engine/Response.pm line 2.
t/010_core/response-set_http_response.t ..................... ok
Possible precedence issue with control flow operator at /home/cpan3/.cpan/build/HTTP-Engine-0.03005-0/inc/Test/Builder.pm line 917.
Any::Moose is deprecated. Please use Moo instead at /home/cpan3/.cpan/build/HTTP-Engine-0.03005-0/blib/lib/HTTP/Engine/Response.pm line 2.
t/010_core/response-status.t ................................ ok
t/010_core/response.t ....................................... ok
Possible precedence issue with control flow operator at /home/cpan3/.cpan/build/HTTP-Engine-0.03005-0/inc/Test/Builder.pm line 917.
Redundant argument in sprintf at /home/cpan3/.cpan/build/HTTP-Engine-0.03005-0/inc/Spiffy.pm line 222.
Redundant argument in sprintf at /home/cpan3/.cpan/build/HTTP-Engine-0.03005-0/inc/Spiffy.pm line 222.
Redundant argument in sprintf at /home/cpan3/.cpan/build/HTTP-Engine-0.03005-0/inc/Spiffy.pm line 222.
Redundant argument in sprintf at /home/cpan3/.cpan/build/HTTP-Engine-0.03005-0/inc/Spiffy.pm line 222.
Any::Moose is deprecated. Please use Moo instead at /home/cpan3/.cpan/build/HTTP-Engine-0.03005-0/blib/lib/HTTP/Engine.pm line 3.
Possible precedence issue with control flow operator at /home/cpan3/.cpan/build/HTTP-Engine-0.03005-0/inc/Test/Builder.pm line 917.
Any::Moose is deprecated. Please use Moo instead at /home/cpan3/.cpan/build/HTTP-Engine-0.03005-0/blib/lib/HTTP/Engine/Request.pm line 2.
Possible precedence issue with control flow operator at /home/cpan3/.cpan/build/HTTP-Engine-0.03005-0/inc/Test/Builder.pm line 917.
Any::Moose is deprecated. Please use Moo instead at /home/cpan3/.cpan/build/HTTP-Engine-0.03005-0/blib/lib/HTTP/Engine/Request.pm line 2.
t/010_core/response_finalizer.t ............................. ok
t/010_core/responsewriter-broken_io.t ....................... ok
t/010_core/response_writer.t ................................ ok
Possible precedence issue with control flow operator at /home/cpan3/.cpan/build/HTTP-Engine-0.03005-0/inc/Test/Builder.pm line 917.
Any::Moose is deprecated. Please use Moo instead at /home/cpan3/.cpan/build/HTTP-Engine-0.03005-0/blib/lib/HTTP/Engine.pm line 3.
Possible precedence issue with control flow operator at /home/cpan3/.cpan/build/HTTP-Engine-0.03005-0/inc/Test/Builder.pm line 917.
Redundant argument in sprintf at /home/cpan3/.cpan/build/HTTP-Engine-0.03005-0/inc/Spiffy.pm line 222.
Redundant argument in sprintf at /home/cpan3/.cpan/build/HTTP-Engine-0.03005-0/inc/Spiffy.pm line 222.
Redundant argument in sprintf at /home/cpan3/.cpan/build/HTTP-Engine-0.03005-0/inc/Spiffy.pm line 222.
Redundant argument in sprintf at /home/cpan3/.cpan/build/HTTP-Engine-0.03005-0/inc/Spiffy.pm line 222.
Any::Moose is deprecated. Please use Moo instead at t/010_core/responsewriter-with_io.t line 6.
Possible precedence issue with control flow operator at /home/cpan3/.cpan/build/HTTP-Engine-0.03005-0/inc/Test/Builder.pm line 917.
Redundant argument in sprintf at /home/cpan3/.cpan/build/HTTP-Engine-0.03005-0/inc/Spiffy.pm line 222.
Redundant argument in sprintf at /home/cpan3/.cpan/build/HTTP-Engine-0.03005-0/inc/Spiffy.pm line 222.
Redundant argument in sprintf at /home/cpan3/.cpan/build/HTTP-Engine-0.03005-0/inc/Spiffy.pm line 222.
Redundant argument in sprintf at /home/cpan3/.cpan/build/HTTP-Engine-0.03005-0/inc/Spiffy.pm line 222.
t/020_interface/lighty-fcgi.t ............................... skipped: set TEST_LIGHTTPD to enable this test
t/020_interface/cgi.t ....................................... ok
Any::Moose is deprecated. Please use Moo instead at t/Utils.pm line 2.
Possible precedence issue with control flow operator at /home/cpan3/.cpan/build/HTTP-Engine-0.03005-0/inc/Test/Builder.pm line 917.
Possible precedence issue with control flow operator at /home/cpan3/.cpan/build/HTTP-Engine-0.03005-0/inc/Test/Builder.pm line 917.
Any::Moose is deprecated. Please use Moo instead at /home/cpan3/.cpan/build/HTTP-Engine-0.03005-0/blib/lib/HTTP/Engine.pm line 3.
t/010_core/responsewriter-with_io.t ......................... ok
t/020_interface/modperl_wildcard_hostname.t ................. skipped: this test requires mod_perl 2
Possible precedence issue with control flow operator at /home/cpan3/.cpan/build/HTTP-Engine-0.03005-0/inc/Test/Builder.pm line 917.
Any::Moose is deprecated. Please use Moo instead at /home/cpan3/.cpan/build/HTTP-Engine-0.03005-0/blib/lib/HTTP/Engine.pm line 3.
=== 24494 === !!! Kernel has 1 child process(es).
=== 24494 === !!! Stopped child process (PID 24501) reaped when POE::Kernel->run() is ready to return.
=== 24494 === !!! Stopped child process (PID 24502) reaped when POE::Kernel->run() is ready to return.
=== 24494 === !!! Stopped child process (PID 24503) reaped when POE::Kernel->run() is ready to return.
=== 24494 === !!! Stopped child process (PID 24504) reaped when POE::Kernel->run() is ready to return.
=== 24494 === !!! Stopped child process (PID 24505) reaped when POE::Kernel->run() is ready to return.
=== 24494 === !!! Stopped child process (PID 24506) reaped when POE::Kernel->run() is ready to return.
=== 24494 === !!! Stopped child process (PID 24507) reaped when POE::Kernel->run() is ready to return.
=== 24494 === !!! Stopped child process (PID 24508) reaped when POE::Kernel->run() is ready to return.
=== 24494 === !!! Be sure to use sig_child() to reap child processes.
=== 24494 === !!! In extreme cases, failure to reap child processes has
=== 24494 === !!! resulted in a slow 'fork bomb' that has halted systems.
t/020_interface/poe-proxy.t ................................. ok
Possible precedence issue with control flow operator at /home/cpan3/.cpan/build/HTTP-Engine-0.03005-0/inc/Test/Builder.pm line 917.
Any::Moose is deprecated. Please use Moo instead at /home/cpan3/.cpan/build/HTTP-Engine-0.03005-0/blib/lib/HTTP/Engine.pm line 3.
Any::Moose is deprecated. Please use Moo instead at t/Utils.pm line 2.
Possible precedence issue with control flow operator at /home/cpan3/.cpan/build/HTTP-Engine-0.03005-0/inc/Test/Builder.pm line 917.
=== 24500 === !!! Kernel has 1 child process(es).
=== 24500 === !!! Stopped child process (PID 24509) reaped when POE::Kernel->run() is ready to return.
=== 24500 === !!! Stopped child process (PID 24510) reaped when POE::Kernel->run() is ready to return.
=== 24500 === !!! Stopped child process (PID 24511) reaped when POE::Kernel->run() is ready to return.
=== 24500 === !!! Stopped child process (PID 24512) reaped when POE::Kernel->run() is ready to return.
=== 24500 === !!! Stopped child process (PID 24513) reaped when POE::Kernel->run() is ready to return.
=== 24500 === !!! Stopped child process (PID 24514) reaped when POE::Kernel->run() is ready to return.
=== 24500 === !!! Stopped child process (PID 24515) reaped when POE::Kernel->run() is ready to return.
=== 24500 === !!! Stopped child process (PID 24516) reaped when POE::Kernel->run() is ready to return.
=== 24500 === !!! Be sure to use sig_child() to reap child processes.
=== 24500 === !!! In extreme cases, failure to reap child processes has
=== 24500 === !!! resulted in a slow 'fork bomb' that has halted systems.
t/020_interface/poe.t ....................................... ok
=== 24499 === !!! Kernel has 1 child process(es).
=== 24499 === !!! Stopped child process (PID 24518) reaped when POE::Kernel->run() is ready to return.
=== 24499 === !!! Stopped child process (PID 24519) reaped when POE::Kernel->run() is ready to return.
=== 24499 === !!! Stopped child process (PID 24520) reaped when POE::Kernel->run() is ready to return.
=== 24499 === !!! Stopped child process (PID 24521) reaped when POE::Kernel->run() is ready to return.
=== 24499 === !!! Stopped child process (PID 24522) reaped when POE::Kernel->run() is ready to return.
=== 24499 === !!! Stopped child process (PID 24523) reaped when POE::Kernel->run() is ready to return.
=== 24499 === !!! Stopped child process (PID 24524) reaped when POE::Kernel->run() is ready to return.
=== 24499 === !!! Stopped child process (PID 24525) reaped when POE::Kernel->run() is ready to return.
=== 24499 === !!! Be sure to use sig_child() to reap child processes.
=== 24499 === !!! In extreme cases, failure to reap child processes has
=== 24499 === !!! resulted in a slow 'fork bomb' that has halted systems.
t/020_interface/poe-uri.t ................................... ok
Any::Moose is deprecated. Please use Moo instead at t/Utils.pm line 2.
Possible precedence issue with control flow operator at /home/cpan3/.cpan/build/HTTP-Engine-0.03005-0/inc/Test/Builder.pm line 917.
t/020_interface/psgi-with_plack.t ........................... ok
Any::Moose is deprecated. Please use Moo instead at t/Utils.pm line 2.
Possible precedence issue with control flow operator at /home/cpan3/.cpan/build/HTTP-Engine-0.03005-0/inc/Test/Builder.pm line 917.
Possible precedence issue with control flow operator at /home/cpan3/.cpan/build/HTTP-Engine-0.03005-0/inc/Test/Builder.pm line 917.
Any::Moose is deprecated. Please use Moo instead at /home/cpan3/.cpan/build/HTTP-Engine-0.03005-0/blib/lib/HTTP/Engine.pm line 3.
t/020_interface/psgi.t ...................................... ok
t/020_interface/server_simple-net_server_configure.t ........ skipped: this test requires Net::Server::Single
Any::Moose is deprecated. Please use Moo instead at t/Utils.pm line 2.
Possible precedence issue with control flow operator at /home/cpan3/.cpan/build/HTTP-Engine-0.03005-0/inc/Test/Builder.pm line 917.
t/020_interface/server_simple-not-send-header-bug.t ......... ok
Any::Moose is deprecated. Please use Moo instead at t/Utils.pm line 2.
Possible precedence issue with control flow operator at /home/cpan3/.cpan/build/HTTP-Engine-0.03005-0/inc/Test/Builder.pm line 917.
Any::Moose is deprecated. Please use Moo instead at t/Utils.pm line 2.
Possible precedence issue with control flow operator at /home/cpan3/.cpan/build/HTTP-Engine-0.03005-0/inc/Test/Builder.pm line 917.
t/020_interface/server_simple-print_banner.t ................ ok
t/020_interface/server_simple.t ............................. ok
t/020_interface/standalone-keep_alive.t ..................... skipped: Interface::Standalone will be removed
Any::Moose is deprecated. Please use Moo instead at t/Utils.pm line 2.
Possible precedence issue with control flow operator at /home/cpan3/.cpan/build/HTTP-Engine-0.03005-0/inc/Test/Builder.pm line 917.
Any::Moose is deprecated. Please use Moo instead at t/Utils.pm line 2.
Possible precedence issue with control flow operator at /home/cpan3/.cpan/build/HTTP-Engine-0.03005-0/inc/Test/Builder.pm line 917.
t/020_interface/standalone-restart.t ........................ skipped: Interface::Standalone will be removed
Any::Moose is deprecated. Please use Moo instead at /home/cpan3/.cpan/build/HTTP-Engine-0.03005-0/blib/lib/HTTP/Engine.pm line 3.
Possible precedence issue with control flow operator at /home/cpan3/.cpan/build/HTTP-Engine-0.03005-0/inc/Test/Builder.pm line 917.
t/020_interface/test-validation.t ........................... ok
Possible precedence issue with control flow operator at /home/cpan3/.cpan/build/HTTP-Engine-0.03005-0/inc/Test/Builder.pm line 917.
t/020_interface/streaming_response.t ........................ ok
Any::Moose is deprecated. Please use Moo instead at /home/cpan3/.cpan/build/HTTP-Engine-0.03005-0/blib/lib/HTTP/Engine.pm line 3.
Possible precedence issue with control flow operator at /home/cpan3/.cpan/build/HTTP-Engine-0.03005-0/inc/Test/Builder.pm line 917.
Redundant argument in sprintf at /home/cpan3/.cpan/build/HTTP-Engine-0.03005-0/inc/Spiffy.pm line 222.
Redundant argument in sprintf at /home/cpan3/.cpan/build/HTTP-Engine-0.03005-0/inc/Spiffy.pm line 222.
Redundant argument in sprintf at /home/cpan3/.cpan/build/HTTP-Engine-0.03005-0/inc/Spiffy.pm line 222.
Redundant argument in sprintf at /home/cpan3/.cpan/build/HTTP-Engine-0.03005-0/inc/Spiffy.pm line 222.
Any::Moose is deprecated. Please use Moo instead at /home/cpan3/.cpan/build/HTTP-Engine-0.03005-0/blib/lib/HTTP/Engine.pm line 3.
Possible precedence issue with control flow operator at /home/cpan3/.cpan/build/HTTP-Engine-0.03005-0/inc/Test/Builder.pm line 917.
Any::Moose is deprecated. Please use Moo instead at /home/cpan3/.cpan/build/HTTP-Engine-0.03005-0/blib/lib/HTTP/Engine.pm line 3.
t/020_interface/test-warn_at_utf8.t ......................... ok
t/020_interface/test_response-with_io.t ..................... ok
Any::Moose is deprecated. Please use Moo instead at t/Utils.pm line 2.
Possible precedence issue with control flow operator at /home/cpan3/.cpan/build/HTTP-Engine-0.03005-0/inc/Test/Builder.pm line 917.
Redundant argument in sprintf at /home/cpan3/.cpan/build/HTTP-Engine-0.03005-0/inc/Spiffy.pm line 222.
Redundant argument in sprintf at /home/cpan3/.cpan/build/HTTP-Engine-0.03005-0/inc/Spiffy.pm line 222.
Redundant argument in sprintf at /home/cpan3/.cpan/build/HTTP-Engine-0.03005-0/inc/Spiffy.pm line 222.
Redundant argument in sprintf at /home/cpan3/.cpan/build/HTTP-Engine-0.03005-0/inc/Spiffy.pm line 222.
Any::Moose is deprecated. Please use Moo instead at t/Utils.pm line 2.
Possible precedence issue with control flow operator at /home/cpan3/.cpan/build/HTTP-Engine-0.03005-0/inc/Test/Builder.pm line 917.
t/020_interface/test.t ...................................... ok
t/020_interface/test_upload.t ............................... ok
Any::Moose is deprecated. Please use Moo instead at t/Utils.pm line 2.
Possible precedence issue with control flow operator at /home/cpan3/.cpan/build/HTTP-Engine-0.03005-0/inc/Test/Builder.pm line 917.
Any::Moose is deprecated. Please use Moo instead at t/Utils.pm line 2.
Possible precedence issue with control flow operator at /home/cpan3/.cpan/build/HTTP-Engine-0.03005-0/inc/Test/Builder.pm line 917.
t/030_daemonize/connection_info.t ........................... ok
Any::Moose is deprecated. Please use Moo instead at t/Utils.pm line 2.
Possible precedence issue with control flow operator at /home/cpan3/.cpan/build/HTTP-Engine-0.03005-0/inc/Test/Builder.pm line 917.

#   Failed test at /home/cpan3/.cpan/build/HTTP-Engine-0.03005-0/inc/Test/More.pm line 376.
#          got: '/foo|'
#     expected: '/|http://example.com/foo?http=1'

#   Failed test at /home/cpan3/.cpan/build/HTTP-Engine-0.03005-0/inc/Test/More.pm line 376.
#          got: '/foo|'
#     expected: '/|http://example.com:8080/foo?http=1'

#   Failed test at /home/cpan3/.cpan/build/HTTP-Engine-0.03005-0/inc/Test/More.pm line 376.
#          got: '/foo|'
#     expected: '/|http://example.com/foo?http=1'

#   Failed test at /home/cpan3/.cpan/build/HTTP-Engine-0.03005-0/inc/Test/More.pm line 376.
#          got: '/foo|'
#     expected: '/|http://example.com:8080/foo?http=1'
t/030_daemonize/headers.t ................................... ok
Any::Moose is deprecated. Please use Moo instead at t/Utils.pm line 2.
Possible precedence issue with control flow operator at /home/cpan3/.cpan/build/HTTP-Engine-0.03005-0/inc/Test/Builder.pm line 917.
# Looks like you failed 4 tests of 16.
t/030_daemonize/proxy_path.t ................................ 
Dubious, test returned 4 (wstat 1024, 0x400)
Failed 4/16 subtests 
Any::Moose is deprecated. Please use Moo instead at t/Utils.pm line 2.
Possible precedence issue with control flow operator at /home/cpan3/.cpan/build/HTTP-Engine-0.03005-0/inc/Test/Builder.pm line 917.
t/030_daemonize/raw_body.t .................................. ok
Any::Moose is deprecated. Please use Moo instead at t/Utils.pm line 2.
Possible precedence issue with control flow operator at /home/cpan3/.cpan/build/HTTP-Engine-0.03005-0/inc/Test/Builder.pm line 917.
t/030_daemonize/request_independence.t ...................... ok
Any::Moose is deprecated. Please use Moo instead at t/Utils.pm line 2.
Possible precedence issue with control flow operator at /home/cpan3/.cpan/build/HTTP-Engine-0.03005-0/inc/Test/Builder.pm line 917.
t/030_daemonize/responsewriter_io.t ......................... ok
Any::Moose is deprecated. Please use Moo instead at t/Utils.pm line 2.
Possible precedence issue with control flow operator at /home/cpan3/.cpan/build/HTTP-Engine-0.03005-0/inc/Test/Builder.pm line 917.
t/030_daemonize/upload-methods.t ............................ ok
Any::Moose is deprecated. Please use Moo instead at t/Utils.pm line 2.
Possible precedence issue with control flow operator at /home/cpan3/.cpan/build/HTTP-Engine-0.03005-0/inc/Test/Builder.pm line 917.
t/030_daemonize/uri.t ....................................... ok
t/030_daemonize/upload.t .................................... ok
Possible precedence issue with control flow operator at /home/cpan3/.cpan/build/HTTP-Engine-0.03005-0/inc/Test/Builder.pm line 917.
Possible precedence issue with control flow operator at /home/cpan3/.cpan/build/HTTP-Engine-0.03005-0/inc/Test/Builder.pm line 917.
Redundant argument in sprintf at /home/cpan3/.cpan/build/HTTP-Engine-0.03005-0/inc/Spiffy.pm line 222.
Redundant argument in sprintf at /home/cpan3/.cpan/build/HTTP-Engine-0.03005-0/inc/Spiffy.pm line 222.
Redundant argument in sprintf at /home/cpan3/.cpan/build/HTTP-Engine-0.03005-0/inc/Spiffy.pm line 222.
Redundant argument in sprintf at /home/cpan3/.cpan/build/HTTP-Engine-0.03005-0/inc/Spiffy.pm line 222.
Any::Moose is deprecated. Please use Moo instead at /home/cpan3/.cpan/build/HTTP-Engine-0.03005-0/blib/lib/HTTP/Engine/Request.pm line 2.
t/040_minimal/001_simple.t .................................. ok
Possible precedence issue with control flow operator at /home/cpan3/.cpan/build/HTTP-Engine-0.03005-0/inc/Test/Builder.pm line 917.
t/050_tests/request.t ....................................... ok
Any::Moose is deprecated. Please use Moo instead at /home/cpan3/.cpan/build/HTTP-Engine-0.03005-0/blib/lib/HTTP/Engine.pm line 3.
Possible precedence issue with control flow operator at /home/cpan3/.cpan/build/HTTP-Engine-0.03005-0/inc/Test/Builder.pm line 917.
Any::Moose is deprecated. Please use Moo instead at /home/cpan3/.cpan/build/HTTP-Engine-0.03005-0/blib/lib/HTTP/Engine/Request.pm line 2.
# Soft dependency versions:
#  Any::Moose 0.27
#  Mouse v2.4.9
#  MooseX::Types 0.50
t/moose/00_compile.t ........................................ ok
t/030_daemonize/utf8flagged-uri.t ........................... ok
Possible precedence issue with control flow operator at /home/cpan3/.cpan/build/HTTP-Engine-0.03005-0/inc/Test/Builder.pm line 917.
Possible precedence issue with control flow operator at /home/cpan3/.cpan/build/HTTP-Engine-0.03005-0/inc/Test/Builder.pm line 917.
Any::Moose is deprecated. Please use Moo instead at t/Utils.pm line 2.
t/moose/010_core/builder_options-upload_tmp.t ............... ok
Any::Moose is deprecated. Please use Moo instead at t/Utils.pm line 2.
Possible precedence issue with control flow operator at /home/cpan3/.cpan/build/HTTP-Engine-0.03005-0/inc/Test/Builder.pm line 917.
Any::Moose is deprecated. Please use Moo instead at /home/cpan3/.cpan/build/HTTP-Engine-0.03005-0/blib/lib/HTTP/Engine/RequestBuilder/CGI.pm line 2.
t/moose/010_core/interface-require.t ........................ ok
t/moose/010_core/interface.t ................................ ok
t/moose/010_core/load_requestbuilder_cgi.t .................. ok
Possible precedence issue with control flow operator at /home/cpan3/.cpan/build/HTTP-Engine-0.03005-0/inc/Test/Builder.pm line 917.
Possible precedence issue with control flow operator at /home/cpan3/.cpan/build/HTTP-Engine-0.03005-0/inc/Test/Builder.pm line 917.
Possible precedence issue with control flow operator at /home/cpan3/.cpan/build/HTTP-Engine-0.03005-0/inc/Test/Builder.pm line 917.
Redundant argument in sprintf at /home/cpan3/.cpan/build/HTTP-Engine-0.03005-0/inc/Spiffy.pm line 222.
Redundant argument in sprintf at /home/cpan3/.cpan/build/HTTP-Engine-0.03005-0/inc/Spiffy.pm line 222.
Redundant argument in sprintf at /home/cpan3/.cpan/build/HTTP-Engine-0.03005-0/inc/Spiffy.pm line 222.
Redundant argument in sprintf at /home/cpan3/.cpan/build/HTTP-Engine-0.03005-0/inc/Spiffy.pm line 222.
Any::Moose is deprecated. Please use Moo instead at t/Utils.pm line 2.
Any::Moose is deprecated. Please use Moo instead at /home/cpan3/.cpan/build/HTTP-Engine-0.03005-0/blib/lib/HTTP/Engine.pm line 3.
t/moose/010_core/request-as_string.t ........................ ok
Any::Moose is deprecated. Please use Moo instead at /home/cpan3/.cpan/build/HTTP-Engine-0.03005-0/blib/lib/HTTP/Engine/Request.pm line 2.
t/moose/010_core/request-as_http_request.t .................. ok
t/moose/010_core/request-absolute_uri.t ..................... ok
Possible precedence issue with control flow operator at /home/cpan3/.cpan/build/HTTP-Engine-0.03005-0/inc/Test/Builder.pm line 917.
Possible precedence issue with control flow operator at /home/cpan3/.cpan/build/HTTP-Engine-0.03005-0/inc/Test/Builder.pm line 917.
Possible precedence issue with control flow operator at /home/cpan3/.cpan/build/HTTP-Engine-0.03005-0/inc/Test/Builder.pm line 917.
Any::Moose is deprecated. Please use Moo instead at /home/cpan3/.cpan/build/HTTP-Engine-0.03005-0/blib/lib/HTTP/Engine/Request.pm line 2.
Any::Moose is deprecated. Please use Moo instead at t/Utils.pm line 2.
Class::MOP::load_class is deprecated at /home/cpan3/install/lib/perl5/site_perl/5.26.0/x86_64-linux-thread-multi/Class/MOP.pm line 69.
	Class::MOP::load_class("HTTP::Engine::Interface::Test") called at /home/cpan3/.cpan/build/HTTP-Engine-0.03005-0/blib/lib/HTTP/Engine/Types/Core.pm line 26
	HTTP::Engine::Types::Core::__ANON__(HASH(0x1308200)) called at /home/cpan3/install/lib/perl5/site_perl/5.26.0/x86_64-linux-thread-multi/Moose/Meta/TypeCoercion.pm line 65
	Moose::Meta::TypeCoercion::__ANON__(HASH(0x1308200)) called at constructor HTTP::Engine::new (defined at /home/cpan3/.cpan/build/HTTP-Engine-0.03005-0/blib/lib/HTTP/Engine.pm line 17) line 32
	HTTP::Engine::new("HTTP::Engine", "interface", HASH(0x1308200)) called at t/Utils.pm line 141
	t::Utils::run_engine(CODE(0x3181498), HTTP::Request=HASH(0x2529c80)) called at t/moose/010_core/request-body.t line 27
Any::Moose is deprecated. Please use Moo instead at t/Utils.pm line 2.
Class::MOP::load_class is deprecated at /home/cpan3/install/lib/perl5/site_perl/5.26.0/x86_64-linux-thread-multi/Class/MOP.pm line 69.
	Class::MOP::load_class("HTTP::Engine::Interface::Test") called at /home/cpan3/.cpan/build/HTTP-Engine-0.03005-0/blib/lib/HTTP/Engine/Types/Core.pm line 26
	HTTP::Engine::Types::Core::__ANON__(HASH(0x1339a10)) called at /home/cpan3/install/lib/perl5/site_perl/5.26.0/x86_64-linux-thread-multi/Moose/Meta/TypeCoercion.pm line 65
	Moose::Meta::TypeCoercion::__ANON__(HASH(0x1339a10)) called at constructor HTTP::Engine::new (defined at /home/cpan3/.cpan/build/HTTP-Engine-0.03005-0/blib/lib/HTTP/Engine.pm line 17) line 32
	HTTP::Engine::new("HTTP::Engine", "interface", HASH(0x1339a10)) called at t/Utils.pm line 141
	t::Utils::run_engine(CODE(0x31c4a08), HTTP::Request=HASH(0x253c068)) called at t/moose/010_core/request-cookie.t line 32
t/moose/010_core/request-body.t ............................. ok
t/moose/010_core/request-content.t .......................... ok
Possible precedence issue with control flow operator at /home/cpan3/.cpan/build/HTTP-Engine-0.03005-0/inc/Test/Builder.pm line 917.
Any::Moose is deprecated. Please use Moo instead at /home/cpan3/.cpan/build/HTTP-Engine-0.03005-0/blib/lib/HTTP/Engine/Request.pm line 2.
t/moose/010_core/request-cookie.t ........................... ok
Any::Moose is deprecated. Please use Moo instead at t/Utils.pm line 2.
Possible precedence issue with control flow operator at /home/cpan3/.cpan/build/HTTP-Engine-0.03005-0/inc/Test/Builder.pm line 917.
t/moose/010_core/request-hostname.t ......................... ok
Possible precedence issue with control flow operator at /home/cpan3/.cpan/build/HTTP-Engine-0.03005-0/inc/Test/Builder.pm line 917.
Any::Moose is deprecated. Please use Moo instead at /home/cpan3/.cpan/build/HTTP-Engine-0.03005-0/blib/lib/HTTP/Engine/Request.pm line 2.
Possible precedence issue with control flow operator at /home/cpan3/.cpan/build/HTTP-Engine-0.03005-0/inc/Test/Builder.pm line 917.
Redundant argument in sprintf at /home/cpan3/.cpan/build/HTTP-Engine-0.03005-0/inc/Spiffy.pm line 222.
Redundant argument in sprintf at /home/cpan3/.cpan/build/HTTP-Engine-0.03005-0/inc/Spiffy.pm line 222.
Redundant argument in sprintf at /home/cpan3/.cpan/build/HTTP-Engine-0.03005-0/inc/Spiffy.pm line 222.
Redundant argument in sprintf at /home/cpan3/.cpan/build/HTTP-Engine-0.03005-0/inc/Spiffy.pm line 222.
Any::Moose is deprecated. Please use Moo instead at /home/cpan3/.cpan/build/HTTP-Engine-0.03005-0/blib/lib/HTTP/Engine/Request.pm line 2.
t/moose/010_core/request-parameters.t ....................... ok
Class::MOP::load_class is deprecated at /home/cpan3/install/lib/perl5/site_perl/5.26.0/x86_64-linux-thread-multi/Class/MOP.pm line 69.
	Class::MOP::load_class("HTTP::Engine::Interface::Test") called at /home/cpan3/.cpan/build/HTTP-Engine-0.03005-0/blib/lib/HTTP/Engine/Types/Core.pm line 26
	HTTP::Engine::Types::Core::__ANON__(HASH(0x1eddbb0)) called at /home/cpan3/install/lib/perl5/site_perl/5.26.0/x86_64-linux-thread-multi/Moose/Meta/TypeCoercion.pm line 65
	Moose::Meta::TypeCoercion::__ANON__(HASH(0x1eddbb0)) called at constructor HTTP::Engine::new (defined at /home/cpan3/.cpan/build/HTTP-Engine-0.03005-0/blib/lib/HTTP/Engine.pm line 17) line 32
	HTTP::Engine::new("HTTP::Engine", "interface", HASH(0x1eddbb0)) called at t/Utils.pm line 141
	t::Utils::run_engine(CODE(0x3d85d58), HTTP::Request=HASH(0x2f3dfe0)) called at t/moose/010_core/request-many_upload.t line 91
t/moose/010_core/request-many_upload.t ...................... ok
Possible precedence issue with control flow operator at /home/cpan3/.cpan/build/HTTP-Engine-0.03005-0/inc/Test/Builder.pm line 917.
Possible precedence issue with control flow operator at /home/cpan3/.cpan/build/HTTP-Engine-0.03005-0/inc/Test/Builder.pm line 917.
Redundant argument in sprintf at /home/cpan3/.cpan/build/HTTP-Engine-0.03005-0/inc/Spiffy.pm line 222.
Redundant argument in sprintf at /home/cpan3/.cpan/build/HTTP-Engine-0.03005-0/inc/Spiffy.pm line 222.
Redundant argument in sprintf at /home/cpan3/.cpan/build/HTTP-Engine-0.03005-0/inc/Spiffy.pm line 222.
Redundant argument in sprintf at /home/cpan3/.cpan/build/HTTP-Engine-0.03005-0/inc/Spiffy.pm line 222.
Any::Moose is deprecated. Please use Moo instead at /home/cpan3/.cpan/build/HTTP-Engine-0.03005-0/blib/lib/HTTP/Engine/Request.pm line 2.
Any::Moose is deprecated. Please use Moo instead at /home/cpan3/.cpan/build/HTTP-Engine-0.03005-0/blib/lib/HTTP/Engine/Request.pm line 2.
t/moose/010_core/request-parse.t ............................ ok
t/moose/010_core/request-params.t ........................... ok
Possible precedence issue with control flow operator at /home/cpan3/.cpan/build/HTTP-Engine-0.03005-0/inc/Test/Builder.pm line 917.
Any::Moose is deprecated. Please use Moo instead at /home/cpan3/.cpan/build/HTTP-Engine-0.03005-0/blib/lib/HTTP/Engine/Request.pm line 2.
Possible precedence issue with control flow operator at /home/cpan3/.cpan/build/HTTP-Engine-0.03005-0/inc/Test/Builder.pm line 917.
Any::Moose is deprecated. Please use Moo instead at t/Utils.pm line 2.
t/moose/010_core/request-raw_body.t ......................... ok
t/moose/010_core/request-proxy_request.t .................... ok
Possible precedence issue with control flow operator at /home/cpan3/.cpan/build/HTTP-Engine-0.03005-0/inc/Test/Builder.pm line 917.
Possible precedence issue with control flow operator at /home/cpan3/.cpan/build/HTTP-Engine-0.03005-0/inc/Test/Builder.pm line 917.
Redundant argument in sprintf at /home/cpan3/.cpan/build/HTTP-Engine-0.03005-0/inc/Spiffy.pm line 222.
Redundant argument in sprintf at /home/cpan3/.cpan/build/HTTP-Engine-0.03005-0/inc/Spiffy.pm line 222.
Redundant argument in sprintf at /home/cpan3/.cpan/build/HTTP-Engine-0.03005-0/inc/Spiffy.pm line 222.
Redundant argument in sprintf at /home/cpan3/.cpan/build/HTTP-Engine-0.03005-0/inc/Spiffy.pm line 222.
Any::Moose is deprecated. Please use Moo instead at /home/cpan3/.cpan/build/HTTP-Engine-0.03005-0/blib/lib/HTTP/Engine/Request.pm line 2.
t/moose/010_core/request-readbody.t ......................... ok
Any::Moose is deprecated. Please use Moo instead at /home/cpan3/.cpan/build/HTTP-Engine-0.03005-0/blib/lib/HTTP/Engine/Request.pm line 2.
t/moose/010_core/request-upload.t ........................... ok
Possible precedence issue with control flow operator at /home/cpan3/.cpan/build/HTTP-Engine-0.03005-0/inc/Test/Builder.pm line 917.
Possible precedence issue with control flow operator at /home/cpan3/.cpan/build/HTTP-Engine-0.03005-0/inc/Test/Builder.pm line 917.
Redundant argument in sprintf at /home/cpan3/.cpan/build/HTTP-Engine-0.03005-0/inc/Spiffy.pm line 222.
Redundant argument in sprintf at /home/cpan3/.cpan/build/HTTP-Engine-0.03005-0/inc/Spiffy.pm line 222.
Redundant argument in sprintf at /home/cpan3/.cpan/build/HTTP-Engine-0.03005-0/inc/Spiffy.pm line 222.
Redundant argument in sprintf at /home/cpan3/.cpan/build/HTTP-Engine-0.03005-0/inc/Spiffy.pm line 222.
Any::Moose is deprecated. Please use Moo instead at /home/cpan3/.cpan/build/HTTP-Engine-0.03005-0/blib/lib/HTTP/Engine/Request.pm line 2.
Any::Moose is deprecated. Please use Moo instead at /home/cpan3/.cpan/build/HTTP-Engine-0.03005-0/blib/lib/HTTP/Engine/Request.pm line 2.
t/moose/010_core/request.t .................................. ok
t/moose/010_core/request-secure.t ........................... ok
Any::Moose is deprecated. Please use Moo instead at t/Utils.pm line 2.
Possible precedence issue with control flow operator at /home/cpan3/.cpan/build/HTTP-Engine-0.03005-0/inc/Test/Builder.pm line 917.
Possible precedence issue with control flow operator at /home/cpan3/.cpan/build/HTTP-Engine-0.03005-0/inc/Test/Builder.pm line 917.
Any::Moose is deprecated. Please use Moo instead at t/Utils.pm line 2.

#   Failed test at /home/cpan3/.cpan/build/HTTP-Engine-0.03005-0/inc/Test/More.pm line 420.
#                   'Class::MOP::load_class is deprecated at /home/cpan3/install/lib/perl5/site_perl/5.26.0/x86_64-linux-thread-multi/Class/MOP.pm line 69.
# 	Class::MOP::load_class("HTTP::Engine::Interface::Test") called at /home/cpan3/.cpan/build/HTTP-Engine-0.03005-0/blib/lib/HTTP/Engine/Types/Core.pm line 26
# 	HTTP::Engine::Types::Core::__ANON__(HASH(0x3b923d0)) called at /home/cpan3/install/lib/perl5/site_perl/5.26.0/x86_64-linux-thread-multi/Moose/Meta/TypeCoercion.pm line 65
# 	Moose::Meta::TypeCoercion::__ANON__(HASH(0x3b923d0)) called at constructor HTTP::Engine::new (defined at /home/cpan3/.cpan/build/HTTP-Engine-0.03005-0/blib/lib/HTTP/Engine.pm line 17) line 32
# 	HTTP::Engine::new("HTTP::Engine", "interface", HASH(0x3b923d0)) called at t/Utils.pm line 141
# 	t::Utils::run_engine(CODE(0x1e2db18), HTTP::Request=HASH(0x3afbe90)) called at t/moose/010_core/request_processor-catch_error.t line 15
# 	eval {...} called at t/moose/010_core/request_processor-catch_error.t line 12
# orz at t/moose/010_core/request_processor-catch_error.t line 14.
# '
#     doesn't match '(?^:^orz)'
# Looks like you failed 1 test of 3.
t/moose/010_core/request_processor-catch_error.t ............ 
Dubious, test returned 1 (wstat 256, 0x100)
Failed 1/3 subtests 
t/moose/010_core/request_builder-noenv.t .................... ok
t/moose/010_core/request-uri.t .............................. ok
Possible precedence issue with control flow operator at /home/cpan3/.cpan/build/HTTP-Engine-0.03005-0/inc/Test/Builder.pm line 917.
Possible precedence issue with control flow operator at /home/cpan3/.cpan/build/HTTP-Engine-0.03005-0/inc/Test/Builder.pm line 917.
Any::Moose is deprecated. Please use Moo instead at t/Utils.pm line 2.
Any::Moose is deprecated. Please use Moo instead at t/Utils.pm line 2.
Class::MOP::load_class is deprecated at /home/cpan3/install/lib/perl5/site_perl/5.26.0/x86_64-linux-thread-multi/Class/MOP.pm line 69.
	Class::MOP::load_class("HTTP::Engine::Interface::Test") called at /home/cpan3/.cpan/build/HTTP-Engine-0.03005-0/blib/lib/HTTP/Engine/Types/Core.pm line 26
	HTTP::Engine::Types::Core::__ANON__(HASH(0x2f13e78)) called at /home/cpan3/install/lib/perl5/site_perl/5.26.0/x86_64-linux-thread-multi/Moose/Meta/TypeCoercion.pm line 65
	Moose::Meta::TypeCoercion::__ANON__(HASH(0x2f13e78)) called at constructor HTTP::Engine::new (defined at /home/cpan3/.cpan/build/HTTP-Engine-0.03005-0/blib/lib/HTTP/Engine.pm line 17) line 32
	HTTP::Engine::new("HTTP::Engine", "interface", HASH(0x2f13e78)) called at t/Utils.pm line 141
	t::Utils::run_engine(CODE(0x112c0d0), HTTP::Request=HASH(0x1001a00), "method", "GET", "raw_body", "test") called at t/moose/010_core/request_processor-make_request.t line 15
Possible precedence issue with control flow operator at /home/cpan3/.cpan/build/HTTP-Engine-0.03005-0/inc/Test/Builder.pm line 917.
Any::Moose is deprecated. Please use Moo instead at /home/cpan3/.cpan/build/HTTP-Engine-0.03005-0/blib/lib/HTTP/Engine.pm line 3.
t/moose/010_core/request_upload-basename.t .................. ok
Possible precedence issue with control flow operator at /home/cpan3/.cpan/build/HTTP-Engine-0.03005-0/inc/Test/Builder.pm line 917.
t/moose/010_core/request_processor-make_request.t ........... ok
Any::Moose is deprecated. Please use Moo instead at /home/cpan3/.cpan/build/HTTP-Engine-0.03005-0/blib/lib/HTTP/Engine/Response.pm line 2.
Possible precedence issue with control flow operator at /home/cpan3/.cpan/build/HTTP-Engine-0.03005-0/inc/Test/Builder.pm line 917.
Any::Moose is deprecated. Please use Moo instead at /home/cpan3/.cpan/build/HTTP-Engine-0.03005-0/blib/lib/HTTP/Engine/Response.pm line 2.
t/moose/010_core/response-code.t ............................ ok
t/moose/010_core/request_processor-response_error.t ......... ok
t/moose/010_core/response-coerce_headers.t .................. ok
Possible precedence issue with control flow operator at /home/cpan3/.cpan/build/HTTP-Engine-0.03005-0/inc/Test/Builder.pm line 917.
Possible precedence issue with control flow operator at /home/cpan3/.cpan/build/HTTP-Engine-0.03005-0/inc/Test/Builder.pm line 917.
Any::Moose is deprecated. Please use Moo instead at /home/cpan3/.cpan/build/HTTP-Engine-0.03005-0/blib/lib/HTTP/Engine/Response.pm line 2.
Possible precedence issue with control flow operator at /home/cpan3/.cpan/build/HTTP-Engine-0.03005-0/inc/Test/Builder.pm line 917.
Any::Moose is deprecated. Please use Moo instead at t/Utils.pm line 2.
Class::MOP::load_class is deprecated at /home/cpan3/install/lib/perl5/site_perl/5.26.0/x86_64-linux-thread-multi/Class/MOP.pm line 69.
	Class::MOP::load_class("HTTP::Engine::Interface::Test") called at /home/cpan3/.cpan/build/HTTP-Engine-0.03005-0/blib/lib/HTTP/Engine/Types/Core.pm line 26
	HTTP::Engine::Types::Core::__ANON__(HASH(0x2378e50)) called at /home/cpan3/install/lib/perl5/site_perl/5.26.0/x86_64-linux-thread-multi/Moose/Meta/TypeCoercion.pm line 65
	Moose::Meta::TypeCoercion::__ANON__(HASH(0x2378e50)) called at constructor HTTP::Engine::new (defined at /home/cpan3/.cpan/build/HTTP-Engine-0.03005-0/blib/lib/HTTP/Engine.pm line 17) line 32
	HTTP::Engine::new("HTTP::Engine", "interface", HASH(0x2378e50)) called at t/Utils.pm line 141
	t::Utils::run_engine(CODE(0x2389fe8), HTTP::Request=HASH(0x2378bb0)) called at t/moose/010_core/response-cookie.t line 45
t/moose/010_core/response-content_length.t .................. ok
Any::Moose is deprecated. Please use Moo instead at /home/cpan3/.cpan/build/HTTP-Engine-0.03005-0/blib/lib/HTTP/Engine/Response.pm line 2.
t/moose/010_core/response-new.t ............................. ok
Possible precedence issue with control flow operator at /home/cpan3/.cpan/build/HTTP-Engine-0.03005-0/inc/Test/Builder.pm line 917.
t/moose/010_core/response-cookie.t .......................... ok
Any::Moose is deprecated. Please use Moo instead at /home/cpan3/.cpan/build/HTTP-Engine-0.03005-0/blib/lib/HTTP/Engine/Response.pm line 2.
Possible precedence issue with control flow operator at /home/cpan3/.cpan/build/HTTP-Engine-0.03005-0/inc/Test/Builder.pm line 917.
Redundant argument in sprintf at /home/cpan3/.cpan/build/HTTP-Engine-0.03005-0/inc/Spiffy.pm line 222.
Redundant argument in sprintf at /home/cpan3/.cpan/build/HTTP-Engine-0.03005-0/inc/Spiffy.pm line 222.
Redundant argument in sprintf at /home/cpan3/.cpan/build/HTTP-Engine-0.03005-0/inc/Spiffy.pm line 222.
Redundant argument in sprintf at /home/cpan3/.cpan/build/HTTP-Engine-0.03005-0/inc/Spiffy.pm line 222.
Any::Moose is deprecated. Please use Moo instead at /home/cpan3/.cpan/build/HTTP-Engine-0.03005-0/blib/lib/HTTP/Engine/Response.pm line 2.
Possible precedence issue with control flow operator at /home/cpan3/.cpan/build/HTTP-Engine-0.03005-0/inc/Test/Builder.pm line 917.
Any::Moose is deprecated. Please use Moo instead at /home/cpan3/.cpan/build/HTTP-Engine-0.03005-0/blib/lib/HTTP/Engine/Response.pm line 2.
t/moose/010_core/response.t ................................. ok
t/moose/010_core/response-set_http_response.t ............... ok
Possible precedence issue with control flow operator at /home/cpan3/.cpan/build/HTTP-Engine-0.03005-0/inc/Test/Builder.pm line 917.
Possible precedence issue with control flow operator at /home/cpan3/.cpan/build/HTTP-Engine-0.03005-0/inc/Test/Builder.pm line 917.
Redundant argument in sprintf at /home/cpan3/.cpan/build/HTTP-Engine-0.03005-0/inc/Spiffy.pm line 222.
Redundant argument in sprintf at /home/cpan3/.cpan/build/HTTP-Engine-0.03005-0/inc/Spiffy.pm line 222.
Redundant argument in sprintf at /home/cpan3/.cpan/build/HTTP-Engine-0.03005-0/inc/Spiffy.pm line 222.
Redundant argument in sprintf at /home/cpan3/.cpan/build/HTTP-Engine-0.03005-0/inc/Spiffy.pm line 222.
Any::Moose is deprecated. Please use Moo instead at /home/cpan3/.cpan/build/HTTP-Engine-0.03005-0/blib/lib/HTTP/Engine.pm line 3.
t/moose/010_core/response-status.t .......................... ok
Any::Moose is deprecated. Please use Moo instead at /home/cpan3/.cpan/build/HTTP-Engine-0.03005-0/blib/lib/HTTP/Engine/Request.pm line 2.
Class::MOP::load_class is deprecated at /home/cpan3/install/lib/perl5/site_perl/5.26.0/x86_64-linux-thread-multi/Class/MOP.pm line 69.
	Class::MOP::load_class("HTTP::Engine::RequestBuilder::CGI") called at /home/cpan3/.cpan/build/HTTP-Engine-0.03005-0/blib/lib/HTTP/Engine/Interface.pm line 65
	HTTP::Engine::Interface::_setup_builder("HTTP::Engine::Interface::CGI", "CGI") called at /home/cpan3/.cpan/build/HTTP-Engine-0.03005-0/blib/lib/HTTP/Engine/Interface.pm line 51
	HTTP::Engine::Interface::__INTERFACE__("HTTP::Engine::Interface::CGI") called at /home/cpan3/.cpan/build/HTTP-Engine-0.03005-0/blib/lib/HTTP/Engine/Interface.pm line 31
	HTTP::Engine::Interface::__ANON__() called at /home/cpan3/.cpan/build/HTTP-Engine-0.03005-0/blib/lib/HTTP/Engine/Interface/CGI.pm line 18
	require HTTP/Engine/Interface/CGI.pm called at t/moose/010_core/response_writer.t line 9
	main::BEGIN() called at /home/cpan3/.cpan/build/HTTP-Engine-0.03005-0/blib/lib/HTTP/Engine/Interface/CGI.pm line 0
	eval {...} called at /home/cpan3/.cpan/build/HTTP-Engine-0.03005-0/blib/lib/HTTP/Engine/Interface/CGI.pm line 0
t/moose/010_core/response_writer.t .......................... ok
Possible precedence issue with control flow operator at /home/cpan3/.cpan/build/HTTP-Engine-0.03005-0/inc/Test/Builder.pm line 917.
Any::Moose is deprecated. Please use Moo instead at t/moose/010_core/responsewriter-with_io.t line 7.
Possible precedence issue with control flow operator at /home/cpan3/.cpan/build/HTTP-Engine-0.03005-0/inc/Test/Builder.pm line 917.
Redundant argument in sprintf at /home/cpan3/.cpan/build/HTTP-Engine-0.03005-0/inc/Spiffy.pm line 222.
Redundant argument in sprintf at /home/cpan3/.cpan/build/HTTP-Engine-0.03005-0/inc/Spiffy.pm line 222.
Redundant argument in sprintf at /home/cpan3/.cpan/build/HTTP-Engine-0.03005-0/inc/Spiffy.pm line 222.
Redundant argument in sprintf at /home/cpan3/.cpan/build/HTTP-Engine-0.03005-0/inc/Spiffy.pm line 222.
Any::Moose is deprecated. Please use Moo instead at /home/cpan3/.cpan/build/HTTP-Engine-0.03005-0/blib/lib/HTTP/Engine/Request.pm line 2.
t/moose/010_core/responsewriter-broken_io.t ................. ok
t/moose/010_core/response_finalizer.t ....................... ok
Any::Moose is deprecated. Please use Moo instead at /home/cpan3/.cpan/build/HTTP-Engine-0.03005-0/blib/lib/HTTP/Engine.pm line 3.
Class::MOP::load_class is deprecated at /home/cpan3/install/lib/perl5/site_perl/5.26.0/x86_64-linux-thread-multi/Class/MOP.pm line 69.
	Class::MOP::load_class("HTTP::Engine::RequestBuilder::CGI") called at /home/cpan3/.cpan/build/HTTP-Engine-0.03005-0/blib/lib/HTTP/Engine/Interface.pm line 65
	HTTP::Engine::Interface::_setup_builder("HTTP::Engine::Interface::CGI", "CGI") called at /home/cpan3/.cpan/build/HTTP-Engine-0.03005-0/blib/lib/HTTP/Engine/Interface.pm line 51
	HTTP::Engine::Interface::__INTERFACE__("HTTP::Engine::Interface::CGI") called at /home/cpan3/.cpan/build/HTTP-Engine-0.03005-0/blib/lib/HTTP/Engine/Interface.pm line 31
	HTTP::Engine::Interface::__ANON__() called at /home/cpan3/.cpan/build/HTTP-Engine-0.03005-0/blib/lib/HTTP/Engine/Interface/CGI.pm line 18
	require HTTP/Engine/Interface/CGI.pm called at t/moose/020_interface/cgi.t line 5
	main::BEGIN() called at /home/cpan3/.cpan/build/HTTP-Engine-0.03005-0/blib/lib/HTTP/Engine/Interface/CGI.pm line 0
	eval {...} called at /home/cpan3/.cpan/build/HTTP-Engine-0.03005-0/blib/lib/HTTP/Engine/Interface/CGI.pm line 0
Possible precedence issue with control flow operator at /home/cpan3/.cpan/build/HTTP-Engine-0.03005-0/inc/Test/Builder.pm line 917.
Redundant argument in sprintf at /home/cpan3/.cpan/build/HTTP-Engine-0.03005-0/inc/Spiffy.pm line 222.
Redundant argument in sprintf at /home/cpan3/.cpan/build/HTTP-Engine-0.03005-0/inc/Spiffy.pm line 222.
Redundant argument in sprintf at /home/cpan3/.cpan/build/HTTP-Engine-0.03005-0/inc/Spiffy.pm line 222.
Redundant argument in sprintf at /home/cpan3/.cpan/build/HTTP-Engine-0.03005-0/inc/Spiffy.pm line 222.
Possible precedence issue with control flow operator at /home/cpan3/.cpan/build/HTTP-Engine-0.03005-0/inc/Test/Builder.pm line 917.
t/moose/020_interface/lighty-fcgi.t ......................... skipped: set TEST_LIGHTTPD to enable this test
t/moose/010_core/responsewriter-with_io.t ................... ok
Any::Moose is deprecated. Please use Moo instead at t/Utils.pm line 2.
Possible precedence issue with control flow operator at /home/cpan3/.cpan/build/HTTP-Engine-0.03005-0/inc/Test/Builder.pm line 917.
Possible precedence issue with control flow operator at /home/cpan3/.cpan/build/HTTP-Engine-0.03005-0/inc/Test/Builder.pm line 917.
Any::Moose is deprecated. Please use Moo instead at /home/cpan3/.cpan/build/HTTP-Engine-0.03005-0/blib/lib/HTTP/Engine.pm line 3.
Class::MOP::load_class is deprecated at /home/cpan3/install/lib/perl5/site_perl/5.26.0/x86_64-linux-thread-multi/Class/MOP.pm line 69, <DATA> line 1.
	Class::MOP::load_class("HTTP::Engine::Interface::CGI") called at /home/cpan3/.cpan/build/HTTP-Engine-0.03005-0/blib/lib/HTTP/Engine/Types/Core.pm line 26
	HTTP::Engine::Types::Core::__ANON__(HASH(0x40cc170)) called at /home/cpan3/install/lib/perl5/site_perl/5.26.0/x86_64-linux-thread-multi/Moose/Meta/TypeCoercion.pm line 65
	Moose::Meta::TypeCoercion::__ANON__(HASH(0x40cc170)) called at constructor HTTP::Engine::new (defined at /home/cpan3/.cpan/build/HTTP-Engine-0.03005-0/blib/lib/HTTP/Engine.pm line 17) line 32
	HTTP::Engine::new("HTTP::Engine", "interface", HASH(0x40cc170)) called at t/moose/020_interface/cgi.t line 36
	main::__ANON__(Test::Base::Block=HASH(0x3fbc9f8)) called at /home/cpan3/.cpan/build/HTTP-Engine-0.03005-0/inc/Test/Base.pm line 269
	Test::Base::run(undef) called at t/moose/020_interface/cgi.t line 39
t/moose/020_interface/cgi.t ................................. ok
t/moose/020_interface/modperl_wildcard_hostname.t ........... skipped: this test requires mod_perl 2
Possible precedence issue with control flow operator at /home/cpan3/.cpan/build/HTTP-Engine-0.03005-0/inc/Test/Builder.pm line 917.
Any::Moose is deprecated. Please use Moo instead at /home/cpan3/.cpan/build/HTTP-Engine-0.03005-0/blib/lib/HTTP/Engine.pm line 3.
Possible precedence issue with control flow operator at /home/cpan3/.cpan/build/HTTP-Engine-0.03005-0/inc/Test/Builder.pm line 917.
Any::Moose is deprecated. Please use Moo instead at /home/cpan3/.cpan/build/HTTP-Engine-0.03005-0/blib/lib/HTTP/Engine.pm line 3.
Class::MOP::load_class is deprecated at /home/cpan3/install/lib/perl5/site_perl/5.26.0/x86_64-linux-thread-multi/Class/MOP.pm line 69.
	Class::MOP::load_class("HTTP::Engine::RequestBuilder::NoEnv") called at /home/cpan3/.cpan/build/HTTP-Engine-0.03005-0/blib/lib/HTTP/Engine/Interface.pm line 65
	HTTP::Engine::Interface::_setup_builder("HTTP::Engine::Interface::POE", "NoEnv") called at /home/cpan3/.cpan/build/HTTP-Engine-0.03005-0/blib/lib/HTTP/Engine/Interface.pm line 51
	HTTP::Engine::Interface::__INTERFACE__("HTTP::Engine::Interface::POE") called at /home/cpan3/.cpan/build/HTTP-Engine-0.03005-0/blib/lib/HTTP/Engine/Interface.pm line 31
	HTTP::Engine::Interface::__ANON__() called at /home/cpan3/.cpan/build/HTTP-Engine-0.03005-0/blib/lib/HTTP/Engine/Interface/POE.pm line 132
	require HTTP/Engine/Interface/POE.pm called at (eval 356) line 2
	main::BEGIN() called at /home/cpan3/.cpan/build/HTTP-Engine-0.03005-0/blib/lib/HTTP/Engine/Interface/POE.pm line 0
	eval {...} called at /home/cpan3/.cpan/build/HTTP-Engine-0.03005-0/blib/lib/HTTP/Engine/Interface/POE.pm line 0
	eval 'package main;
use HTTP::Engine::Interface::POE @{$args[0]};
1;
' called at /home/cpan3/.cpan/build/HTTP-Engine-0.03005-0/inc/Test/More.pm line 883
	Test::More::_eval("package main;\x{a}use HTTP::Engine::Interface::POE \@{\$args[0]};\x{a}1;\x{a}", ARRAY(0x13953c8)) called at /home/cpan3/.cpan/build/HTTP-Engine-0.03005-0/inc/Test/More.pm line 859
	Test::More::use_ok("HTTP::Engine::Interface::POE") called at t/moose/020_interface/poe-proxy.t line 15
=== 25722 === !!! Kernel has 1 child process(es).
=== 25722 === !!! Stopped child process (PID 25727) reaped when POE::Kernel->run() is ready to return.
=== 25722 === !!! Stopped child process (PID 25728) reaped when POE::Kernel->run() is ready to return.
=== 25722 === !!! Stopped child process (PID 25729) reaped when POE::Kernel->run() is ready to return.
=== 25722 === !!! Stopped child process (PID 25730) reaped when POE::Kernel->run() is ready to return.
=== 25722 === !!! Stopped child process (PID 25731) reaped when POE::Kernel->run() is ready to return.
=== 25722 === !!! Stopped child process (PID 25732) reaped when POE::Kernel->run() is ready to return.
=== 25722 === !!! Stopped child process (PID 25733) reaped when POE::Kernel->run() is ready to return.
=== 25722 === !!! At least one child process is still running when POE::Kernel->run() is ready to return.
=== 25722 === !!! Be sure to use sig_child() to reap child processes.
=== 25722 === !!! In extreme cases, failure to reap child processes has
=== 25722 === !!! resulted in a slow 'fork bomb' that has halted systems.
t/moose/020_interface/poe-proxy.t ........................... ok
Class::MOP::load_class is deprecated at /home/cpan3/install/lib/perl5/site_perl/5.26.0/x86_64-linux-thread-multi/Class/MOP.pm line 69.
	Class::MOP::load_class("HTTP::Engine::RequestBuilder::NoEnv") called at /home/cpan3/.cpan/build/HTTP-Engine-0.03005-0/blib/lib/HTTP/Engine/Interface.pm line 65
	HTTP::Engine::Interface::_setup_builder("HTTP::Engine::Interface::POE", "NoEnv") called at /home/cpan3/.cpan/build/HTTP-Engine-0.03005-0/blib/lib/HTTP/Engine/Interface.pm line 51
	HTTP::Engine::Interface::__INTERFACE__("HTTP::Engine::Interface::POE") called at /home/cpan3/.cpan/build/HTTP-Engine-0.03005-0/blib/lib/HTTP/Engine/Interface.pm line 31
	HTTP::Engine::Interface::__ANON__() called at /home/cpan3/.cpan/build/HTTP-Engine-0.03005-0/blib/lib/HTTP/Engine/Interface/POE.pm line 132
	require HTTP/Engine/Interface/POE.pm called at (eval 356) line 2
	main::BEGIN() called at /home/cpan3/.cpan/build/HTTP-Engine-0.03005-0/blib/lib/HTTP/Engine/Interface/POE.pm line 0
	eval {...} called at /home/cpan3/.cpan/build/HTTP-Engine-0.03005-0/blib/lib/HTTP/Engine/Interface/POE.pm line 0
	eval 'package main;
use HTTP::Engine::Interface::POE @{$args[0]};
1;
' called at /home/cpan3/.cpan/build/HTTP-Engine-0.03005-0/inc/Test/More.pm line 883
	Test::More::_eval("package main;\x{a}use HTTP::Engine::Interface::POE \@{\$args[0]};\x{a}1;\x{a}", ARRAY(0x208f290)) called at /home/cpan3/.cpan/build/HTTP-Engine-0.03005-0/inc/Test/More.pm line 859
	Test::More::use_ok("HTTP::Engine::Interface::POE") called at t/moose/020_interface/poe-uri.t line 16
=== 25725 === !!! Kernel has 1 child process(es).
=== 25725 === !!! Stopped child process (PID 25735) reaped when POE::Kernel->run() is ready to return.
=== 25725 === !!! Stopped child process (PID 25736) reaped when POE::Kernel->run() is ready to return.
=== 25725 === !!! Stopped child process (PID 25737) reaped when POE::Kernel->run() is ready to return.
=== 25725 === !!! Stopped child process (PID 25738) reaped when POE::Kernel->run() is ready to return.
=== 25725 === !!! Stopped child process (PID 25739) reaped when POE::Kernel->run() is ready to return.
=== 25725 === !!! Stopped child process (PID 25740) reaped when POE::Kernel->run() is ready to return.
=== 25725 === !!! Stopped child process (PID 25741) reaped when POE::Kernel->run() is ready to return.
=== 25725 === !!! Stopped child process (PID 25743) reaped when POE::Kernel->run() is ready to return.
=== 25725 === !!! Be sure to use sig_child() to reap child processes.
=== 25725 === !!! In extreme cases, failure to reap child processes has
=== 25725 === !!! resulted in a slow 'fork bomb' that has halted systems.
t/moose/020_interface/poe-uri.t ............................. ok
Any::Moose is deprecated. Please use Moo instead at t/Utils.pm line 2.
Possible precedence issue with control flow operator at /home/cpan3/.cpan/build/HTTP-Engine-0.03005-0/inc/Test/Builder.pm line 917.
Any::Moose is deprecated. Please use Moo instead at t/Utils.pm line 2.
Possible precedence issue with control flow operator at /home/cpan3/.cpan/build/HTTP-Engine-0.03005-0/inc/Test/Builder.pm line 917.
Class::MOP::load_class is deprecated at /home/cpan3/install/lib/perl5/site_perl/5.26.0/x86_64-linux-thread-multi/Class/MOP.pm line 69.
	Class::MOP::load_class("HTTP::Engine::Interface::PSGI") called at /home/cpan3/.cpan/build/HTTP-Engine-0.03005-0/blib/lib/HTTP/Engine/Types/Core.pm line 26
	HTTP::Engine::Types::Core::__ANON__(HASH(0x16cf0b0)) called at /home/cpan3/install/lib/perl5/site_perl/5.26.0/x86_64-linux-thread-multi/Moose/Meta/TypeCoercion.pm line 65
	Moose::Meta::TypeCoercion::__ANON__(HASH(0x16cf0b0)) called at constructor HTTP::Engine::new (defined at /home/cpan3/.cpan/build/HTTP-Engine-0.03005-0/blib/lib/HTTP/Engine.pm line 17) line 32
	HTTP::Engine::new("HTTP::Engine", "interface", HASH(0x16cf0b0)) called at t/moose/020_interface/psgi.t line 24
t/moose/020_interface/psgi.t ................................ ok
Class::MOP::load_class is deprecated at /home/cpan3/install/lib/perl5/site_perl/5.26.0/x86_64-linux-thread-multi/Class/MOP.pm line 69.
	Class::MOP::load_class("HTTP::Engine::RequestBuilder::NoEnv") called at /home/cpan3/.cpan/build/HTTP-Engine-0.03005-0/blib/lib/HTTP/Engine/Interface.pm line 65
	HTTP::Engine::Interface::_setup_builder("HTTP::Engine::Interface::POE", "NoEnv") called at /home/cpan3/.cpan/build/HTTP-Engine-0.03005-0/blib/lib/HTTP/Engine/Interface.pm line 51
	HTTP::Engine::Interface::__INTERFACE__("HTTP::Engine::Interface::POE") called at /home/cpan3/.cpan/build/HTTP-Engine-0.03005-0/blib/lib/HTTP/Engine/Interface.pm line 31
	HTTP::Engine::Interface::__ANON__() called at /home/cpan3/.cpan/build/HTTP-Engine-0.03005-0/blib/lib/HTTP/Engine/Interface/POE.pm line 132
	require HTTP/Engine/Interface/POE.pm called at (eval 356) line 2
	main::BEGIN() called at /home/cpan3/.cpan/build/HTTP-Engine-0.03005-0/blib/lib/HTTP/Engine/Interface/POE.pm line 0
	eval {...} called at /home/cpan3/.cpan/build/HTTP-Engine-0.03005-0/blib/lib/HTTP/Engine/Interface/POE.pm line 0
	eval 'package main;
use HTTP::Engine::Interface::POE @{$args[0]};
1;
' called at /home/cpan3/.cpan/build/HTTP-Engine-0.03005-0/inc/Test/More.pm line 883
	Test::More::_eval("package main;\x{a}use HTTP::Engine::Interface::POE \@{\$args[0]};\x{a}1;\x{a}", ARRAY(0x2879db0)) called at /home/cpan3/.cpan/build/HTTP-Engine-0.03005-0/inc/Test/More.pm line 859
	Test::More::use_ok("HTTP::Engine::Interface::POE") called at t/moose/020_interface/poe.t line 15
=== 25726 === !!! Kernel has 1 child process(es).
=== 25726 === !!! Stopped child process (PID 25747) reaped when POE::Kernel->run() is ready to return.
=== 25726 === !!! Stopped child process (PID 25748) reaped when POE::Kernel->run() is ready to return.
=== 25726 === !!! Stopped child process (PID 25749) reaped when POE::Kernel->run() is ready to return.
=== 25726 === !!! Stopped child process (PID 25750) reaped when POE::Kernel->run() is ready to return.
=== 25726 === !!! Stopped child process (PID 25751) reaped when POE::Kernel->run() is ready to return.
=== 25726 === !!! Stopped child process (PID 25752) reaped when POE::Kernel->run() is ready to return.
=== 25726 === !!! Stopped child process (PID 25754) reaped when POE::Kernel->run() is ready to return.
=== 25726 === !!! Stopped child process (PID 25755) reaped when POE::Kernel->run() is ready to return.
=== 25726 === !!! Be sure to use sig_child() to reap child processes.
=== 25726 === !!! In extreme cases, failure to reap child processes has
=== 25726 === !!! resulted in a slow 'fork bomb' that has halted systems.
t/moose/020_interface/poe.t ................................. ok
Class::MOP::load_class is deprecated at /home/cpan3/install/lib/perl5/site_perl/5.26.0/x86_64-linux-thread-multi/Class/MOP.pm line 69.
	Class::MOP::load_class("HTTP::Engine::Interface::PSGI") called at /home/cpan3/.cpan/build/HTTP-Engine-0.03005-0/blib/lib/HTTP/Engine/Types/Core.pm line 26
	HTTP::Engine::Types::Core::__ANON__(HASH(0x12ecc68)) called at /home/cpan3/install/lib/perl5/site_perl/5.26.0/x86_64-linux-thread-multi/Moose/Meta/TypeCoercion.pm line 65
	Moose::Meta::TypeCoercion::__ANON__(HASH(0x12ecc68)) called at constructor HTTP::Engine::new (defined at /home/cpan3/.cpan/build/HTTP-Engine-0.03005-0/blib/lib/HTTP/Engine.pm line 17) line 32
	HTTP::Engine::new("HTTP::Engine", "interface", HASH(0x12ecc68)) called at t/moose/020_interface/psgi-with_plack.t line 33
	main::__ANON__(50715) called at /home/cpan3/.cpan/build/HTTP-Engine-0.03005-0/inc/Test/TCP.pm line 118
	Test::TCP::start(Test::TCP=HASH(0x2de9fd8)) called at /home/cpan3/.cpan/build/HTTP-Engine-0.03005-0/inc/Test/TCP.pm line 102
	Test::TCP::new("Test::TCP", "code", CODE(0x322d898), "port", 50715) called at /home/cpan3/.cpan/build/HTTP-Engine-0.03005-0/inc/Test/TCP.pm line 54
	Test::TCP::test_tcp("client", CODE(0x315ae08), "server", CODE(0x322d898)) called at t/moose/020_interface/psgi-with_plack.t line 37
Any::Moose is deprecated. Please use Moo instead at t/Utils.pm line 2.
Possible precedence issue with control flow operator at /home/cpan3/.cpan/build/HTTP-Engine-0.03005-0/inc/Test/Builder.pm line 917.
t/moose/020_interface/psgi-with_plack.t ..................... ok
Possible precedence issue with control flow operator at /home/cpan3/.cpan/build/HTTP-Engine-0.03005-0/inc/Test/Builder.pm line 917.
Any::Moose is deprecated. Please use Moo instead at /home/cpan3/.cpan/build/HTTP-Engine-0.03005-0/blib/lib/HTTP/Engine.pm line 3.
Class::MOP::load_class is deprecated at /home/cpan3/install/lib/perl5/site_perl/5.26.0/x86_64-linux-thread-multi/Class/MOP.pm line 69, <DATA> line 11.
	Class::MOP::load_class("HTTP::Engine::Interface::ServerSimple") called at /home/cpan3/.cpan/build/HTTP-Engine-0.03005-0/blib/lib/HTTP/Engine/Types/Core.pm line 26
	HTTP::Engine::Types::Core::__ANON__(HASH(0x43502f8)) called at /home/cpan3/install/lib/perl5/site_perl/5.26.0/x86_64-linux-thread-multi/Moose/Meta/TypeCoercion.pm line 65
	Moose::Meta::TypeCoercion::__ANON__(HASH(0x43502f8)) called at constructor HTTP::Engine::new (defined at /home/cpan3/.cpan/build/HTTP-Engine-0.03005-0/blib/lib/HTTP/Engine.pm line 17) line 32
	HTTP::Engine::new("HTTP::Engine", "interface", HASH(0x43502f8)) called at t/moose/020_interface/server_simple-not-send-header-bug.t line 39
	main::__ANON__(50077) called at /home/cpan3/.cpan/build/HTTP-Engine-0.03005-0/inc/Test/TCP.pm line 118
	Test::TCP::start(Test::TCP=HASH(0x3b11110)) called at /home/cpan3/.cpan/build/HTTP-Engine-0.03005-0/inc/Test/TCP.pm line 102
	Test::TCP::new("Test::TCP", "code", CODE(0x2c405a8), "port", 50077) called at /home/cpan3/.cpan/build/HTTP-Engine-0.03005-0/inc/Test/TCP.pm line 54
	Test::TCP::test_tcp("client", CODE(0x2a246a8), "server", CODE(0x2c405a8)) called at t/moose/020_interface/server_simple-not-send-header-bug.t line 41
Class::MOP::load_class is deprecated at /home/cpan3/install/lib/perl5/site_perl/5.26.0/x86_64-linux-thread-multi/Class/MOP.pm line 69, <DATA> line 16.
	Class::MOP::load_class("HTTP::Engine::RequestBuilder::NoEnv") called at /home/cpan3/.cpan/build/HTTP-Engine-0.03005-0/blib/lib/HTTP/Engine/Interface.pm line 65
	HTTP::Engine::Interface::_setup_builder("HTTP::Engine::Interface::ServerSimple", "NoEnv") called at /home/cpan3/.cpan/build/HTTP-Engine-0.03005-0/blib/lib/HTTP/Engine/Interface.pm line 51
	HTTP::Engine::Interface::__INTERFACE__("HTTP::Engine::Interface::ServerSimple") called at /home/cpan3/.cpan/build/HTTP-Engine-0.03005-0/blib/lib/HTTP/Engine/Interface.pm line 31
	HTTP::Engine::Interface::__ANON__() called at /home/cpan3/.cpan/build/HTTP-Engine-0.03005-0/blib/lib/HTTP/Engine/Interface/ServerSimple.pm line 111
	require HTTP/Engine/Interface/ServerSimple.pm called at /home/cpan3/install/lib/perl5/site_perl/5.26.0/Module/Runtime.pm line 317
	Module::Runtime::require_module("HTTP::Engine::Interface::ServerSimple") called at /home/cpan3/install/lib/perl5/site_perl/5.26.0/Class/Load.pm line 174
	Class::Load::try {...} () called at /home/cpan3/install/lib/perl5/site_perl/5.26.0/Try/Tiny.pm line 99
	eval {...} called at /home/cpan3/install/lib/perl5/site_perl/5.26.0/Try/Tiny.pm line 94
	Try::Tiny::try(CODE(0x4370f00), Try::Tiny::Catch=REF(0x3f7c1f8)) called at /home/cpan3/install/lib/perl5/site_perl/5.26.0/Class/Load.pm line 180
	Class::Load::try_load_class("HTTP::Engine::Interface::ServerSimple", undef) called at /home/cpan3/install/lib/perl5/site_perl/5.26.0/Class/Load.pm line 35
	Class::Load::load_class("HTTP::Engine::Interface::ServerSimple") called at /home/cpan3/.cpan/build/HTTP-Engine-0.03005-0/blib/lib/HTTP/Engine/Types/Core.pm line 26
	HTTP::Engine::Types::Core::__ANON__(HASH(0x43502f8)) called at /home/cpan3/install/lib/perl5/site_perl/5.26.0/x86_64-linux-thread-multi/Moose/Meta/TypeCoercion.pm line 65
	Moose::Meta::TypeCoercion::__ANON__(HASH(0x43502f8)) called at constructor HTTP::Engine::new (defined at /home/cpan3/.cpan/build/HTTP-Engine-0.03005-0/blib/lib/HTTP/Engine.pm line 17) line 32
	HTTP::Engine::new("HTTP::Engine", "interface", HASH(0x43502f8)) called at t/moose/020_interface/server_simple-not-send-header-bug.t line 39
	main::__ANON__(50077) called at /home/cpan3/.cpan/build/HTTP-Engine-0.03005-0/inc/Test/TCP.pm line 118
	Test::TCP::start(Test::TCP=HASH(0x3b11110)) called at /home/cpan3/.cpan/build/HTTP-Engine-0.03005-0/inc/Test/TCP.pm line 102
	Test::TCP::new("Test::TCP", "code", CODE(0x2c405a8), "port", 50077) called at /home/cpan3/.cpan/build/HTTP-Engine-0.03005-0/inc/Test/TCP.pm line 54
	Test::TCP::test_tcp("client", CODE(0x2a246a8), "server", CODE(0x2c405a8)) called at t/moose/020_interface/server_simple-not-send-header-bug.t line 41
t/moose/020_interface/server_simple-net_server_configure.t .. skipped: this test requires Net::Server::Single
Any::Moose is deprecated. Please use Moo instead at t/Utils.pm line 2.
Possible precedence issue with control flow operator at /home/cpan3/.cpan/build/HTTP-Engine-0.03005-0/inc/Test/Builder.pm line 917.
Any::Moose is deprecated. Please use Moo instead at t/Utils.pm line 2.
Possible precedence issue with control flow operator at /home/cpan3/.cpan/build/HTTP-Engine-0.03005-0/inc/Test/Builder.pm line 917.
t/moose/020_interface/server_simple-not-send-header-bug.t ... ok
Class::MOP::load_class is deprecated at /home/cpan3/install/lib/perl5/site_perl/5.26.0/x86_64-linux-thread-multi/Class/MOP.pm line 69, <DATA> line 11.
	Class::MOP::load_class("HTTP::Engine::Interface::ServerSimple") called at /home/cpan3/.cpan/build/HTTP-Engine-0.03005-0/blib/lib/HTTP/Engine/Types/Core.pm line 26
	HTTP::Engine::Types::Core::__ANON__(HASH(0x38ac3e0)) called at /home/cpan3/install/lib/perl5/site_perl/5.26.0/x86_64-linux-thread-multi/Moose/Meta/TypeCoercion.pm line 65
	Moose::Meta::TypeCoercion::__ANON__(HASH(0x38ac3e0)) called at constructor HTTP::Engine::new (defined at /home/cpan3/.cpan/build/HTTP-Engine-0.03005-0/blib/lib/HTTP/Engine.pm line 17) line 32
	HTTP::Engine::new("HTTP::Engine", "interface", HASH(0x38ac3e0)) called at t/moose/020_interface/server_simple-print_banner.t line 32
	main::__ANON__(50901) called at /home/cpan3/.cpan/build/HTTP-Engine-0.03005-0/inc/Test/TCP.pm line 118
	Test::TCP::start(Test::TCP=HASH(0x35d80b8)) called at /home/cpan3/.cpan/build/HTTP-Engine-0.03005-0/inc/Test/TCP.pm line 102
	Test::TCP::new("Test::TCP", "code", CODE(0x19aeb30), "port", 50901) called at /home/cpan3/.cpan/build/HTTP-Engine-0.03005-0/inc/Test/TCP.pm line 54
	Test::TCP::test_tcp("client", CODE(0x38050b8), "server", CODE(0x19aeb30)) called at t/moose/020_interface/server_simple-print_banner.t line 34
Class::MOP::load_class is deprecated at /home/cpan3/install/lib/perl5/site_perl/5.26.0/x86_64-linux-thread-multi/Class/MOP.pm line 69, <DATA> line 11.
	Class::MOP::load_class("HTTP::Engine::Interface::ServerSimple") called at /home/cpan3/.cpan/build/HTTP-Engine-0.03005-0/blib/lib/HTTP/Engine/Types/Core.pm line 26
	HTTP::Engine::Types::Core::__ANON__(HASH(0x1b736e8)) called at /home/cpan3/install/lib/perl5/site_perl/5.26.0/x86_64-linux-thread-multi/Moose/Meta/TypeCoercion.pm line 65
	Moose::Meta::TypeCoercion::__ANON__(HASH(0x1b736e8)) called at constructor HTTP::Engine::new (defined at /home/cpan3/.cpan/build/HTTP-Engine-0.03005-0/blib/lib/HTTP/Engine.pm line 17) line 32
	HTTP::Engine::new("HTTP::Engine", "interface", HASH(0x1b736e8)) called at t/moose/020_interface/server_simple.t line 36
	main::__ANON__(50160) called at /home/cpan3/.cpan/build/HTTP-Engine-0.03005-0/inc/Test/TCP.pm line 118
	Test::TCP::start(Test::TCP=HASH(0x23397a8)) called at /home/cpan3/.cpan/build/HTTP-Engine-0.03005-0/inc/Test/TCP.pm line 102
	Test::TCP::new("Test::TCP", "code", CODE(0x29a4398), "port", 50160) called at /home/cpan3/.cpan/build/HTTP-Engine-0.03005-0/inc/Test/TCP.pm line 54
	Test::TCP::test_tcp("client", CODE(0x2900790), "server", CODE(0x29a4398)) called at t/moose/020_interface/server_simple.t line 38
Any::Moose is deprecated. Please use Moo instead at t/Utils.pm line 2.
Possible precedence issue with control flow operator at /home/cpan3/.cpan/build/HTTP-Engine-0.03005-0/inc/Test/Builder.pm line 917.
t/moose/020_interface/server_simple-print_banner.t .......... ok
t/moose/020_interface/server_simple.t ....................... ok
Any::Moose is deprecated. Please use Moo instead at t/Utils.pm line 2.
Possible precedence issue with control flow operator at /home/cpan3/.cpan/build/HTTP-Engine-0.03005-0/inc/Test/Builder.pm line 917.
t/moose/020_interface/standalone-keep_alive.t ............... skipped: Interface::Standalone will be removed
Any::Moose is deprecated. Please use Moo instead at t/Utils.pm line 2.
Possible precedence issue with control flow operator at /home/cpan3/.cpan/build/HTTP-Engine-0.03005-0/inc/Test/Builder.pm line 917.
Any::Moose is deprecated. Please use Moo instead at /home/cpan3/.cpan/build/HTTP-Engine-0.03005-0/blib/lib/HTTP/Engine.pm line 3.
Possible precedence issue with control flow operator at /home/cpan3/.cpan/build/HTTP-Engine-0.03005-0/inc/Test/Builder.pm line 917.
t/moose/020_interface/standalone-restart.t .................. skipped: Interface::Standalone will be removed
Class::MOP::load_class is deprecated at /home/cpan3/install/lib/perl5/site_perl/5.26.0/x86_64-linux-thread-multi/Class/MOP.pm line 69.
	Class::MOP::load_class("HTTP::Engine::Interface::Test") called at /home/cpan3/.cpan/build/HTTP-Engine-0.03005-0/blib/lib/HTTP/Engine/Types/Core.pm line 26
	HTTP::Engine::Types::Core::__ANON__(HASH(0x3ea0808)) called at /home/cpan3/install/lib/perl5/site_perl/5.26.0/x86_64-linux-thread-multi/Moose/Meta/TypeCoercion.pm line 65
	Moose::Meta::TypeCoercion::__ANON__(HASH(0x3ea0808)) called at constructor HTTP::Engine::new (defined at /home/cpan3/.cpan/build/HTTP-Engine-0.03005-0/blib/lib/HTTP/Engine.pm line 17) line 32
	HTTP::Engine::new("HTTP::Engine", "interface", HASH(0x3ea0808)) called at t/moose/020_interface/streaming_response.t line 30
	eval {...} called at t/moose/020_interface/streaming_response.t line 19
t/moose/020_interface/streaming_response.t .................. ok
Possible precedence issue with control flow operator at /home/cpan3/.cpan/build/HTTP-Engine-0.03005-0/inc/Test/Builder.pm line 917.
Any::Moose is deprecated. Please use Moo instead at /home/cpan3/.cpan/build/HTTP-Engine-0.03005-0/blib/lib/HTTP/Engine.pm line 3.
Any::Moose is deprecated. Please use Moo instead at /home/cpan3/.cpan/build/HTTP-Engine-0.03005-0/blib/lib/HTTP/Engine.pm line 3.
Possible precedence issue with control flow operator at /home/cpan3/.cpan/build/HTTP-Engine-0.03005-0/inc/Test/Builder.pm line 917.
Redundant argument in sprintf at /home/cpan3/.cpan/build/HTTP-Engine-0.03005-0/inc/Spiffy.pm line 222.
Redundant argument in sprintf at /home/cpan3/.cpan/build/HTTP-Engine-0.03005-0/inc/Spiffy.pm line 222.
Redundant argument in sprintf at /home/cpan3/.cpan/build/HTTP-Engine-0.03005-0/inc/Spiffy.pm line 222.
Redundant argument in sprintf at /home/cpan3/.cpan/build/HTTP-Engine-0.03005-0/inc/Spiffy.pm line 222.
t/moose/020_interface/test-warn_at_utf8.t ................... ok

#   Failed test at t/moose/020_interface/test-validation.t line 23.
#          got: '1'
#     expected: '0'
# Looks like you failed 1 test of 10.
t/moose/020_interface/test-validation.t ..................... 
Dubious, test returned 1 (wstat 256, 0x100)
Failed 1/10 subtests 
Class::MOP::load_class is deprecated at /home/cpan3/install/lib/perl5/site_perl/5.26.0/x86_64-linux-thread-multi/Class/MOP.pm line 69, <DATA> line 1.
	Class::MOP::load_class("HTTP::Engine::Interface::Test") called at /home/cpan3/.cpan/build/HTTP-Engine-0.03005-0/blib/lib/HTTP/Engine/Types/Core.pm line 26
	HTTP::Engine::Types::Core::__ANON__(HASH(0x4040858)) called at /home/cpan3/install/lib/perl5/site_perl/5.26.0/x86_64-linux-thread-multi/Moose/Meta/TypeCoercion.pm line 65
	Moose::Meta::TypeCoercion::__ANON__(HASH(0x4040858)) called at constructor HTTP::Engine::new (defined at /home/cpan3/.cpan/build/HTTP-Engine-0.03005-0/blib/lib/HTTP/Engine.pm line 17) line 32
	HTTP::Engine::new("HTTP::Engine", "interface", HASH(0x4040858)) called at t/moose/020_interface/test.t line 38
	main::__ANON__(Test::Base::Block=HASH(0x3ec65e0)) called at /home/cpan3/.cpan/build/HTTP-Engine-0.03005-0/inc/Test/Base.pm line 269
	Test::Base::run(undef) called at t/moose/020_interface/test.t line 43
Possible precedence issue with control flow operator at /home/cpan3/.cpan/build/HTTP-Engine-0.03005-0/inc/Test/Builder.pm line 917.
Any::Moose is deprecated. Please use Moo instead at /home/cpan3/.cpan/build/HTTP-Engine-0.03005-0/blib/lib/HTTP/Engine.pm line 3.
Any::Moose is deprecated. Please use Moo instead at t/Utils.pm line 2.
Possible precedence issue with control flow operator at /home/cpan3/.cpan/build/HTTP-Engine-0.03005-0/inc/Test/Builder.pm line 917.
Redundant argument in sprintf at /home/cpan3/.cpan/build/HTTP-Engine-0.03005-0/inc/Spiffy.pm line 222.
Redundant argument in sprintf at /home/cpan3/.cpan/build/HTTP-Engine-0.03005-0/inc/Spiffy.pm line 222.
Redundant argument in sprintf at /home/cpan3/.cpan/build/HTTP-Engine-0.03005-0/inc/Spiffy.pm line 222.
Redundant argument in sprintf at /home/cpan3/.cpan/build/HTTP-Engine-0.03005-0/inc/Spiffy.pm line 222.
Class::MOP::load_class is deprecated at /home/cpan3/install/lib/perl5/site_perl/5.26.0/x86_64-linux-thread-multi/Class/MOP.pm line 69.
	Class::MOP::load_class("HTTP::Engine::Interface::Test") called at /home/cpan3/.cpan/build/HTTP-Engine-0.03005-0/blib/lib/HTTP/Engine/Types/Core.pm line 26
	HTTP::Engine::Types::Core::__ANON__(HASH(0x3efb068)) called at /home/cpan3/install/lib/perl5/site_perl/5.26.0/x86_64-linux-thread-multi/Moose/Meta/TypeCoercion.pm line 65
	Moose::Meta::TypeCoercion::__ANON__(HASH(0x3efb068)) called at constructor HTTP::Engine::new (defined at /home/cpan3/.cpan/build/HTTP-Engine-0.03005-0/blib/lib/HTTP/Engine.pm line 17) line 32
	HTTP::Engine::new("HTTP::Engine", "interface", HASH(0x3efb068)) called at t/moose/020_interface/test_response-with_io.t line 26
t/moose/020_interface/test_response-with_io.t ............... ok
t/moose/020_interface/test.t ................................ ok
Any::Moose is deprecated. Please use Moo instead at t/Utils.pm line 2.
Possible precedence issue with control flow operator at /home/cpan3/.cpan/build/HTTP-Engine-0.03005-0/inc/Test/Builder.pm line 917.
Any::Moose is deprecated. Please use Moo instead at t/Utils.pm line 2.
Possible precedence issue with control flow operator at /home/cpan3/.cpan/build/HTTP-Engine-0.03005-0/inc/Test/Builder.pm line 917.
Class::MOP::load_class is deprecated at /home/cpan3/install/lib/perl5/site_perl/5.26.0/x86_64-linux-thread-multi/Class/MOP.pm line 69, <DATA> line 1.
	Class::MOP::load_class("HTTP::Engine::Interface::Test") called at /home/cpan3/.cpan/build/HTTP-Engine-0.03005-0/blib/lib/HTTP/Engine/Types/Core.pm line 26
	HTTP::Engine::Types::Core::__ANON__(HASH(0x37402a8)) called at /home/cpan3/install/lib/perl5/site_perl/5.26.0/x86_64-linux-thread-multi/Moose/Meta/TypeCoercion.pm line 65
	Moose::Meta::TypeCoercion::__ANON__(HASH(0x37402a8)) called at constructor HTTP::Engine::new (defined at /home/cpan3/.cpan/build/HTTP-Engine-0.03005-0/blib/lib/HTTP/Engine.pm line 17) line 32
	HTTP::Engine::new("HTTP::Engine", "interface", HASH(0x37402a8)) called at t/moose/020_interface/test_upload.t line 55
	main::__ANON__(Test::Base::Block=HASH(0x1517e80)) called at /home/cpan3/.cpan/build/HTTP-Engine-0.03005-0/inc/Test/Base.pm line 269
	Test::Base::run(undef) called at t/moose/020_interface/test_upload.t line 91
t/moose/020_interface/test_upload.t ......................... ok
Any::Moose is deprecated. Please use Moo instead at t/Utils.pm line 2.
Possible precedence issue with control flow operator at /home/cpan3/.cpan/build/HTTP-Engine-0.03005-0/inc/Test/Builder.pm line 917.
Class::MOP::load_class is deprecated at /home/cpan3/install/lib/perl5/site_perl/5.26.0/x86_64-linux-thread-multi/Class/MOP.pm line 69.
	Class::MOP::load_class("HTTP::Engine::Interface::Standalone") called at /home/cpan3/.cpan/build/HTTP-Engine-0.03005-0/blib/lib/HTTP/Engine/Types/Core.pm line 26
	HTTP::Engine::Types::Core::__ANON__(HASH(0x2c000c0)) called at /home/cpan3/install/lib/perl5/site_perl/5.26.0/x86_64-linux-thread-multi/Moose/Meta/TypeCoercion.pm line 65
	Moose::Meta::TypeCoercion::__ANON__(HASH(0x2c000c0)) called at constructor HTTP::Engine::new (defined at /home/cpan3/.cpan/build/HTTP-Engine-0.03005-0/blib/lib/HTTP/Engine.pm line 17) line 32
	HTTP::Engine::new("HTTP::Engine", "interface", HASH(0x2c000c0)) called at t/Utils.pm line 129
	t::Utils::__ANON__(50321) called at /home/cpan3/.cpan/build/HTTP-Engine-0.03005-0/inc/Test/TCP.pm line 118
	Test::TCP::start(Test::TCP=HASH(0x31a86c0)) called at /home/cpan3/.cpan/build/HTTP-Engine-0.03005-0/inc/Test/TCP.pm line 102
	Test::TCP::new("Test::TCP", "code", CODE(0x310b218), "port", 50321) called at /home/cpan3/.cpan/build/HTTP-Engine-0.03005-0/inc/Test/TCP.pm line 54
	Test::TCP::test_tcp("client", CODE(0x310b188), "server", CODE(0x310b218), "port", 50321) called at t/Utils.pm line 132
	t::Utils::daemonize_all(CODE(0x21de458), "    sub {\x{a}        my \$port = shift;\x{a}        return (\x{a}        "...) called at t/moose/030_daemonize/headers.t line 40
Class::MOP::load_class is deprecated at /home/cpan3/install/lib/perl5/site_perl/5.26.0/x86_64-linux-thread-multi/Class/MOP.pm line 69.
	Class::MOP::load_class("HTTP::Engine::Interface::ServerSimple") called at /home/cpan3/.cpan/build/HTTP-Engine-0.03005-0/blib/lib/HTTP/Engine/Types/Core.pm line 26
	HTTP::Engine::Types::Core::__ANON__(HASH(0x2c000c0)) called at /home/cpan3/install/lib/perl5/site_perl/5.26.0/x86_64-linux-thread-multi/Moose/Meta/TypeCoercion.pm line 65
	Moose::Meta::TypeCoercion::__ANON__(HASH(0x2c000c0)) called at constructor HTTP::Engine::new (defined at /home/cpan3/.cpan/build/HTTP-Engine-0.03005-0/blib/lib/HTTP/Engine.pm line 17) line 32
	HTTP::Engine::new("HTTP::Engine", "interface", HASH(0x2c000c0)) called at t/Utils.pm line 129
	t::Utils::__ANON__(50321) called at /home/cpan3/.cpan/build/HTTP-Engine-0.03005-0/inc/Test/TCP.pm line 118
	Test::TCP::start(Test::TCP=HASH(0x3140180)) called at /home/cpan3/.cpan/build/HTTP-Engine-0.03005-0/inc/Test/TCP.pm line 102
	Test::TCP::new("Test::TCP", "code", CODE(0x310b218), "port", 50321) called at /home/cpan3/.cpan/build/HTTP-Engine-0.03005-0/inc/Test/TCP.pm line 54
	Test::TCP::test_tcp("client", CODE(0x310b188), "server", CODE(0x310b218), "port", 50321) called at t/Utils.pm line 132
	t::Utils::daemonize_all(CODE(0x21de458), "    sub {\x{a}        my \$port = shift;\x{a}        return (\x{a}        "...) called at t/moose/030_daemonize/headers.t line 40
Class::MOP::load_class is deprecated at /home/cpan3/install/lib/perl5/site_perl/5.26.0/x86_64-linux-thread-multi/Class/MOP.pm line 69.
	Class::MOP::load_class("HTTP::Engine::Interface::POE") called at /home/cpan3/.cpan/build/HTTP-Engine-0.03005-0/blib/lib/HTTP/Engine/Types/Core.pm line 26
	HTTP::Engine::Types::Core::__ANON__(HASH(0x2c000c0)) called at /home/cpan3/install/lib/perl5/site_perl/5.26.0/x86_64-linux-thread-multi/Moose/Meta/TypeCoercion.pm line 65
	Moose::Meta::TypeCoercion::__ANON__(HASH(0x2c000c0)) called at constructor HTTP::Engine::new (defined at /home/cpan3/.cpan/build/HTTP-Engine-0.03005-0/blib/lib/HTTP/Engine.pm line 17) line 32
	HTTP::Engine::new("HTTP::Engine", "interface", HASH(0x2c000c0)) called at t/Utils.pm line 129
	t::Utils::__ANON__(50321) called at /home/cpan3/.cpan/build/HTTP-Engine-0.03005-0/inc/Test/TCP.pm line 118
	Test::TCP::start(Test::TCP=HASH(0x31a9338)) called at /home/cpan3/.cpan/build/HTTP-Engine-0.03005-0/inc/Test/TCP.pm line 102
	Test::TCP::new("Test::TCP", "code", CODE(0x310b218), "port", 50321) called at /home/cpan3/.cpan/build/HTTP-Engine-0.03005-0/inc/Test/TCP.pm line 54
	Test::TCP::test_tcp("client", CODE(0x310b188), "server", CODE(0x310b218), "port", 50321) called at t/Utils.pm line 132
	t::Utils::daemonize_all(CODE(0x21de458), "    sub {\x{a}        my \$port = shift;\x{a}        return (\x{a}        "...) called at t/moose/030_daemonize/headers.t line 40
t/moose/030_daemonize/headers.t ............................. ok
Class::MOP::load_class is deprecated at /home/cpan3/install/lib/perl5/site_perl/5.26.0/x86_64-linux-thread-multi/Class/MOP.pm line 69.
	Class::MOP::load_class("HTTP::Engine::Interface::Standalone") called at /home/cpan3/.cpan/build/HTTP-Engine-0.03005-0/blib/lib/HTTP/Engine/Types/Core.pm line 26
	HTTP::Engine::Types::Core::__ANON__(HASH(0x297f530)) called at /home/cpan3/install/lib/perl5/site_perl/5.26.0/x86_64-linux-thread-multi/Moose/Meta/TypeCoercion.pm line 65
	Moose::Meta::TypeCoercion::__ANON__(HASH(0x297f530)) called at constructor HTTP::Engine::new (defined at /home/cpan3/.cpan/build/HTTP-Engine-0.03005-0/blib/lib/HTTP/Engine.pm line 17) line 32
	HTTP::Engine::new("HTTP::Engine", "interface", HASH(0x297f530)) called at t/Utils.pm line 129
	t::Utils::__ANON__(50200) called at /home/cpan3/.cpan/build/HTTP-Engine-0.03005-0/inc/Test/TCP.pm line 118
	Test::TCP::start(Test::TCP=HASH(0x2dcddb0)) called at /home/cpan3/.cpan/build/HTTP-Engine-0.03005-0/inc/Test/TCP.pm line 102
	Test::TCP::new("Test::TCP", "code", CODE(0x2d402a0), "port", 50200) called at /home/cpan3/.cpan/build/HTTP-Engine-0.03005-0/inc/Test/TCP.pm line 54
	Test::TCP::test_tcp("client", CODE(0x2d402b8), "server", CODE(0x2d402a0), "port", 50200) called at t/Utils.pm line 132
	t::Utils::daemonize_all(CODE(0x27a3a48), "    sub {\x{a}        my \$port = shift;\x{a}        return (\x{a}        "...) called at t/moose/030_daemonize/connection_info.t line 47
Class::MOP::load_class is deprecated at /home/cpan3/install/lib/perl5/site_perl/5.26.0/x86_64-linux-thread-multi/Class/MOP.pm line 69.
	Class::MOP::load_class("HTTP::Engine::Interface::ServerSimple") called at /home/cpan3/.cpan/build/HTTP-Engine-0.03005-0/blib/lib/HTTP/Engine/Types/Core.pm line 26
	HTTP::Engine::Types::Core::__ANON__(HASH(0x297f530)) called at /home/cpan3/install/lib/perl5/site_perl/5.26.0/x86_64-linux-thread-multi/Moose/Meta/TypeCoercion.pm line 65
	Moose::Meta::TypeCoercion::__ANON__(HASH(0x297f530)) called at constructor HTTP::Engine::new (defined at /home/cpan3/.cpan/build/HTTP-Engine-0.03005-0/blib/lib/HTTP/Engine.pm line 17) line 32
	HTTP::Engine::new("HTTP::Engine", "interface", HASH(0x297f530)) called at t/Utils.pm line 129
	t::Utils::__ANON__(50200) called at /home/cpan3/.cpan/build/HTTP-Engine-0.03005-0/inc/Test/TCP.pm line 118
	Test::TCP::start(Test::TCP=HASH(0x2e98548)) called at /home/cpan3/.cpan/build/HTTP-Engine-0.03005-0/inc/Test/TCP.pm line 102
	Test::TCP::new("Test::TCP", "code", CODE(0x2d402a0), "port", 50200) called at /home/cpan3/.cpan/build/HTTP-Engine-0.03005-0/inc/Test/TCP.pm line 54
	Test::TCP::test_tcp("client", CODE(0x2d402b8), "server", CODE(0x2d402a0), "port", 50200) called at t/Utils.pm line 132
	t::Utils::daemonize_all(CODE(0x27a3a48), "    sub {\x{a}        my \$port = shift;\x{a}        return (\x{a}        "...) called at t/moose/030_daemonize/connection_info.t line 47
Class::MOP::load_class is deprecated at /home/cpan3/install/lib/perl5/site_perl/5.26.0/x86_64-linux-thread-multi/Class/MOP.pm line 69.
	Class::MOP::load_class("HTTP::Engine::Interface::POE") called at /home/cpan3/.cpan/build/HTTP-Engine-0.03005-0/blib/lib/HTTP/Engine/Types/Core.pm line 26
	HTTP::Engine::Types::Core::__ANON__(HASH(0x297f530)) called at /home/cpan3/install/lib/perl5/site_perl/5.26.0/x86_64-linux-thread-multi/Moose/Meta/TypeCoercion.pm line 65
	Moose::Meta::TypeCoercion::__ANON__(HASH(0x297f530)) called at constructor HTTP::Engine::new (defined at /home/cpan3/.cpan/build/HTTP-Engine-0.03005-0/blib/lib/HTTP/Engine.pm line 17) line 32
	HTTP::Engine::new("HTTP::Engine", "interface", HASH(0x297f530)) called at t/Utils.pm line 129
	t::Utils::__ANON__(50200) called at /home/cpan3/.cpan/build/HTTP-Engine-0.03005-0/inc/Test/TCP.pm line 118
	Test::TCP::start(Test::TCP=HASH(0x2fdea58)) called at /home/cpan3/.cpan/build/HTTP-Engine-0.03005-0/inc/Test/TCP.pm line 102
	Test::TCP::new("Test::TCP", "code", CODE(0x2d402a0), "port", 50200) called at /home/cpan3/.cpan/build/HTTP-Engine-0.03005-0/inc/Test/TCP.pm line 54
	Test::TCP::test_tcp("client", CODE(0x2d402b8), "server", CODE(0x2d402a0), "port", 50200) called at t/Utils.pm line 132
	t::Utils::daemonize_all(CODE(0x27a3a48), "    sub {\x{a}        my \$port = shift;\x{a}        return (\x{a}        "...) called at t/moose/030_daemonize/connection_info.t line 47
t/moose/030_daemonize/connection_info.t ..................... ok
Any::Moose is deprecated. Please use Moo instead at t/Utils.pm line 2.
Possible precedence issue with control flow operator at /home/cpan3/.cpan/build/HTTP-Engine-0.03005-0/inc/Test/Builder.pm line 917.
Any::Moose is deprecated. Please use Moo instead at t/Utils.pm line 2.
Possible precedence issue with control flow operator at /home/cpan3/.cpan/build/HTTP-Engine-0.03005-0/inc/Test/Builder.pm line 917.

#   Failed test at /home/cpan3/.cpan/build/HTTP-Engine-0.03005-0/inc/Test/More.pm line 376.
#          got: '/foo|'
#     expected: '/|http://example.com/foo?http=1'

#   Failed test at /home/cpan3/.cpan/build/HTTP-Engine-0.03005-0/inc/Test/More.pm line 376.
#          got: '/foo|'
#     expected: '/|http://example.com:8080/foo?http=1'
Class::MOP::load_class is deprecated at /home/cpan3/install/lib/perl5/site_perl/5.26.0/x86_64-linux-thread-multi/Class/MOP.pm line 69.
	Class::MOP::load_class("HTTP::Engine::Interface::Standalone") called at /home/cpan3/.cpan/build/HTTP-Engine-0.03005-0/blib/lib/HTTP/Engine/Types/Core.pm line 26
	HTTP::Engine::Types::Core::__ANON__(HASH(0x3ca6668)) called at /home/cpan3/install/lib/perl5/site_perl/5.26.0/x86_64-linux-thread-multi/Moose/Meta/TypeCoercion.pm line 65
	Moose::Meta::TypeCoercion::__ANON__(HASH(0x3ca6668)) called at constructor HTTP::Engine::new (defined at /home/cpan3/.cpan/build/HTTP-Engine-0.03005-0/blib/lib/HTTP/Engine.pm line 17) line 32
	HTTP::Engine::new("HTTP::Engine", "interface", HASH(0x3ca6668)) called at t/Utils.pm line 129
	t::Utils::__ANON__(50796) called at /home/cpan3/.cpan/build/HTTP-Engine-0.03005-0/inc/Test/TCP.pm line 118
	Test::TCP::start(Test::TCP=HASH(0x4196310)) called at /home/cpan3/.cpan/build/HTTP-Engine-0.03005-0/inc/Test/TCP.pm line 102
	Test::TCP::new("Test::TCP", "code", CODE(0x40fcb28), "port", 50796) called at /home/cpan3/.cpan/build/HTTP-Engine-0.03005-0/inc/Test/TCP.pm line 54
	Test::TCP::test_tcp("client", CODE(0x40fca68), "server", CODE(0x40fcb28), "port", 50796) called at t/Utils.pm line 132
	t::Utils::daemonize_all(CODE(0x3ba4970), "    sub {\x{a}        my \$port = shift;\x{a}        return (\x{a}        "...) called at t/moose/030_daemonize/proxy_path.t line 25
Class::MOP::load_class is deprecated at /home/cpan3/install/lib/perl5/site_perl/5.26.0/x86_64-linux-thread-multi/Class/MOP.pm line 69.
	Class::MOP::load_class("HTTP::Engine::Interface::ServerSimple") called at /home/cpan3/.cpan/build/HTTP-Engine-0.03005-0/blib/lib/HTTP/Engine/Types/Core.pm line 26
	HTTP::Engine::Types::Core::__ANON__(HASH(0x3ca6668)) called at /home/cpan3/install/lib/perl5/site_perl/5.26.0/x86_64-linux-thread-multi/Moose/Meta/TypeCoercion.pm line 65
	Moose::Meta::TypeCoercion::__ANON__(HASH(0x3ca6668)) called at constructor HTTP::Engine::new (defined at /home/cpan3/.cpan/build/HTTP-Engine-0.03005-0/blib/lib/HTTP/Engine.pm line 17) line 32
	HTTP::Engine::new("HTTP::Engine", "interface", HASH(0x3ca6668)) called at t/Utils.pm line 129
	t::Utils::__ANON__(50796) called at /home/cpan3/.cpan/build/HTTP-Engine-0.03005-0/inc/Test/TCP.pm line 118
	Test::TCP::start(Test::TCP=HASH(0x1f08f78)) called at /home/cpan3/.cpan/build/HTTP-Engine-0.03005-0/inc/Test/TCP.pm line 102
	Test::TCP::new("Test::TCP", "code", CODE(0x40fcb28), "port", 50796) called at /home/cpan3/.cpan/build/HTTP-Engine-0.03005-0/inc/Test/TCP.pm line 54
	Test::TCP::test_tcp("client", CODE(0x40fca68), "server", CODE(0x40fcb28), "port", 50796) called at t/Utils.pm line 132
	t::Utils::daemonize_all(CODE(0x3ba4970), "    sub {\x{a}        my \$port = shift;\x{a}        return (\x{a}        "...) called at t/moose/030_daemonize/proxy_path.t line 25

#   Failed test at /home/cpan3/.cpan/build/HTTP-Engine-0.03005-0/inc/Test/More.pm line 376.
#          got: '/foo|'
#     expected: '/|http://example.com/foo?http=1'

#   Failed test at /home/cpan3/.cpan/build/HTTP-Engine-0.03005-0/inc/Test/More.pm line 376.
#          got: '/foo|'
#     expected: '/|http://example.com:8080/foo?http=1'
Class::MOP::load_class is deprecated at /home/cpan3/install/lib/perl5/site_perl/5.26.0/x86_64-linux-thread-multi/Class/MOP.pm line 69.
	Class::MOP::load_class("HTTP::Engine::Interface::POE") called at /home/cpan3/.cpan/build/HTTP-Engine-0.03005-0/blib/lib/HTTP/Engine/Types/Core.pm line 26
	HTTP::Engine::Types::Core::__ANON__(HASH(0x3ca6668)) called at /home/cpan3/install/lib/perl5/site_perl/5.26.0/x86_64-linux-thread-multi/Moose/Meta/TypeCoercion.pm line 65
	Moose::Meta::TypeCoercion::__ANON__(HASH(0x3ca6668)) called at constructor HTTP::Engine::new (defined at /home/cpan3/.cpan/build/HTTP-Engine-0.03005-0/blib/lib/HTTP/Engine.pm line 17) line 32
	HTTP::Engine::new("HTTP::Engine", "interface", HASH(0x3ca6668)) called at t/Utils.pm line 129
	t::Utils::__ANON__(50796) called at /home/cpan3/.cpan/build/HTTP-Engine-0.03005-0/inc/Test/TCP.pm line 118
	Test::TCP::start(Test::TCP=HASH(0x46116c8)) called at /home/cpan3/.cpan/build/HTTP-Engine-0.03005-0/inc/Test/TCP.pm line 102
	Test::TCP::new("Test::TCP", "code", CODE(0x40fcb28), "port", 50796) called at /home/cpan3/.cpan/build/HTTP-Engine-0.03005-0/inc/Test/TCP.pm line 54
	Test::TCP::test_tcp("client", CODE(0x40fca68), "server", CODE(0x40fcb28), "port", 50796) called at t/Utils.pm line 132
	t::Utils::daemonize_all(CODE(0x3ba4970), "    sub {\x{a}        my \$port = shift;\x{a}        return (\x{a}        "...) called at t/moose/030_daemonize/proxy_path.t line 25
# Looks like you failed 4 tests of 16.
t/moose/030_daemonize/proxy_path.t .......................... 
Dubious, test returned 4 (wstat 1024, 0x400)
Failed 4/16 subtests 
Any::Moose is deprecated. Please use Moo instead at t/Utils.pm line 2.
Possible precedence issue with control flow operator at /home/cpan3/.cpan/build/HTTP-Engine-0.03005-0/inc/Test/Builder.pm line 917.
Class::MOP::load_class is deprecated at /home/cpan3/install/lib/perl5/site_perl/5.26.0/x86_64-linux-thread-multi/Class/MOP.pm line 69.
	Class::MOP::load_class("HTTP::Engine::Interface::Standalone") called at /home/cpan3/.cpan/build/HTTP-Engine-0.03005-0/blib/lib/HTTP/Engine/Types/Core.pm line 26
	HTTP::Engine::Types::Core::__ANON__(HASH(0x3cb99e0)) called at /home/cpan3/install/lib/perl5/site_perl/5.26.0/x86_64-linux-thread-multi/Moose/Meta/TypeCoercion.pm line 65
	Moose::Meta::TypeCoercion::__ANON__(HASH(0x3cb99e0)) called at constructor HTTP::Engine::new (defined at /home/cpan3/.cpan/build/HTTP-Engine-0.03005-0/blib/lib/HTTP/Engine.pm line 17) line 32
	HTTP::Engine::new("HTTP::Engine", "interface", HASH(0x3cb99e0)) called at t/Utils.pm line 129
	t::Utils::__ANON__(50383) called at /home/cpan3/.cpan/build/HTTP-Engine-0.03005-0/inc/Test/TCP.pm line 118
	Test::TCP::start(Test::TCP=HASH(0x426f3b8)) called at /home/cpan3/.cpan/build/HTTP-Engine-0.03005-0/inc/Test/TCP.pm line 102
	Test::TCP::new("Test::TCP", "code", CODE(0x3e5bf58), "port", 50383) called at /home/cpan3/.cpan/build/HTTP-Engine-0.03005-0/inc/Test/TCP.pm line 54
	Test::TCP::test_tcp("client", CODE(0x41d4090), "server", CODE(0x3e5bf58), "port", 50383) called at t/Utils.pm line 132
	t::Utils::daemonize_all(CODE(0x32a7d28), "    sub {\x{a}        my \$port = shift;\x{a}        return (\x{a}        "...) called at t/moose/030_daemonize/raw_body.t line 41
Class::MOP::load_class is deprecated at /home/cpan3/install/lib/perl5/site_perl/5.26.0/x86_64-linux-thread-multi/Class/MOP.pm line 69.
	Class::MOP::load_class("HTTP::Engine::Interface::ServerSimple") called at /home/cpan3/.cpan/build/HTTP-Engine-0.03005-0/blib/lib/HTTP/Engine/Types/Core.pm line 26
	HTTP::Engine::Types::Core::__ANON__(HASH(0x3cb99e0)) called at /home/cpan3/install/lib/perl5/site_perl/5.26.0/x86_64-linux-thread-multi/Moose/Meta/TypeCoercion.pm line 65
	Moose::Meta::TypeCoercion::__ANON__(HASH(0x3cb99e0)) called at constructor HTTP::Engine::new (defined at /home/cpan3/.cpan/build/HTTP-Engine-0.03005-0/blib/lib/HTTP/Engine.pm line 17) line 32
	HTTP::Engine::new("HTTP::Engine", "interface", HASH(0x3cb99e0)) called at t/Utils.pm line 129
	t::Utils::__ANON__(50383) called at /home/cpan3/.cpan/build/HTTP-Engine-0.03005-0/inc/Test/TCP.pm line 118
	Test::TCP::start(Test::TCP=HASH(0x4246f98)) called at /home/cpan3/.cpan/build/HTTP-Engine-0.03005-0/inc/Test/TCP.pm line 102
	Test::TCP::new("Test::TCP", "code", CODE(0x3e5bf58), "port", 50383) called at /home/cpan3/.cpan/build/HTTP-Engine-0.03005-0/inc/Test/TCP.pm line 54
	Test::TCP::test_tcp("client", CODE(0x41d4090), "server", CODE(0x3e5bf58), "port", 50383) called at t/Utils.pm line 132
	t::Utils::daemonize_all(CODE(0x32a7d28), "    sub {\x{a}        my \$port = shift;\x{a}        return (\x{a}        "...) called at t/moose/030_daemonize/raw_body.t line 41
Class::MOP::load_class is deprecated at /home/cpan3/install/lib/perl5/site_perl/5.26.0/x86_64-linux-thread-multi/Class/MOP.pm line 69.
	Class::MOP::load_class("HTTP::Engine::Interface::POE") called at /home/cpan3/.cpan/build/HTTP-Engine-0.03005-0/blib/lib/HTTP/Engine/Types/Core.pm line 26
	HTTP::Engine::Types::Core::__ANON__(HASH(0x3cb99e0)) called at /home/cpan3/install/lib/perl5/site_perl/5.26.0/x86_64-linux-thread-multi/Moose/Meta/TypeCoercion.pm line 65
	Moose::Meta::TypeCoercion::__ANON__(HASH(0x3cb99e0)) called at constructor HTTP::Engine::new (defined at /home/cpan3/.cpan/build/HTTP-Engine-0.03005-0/blib/lib/HTTP/Engine.pm line 17) line 32
	HTTP::Engine::new("HTTP::Engine", "interface", HASH(0x3cb99e0)) called at t/Utils.pm line 129
	t::Utils::__ANON__(50383) called at /home/cpan3/.cpan/build/HTTP-Engine-0.03005-0/inc/Test/TCP.pm line 118
	Test::TCP::start(Test::TCP=HASH(0x426fb98)) called at /home/cpan3/.cpan/build/HTTP-Engine-0.03005-0/inc/Test/TCP.pm line 102
	Test::TCP::new("Test::TCP", "code", CODE(0x3e5bf58), "port", 50383) called at /home/cpan3/.cpan/build/HTTP-Engine-0.03005-0/inc/Test/TCP.pm line 54
	Test::TCP::test_tcp("client", CODE(0x41d4090), "server", CODE(0x3e5bf58), "port", 50383) called at t/Utils.pm line 132
	t::Utils::daemonize_all(CODE(0x32a7d28), "    sub {\x{a}        my \$port = shift;\x{a}        return (\x{a}        "...) called at t/moose/030_daemonize/raw_body.t line 41
t/moose/030_daemonize/raw_body.t ............................ ok
Class::MOP::load_class is deprecated at /home/cpan3/install/lib/perl5/site_perl/5.26.0/x86_64-linux-thread-multi/Class/MOP.pm line 69.
	Class::MOP::load_class("HTTP::Engine::Interface::Standalone") called at /home/cpan3/.cpan/build/HTTP-Engine-0.03005-0/blib/lib/HTTP/Engine/Types/Core.pm line 26
	HTTP::Engine::Types::Core::__ANON__(HASH(0x3bb01a0)) called at /home/cpan3/install/lib/perl5/site_perl/5.26.0/x86_64-linux-thread-multi/Moose/Meta/TypeCoercion.pm line 65
	Moose::Meta::TypeCoercion::__ANON__(HASH(0x3bb01a0)) called at constructor HTTP::Engine::new (defined at /home/cpan3/.cpan/build/HTTP-Engine-0.03005-0/blib/lib/HTTP/Engine.pm line 17) line 32
	HTTP::Engine::new("HTTP::Engine", "interface", HASH(0x3bb01a0)) called at t/Utils.pm line 129
	t::Utils::__ANON__(50116) called at /home/cpan3/.cpan/build/HTTP-Engine-0.03005-0/inc/Test/TCP.pm line 118
	Test::TCP::start(Test::TCP=HASH(0x3ffd978)) called at /home/cpan3/.cpan/build/HTTP-Engine-0.03005-0/inc/Test/TCP.pm line 102
	Test::TCP::new("Test::TCP", "code", CODE(0x3f607f0), "port", 50116) called at /home/cpan3/.cpan/build/HTTP-Engine-0.03005-0/inc/Test/TCP.pm line 54
	Test::TCP::test_tcp("client", CODE(0x2d6e4c0), "server", CODE(0x3f607f0), "port", 50116) called at t/Utils.pm line 132
	t::Utils::daemonize_all(CODE(0x39d7d18), "    sub {\x{a}        my \$port = shift;\x{a}        return (\x{a}        "...) called at t/moose/030_daemonize/request_independence.t line 51
Class::MOP::load_class is deprecated at /home/cpan3/install/lib/perl5/site_perl/5.26.0/x86_64-linux-thread-multi/Class/MOP.pm line 69.
	Class::MOP::load_class("HTTP::Engine::Interface::ServerSimple") called at /home/cpan3/.cpan/build/HTTP-Engine-0.03005-0/blib/lib/HTTP/Engine/Types/Core.pm line 26
	HTTP::Engine::Types::Core::__ANON__(HASH(0x3bb01a0)) called at /home/cpan3/install/lib/perl5/site_perl/5.26.0/x86_64-linux-thread-multi/Moose/Meta/TypeCoercion.pm line 65
	Moose::Meta::TypeCoercion::__ANON__(HASH(0x3bb01a0)) called at constructor HTTP::Engine::new (defined at /home/cpan3/.cpan/build/HTTP-Engine-0.03005-0/blib/lib/HTTP/Engine.pm line 17) line 32
	HTTP::Engine::new("HTTP::Engine", "interface", HASH(0x3bb01a0)) called at t/Utils.pm line 129
	t::Utils::__ANON__(50116) called at /home/cpan3/.cpan/build/HTTP-Engine-0.03005-0/inc/Test/TCP.pm line 118
	Test::TCP::start(Test::TCP=HASH(0x3f97768)) called at /home/cpan3/.cpan/build/HTTP-Engine-0.03005-0/inc/Test/TCP.pm line 102
	Test::TCP::new("Test::TCP", "code", CODE(0x3f607f0), "port", 50116) called at /home/cpan3/.cpan/build/HTTP-Engine-0.03005-0/inc/Test/TCP.pm line 54
	Test::TCP::test_tcp("client", CODE(0x2d6e4c0), "server", CODE(0x3f607f0), "port", 50116) called at t/Utils.pm line 132
	t::Utils::daemonize_all(CODE(0x39d7d18), "    sub {\x{a}        my \$port = shift;\x{a}        return (\x{a}        "...) called at t/moose/030_daemonize/request_independence.t line 51
Class::MOP::load_class is deprecated at /home/cpan3/install/lib/perl5/site_perl/5.26.0/x86_64-linux-thread-multi/Class/MOP.pm line 69.
	Class::MOP::load_class("HTTP::Engine::Interface::POE") called at /home/cpan3/.cpan/build/HTTP-Engine-0.03005-0/blib/lib/HTTP/Engine/Types/Core.pm line 26
	HTTP::Engine::Types::Core::__ANON__(HASH(0x3bb01a0)) called at /home/cpan3/install/lib/perl5/site_perl/5.26.0/x86_64-linux-thread-multi/Moose/Meta/TypeCoercion.pm line 65
	Moose::Meta::TypeCoercion::__ANON__(HASH(0x3bb01a0)) called at constructor HTTP::Engine::new (defined at /home/cpan3/.cpan/build/HTTP-Engine-0.03005-0/blib/lib/HTTP/Engine.pm line 17) line 32
	HTTP::Engine::new("HTTP::Engine", "interface", HASH(0x3bb01a0)) called at t/Utils.pm line 129
	t::Utils::__ANON__(50116) called at /home/cpan3/.cpan/build/HTTP-Engine-0.03005-0/inc/Test/TCP.pm line 118
	Test::TCP::start(Test::TCP=HASH(0x44a26e8)) called at /home/cpan3/.cpan/build/HTTP-Engine-0.03005-0/inc/Test/TCP.pm line 102
	Test::TCP::new("Test::TCP", "code", CODE(0x3f607f0), "port", 50116) called at /home/cpan3/.cpan/build/HTTP-Engine-0.03005-0/inc/Test/TCP.pm line 54
	Test::TCP::test_tcp("client", CODE(0x2d6e4c0), "server", CODE(0x3f607f0), "port", 50116) called at t/Utils.pm line 132
	t::Utils::daemonize_all(CODE(0x39d7d18), "    sub {\x{a}        my \$port = shift;\x{a}        return (\x{a}        "...) called at t/moose/030_daemonize/request_independence.t line 51
t/moose/030_daemonize/request_independence.t ................ ok
Any::Moose is deprecated. Please use Moo instead at t/Utils.pm line 2.
Possible precedence issue with control flow operator at /home/cpan3/.cpan/build/HTTP-Engine-0.03005-0/inc/Test/Builder.pm line 917.
Any::Moose is deprecated. Please use Moo instead at t/Utils.pm line 2.
Possible precedence issue with control flow operator at /home/cpan3/.cpan/build/HTTP-Engine-0.03005-0/inc/Test/Builder.pm line 917.
Class::MOP::load_class is deprecated at /home/cpan3/install/lib/perl5/site_perl/5.26.0/x86_64-linux-thread-multi/Class/MOP.pm line 69.
	Class::MOP::load_class("HTTP::Engine::Interface::Standalone") called at /home/cpan3/.cpan/build/HTTP-Engine-0.03005-0/blib/lib/HTTP/Engine/Types/Core.pm line 26
	HTTP::Engine::Types::Core::__ANON__(HASH(0x43cca48)) called at /home/cpan3/install/lib/perl5/site_perl/5.26.0/x86_64-linux-thread-multi/Moose/Meta/TypeCoercion.pm line 65
	Moose::Meta::TypeCoercion::__ANON__(HASH(0x43cca48)) called at constructor HTTP::Engine::new (defined at /home/cpan3/.cpan/build/HTTP-Engine-0.03005-0/blib/lib/HTTP/Engine.pm line 17) line 32
	HTTP::Engine::new("HTTP::Engine", "interface", HASH(0x43cca48)) called at t/Utils.pm line 129
	t::Utils::__ANON__(50700) called at /home/cpan3/.cpan/build/HTTP-Engine-0.03005-0/inc/Test/TCP.pm line 118
	Test::TCP::start(Test::TCP=HASH(0x4459610)) called at /home/cpan3/.cpan/build/HTTP-Engine-0.03005-0/inc/Test/TCP.pm line 102
	Test::TCP::new("Test::TCP", "code", CODE(0x43ccf58), "port", 50700) called at /home/cpan3/.cpan/build/HTTP-Engine-0.03005-0/inc/Test/TCP.pm line 54
	Test::TCP::test_tcp("client", CODE(0x43cce98), "server", CODE(0x43ccf58), "port", 50700) called at t/Utils.pm line 132
	t::Utils::daemonize_all(CODE(0x43cc9b8), "    sub {\x{a}        require File::Temp;\x{a}        my \$port = shif"...) called at t/moose/030_daemonize/responsewriter_io.t line 50
Class::MOP::load_class is deprecated at /home/cpan3/install/lib/perl5/site_perl/5.26.0/x86_64-linux-thread-multi/Class/MOP.pm line 69.
	Class::MOP::load_class("HTTP::Engine::Interface::ServerSimple") called at /home/cpan3/.cpan/build/HTTP-Engine-0.03005-0/blib/lib/HTTP/Engine/Types/Core.pm line 26
	HTTP::Engine::Types::Core::__ANON__(HASH(0x43cca48)) called at /home/cpan3/install/lib/perl5/site_perl/5.26.0/x86_64-linux-thread-multi/Moose/Meta/TypeCoercion.pm line 65
	Moose::Meta::TypeCoercion::__ANON__(HASH(0x43cca48)) called at constructor HTTP::Engine::new (defined at /home/cpan3/.cpan/build/HTTP-Engine-0.03005-0/blib/lib/HTTP/Engine.pm line 17) line 32
	HTTP::Engine::new("HTTP::Engine", "interface", HASH(0x43cca48)) called at t/Utils.pm line 129
	t::Utils::__ANON__(50700) called at /home/cpan3/.cpan/build/HTTP-Engine-0.03005-0/inc/Test/TCP.pm line 118
	Test::TCP::start(Test::TCP=HASH(0x21a1f28)) called at /home/cpan3/.cpan/build/HTTP-Engine-0.03005-0/inc/Test/TCP.pm line 102
	Test::TCP::new("Test::TCP", "code", CODE(0x43ccf58), "port", 50700) called at /home/cpan3/.cpan/build/HTTP-Engine-0.03005-0/inc/Test/TCP.pm line 54
	Test::TCP::test_tcp("client", CODE(0x43cce98), "server", CODE(0x43ccf58), "port", 50700) called at t/Utils.pm line 132
	t::Utils::daemonize_all(CODE(0x43cc9b8), "    sub {\x{a}        require File::Temp;\x{a}        my \$port = shif"...) called at t/moose/030_daemonize/responsewriter_io.t line 50
Class::MOP::load_class is deprecated at /home/cpan3/install/lib/perl5/site_perl/5.26.0/x86_64-linux-thread-multi/Class/MOP.pm line 69.
	Class::MOP::load_class("HTTP::Engine::Interface::POE") called at /home/cpan3/.cpan/build/HTTP-Engine-0.03005-0/blib/lib/HTTP/Engine/Types/Core.pm line 26
	HTTP::Engine::Types::Core::__ANON__(HASH(0x43cca48)) called at /home/cpan3/install/lib/perl5/site_perl/5.26.0/x86_64-linux-thread-multi/Moose/Meta/TypeCoercion.pm line 65
	Moose::Meta::TypeCoercion::__ANON__(HASH(0x43cca48)) called at constructor HTTP::Engine::new (defined at /home/cpan3/.cpan/build/HTTP-Engine-0.03005-0/blib/lib/HTTP/Engine.pm line 17) line 32
	HTTP::Engine::new("HTTP::Engine", "interface", HASH(0x43cca48)) called at t/Utils.pm line 129
	t::Utils::__ANON__(50700) called at /home/cpan3/.cpan/build/HTTP-Engine-0.03005-0/inc/Test/TCP.pm line 118
	Test::TCP::start(Test::TCP=HASH(0x48f7c28)) called at /home/cpan3/.cpan/build/HTTP-Engine-0.03005-0/inc/Test/TCP.pm line 102
	Test::TCP::new("Test::TCP", "code", CODE(0x43ccf58), "port", 50700) called at /home/cpan3/.cpan/build/HTTP-Engine-0.03005-0/inc/Test/TCP.pm line 54
	Test::TCP::test_tcp("client", CODE(0x43cce98), "server", CODE(0x43ccf58), "port", 50700) called at t/Utils.pm line 132
	t::Utils::daemonize_all(CODE(0x43cc9b8), "    sub {\x{a}        require File::Temp;\x{a}        my \$port = shif"...) called at t/moose/030_daemonize/responsewriter_io.t line 50
t/moose/030_daemonize/responsewriter_io.t ................... ok
Any::Moose is deprecated. Please use Moo instead at t/Utils.pm line 2.
Possible precedence issue with control flow operator at /home/cpan3/.cpan/build/HTTP-Engine-0.03005-0/inc/Test/Builder.pm line 917.
Class::MOP::load_class is deprecated at /home/cpan3/install/lib/perl5/site_perl/5.26.0/x86_64-linux-thread-multi/Class/MOP.pm line 69.
	Class::MOP::load_class("HTTP::Engine::Interface::Standalone") called at /home/cpan3/.cpan/build/HTTP-Engine-0.03005-0/blib/lib/HTTP/Engine/Types/Core.pm line 26
	HTTP::Engine::Types::Core::__ANON__(HASH(0x32f7e48)) called at /home/cpan3/install/lib/perl5/site_perl/5.26.0/x86_64-linux-thread-multi/Moose/Meta/TypeCoercion.pm line 65
	Moose::Meta::TypeCoercion::__ANON__(HASH(0x32f7e48)) called at constructor HTTP::Engine::new (defined at /home/cpan3/.cpan/build/HTTP-Engine-0.03005-0/blib/lib/HTTP/Engine.pm line 17) line 32
	HTTP::Engine::new("HTTP::Engine", "interface", HASH(0x32f7e48)) called at t/Utils.pm line 129
	t::Utils::__ANON__(50434) called at /home/cpan3/.cpan/build/HTTP-Engine-0.03005-0/inc/Test/TCP.pm line 118
	Test::TCP::start(Test::TCP=HASH(0x3393120)) called at /home/cpan3/.cpan/build/HTTP-Engine-0.03005-0/inc/Test/TCP.pm line 102
	Test::TCP::new("Test::TCP", "code", CODE(0x2dbebc0), "port", 50434) called at /home/cpan3/.cpan/build/HTTP-Engine-0.03005-0/inc/Test/TCP.pm line 54
	Test::TCP::test_tcp("client", CODE(0x2dbeb30), "server", CODE(0x2dbebc0), "port", 50434) called at t/Utils.pm line 132
	t::Utils::daemonize_all(CODE(0xf01fd8), "    sub {\x{a}        my \$port = shift;\x{a}        return (\x{a}        "...) called at t/moose/030_daemonize/upload-methods.t line 42
Class::MOP::load_class is deprecated at /home/cpan3/install/lib/perl5/site_perl/5.26.0/x86_64-linux-thread-multi/Class/MOP.pm line 69.
	Class::MOP::load_class("HTTP::Engine::Interface::ServerSimple") called at /home/cpan3/.cpan/build/HTTP-Engine-0.03005-0/blib/lib/HTTP/Engine/Types/Core.pm line 26
	HTTP::Engine::Types::Core::__ANON__(HASH(0x32f7e48)) called at /home/cpan3/install/lib/perl5/site_perl/5.26.0/x86_64-linux-thread-multi/Moose/Meta/TypeCoercion.pm line 65
	Moose::Meta::TypeCoercion::__ANON__(HASH(0x32f7e48)) called at constructor HTTP::Engine::new (defined at /home/cpan3/.cpan/build/HTTP-Engine-0.03005-0/blib/lib/HTTP/Engine.pm line 17) line 32
	HTTP::Engine::new("HTTP::Engine", "interface", HASH(0x32f7e48)) called at t/Utils.pm line 129
	t::Utils::__ANON__(50434) called at /home/cpan3/.cpan/build/HTTP-Engine-0.03005-0/inc/Test/TCP.pm line 118
	Test::TCP::start(Test::TCP=HASH(0x3622810)) called at /home/cpan3/.cpan/build/HTTP-Engine-0.03005-0/inc/Test/TCP.pm line 102
	Test::TCP::new("Test::TCP", "code", CODE(0x2dbebc0), "port", 50434) called at /home/cpan3/.cpan/build/HTTP-Engine-0.03005-0/inc/Test/TCP.pm line 54
	Test::TCP::test_tcp("client", CODE(0x2dbeb30), "server", CODE(0x2dbebc0), "port", 50434) called at t/Utils.pm line 132
	t::Utils::daemonize_all(CODE(0xf01fd8), "    sub {\x{a}        my \$port = shift;\x{a}        return (\x{a}        "...) called at t/moose/030_daemonize/upload-methods.t line 42
Class::MOP::load_class is deprecated at /home/cpan3/install/lib/perl5/site_perl/5.26.0/x86_64-linux-thread-multi/Class/MOP.pm line 69.
	Class::MOP::load_class("HTTP::Engine::Interface::POE") called at /home/cpan3/.cpan/build/HTTP-Engine-0.03005-0/blib/lib/HTTP/Engine/Types/Core.pm line 26
	HTTP::Engine::Types::Core::__ANON__(HASH(0x32f7e48)) called at /home/cpan3/install/lib/perl5/site_perl/5.26.0/x86_64-linux-thread-multi/Moose/Meta/TypeCoercion.pm line 65
	Moose::Meta::TypeCoercion::__ANON__(HASH(0x32f7e48)) called at constructor HTTP::Engine::new (defined at /home/cpan3/.cpan/build/HTTP-Engine-0.03005-0/blib/lib/HTTP/Engine.pm line 17) line 32
	HTTP::Engine::new("HTTP::Engine", "interface", HASH(0x32f7e48)) called at t/Utils.pm line 129
	t::Utils::__ANON__(50434) called at /home/cpan3/.cpan/build/HTTP-Engine-0.03005-0/inc/Test/TCP.pm line 118
	Test::TCP::start(Test::TCP=HASH(0x3924270)) called at /home/cpan3/.cpan/build/HTTP-Engine-0.03005-0/inc/Test/TCP.pm line 102
	Test::TCP::new("Test::TCP", "code", CODE(0x2dbebc0), "port", 50434) called at /home/cpan3/.cpan/build/HTTP-Engine-0.03005-0/inc/Test/TCP.pm line 54
	Test::TCP::test_tcp("client", CODE(0x2dbeb30), "server", CODE(0x2dbebc0), "port", 50434) called at t/Utils.pm line 132
	t::Utils::daemonize_all(CODE(0xf01fd8), "    sub {\x{a}        my \$port = shift;\x{a}        return (\x{a}        "...) called at t/moose/030_daemonize/upload-methods.t line 42
Class::MOP::load_class is deprecated at /home/cpan3/install/lib/perl5/site_perl/5.26.0/x86_64-linux-thread-multi/Class/MOP.pm line 69.
	Class::MOP::load_class("HTTP::Engine::Interface::Standalone") called at /home/cpan3/.cpan/build/HTTP-Engine-0.03005-0/blib/lib/HTTP/Engine/Types/Core.pm line 26
	HTTP::Engine::Types::Core::__ANON__(HASH(0x4198cf0)) called at /home/cpan3/install/lib/perl5/site_perl/5.26.0/x86_64-linux-thread-multi/Moose/Meta/TypeCoercion.pm line 65
	Moose::Meta::TypeCoercion::__ANON__(HASH(0x4198cf0)) called at constructor HTTP::Engine::new (defined at /home/cpan3/.cpan/build/HTTP-Engine-0.03005-0/blib/lib/HTTP/Engine.pm line 17) line 32
	HTTP::Engine::new("HTTP::Engine", "interface", HASH(0x4198cf0)) called at t/Utils.pm line 129
	t::Utils::__ANON__(50563) called at /home/cpan3/.cpan/build/HTTP-Engine-0.03005-0/inc/Test/TCP.pm line 118
	Test::TCP::start(Test::TCP=HASH(0x4234080)) called at /home/cpan3/.cpan/build/HTTP-Engine-0.03005-0/inc/Test/TCP.pm line 102
	Test::TCP::new("Test::TCP", "code", CODE(0x3e2e370), "port", 50563) called at /home/cpan3/.cpan/build/HTTP-Engine-0.03005-0/inc/Test/TCP.pm line 54
	Test::TCP::test_tcp("client", CODE(0x3e2e388), "server", CODE(0x3e2e370), "port", 50563) called at t/Utils.pm line 132
	t::Utils::daemonize_all(CODE(0x1da1fd8), "    sub {\x{a}        my \$port = shift;\x{a}        return (\x{a}        "...) called at t/moose/030_daemonize/upload.t line 42
Class::MOP::load_class is deprecated at /home/cpan3/install/lib/perl5/site_perl/5.26.0/x86_64-linux-thread-multi/Class/MOP.pm line 69.
	Class::MOP::load_class("HTTP::Engine::Interface::ServerSimple") called at /home/cpan3/.cpan/build/HTTP-Engine-0.03005-0/blib/lib/HTTP/Engine/Types/Core.pm line 26
	HTTP::Engine::Types::Core::__ANON__(HASH(0x4198cf0)) called at /home/cpan3/install/lib/perl5/site_perl/5.26.0/x86_64-linux-thread-multi/Moose/Meta/TypeCoercion.pm line 65
	Moose::Meta::TypeCoercion::__ANON__(HASH(0x4198cf0)) called at constructor HTTP::Engine::new (defined at /home/cpan3/.cpan/build/HTTP-Engine-0.03005-0/blib/lib/HTTP/Engine.pm line 17) line 32
	HTTP::Engine::new("HTTP::Engine", "interface", HASH(0x4198cf0)) called at t/Utils.pm line 129
	t::Utils::__ANON__(50563) called at /home/cpan3/.cpan/build/HTTP-Engine-0.03005-0/inc/Test/TCP.pm line 118
	Test::TCP::start(Test::TCP=HASH(0x44c4590)) called at /home/cpan3/.cpan/build/HTTP-Engine-0.03005-0/inc/Test/TCP.pm line 102
	Test::TCP::new("Test::TCP", "code", CODE(0x3e2e370), "port", 50563) called at /home/cpan3/.cpan/build/HTTP-Engine-0.03005-0/inc/Test/TCP.pm line 54
	Test::TCP::test_tcp("client", CODE(0x3e2e388), "server", CODE(0x3e2e370), "port", 50563) called at t/Utils.pm line 132
	t::Utils::daemonize_all(CODE(0x1da1fd8), "    sub {\x{a}        my \$port = shift;\x{a}        return (\x{a}        "...) called at t/moose/030_daemonize/upload.t line 42
Class::MOP::load_class is deprecated at /home/cpan3/install/lib/perl5/site_perl/5.26.0/x86_64-linux-thread-multi/Class/MOP.pm line 69.
	Class::MOP::load_class("HTTP::Engine::Interface::POE") called at /home/cpan3/.cpan/build/HTTP-Engine-0.03005-0/blib/lib/HTTP/Engine/Types/Core.pm line 26
	HTTP::Engine::Types::Core::__ANON__(HASH(0x4198cf0)) called at /home/cpan3/install/lib/perl5/site_perl/5.26.0/x86_64-linux-thread-multi/Moose/Meta/TypeCoercion.pm line 65
	Moose::Meta::TypeCoercion::__ANON__(HASH(0x4198cf0)) called at constructor HTTP::Engine::new (defined at /home/cpan3/.cpan/build/HTTP-Engine-0.03005-0/blib/lib/HTTP/Engine.pm line 17) line 32
	HTTP::Engine::new("HTTP::Engine", "interface", HASH(0x4198cf0)) called at t/Utils.pm line 129
	t::Utils::__ANON__(50563) called at /home/cpan3/.cpan/build/HTTP-Engine-0.03005-0/inc/Test/TCP.pm line 118
	Test::TCP::start(Test::TCP=HASH(0x3abb438)) called at /home/cpan3/.cpan/build/HTTP-Engine-0.03005-0/inc/Test/TCP.pm line 102
	Test::TCP::new("Test::TCP", "code", CODE(0x3e2e370), "port", 50563) called at /home/cpan3/.cpan/build/HTTP-Engine-0.03005-0/inc/Test/TCP.pm line 54
	Test::TCP::test_tcp("client", CODE(0x3e2e388), "server", CODE(0x3e2e370), "port", 50563) called at t/Utils.pm line 132
	t::Utils::daemonize_all(CODE(0x1da1fd8), "    sub {\x{a}        my \$port = shift;\x{a}        return (\x{a}        "...) called at t/moose/030_daemonize/upload.t line 42
t/moose/030_daemonize/upload.t .............................. ok
Any::Moose is deprecated. Please use Moo instead at t/Utils.pm line 2.
Possible precedence issue with control flow operator at /home/cpan3/.cpan/build/HTTP-Engine-0.03005-0/inc/Test/Builder.pm line 917.
t/moose/030_daemonize/upload-methods.t ...................... ok
Class::MOP::load_class is deprecated at /home/cpan3/install/lib/perl5/site_perl/5.26.0/x86_64-linux-thread-multi/Class/MOP.pm line 69.
	Class::MOP::load_class("HTTP::Engine::Interface::Standalone") called at /home/cpan3/.cpan/build/HTTP-Engine-0.03005-0/blib/lib/HTTP/Engine/Types/Core.pm line 26
	HTTP::Engine::Types::Core::__ANON__(HASH(0x32ba208)) called at /home/cpan3/install/lib/perl5/site_perl/5.26.0/x86_64-linux-thread-multi/Moose/Meta/TypeCoercion.pm line 65
	Moose::Meta::TypeCoercion::__ANON__(HASH(0x32ba208)) called at constructor HTTP::Engine::new (defined at /home/cpan3/.cpan/build/HTTP-Engine-0.03005-0/blib/lib/HTTP/Engine.pm line 17) line 32
	HTTP::Engine::new("HTTP::Engine", "interface", HASH(0x32ba208)) called at t/Utils.pm line 129
	t::Utils::__ANON__(50691) called at /home/cpan3/.cpan/build/HTTP-Engine-0.03005-0/inc/Test/TCP.pm line 118
	Test::TCP::start(Test::TCP=HASH(0x371cad0)) called at /home/cpan3/.cpan/build/HTTP-Engine-0.03005-0/inc/Test/TCP.pm line 102
	Test::TCP::new("Test::TCP", "code", CODE(0x3690ef0), "port", 50691) called at /home/cpan3/.cpan/build/HTTP-Engine-0.03005-0/inc/Test/TCP.pm line 54
	Test::TCP::test_tcp("client", CODE(0x3690e30), "server", CODE(0x3690ef0), "port", 50691) called at t/Utils.pm line 132
	t::Utils::daemonize_all(CODE(0x30fff10), "    sub {\x{a}        my \$port = shift;\x{a}        return (\x{a}        "...) called at t/moose/030_daemonize/uri.t line 20
Class::MOP::load_class is deprecated at /home/cpan3/install/lib/perl5/site_perl/5.26.0/x86_64-linux-thread-multi/Class/MOP.pm line 69.
	Class::MOP::load_class("HTTP::Engine::Interface::ServerSimple") called at /home/cpan3/.cpan/build/HTTP-Engine-0.03005-0/blib/lib/HTTP/Engine/Types/Core.pm line 26
	HTTP::Engine::Types::Core::__ANON__(HASH(0x32ba208)) called at /home/cpan3/install/lib/perl5/site_perl/5.26.0/x86_64-linux-thread-multi/Moose/Meta/TypeCoercion.pm line 65
	Moose::Meta::TypeCoercion::__ANON__(HASH(0x32ba208)) called at constructor HTTP::Engine::new (defined at /home/cpan3/.cpan/build/HTTP-Engine-0.03005-0/blib/lib/HTTP/Engine.pm line 17) line 32
	HTTP::Engine::new("HTTP::Engine", "interface", HASH(0x32ba208)) called at t/Utils.pm line 129
	t::Utils::__ANON__(50691) called at /home/cpan3/.cpan/build/HTTP-Engine-0.03005-0/inc/Test/TCP.pm line 118
	Test::TCP::start(Test::TCP=HASH(0x1465c78)) called at /home/cpan3/.cpan/build/HTTP-Engine-0.03005-0/inc/Test/TCP.pm line 102
	Test::TCP::new("Test::TCP", "code", CODE(0x3690ef0), "port", 50691) called at /home/cpan3/.cpan/build/HTTP-Engine-0.03005-0/inc/Test/TCP.pm line 54
	Test::TCP::test_tcp("client", CODE(0x3690e30), "server", CODE(0x3690ef0), "port", 50691) called at t/Utils.pm line 132
	t::Utils::daemonize_all(CODE(0x30fff10), "    sub {\x{a}        my \$port = shift;\x{a}        return (\x{a}        "...) called at t/moose/030_daemonize/uri.t line 20
Class::MOP::load_class is deprecated at /home/cpan3/install/lib/perl5/site_perl/5.26.0/x86_64-linux-thread-multi/Class/MOP.pm line 69.
	Class::MOP::load_class("HTTP::Engine::Interface::POE") called at /home/cpan3/.cpan/build/HTTP-Engine-0.03005-0/blib/lib/HTTP/Engine/Types/Core.pm line 26
	HTTP::Engine::Types::Core::__ANON__(HASH(0x32ba208)) called at /home/cpan3/install/lib/perl5/site_perl/5.26.0/x86_64-linux-thread-multi/Moose/Meta/TypeCoercion.pm line 65
	Moose::Meta::TypeCoercion::__ANON__(HASH(0x32ba208)) called at constructor HTTP::Engine::new (defined at /home/cpan3/.cpan/build/HTTP-Engine-0.03005-0/blib/lib/HTTP/Engine.pm line 17) line 32
	HTTP::Engine::new("HTTP::Engine", "interface", HASH(0x32ba208)) called at t/Utils.pm line 129
	t::Utils::__ANON__(50691) called at /home/cpan3/.cpan/build/HTTP-Engine-0.03005-0/inc/Test/TCP.pm line 118
	Test::TCP::start(Test::TCP=HASH(0x37e78d0)) called at /home/cpan3/.cpan/build/HTTP-Engine-0.03005-0/inc/Test/TCP.pm line 102
	Test::TCP::new("Test::TCP", "code", CODE(0x3690ef0), "port", 50691) called at /home/cpan3/.cpan/build/HTTP-Engine-0.03005-0/inc/Test/TCP.pm line 54
	Test::TCP::test_tcp("client", CODE(0x3690e30), "server", CODE(0x3690ef0), "port", 50691) called at t/Utils.pm line 132
	t::Utils::daemonize_all(CODE(0x30fff10), "    sub {\x{a}        my \$port = shift;\x{a}        return (\x{a}        "...) called at t/moose/030_daemonize/uri.t line 20
t/moose/030_daemonize/uri.t ................................. ok
Possible precedence issue with control flow operator at /home/cpan3/.cpan/build/HTTP-Engine-0.03005-0/inc/Test/Builder.pm line 917.
Possible precedence issue with control flow operator at /home/cpan3/.cpan/build/HTTP-Engine-0.03005-0/inc/Test/Builder.pm line 917.
Redundant argument in sprintf at /home/cpan3/.cpan/build/HTTP-Engine-0.03005-0/inc/Spiffy.pm line 222.
Redundant argument in sprintf at /home/cpan3/.cpan/build/HTTP-Engine-0.03005-0/inc/Spiffy.pm line 222.
Redundant argument in sprintf at /home/cpan3/.cpan/build/HTTP-Engine-0.03005-0/inc/Spiffy.pm line 222.
Redundant argument in sprintf at /home/cpan3/.cpan/build/HTTP-Engine-0.03005-0/inc/Spiffy.pm line 222.
Any::Moose is deprecated. Please use Moo instead at /home/cpan3/.cpan/build/HTTP-Engine-0.03005-0/blib/lib/HTTP/Engine/Request.pm line 2.
t/moose/040_minimal/001_simple.t ............................ ok
Class::MOP::load_class is deprecated at /home/cpan3/install/lib/perl5/site_perl/5.26.0/x86_64-linux-thread-multi/Class/MOP.pm line 69.
	Class::MOP::load_class("HTTP::Engine::Interface::Standalone") called at /home/cpan3/.cpan/build/HTTP-Engine-0.03005-0/blib/lib/HTTP/Engine/Types/Core.pm line 26
	HTTP::Engine::Types::Core::__ANON__(HASH(0x2f68b48)) called at /home/cpan3/install/lib/perl5/site_perl/5.26.0/x86_64-linux-thread-multi/Moose/Meta/TypeCoercion.pm line 65
	Moose::Meta::TypeCoercion::__ANON__(HASH(0x2f68b48)) called at constructor HTTP::Engine::new (defined at /home/cpan3/.cpan/build/HTTP-Engine-0.03005-0/blib/lib/HTTP/Engine.pm line 17) line 32
	HTTP::Engine::new("HTTP::Engine", "interface", HASH(0x2f68b48)) called at t/Utils.pm line 129
	t::Utils::__ANON__(50744) called at /home/cpan3/.cpan/build/HTTP-Engine-0.03005-0/inc/Test/TCP.pm line 118
	Test::TCP::start(Test::TCP=HASH(0x30055f0)) called at /home/cpan3/.cpan/build/HTTP-Engine-0.03005-0/inc/Test/TCP.pm line 102
	Test::TCP::new("Test::TCP", "code", CODE(0x2f68c50), "port", 50744) called at /home/cpan3/.cpan/build/HTTP-Engine-0.03005-0/inc/Test/TCP.pm line 54
	Test::TCP::test_tcp("client", CODE(0x2f68c68), "server", CODE(0x2f68c50), "port", 50744) called at t/Utils.pm line 132
	t::Utils::daemonize_all(CODE(0x29c72c8), "    sub {\x{a}        my \$port = Encode::decode_utf8(shift);\x{a}    "...) called at t/moose/030_daemonize/utf8flagged-uri.t line 23
Class::MOP::load_class is deprecated at /home/cpan3/install/lib/perl5/site_perl/5.26.0/x86_64-linux-thread-multi/Class/MOP.pm line 69.
	Class::MOP::load_class("HTTP::Engine::Interface::ServerSimple") called at /home/cpan3/.cpan/build/HTTP-Engine-0.03005-0/blib/lib/HTTP/Engine/Types/Core.pm line 26
	HTTP::Engine::Types::Core::__ANON__(HASH(0x2f68b48)) called at /home/cpan3/install/lib/perl5/site_perl/5.26.0/x86_64-linux-thread-multi/Moose/Meta/TypeCoercion.pm line 65
	Moose::Meta::TypeCoercion::__ANON__(HASH(0x2f68b48)) called at constructor HTTP::Engine::new (defined at /home/cpan3/.cpan/build/HTTP-Engine-0.03005-0/blib/lib/HTTP/Engine.pm line 17) line 32
	HTTP::Engine::new("HTTP::Engine", "interface", HASH(0x2f68b48)) called at t/Utils.pm line 129
	t::Utils::__ANON__(50744) called at /home/cpan3/.cpan/build/HTTP-Engine-0.03005-0/inc/Test/TCP.pm line 118
	Test::TCP::start(Test::TCP=HASH(0x2f98270)) called at /home/cpan3/.cpan/build/HTTP-Engine-0.03005-0/inc/Test/TCP.pm line 102
	Test::TCP::new("Test::TCP", "code", CODE(0x2f68c50), "port", 50744) called at /home/cpan3/.cpan/build/HTTP-Engine-0.03005-0/inc/Test/TCP.pm line 54
	Test::TCP::test_tcp("client", CODE(0x2f68c68), "server", CODE(0x2f68c50), "port", 50744) called at t/Utils.pm line 132
	t::Utils::daemonize_all(CODE(0x29c72c8), "    sub {\x{a}        my \$port = Encode::decode_utf8(shift);\x{a}    "...) called at t/moose/030_daemonize/utf8flagged-uri.t line 23
Class::MOP::load_class is deprecated at /home/cpan3/install/lib/perl5/site_perl/5.26.0/x86_64-linux-thread-multi/Class/MOP.pm line 69.
	Class::MOP::load_class("HTTP::Engine::Interface::POE") called at /home/cpan3/.cpan/build/HTTP-Engine-0.03005-0/blib/lib/HTTP/Engine/Types/Core.pm line 26
	HTTP::Engine::Types::Core::__ANON__(HASH(0x2f68b48)) called at /home/cpan3/install/lib/perl5/site_perl/5.26.0/x86_64-linux-thread-multi/Moose/Meta/TypeCoercion.pm line 65
	Moose::Meta::TypeCoercion::__ANON__(HASH(0x2f68b48)) called at constructor HTTP::Engine::new (defined at /home/cpan3/.cpan/build/HTTP-Engine-0.03005-0/blib/lib/HTTP/Engine.pm line 17) line 32
	HTTP::Engine::new("HTTP::Engine", "interface", HASH(0x2f68b48)) called at t/Utils.pm line 129
	t::Utils::__ANON__(50744) called at /home/cpan3/.cpan/build/HTTP-Engine-0.03005-0/inc/Test/TCP.pm line 118
	Test::TCP::start(Test::TCP=HASH(0x34d90e8)) called at /home/cpan3/.cpan/build/HTTP-Engine-0.03005-0/inc/Test/TCP.pm line 102
	Test::TCP::new("Test::TCP", "code", CODE(0x2f68c50), "port", 50744) called at /home/cpan3/.cpan/build/HTTP-Engine-0.03005-0/inc/Test/TCP.pm line 54
	Test::TCP::test_tcp("client", CODE(0x2f68c68), "server", CODE(0x2f68c50), "port", 50744) called at t/Utils.pm line 132
	t::Utils::daemonize_all(CODE(0x29c72c8), "    sub {\x{a}        my \$port = Encode::decode_utf8(shift);\x{a}    "...) called at t/moose/030_daemonize/utf8flagged-uri.t line 23
t/moose/030_daemonize/utf8flagged-uri.t ..................... ok
t/moose/050_tests/request.t ................................. ok

Test Summary Report
-------------------
t/030_daemonize/proxy_path.t                              (Wstat: 1024 Tests: 16 Failed: 4)
  Failed tests:  2, 4, 10, 12
  Non-zero exit status: 4
t/moose/010_core/request_processor-catch_error.t          (Wstat: 256 Tests: 3 Failed: 1)
  Failed test:  3
  Non-zero exit status: 1
t/moose/020_interface/test-validation.t                   (Wstat: 256 Tests: 10 Failed: 1)
  Failed test:  2
  Non-zero exit status: 1
t/moose/030_daemonize/proxy_path.t                        (Wstat: 1024 Tests: 16 Failed: 4)
  Failed tests:  2, 4, 10, 12
  Non-zero exit status: 4
Files=144, Tests=1380, 42 wallclock secs ( 0.61 usr  0.14 sys + 82.20 cusr  4.58 csys = 87.53 CPU)
Result: FAIL
Failed 4/144 test programs. 10/1380 subtests failed.
Makefile:862: recipe for target 'test_dynamic' failed
make: *** [test_dynamic] Error 255

------------------------------
PREREQUISITES
------------------------------

Prerequisite modules loaded:

requires:

    Module               Need   Have    
    -------------------- ------ --------
    Any::Moose           0.13   0.27    
    CGI::Simple::Cookie  1.103  1.114   
    File::Copy           0      2.32    
    File::Spec::Unix     3.2701 3.62    
    Filter::Util::Call   0      1.57    
    HTTP::Body           1.05   1.22    
    HTTP::Headers::Fast  0.11   0.21    
    HTTP::Server::Simple 0.35   0.52    
    Mouse                0.62   v2.4.9  
    MouseX::Types        0.05   0.06    
    perl                 5.008  5.026000
    Scalar::Util         1.19   1.47    
    URI                  1.36   1.71    

build_requires:

    Module               Need   Have    
    -------------------- ------ --------
    ExtUtils::MakeMaker  6.42   7.24    
    File::Temp           0.20   0.2304  
    HTTP::Request::AsCGI 0      1.2     
    IO::File             1.14   1.16    
    IO::Scalar           0      2.111   
    IO::Socket           1.3    1.38    
    IO::Socket::INET     0      1.35    
    Test::More           0      1.302078
    Test::SharedFork     0.11   0.35    
    Test::TCP            0.16   2.17    
    YAML                 0      1.23    

configure_requires:

    Module               Need   Have    
    -------------------- ------ --------
    ExtUtils::MakeMaker  6.42   7.24    

opt_requires:

    Module               Need   Have    
    -------------------- ------ --------
    Errno                1.0901 1.28    
    FCGI                 0.67   0.78    
    HTTP::Server::Simple 0.34   0.52    
    IO::Scalar           2.11   2.111   
    IO::Socket::INET     1.31   1.35    
    POE                  1.0003 1.367   
    POE::Filter::HTTPD   1.2387 1.367   


------------------------------
ENVIRONMENT AND OTHER CONTEXT
------------------------------

Environment variables:

    AUTOMATED_TESTING = 1
    HARNESS_OPTIONS = j3
    LANG = en_US.UTF-8
    PATH = /usr/local/bin:/usr/bin:/bin:/usr/local/games:/usr/games
    PERL5LIB = 
    PERL5OPT = 
    PERL5_CPANPLUS_IS_RUNNING = 23141
    PERL5_CPAN_IS_RUNNING = 23141
    PERL5_CPAN_IS_RUNNING_IN_RECURSION = 28781,23141
    PERL_CR_SMOKER_CURRENT = HTTP-Engine-0.03005
    PERL_CR_SMOKER_RUNONCE = 1
    PERL_EXTUTILS_AUTOINSTALL = --defaultdeps
    PERL_MM_USE_DEFAULT = 1
    SHELL = /bin/bash
    TERM = putty-256color

Perl special variables (and OS-specific diagnostics, for MSWin32):

    $^X = /home/cpan3/install/bin/perl
    $UID/$EUID = 1004 / 1004
    $GID = 1004 1004
    $EGID = 1004 1004

Perl module toolchain versions installed:

    Module              Have    
    ------------------- --------
    CPAN                2.16    
    CPAN::Meta          2.150010
    Cwd                 3.62    
    ExtUtils::CBuilder  0.280224
    ExtUtils::Command   7.24    
    ExtUtils::Install   2.04    
    ExtUtils::MakeMaker 7.24    
    ExtUtils::Manifest  1.70    
    ExtUtils::ParseXS   3.30    
    File::Spec          3.62    
    JSON                2.91_04 
    JSON::PP            2.27400 
    Module::Build       0.4222  
    Module::Signature   0.81    
    Parse::CPAN::Meta   2.150010
    Test::Harness       3.39    
    Test::More          1.302078
    YAML                1.23    
    YAML::Syck          1.29    
    version             0.9917  


--

Summary of my perl5 (revision 5 version 26 subversion 0) configuration:
  Commit id: f57d8456e7b8d6b2dad0bb49899cfdc68007b794
  Platform:
    osname=linux
    osvers=3.16.0-4-amd64
    archname=x86_64-linux-thread-multi
    uname='linux digitalis 3.16.0-4-amd64 #1 smp debian 3.16.36-1+deb8u2 (2016-10-19) x86_64 gnulinux '
    config_args='-Dusedevel -DDEBUGGING -Dusethreads -Dprefix=/home/cpan3/install -Uversiononly -des'
    hint=recommended
    useposix=true
    d_sigaction=define
    useithreads=define
    usemultiplicity=define
    use64bitint=define
    use64bitall=define
    uselongdouble=undef
    usemymalloc=n
    default_inc_excludes_dot=define
    bincompat5005=undef
  Compiler:
    cc='cc'
    ccflags ='-D_REENTRANT -D_GNU_SOURCE -fwrapv -DDEBUGGING -fno-strict-aliasing -pipe -fstack-protector-strong -I/usr/local/include -D_LARGEFILE_SOURCE -D_FILE_OFFSET_BITS=64 -D_FORTIFY_SOURCE=2'
    optimize='-O2 -g'
    cppflags='-D_REENTRANT -D_GNU_SOURCE -fwrapv -DDEBUGGING -fno-strict-aliasing -pipe -fstack-protector-strong -I/usr/local/include'
    ccversion=''
    gccversion='4.9.2'
    gccosandvers=''
    intsize=4
    longsize=8
    ptrsize=8
    doublesize=8
    byteorder=12345678
    doublekind=3
    d_longlong=define
    longlongsize=8
    d_longdbl=define
    longdblsize=16
    longdblkind=3
    ivtype='long'
    ivsize=8
    nvtype='double'
    nvsize=8
    Off_t='off_t'
    lseeksize=8
    alignbytes=8
    prototype=define
  Linker and Libraries:
    ld='cc'
    ldflags =' -fstack-protector-strong -L/usr/local/lib'
    libpth=/usr/local/lib /usr/lib/gcc/x86_64-linux-gnu/4.9/include-fixed /usr/include/x86_64-linux-gnu /usr/lib /lib/x86_64-linux-gnu /lib/../lib /usr/lib/x86_64-linux-gnu /usr/lib/../lib /lib /lib64 /usr/lib64
    libs=-lpthread -lnsl -ldl -lm -lcrypt -lutil -lc
    perllibs=-lpthread -lnsl -ldl -lm -lcrypt -lutil -lc
    libc=libc-2.19.so
    so=so
    useshrplib=false
    libperl=libperl.a
    gnulibc_version='2.19'
  Dynamic Linking:
    dlsrc=dl_dlopen.xs
    dlext=so
    d_dlsymun=undef
    ccdlflags='-Wl,-E'
    cccdlflags='-fPIC'
    lddlflags='-shared -O2 -g -L/usr/local/lib -fstack-protector-strong'


Characteristics of this binary (from libperl): 
  Compile-time options:
    DEBUGGING
    HAS_TIMES
    MULTIPLICITY
    PERLIO_LAYERS
    PERL_COPY_ON_WRITE
    PERL_DONT_CREATE_GVSV
    PERL_IMPLICIT_CONTEXT
    PERL_MALLOC_WRAP
    PERL_OP_PARENT
    PERL_PRESERVE_IVUV
    PERL_TRACK_MEMPOOL
    PERL_USE_DEVEL
    USE_64_BIT_ALL
    USE_64_BIT_INT
    USE_ITHREADS
    USE_LARGE_FILES
    USE_LOCALE
    USE_LOCALE_COLLATE
    USE_LOCALE_CTYPE
    USE_LOCALE_NUMERIC
    USE_LOCALE_TIME
    USE_PERLIO
    USE_PERL_ATOF
    USE_REENTRANT_API
  Built under linux
  Compiled at Apr 11 2017 21:41:23
  %ENV:
    PERL5LIB=""
    PERL5OPT=""
    PERL5_CPANPLUS_IS_RUNNING="23141"
    PERL5_CPAN_IS_RUNNING="23141"
    PERL5_CPAN_IS_RUNNING_IN_RECURSION="28781,23141"
    PERL_CR_SMOKER_CURRENT="HTTP-Engine-0.03005"
    PERL_CR_SMOKER_RUNONCE="1"
    PERL_EXTUTILS_AUTOINSTALL="--defaultdeps"
    PERL_MM_USE_DEFAULT="1"
  @INC:
    /home/cpan3/install/lib/perl5/site_perl/5.26.0/x86_64-linux-thread-multi
    /home/cpan3/install/lib/perl5/site_perl/5.26.0
    /home/cpan3/install/lib/perl5/5.26.0/x86_64-linux-thread-multi
    /home/cpan3/install/lib/perl5/5.26.0