Catalyst-View-Mason v0.19 Perl 5 v5.33.3 x86_64-dragonfly

Status
Fail
From
Carlos Guevara
Dist
Catalyst-View-Mason v0.19
Platform
Perl 5 v5.33.3 x86_64-dragonfly
Date
2020-10-12 16:42:52
ID
f8b24efe-0ca9-11eb-b3fb-21af7eba598c
This distribution has been tested as part of the CPAN Testers
project, supporting the Perl programming language.  See
http://wiki.cpantesters.org/ for more information or email
questions to cpan-testers-discuss@perl.org


--
Dear John Napiorkowski,

This is a computer-generated report for Catalyst-View-Mason-0.19
on perl 5.33.3, created by CPAN-Reporter-1.2018.

Thank you for uploading your work to CPAN.  However, there was a problem
testing your distribution.

If you think this report is invalid, please consult the CPAN Testers Wiki
for suggestions on how to avoid getting FAIL reports for missing library
or binary dependencies, unsupported operating systems, and so on:

http://wiki.cpantesters.org/wiki/CPANAuthorNotes

Sections of this report:

    * Tester comments
    * Program output
    * Prerequisites
    * Environment and other context

------------------------------
TESTER COMMENTS
------------------------------

Additional comments from tester:

this report is from an automated smoke testing program
and was not reviewed by a human for accuracy

------------------------------
PROGRAM OUTPUT
------------------------------

Output from '/usr/bin/make test':

"/home/cpan/bin/perl-blead/bin/perl5.33.3" "-Iinc" "-MModule::Install::ExtraTests" "-e" "Module::Install::ExtraTests::__harness('Test::Harness', 0, '', 'xt/release', '', 0, 'blib/lib', 'blib/arch')" t/*.t
t/01use.t ............. ok
t/action.t ............ ok
t/appconfig.t ......... ok
t/comp_path.t ......... ok
t/comp_root.t ......... ok
t/comp_root_ref.t ..... ok
[debug] Catalyst encoding config is set to encode in 'UTF-8', content type is 'iso8859-1', not encoding 
t/content_type.t ...... ok
t/data_dir_default.t .. ok

#   Failed test 'use Catalyst::Test;'
#   at t/debug.t line 20.
#     Tried to use 'Catalyst::Test'.
#     Error:  Can't locate object method "BINMODE" via package "IO::Capture::Tie_STDx" at /home/cpan/bin/perl-blead/lib/site_perl/5.33.3/Catalyst/Log.pm line 144.
# Compilation failed in require at /home/cpan/bin/perl-blead/lib/site_perl/5.33.3/Catalyst/Test.pm line 155.
# BEGIN failed--compilation aborted at t/debug.t line 20.
# Looks like your test exited with 29 just after 1.
t/debug.t ............. 
Dubious, test returned 29 (wstat 7424, 0x1d00)
Failed 3/3 subtests 
t/deprecation.t ....... ok
t/exception.t ......... ok
t/extension.t ......... ok
[warn] Attempted to use view 'TestApp::View::Mason::AppConfig', but does not exist
t/extension_always.t .. ok
[warn] Attempted to use view 'TestApp::View::Mason::PkgConfig', but does not exist
[warn] Attempted to use view 'TestApp::View::Mason::PkgConfig', but does not exist
t/globals.t ........... ok
t/helper.t ............ ok
t/pkgconfig.t ......... ok
t/render.t ............ ok
t/stringify.t ......... ok

Test Summary Report
-------------------
t/debug.t           (Wstat: 7424 Tests: 1 Failed: 1)
  Failed test:  1
  Non-zero exit status: 29
  Parse errors: Bad plan.  You planned 3 tests but ran 1.
Files=18, Tests=77, 21 wallclock secs ( 0.13 usr  0.08 sys + 16.48 cusr  1.98 csys = 18.67 CPU)
Result: FAIL
Failed 1/18 test programs. 1/77 subtests failed.
*** Error code 255

Stop.
make: stopped in /home/cpan/.cpan/build/Catalyst-View-Mason-0.19-0

------------------------------
PREREQUISITES
------------------------------

Prerequisite modules loaded:

requires:

    Module              Need Have   
    ------------------- ---- -------
    Catalyst            5.50 5.90128
    File::Spec          0    3.78   
    HTML::Mason         0    1.59   
    MRO::Compat         0    0.13   
    parent              0    0.238  
    Scalar::Util        0    1.55   

build_requires:

    Module              Need Have   
    ------------------- ---- -------
    ExtUtils::MakeMaker 6.36 7.48   

configure_requires:

    Module              Need Have   
    ------------------- ---- -------
    ExtUtils::MakeMaker 6.36 7.48   


------------------------------
ENVIRONMENT AND OTHER CONTEXT
------------------------------

Environment variables:

    AUTOMATED_TESTING = 1
    DATE_MANIP_TEST_DM5 = 1
    LC_ALL = C
    NONINTERACTIVE_TESTING = 1
    PATH = /home/cpan/bin/perl-blead/bin:/home/cpan/bin:/sbin:/bin:/usr/sbin:/usr/bin:/usr/games:/usr/local/sbin:/usr/local/bin:/usr/pkg/sbin:/usr/pkg/bin:/home/cpan/bin
    PERL5LIB = 
    PERL5OPT = 
    PERL5_CPANPLUS_IS_RUNNING = 637718
    PERL5_CPAN_IS_RUNNING = 637718
    PERL_MM_USE_DEFAULT = 1
    PERL_USE_UNSAFE_INC = 1
    PERL_VERSION = blead
    SHELL = /usr/local/bin/bash
    TERM = screen.xterm-256color
    TMPDIR = /home/cpan/tmp

Perl special variables (and OS-specific diagnostics, for MSWin32):

    $^X = /home/cpan/bin/perl-blead/bin/perl5.33.3
    $UID/$EUID = 1002 / 1002
    $GID = 1002 1002
    $EGID = 1002 1002

Perl module toolchain versions installed:

    Module              Have    
    ------------------- --------
    CPAN                2.28    
    CPAN::Meta          2.150010
    Cwd                 3.78    
    ExtUtils::CBuilder  0.280234
    ExtUtils::Command   7.48    
    ExtUtils::Install   2.18    
    ExtUtils::MakeMaker 7.48    
    ExtUtils::Manifest  1.72    
    ExtUtils::ParseXS   3.41    
    File::Spec          3.78    
    JSON                4.02    
    JSON::PP            4.05    
    Module::Build       0.4231  
    Module::Signature   0.87    
    Parse::CPAN::Meta   2.150010
    Test::Harness       3.42    
    Test::More          1.302182
    YAML                1.30    
    YAML::Syck          1.32    
    version             0.9928  


--

Summary of my perl5 (revision 5 version 33 subversion 3) configuration:
  Commit id: b589ccd0c210cfaf90daca490239d69379be7e53
  Platform:
    osname=dragonfly
    osvers=5.8-release
    archname=x86_64-dragonfly
    uname='dragonfly cjg-dragonfly5 5.8-release dragonfly v5.8.0-release #7: mon mar 2 12:28:23 est 2020 root@www.shiningsilence.com:usrobjhomejustinrelease5_8sysx86_64_generic x86_64 '
    config_args='-des -Dprefix=~/bin/perl-blead -Dscriptdir=~/bin/perl-blead/bin -Dusedevel -Duse64bitall'
    hint=recommended
    useposix=true
    d_sigaction=define
    useithreads=undef
    usemultiplicity=undef
    use64bitint=define
    use64bitall=define
    uselongdouble=undef
    usemymalloc=n
    default_inc_excludes_dot=define
  Compiler:
    cc='cc'
    ccflags ='-DHAS_FPSETMASK -DHAS_FLOATINGPOINT_H -fwrapv -fno-strict-aliasing -pipe -fstack-protector-strong -I/usr/local/include -D_FORTIFY_SOURCE=2'
    optimize='-O2'
    cppflags='-DHAS_FPSETMASK -DHAS_FLOATINGPOINT_H -fwrapv -fno-strict-aliasing -pipe -fstack-protector-strong -I/usr/local/include'
    ccversion=''
    gccversion='8.3 [DragonFly] Release/2019-02-22'
    gccosandvers=''
    intsize=4
    longsize=8
    ptrsize=8
    doublesize=8
    byteorder=12345678
    doublekind=3
    d_longlong=define
    longlongsize=8
    d_longdbl=define
    longdblsize=16
    longdblkind=3
    ivtype='long'
    ivsize=8
    nvtype='double'
    nvsize=8
    Off_t='off_t'
    lseeksize=8
    alignbytes=8
    prototype=define
  Linker and Libraries:
    ld='cc'
    ldflags ='-Wl,-E  -fstack-protector-strong -L/usr/local/lib'
    libpth=/usr/lib /usr/local/lib /usr/lib
    libs=-lpthread -lgdbm -ldl -lm -lcrypt -lutil -lc
    perllibs=-lpthread -ldl -lm -lcrypt -lutil -lc
    libc=
    so=so
    useshrplib=false
    libperl=libperl.a
    gnulibc_version=''
  Dynamic Linking:
    dlsrc=dl_dlopen.xs
    dlext=so
    d_dlsymun=undef
    ccdlflags=' '
    cccdlflags='-DPIC -fPIC'
    lddlflags='-shared  -L/usr/local/lib -fstack-protector-strong'


Characteristics of this binary (from libperl): 
  Compile-time options:
    HAS_TIMES
    PERLIO_LAYERS
    PERL_COPY_ON_WRITE
    PERL_DONT_CREATE_GVSV
    PERL_MALLOC_WRAP
    PERL_OP_PARENT
    PERL_PRESERVE_IVUV
    PERL_USE_DEVEL
    USE_64_BIT_ALL
    USE_64_BIT_INT
    USE_LARGE_FILES
    USE_LOCALE
    USE_LOCALE_COLLATE
    USE_LOCALE_CTYPE
    USE_LOCALE_NUMERIC
    USE_LOCALE_TIME
    USE_PERLIO
    USE_PERL_ATOF
  Built under dragonfly
  Compiled at Oct 12 2020 04:47:45
  %ENV:
    PERL5LIB=""
    PERL5OPT=""
    PERL5_CPANPLUS_IS_RUNNING="637718"
    PERL5_CPAN_IS_RUNNING="637718"
    PERL_MM_USE_DEFAULT="1"
    PERL_USE_UNSAFE_INC="1"
    PERL_VERSION="blead"
  @INC:
    /home/cpan/bin/perl-blead/lib/site_perl/5.33.3/x86_64-dragonfly
    /home/cpan/bin/perl-blead/lib/site_perl/5.33.3
    /home/cpan/bin/perl-blead/lib/5.33.3/x86_64-dragonfly
    /home/cpan/bin/perl-blead/lib/5.33.3
    .