Report for UAV-Pilot-ArdupilotProtocol-0.001

Back
From: metabase:user:322078bc-2aae-11df-837a-5e0a49663a4f
Subject: FAIL UAV-Pilot-ArdupilotProtocol-0.001 v5.14.3 OpenBSD
Date: 2014-05-16T19:19:15Z

This distribution has been tested as part of the CPAN Testers
project, supporting the Perl programming language.  See
http://wiki.cpantesters.org/ for more information or email
questions to cpan-testers-discuss@perl.org


--

Dear TMURRAY,

This is a computer-generated error report created automatically by
CPANPLUS, version 0.9148. Testers personal comments may appear
at the end of this report.


Thank you for uploading your work to CPAN.  However, it appears that
there were some problems testing your distribution.

TEST RESULTS:

Below is the error stack from stage 'make test':

PERL_DL_NONLAZY=1 /home/cpan/pit/thr/perl-5.14.3/bin/perl "-MExtUtils::Command::MM" "-MTest::Harness" "-e" "undef *Test::Harness::Switches; test_harness(0, 'blib/lib', 'blib/arch')" t/*.t

t/001_load.t .... 
Dubious, test returned 11 (wstat 2816, 0xb00)
Failed 11/11 subtests 
#   Failed test 'use UAV::Pilot::ArdupilotProtocol;'
#   at t/001_load.t line 27.
#     Tried to use 'UAV::Pilot::ArdupilotProtocol'.
#     Error:  Can't locate Moose.pm in @INC (@INC contains: /home/cpan/pit/thr/conf/perl-5.14.3/.cpanplus/5.14.3/build/UAV-Pilot-ArdupilotProtocol-0.001/blib/lib /home/cpan/pit/thr/conf/perl-5.14.3/.cpanplus/5.14.3/build/UAV-Pilot-ArdupilotProtocol-0.001/blib/arch /home/cpan/pit/thr/conf/perl-5.14.3/.cpanplus/5.14.3/build/UAV-Pilot-ArdupilotProtocol-0.001/blib/lib /home/cpan/pit/thr/conf/perl-5.14.3/.cpanplus/5.14.3/build/UAV-Pilot-ArdupilotProtocol-0.001/blib/arch /home/cpan/pit/thr/perl-5.14.3/lib/site_perl/5.14.3/OpenBSD.amd64-openbsd-thread-multi /home/cpan/pit/thr/perl-5.14.3/lib/site_perl/5.14.3 /home/cpan/pit/thr/perl-5.14.3/lib/5.14.3/OpenBSD.amd64-openbsd-thread-multi /home/cpan/pit/thr/perl-5.14.3/lib/5.14.3 .) at /home/cpan/pit/thr/conf/perl-5.14.3/.cpanplus/5.14.3/build/UAV-Pilot-ArdupilotProtocol-0.001/blib/lib/UAV/Pilot/ArdupilotProtocol.pm line 27.
# BEGIN failed--compilation aborted at /home/cpan/pit/thr/conf/perl-5.14.3/.cpanplus/5.14.3/build/UAV-Pilot-ArdupilotProtocol-0.001/blib/lib/UAV/Pilot/ArdupilotProtocol.pm line 27.
# Compilation failed in require at t/001_load.t line 27.
# BEGIN failed--compilation aborted at t/001_load.t line 27.

#   Failed test 'use UAV::Pilot::ArdupilotProtocol::Packet;'
#   at t/001_load.t line 28.
#     Tried to use 'UAV::Pilot::ArdupilotProtocol::Packet'.
#     Error:  Can't locate Moose/Role.pm in @INC (@INC contains: /home/cpan/pit/thr/conf/perl-5.14.3/.cpanplus/5.14.3/build/UAV-Pilot-ArdupilotProtocol-0.001/blib/lib /home/cpan/pit/thr/conf/perl-5.14.3/.cpanplus/5.14.3/build/UAV-Pilot-ArdupilotProtocol-0.001/blib/arch /home/cpan/pit/thr/conf/perl-5.14.3/.cpanplus/5.14.3/build/UAV-Pilot-ArdupilotProtocol-0.001/blib/lib /home/cpan/pit/thr/conf/perl-5.14.3/.cpanplus/5.14.3/build/UAV-Pilot-ArdupilotProtocol-0.001/blib/arch /home/cpan/pit/thr/perl-5.14.3/lib/site_perl/5.14.3/OpenBSD.amd64-openbsd-thread-multi /home/cpan/pit/thr/perl-5.14.3/lib/site_perl/5.14.3 /home/cpan/pit/thr/perl-5.14.3/lib/5.14.3/OpenBSD.amd64-openbsd-thread-multi /home/cpan/pit/thr/perl-5.14.3/lib/5.14.3 .) at /home/cpan/pit/thr/conf/perl-5.14.3/.cpanplus/5.14.3/build/UAV-Pilot-ArdupilotProtocol-0.001/blib/lib/UAV/Pilot/ArdupilotProtocol/Packet.pm line 26.
# BEGIN failed--compilation aborted at /home/cpan/pit/thr/conf/perl-5.14.3/.cpanplus/5.14.3/build/UAV-Pilot-ArdupilotProtocol-0.001/blib/lib/UAV/Pilot/ArdupilotProtocol/Packet.pm line 26.
# Compilation failed in require at t/001_load.t line 28.
# BEGIN failed--compilation aborted at t/001_load.t line 28.

#   Failed test 'use UAV::Pilot::ArdupilotProtocol::Packet::Ack;'
#   at t/001_load.t line 29.
#     Tried to use 'UAV::Pilot::ArdupilotProtocol::Packet::Ack'.
#     Error:  Can't locate Moose.pm in @INC (@INC contains: /home/cpan/pit/thr/conf/perl-5.14.3/.cpanplus/5.14.3/build/UAV-Pilot-ArdupilotProtocol-0.001/blib/lib /home/cpan/pit/thr/conf/perl-5.14.3/.cpanplus/5.14.3/build/UAV-Pilot-ArdupilotProtocol-0.001/blib/arch /home/cpan/pit/thr/conf/perl-5.14.3/.cpanplus/5.14.3/build/UAV-Pilot-ArdupilotProtocol-0.001/blib/lib /home/cpan/pit/thr/conf/perl-5.14.3/.cpanplus/5.14.3/build/UAV-Pilot-ArdupilotProtocol-0.001/blib/arch /home/cpan/pit/thr/perl-5.14.3/lib/site_perl/5.14.3/OpenBSD.amd64-openbsd-thread-multi /home/cpan/pit/thr/perl-5.14.3/lib/site_perl/5.14.3 /home/cpan/pit/thr/perl-5.14.3/lib/5.14.3/OpenBSD.amd64-openbsd-thread-multi /home/cpan/pit/thr/perl-5.14.3/lib/5.14.3 .) at /home/cpan/pit/thr/conf/perl-5.14.3/.cpanplus/5.14.3/build/UAV-Pilot-ArdupilotProtocol-0.001/blib/lib/UAV/Pilot/ArdupilotProtocol/Packet/Ack.pm line 26.
# BEGIN failed--compilation aborted at /home/cpan/pit/thr/conf/perl-5.14.3/.cpanplus/5.14.3/build/UAV-Pilot-ArdupilotProtocol-0.001/blib/lib/UAV/Pilot/ArdupilotProtocol/Packet/Ack.pm line 26.
# Compilation failed in require at t/001_load.t line 29.
# BEGIN failed--compilation aborted at t/001_load.t line 29.

#   Failed test 'use UAV::Pilot::ArdupilotProtocol::Packet::Heartbeat;'
#   at t/001_load.t line 30.
#     Tried to use 'UAV::Pilot::ArdupilotProtocol::Packet::Heartbeat'.
#     Error:  Can't locate Moose.pm in @INC (@INC contains: /home/cpan/pit/thr/conf/perl-5.14.3/.cpanplus/5.14.3/build/UAV-Pilot-ArdupilotProtocol-0.001/blib/lib /home/cpan/pit/thr/conf/perl-5.14.3/.cpanplus/5.14.3/build/UAV-Pilot-ArdupilotProtocol-0.001/blib/arch /home/cpan/pit/thr/conf/perl-5.14.3/.cpanplus/5.14.3/build/UAV-Pilot-ArdupilotProtocol-0.001/blib/lib /home/cpan/pit/thr/conf/perl-5.14.3/.cpanplus/5.14.3/build/UAV-Pilot-ArdupilotProtocol-0.001/blib/arch /home/cpan/pit/thr/perl-5.14.3/lib/site_perl/5.14.3/OpenBSD.amd64-openbsd-thread-multi /home/cpan/pit/thr/perl-5.14.3/lib/site_perl/5.14.3 /home/cpan/pit/thr/perl-5.14.3/lib/5.14.3/OpenBSD.amd64-openbsd-thread-multi /home/cpan/pit/thr/perl-5.14.3/lib/5.14.3 .) at /home/cpan/pit/thr/conf/perl-5.14.3/.cpanplus/5.14.3/build/UAV-Pilot-ArdupilotProtocol-0.001/blib/lib/UAV/Pilot/ArdupilotProtocol/Packet/Heartbeat.pm line 26.
# BEGIN failed--compilation aborted at /home/cpan/pit/thr/conf/perl-5.14.3/.cpanplus/5.14.3/build/UAV-Pilot-ArdupilotProtocol-0.001/blib/lib/UAV/Pilot/ArdupilotProtocol/Packet/Heartbeat.pm line 26.
# Compilation failed in require at t/001_load.t line 30.
# BEGIN failed--compilation aborted at t/001_load.t line 30.

#   Failed test 'use UAV::Pilot::ArdupilotProtocol::Packet::RadioMaxes;'
#   at t/001_load.t line 31.
#     Tried to use 'UAV::Pilot::ArdupilotProtocol::Packet::RadioMaxes'.
#     Error:  Can't locate Moose.pm in @INC (@INC contains: /home/cpan/pit/thr/conf/perl-5.14.3/.cpanplus/5.14.3/build/UAV-Pilot-ArdupilotProtocol-0.001/blib/lib /home/cpan/pit/thr/conf/perl-5.14.3/.cpanplus/5.14.3/build/UAV-Pilot-ArdupilotProtocol-0.001/blib/arch /home/cpan/pit/thr/conf/perl-5.14.3/.cpanplus/5.14.3/build/UAV-Pilot-ArdupilotProtocol-0.001/blib/lib /home/cpan/pit/thr/conf/perl-5.14.3/.cpanplus/5.14.3/build/UAV-Pilot-ArdupilotProtocol-0.001/blib/arch /home/cpan/pit/thr/perl-5.14.3/lib/site_perl/5.14.3/OpenBSD.amd64-openbsd-thread-multi /home/cpan/pit/thr/perl-5.14.3/lib/site_perl/5.14.3 /home/cpan/pit/thr/perl-5.14.3/lib/5.14.3/OpenBSD.amd64-openbsd-thread-multi /home/cpan/pit/thr/perl-5.14.3/lib/5.14.3 .) at /home/cpan/pit/thr/conf/perl-5.14.3/.cpanplus/5.14.3/build/UAV-Pilot-ArdupilotProtocol-0.001/blib/lib/UAV/Pilot/ArdupilotProtocol/Packet/RadioMaxes.pm line 26.
# BEGIN failed--compilation aborted at /home/cpan/pit/thr/conf/perl-5.14.3/.cpanplus/5.14.3/build/UAV-Pilot-ArdupilotProtocol-0.001/blib/lib/UAV/Pilot/ArdupilotProtocol/Packet/RadioMaxes.pm line 26.
# Compilation failed in require at t/001_load.t line 31.
# BEGIN failed--compilation aborted at t/001_load.t line 31.

#   Failed test 'use UAV::Pilot::ArdupilotProtocol::Packet::RadioMins;'
#   at t/001_load.t line 32.
#     Tried to use 'UAV::Pilot::ArdupilotProtocol::Packet::RadioMins'.
#     Error:  Can't locate Moose.pm in @INC (@INC contains: /home/cpan/pit/thr/conf/perl-5.14.3/.cpanplus/5.14.3/build/UAV-Pilot-ArdupilotProtocol-0.001/blib/lib /home/cpan/pit/thr/conf/perl-5.14.3/.cpanplus/5.14.3/build/UAV-Pilot-ArdupilotProtocol-0.001/blib/arch /home/cpan/pit/thr/conf/perl-5.14.3/.cpanplus/5.14.3/build/UAV-Pilot-ArdupilotProtocol-0.001/blib/lib /home/cpan/pit/thr/conf/perl-5.14.3/.cpanplus/5.14.3/build/UAV-Pilot-ArdupilotProtocol-0.001/blib/arch /home/cpan/pit/thr/perl-5.14.3/lib/site_perl/5.14.3/OpenBSD.amd64-openbsd-thread-multi /home/cpan/pit/thr/perl-5.14.3/lib/site_perl/5.14.3 /home/cpan/pit/thr/perl-5.14.3/lib/5.14.3/OpenBSD.amd64-openbsd-thread-multi /home/cpan/pit/thr/perl-5.14.3/lib/5.14.3 .) at /home/cpan/pit/thr/conf/perl-5.14.3/.cpanplus/5.14.3/build/UAV-Pilot-ArdupilotProtocol-0.001/blib/lib/UAV/Pilot/ArdupilotProtocol/Packet/RadioMins.pm line 26.
# BEGIN failed--compilation aborted at /home/cpan/pit/thr/conf/perl-5.14.3/.cpanplus/5.14.3/build/UAV-Pilot-ArdupilotProtocol-0.001/blib/lib/UAV/Pilot/ArdupilotProtocol/Packet/RadioMins.pm line 26.
# Compilation failed in require at t/001_load.t line 32.
# BEGIN failed--compilation aborted at t/001_load.t line 32.

#   Failed test 'use UAV::Pilot::ArdupilotProtocol::Packet::RadioOutputs;'
#   at t/001_load.t line 33.
#     Tried to use 'UAV::Pilot::ArdupilotProtocol::Packet::RadioOutputs'.
#     Error:  Can't locate Moose.pm in @INC (@INC contains: /home/cpan/pit/thr/conf/perl-5.14.3/.cpanplus/5.14.3/build/UAV-Pilot-ArdupilotProtocol-0.001/blib/lib /home/cpan/pit/thr/conf/perl-5.14.3/.cpanplus/5.14.3/build/UAV-Pilot-ArdupilotProtocol-0.001/blib/arch /home/cpan/pit/thr/conf/perl-5.14.3/.cpanplus/5.14.3/build/UAV-Pilot-ArdupilotProtocol-0.001/blib/lib /home/cpan/pit/thr/conf/perl-5.14.3/.cpanplus/5.14.3/build/UAV-Pilot-ArdupilotProtocol-0.001/blib/arch /home/cpan/pit/thr/perl-5.14.3/lib/site_perl/5.14.3/OpenBSD.amd64-openbsd-thread-multi /home/cpan/pit/thr/perl-5.14.3/lib/site_perl/5.14.3 /home/cpan/pit/thr/perl-5.14.3/lib/5.14.3/OpenBSD.amd64-openbsd-thread-multi /home/cpan/pit/thr/perl-5.14.3/lib/5.14.3 .) at /home/cpan/pit/thr/conf/perl-5.14.3/.cpanplus/5.14.3/build/UAV-Pilot-ArdupilotProtocol-0.001/blib/lib/UAV/Pilot/ArdupilotProtocol/Packet/RadioOutputs.pm line 26.
# BEGIN failed--compilation aborted at /home/cpan/pit/thr/conf/perl-5.14.3/.cpanplus/5.14.3/build/UAV-Pilot-ArdupilotProtocol-0.001/blib/lib/UAV/Pilot/ArdupilotProtocol/Packet/RadioOutputs.pm line 26.
# Compilation failed in require at t/001_load.t line 33.
# BEGIN failed--compilation aborted at t/001_load.t line 33.

#   Failed test 'use UAV::Pilot::ArdupilotProtocol::Packet::RadioTrims;'
#   at t/001_load.t line 34.
#     Tried to use 'UAV::Pilot::ArdupilotProtocol::Packet::RadioTrims'.
#     Error:  Can't locate Moose.pm in @INC (@INC contains: /home/cpan/pit/thr/conf/perl-5.14.3/.cpanplus/5.14.3/build/UAV-Pilot-ArdupilotProtocol-0.001/blib/lib /home/cpan/pit/thr/conf/perl-5.14.3/.cpanplus/5.14.3/build/UAV-Pilot-ArdupilotProtocol-0.001/blib/arch /home/cpan/pit/thr/conf/perl-5.14.3/.cpanplus/5.14.3/build/UAV-Pilot-ArdupilotProtocol-0.001/blib/lib /home/cpan/pit/thr/conf/perl-5.14.3/.cpanplus/5.14.3/build/UAV-Pilot-ArdupilotProtocol-0.001/blib/arch /home/cpan/pit/thr/perl-5.14.3/lib/site_perl/5.14.3/OpenBSD.amd64-openbsd-thread-multi /home/cpan/pit/thr/perl-5.14.3/lib/site_perl/5.14.3 /home/cpan/pit/thr/perl-5.14.3/lib/5.14.3/OpenBSD.amd64-openbsd-thread-multi /home/cpan/pit/thr/perl-5.14.3/lib/5.14.3 .) at /home/cpan/pit/thr/conf/perl-5.14.3/.cpanplus/5.14.3/build/UAV-Pilot-ArdupilotProtocol-0.001/blib/lib/UAV/Pilot/ArdupilotProtocol/Packet/RadioTrims.pm line 26.
# BEGIN failed--compilation aborted at /home/cpan/pit/thr/conf/perl-5.14.3/.cpanplus/5.14.3/build/UAV-Pilot-ArdupilotProtocol-0.001/blib/lib/UAV/Pilot/ArdupilotProtocol/Packet/RadioTrims.pm line 26.
# Compilation failed in require at t/001_load.t line 34.
# BEGIN failed--compilation aborted at t/001_load.t line 34.

#   Failed test 'use UAV::Pilot::ArdupilotProtocol::Packet::RequestStartupMessage;'
#   at t/001_load.t line 35.
#     Tried to use 'UAV::Pilot::ArdupilotProtocol::Packet::RequestStartupMessage'.
#     Error:  Can't locate Moose.pm in @INC (@INC contains: /home/cpan/pit/thr/conf/perl-5.14.3/.cpanplus/5.14.3/build/UAV-Pilot-ArdupilotProtocol-0.001/blib/lib /home/cpan/pit/thr/conf/perl-5.14.3/.cpanplus/5.14.3/build/UAV-Pilot-ArdupilotProtocol-0.001/blib/arch /home/cpan/pit/thr/conf/perl-5.14.3/.cpanplus/5.14.3/build/UAV-Pilot-ArdupilotProtocol-0.001/blib/lib /home/cpan/pit/thr/conf/perl-5.14.3/.cpanplus/5.14.3/build/UAV-Pilot-ArdupilotProtocol-0.001/blib/arch /home/cpan/pit/thr/perl-5.14.3/lib/site_perl/5.14.3/OpenBSD.amd64-openbsd-thread-multi /home/cpan/pit/thr/perl-5.14.3/lib/site_perl/5.14.3 /home/cpan/pit/thr/perl-5.14.3/lib/5.14.3/OpenBSD.amd64-openbsd-thread-multi /home/cpan/pit/thr/perl-5.14.3/lib/5.14.3 .) at /home/cpan/pit/thr/conf/perl-5.14.3/.cpanplus/5.14.3/build/UAV-Pilot-ArdupilotProtocol-0.001/blib/lib/UAV/Pilot/ArdupilotProtocol/Packet/RequestStartupMessage.pm line 26.
# BEGIN failed--compilation aborted at /home/cpan/pit/thr/conf/perl-5.14.3/.cpanplus/5.14.3/build/UAV-Pilot-ArdupilotProtocol-0.001/blib/lib/UAV/Pilot/ArdupilotProtocol/Packet/RequestStartupMessage.pm line 26.
# Compilation failed in require att/002_pod.t ..... 
Dubious, test returned 2 (wstat 512, 0x200)
No subtests run 
 t/001_load.t line 35.
# BEGIN failed--compilation aborted at t/001_load.t line 35.

#   Failed test 'use UAV::Pilot::ArdupilotProtocol::Packet::StartupMessage;'
#   at t/001_load.t line 36.
#     Tried to use 'UAV::Pilot::ArdupilotProtocol::Packet::StartupMessage'.
#     Error:  Can't locate Moose.pm in @INC (@INC contains: /home/cpan/pit/thr/conf/perl-5.14.3/.cpanplus/5.14.3/build/UAV-Pilot-ArdupilotProtocol-0.001/blib/lib /home/cpan/pit/thr/conf/perl-5.14.3/.cpanplus/5.14.3/build/UAV-Pilot-ArdupilotProtocol-0.001/blib/arch /home/cpan/pit/thr/conf/perl-5.14.3/.cpanplus/5.14.3/build/UAV-Pilot-ArdupilotProtocol-0.001/blib/lib /home/cpan/pit/thr/conf/perl-5.14.3/.cpanplus/5.14.3/build/UAV-Pilot-ArdupilotProtocol-0.001/blib/arch /home/cpan/pit/thr/perl-5.14.3/lib/site_perl/5.14.3/OpenBSD.amd64-openbsd-thread-multi /home/cpan/pit/thr/perl-5.14.3/lib/site_perl/5.14.3 /home/cpan/pit/thr/perl-5.14.3/lib/5.14.3/OpenBSD.amd64-openbsd-thread-multi /home/cpan/pit/thr/perl-5.14.3/lib/5.14.3 .) at /home/cpan/pit/thr/conf/perl-5.14.3/.cpanplus/5.14.3/build/UAV-Pilot-ArdupilotProtocol-0.001/blib/lib/UAV/Pilot/ArdupilotProtocol/Packet/StartupMessage.pm line 26.
# BEGIN failed--compilation aborted at /home/cpan/pit/thr/conf/perl-5.14.3/.cpanplus/5.14.3/build/UAV-Pilot-ArdupilotProtocol-0.001/blib/lib/UAV/Pilot/ArdupilotProtocol/Packet/StartupMessage.pm line 26.
# Compilation failed in require at t/001_load.t line 36.
# BEGIN failed--compilation aborted at t/001_load.t line 36.

#   Failed test 'use UAV::Pilot::ArdupilotProtocol::PacketFactory;'
#   at t/001_load.t line 37.
#     Tried to use 'UAV::Pilot::ArdupilotProtocol::PacketFactory'.
#     Error:  Can't locate UAV/Pilot.pm in @INC (@INC contains: /home/cpan/pit/thr/conf/perl-5.14.3/.cpanplus/5.14.3/build/UAV-Pilot-ArdupilotProtocol-0.001/blib/lib /home/cpan/pit/thr/conf/perl-5.14.3/.cpanplus/5.14.3/build/UAV-Pilot-ArdupilotProtocol-0.001/blib/arch /home/cpan/pit/thr/conf/perl-5.14.3/.cpanplus/5.14.3/build/UAV-Pilot-ArdupilotProtocol-0.001/blib/lib /home/cpan/pit/thr/conf/perl-5.14.3/.cpanplus/5.14.3/build/UAV-Pilot-ArdupilotProtocol-0.001/blib/arch /home/cpan/pit/thr/perl-5.14.3/lib/site_perl/5.14.3/OpenBSD.amd64-openbsd-thread-multi /home/cpan/pit/thr/perl-5.14.3/lib/site_perl/5.14.3 /home/cpan/pit/thr/perl-5.14.3/lib/5.14.3/OpenBSD.amd64-openbsd-thread-multi /home/cpan/pit/thr/perl-5.14.3/lib/5.14.3 .) at /home/cpan/pit/thr/conf/perl-5.14.3/.cpanplus/5.14.3/build/UAV-Pilot-ArdupilotProtocol-0.001/blib/lib/UAV/Pilot/ArdupilotProtocol/PacketFactory.pm line 27.
# BEGIN failed--compilation aborted at /home/cpan/pit/thr/conf/perl-5.14.3/.cpanplus/5.14.3/build/UAV-Pilot-ArdupilotProtocol-0.001/blib/lib/UAV/Pilot/ArdupilotProtocol/PacketFactory.pm line 27.
# Compilation failed in require at t/001_load.t line 37.
# BEGIN failed--compilation aborted at t/001_load.t line 37.
# Looks like you failed 11 tests of 11.
Can't locate Test/Pod.pm in @INC (@INC contains: /home/cpan/pit/thr/conf/perl-5.14.3/.cpanplus/5.14.3/build/UAV-Pilot-ArdupilotProtocol-0.001/blib/lib /home/cpan/pit/thr/conf/perl-5.14.3/.cpanplus/5.14.3/build/UAV-Pilot-ArdupilotProtocol-0.001/blib/arch /home/cpan/pit/thr/conf/perl-5.14.3/.cpanplus/5.14.3/build/UAV-Pilot-ArdupilotProtocol-0.001/blib/lib /home/cpan/pit/thr/conf/perl-5.14.3/.cpanplus/5.14.3/build/UAV-Pilot-ArdupilotProtocol-0.001/blib/arch /home/cpan/pit/thr/perl-5.14.3/lib/site_perl/5.14.3/OpenBSD.amd64-openbsd-thread-multi /home/cpan/pit/thr/perl-5.14.3/lib/site_perl/5.14.3 /home/cpan/pit/thr/perl-5.14.3/lib/5.14.3/OpenBSD.amd64-openbsd-thread-multi /home/cpan/pit/thr/perl-5.14.3/lib/5.14.3 .) at t/002_pod.t line 1.
BEGIN failed--compilation aborted at t/002_pod.t line 1.
Can't locate UAV/Pilot.pm in @INC (@INC contains: /home/cpan/pit/thr/conf/perl-5.14.3/.cpanplus/5.14.3/build/UAV-Pilot-ArdupilotProtocol-0.001/blib/lib /home/cpan/pit/thr/conf/perl-5.14.3/.cpanplus/5.14.3/build/UAV-Pilot-ArdupilotProtocol-0.001/blib/arch /home/cpan/pit/thr/conf/perl-5.14.3/.cpanplus/5.14.3/build/UAV-Pilot-ArdupilotProtocol-0.001/blib/lib /home/cpan/pit/thr/conf/perl-5.14.3/.cpanplus/5.14.3/build/UAV-Pilot-ArdupilotProtocol-0.001/blib/arch /home/cpan/pit/thr/perl-5.14.3/lib/site_perl/5.14.3/OpenBSD.amd64-openbsd-thread-multi /home/cpan/pit/thr/perl-5.14.3/lib/site_perl/5.14.3 /home/cpan/pit/thr/perl-5.14.3/lib/5.14.3/OpenBSD.amd64-openbsd-thread-multi /home/cpan/pit/thr/perl-5.14.3/lib/5.14.3 .) at /home/cpan/pit/thr/conf/perl-5.14.3/.cpanplus/5.14.3/build/UAV-Pilot-ArdupilotProtocol-0.001/blib/lib/UAV/Pilot/ArdupilotProtocol/PacketFactory.pm line 27.
BEGIN failed--compilation aborted at /home/cpan/pit/thr/conf/perl-5.14.3/.cpanplus/5.14.3/build/UAV-Pilot-ArdupilotProtocol-0.001/blib/lib/UAV/Pilot/ArdupilotProtocol/PacketFactory.pm line 27.
Compilation failed in require at t/010_packet.t line 27.
BEGIN failed--compilation aborted at t/010_packet.t line 27.
t/010_packet.t .. 
Dubious, test returned 2 (wstat 512, 0x200)
Failed 75/75 subtests 

Test Summary Report
-------------------
t/001_load.t  (Wstat: 2816 Tests: 11 Failed: 11)
  Failed tests:  1-11
  Non-zero exit status: 11
t/002_pod.t   (Wstat: 512 Tests: 0 Failed: 0)
  Non-zero exit status: 2
  Parse errors: No plan found in TAP output
t/010_packet.t (Wstat: 512 Tests: 0 Failed: 0)
  Non-zero exit status: 2
  Parse errors: Bad plan.  You planned 75 tests but ran 0.
Files=3, Tests=11,  0 wallclock secs ( 0.03 usr  0.03 sys +  0.02 cusr  0.02 csys =  0.10 CPU)
Result: FAIL
# Looks like your test exited with 2 before it could output anything.
Failed 3/3 test programs. 11/11 subtests failed.
*** Error 2 in /home/cpan/pit/thr/conf/perl-5.14.3/.cpanplus/5.14.3/build/UAV-Pilot-ArdupilotProtocol-0.001 (Makefile:864 'test_dynamic')



MISSING PREREQUISITES:

It was observed that the test suite seem to fail without these modules:

Moose
Moose::Role
UAV::Pilot
Test::Pod

As such, adding the prerequisite module(s) to 'PREREQ_PM' in your
Makefile.PL should solve this problem.  For example:

WriteMakefile(
    AUTHOR      => 'TMURRAY (cpanplus-info@lists.sf.net)',
    ... # other information
    PREREQ_PM   => {
	'Moose'	=> '0', # or a minimum working version
	'Moose::Role'	=> '0', # or a minimum working version
	'UAV::Pilot'	=> '0', # or a minimum working version
	'Test::Pod'	=> '0', # or a minimum working version
    }
);

Thanks! :-)


Perl module toolchain versions installed:
	Module Name                        Have
	CPANPLUS                         0.9148
	CPANPLUS::Dist::Build              0.76
	Cwd                                3.40
	ExtUtils::CBuilder             0.280216
	ExtUtils::Command                  1.17
	ExtUtils::Install                  1.64
	ExtUtils::MakeMaker                6.94
	ExtUtils::Manifest                 1.63
	ExtUtils::ParseXS                  3.24
	File::Spec                         3.40
	Module::Build                    0.4205
	Pod::Parser                        1.37
	Pod::Simple                        3.16
	Test::Harness                      3.30
	Test::More                     1.001003
	version                          0.9908

******************************** NOTE ********************************
The comments above are created mechanically, possibly without manual
checking by the sender.  As there are many people performing automatic
tests on each upload to CPAN, it is likely that you will receive
identical messages about the same problem.

If you believe that the message is mistaken, please reply to the first
one with correction and/or additional informations, and do not take
it personally.  We appreciate your patience. :)
**********************************************************************

Additional comments:


This report was machine-generated by CPANPLUS::Dist::YACSmoke 0.90.
Powered by minismokebox version 0.58

------------------------------
ENVIRONMENT AND OTHER CONTEXT
------------------------------

Environment variables:

    AUTOMATED_TESTING = 1
    NONINTERACTIVE_TESTING = 1
    PATH = /home/cpan/bin:/bin:/sbin:/usr/bin:/usr/sbin:/usr/X11R6/bin:/usr/local/bin:/usr/local/sbin:/usr/games:.
    PERL5LIB = :/home/cpan/pit/thr/conf/perl-5.14.3/.cpanplus/5.14.3/build/UAV-Pilot-ArdupilotProtocol-0.001/blib/lib:/home/cpan/pit/thr/conf/perl-5.14.3/.cpanplus/5.14.3/build/UAV-Pilot-ArdupilotProtocol-0.001/blib/arch
    PERL5_CPANPLUS_IS_RUNNING = 15464
    PERL5_CPANPLUS_IS_VERSION = 0.9148
    PERL5_MINISMOKEBOX = 0.58
    PERL5_YACSMOKE_BASE = /home/cpan/pit/thr/conf/perl-5.14.3
    PERL_EXTUTILS_AUTOINSTALL = --defaultdeps
    PERL_MM_USE_DEFAULT = 1
    SHELL = /usr/local/bin/bash
    TERM = screen

Perl special variables (and OS-specific diagnostics, for MSWin32):

    Perl: $^X = /home/cpan/pit/thr/perl-5.14.3/bin/perl
    UID:  $<  = 1001
    EUID: $>  = 1001
    GID:  $(  = 1001 1001
    EGID: $)  = 1001 1001


-------------------------------


--

Summary of my perl5 (revision 5 version 14 subversion 3) configuration:
   
  Platform:
    osname=openbsd, osvers=5.4, archname=OpenBSD.amd64-openbsd-thread-multi
    uname='openbsd oarcock.bingosnet.co.uk 5.4 generic#37 amd64 '
    config_args='-des -Dprefix=/home/cpan/pit/thr/perl-5.14.3 -Dusethreads'
    hint=recommended, useposix=true, d_sigaction=define
    useithreads=define, usemultiplicity=define
    useperlio=define, d_sfio=undef, uselargefiles=define, usesocks=undef
    use64bitint=define, use64bitall=define, uselongdouble=undef
    usemymalloc=y, bincompat5005=undef
  Compiler:
    cc='cc', ccflags ='-pthread -fno-strict-aliasing -pipe -fstack-protector -I/usr/local/include',
    optimize='-O2',
    cppflags='-pthread -fno-strict-aliasing -pipe -fstack-protector -I/usr/local/include'
    ccversion='', gccversion='4.2.1 20070719 ', gccosandvers='openbsd5.4'
    intsize=4, longsize=8, ptrsize=8, doublesize=8, byteorder=12345678
    d_longlong=define, longlongsize=8, d_longdbl=define, longdblsize=16
    ivtype='long', ivsize=8, nvtype='double', nvsize=8, Off_t='off_t', lseeksize=8
    alignbytes=8, prototype=define
  Linker and Libraries:
    ld='cc', ldflags ='-pthread -Wl,-E  -fstack-protector -L/usr/local/lib'
    libpth=/usr/local/lib /usr/lib
    libs=-lgdbm -lm -lutil -lc
    perllibs=-lm -lutil -lc
    libc=/usr/lib/libc.so.69.0, so=so, useshrplib=false, libperl=libperl.a
    gnulibc_version=''
  Dynamic Linking:
    dlsrc=dl_dlopen.xs, dlext=so, d_dlsymun=undef, ccdlflags=' '
    cccdlflags='-DPIC -fPIC ', lddlflags='-shared -fPIC  -L/usr/local/lib -fstack-protector'


Characteristics of this binary (from libperl): 
  Compile-time options: MULTIPLICITY MYMALLOC PERL_DONT_CREATE_GVSV
                        PERL_IMPLICIT_CONTEXT PERL_MALLOC_WRAP
                        PERL_PRESERVE_IVUV USE_64_BIT_ALL USE_64_BIT_INT
                        USE_ITHREADS USE_LARGE_FILES USE_PERLIO USE_PERL_ATOF
                        USE_REENTRANT_API
  Built under openbsd
  Compiled at Nov  5 2013 00:21:45
  %ENV:
    PERL5LIB=":/home/cpan/pit/thr/conf/perl-5.14.3/.cpanplus/5.14.3/build/UAV-Pilot-ArdupilotProtocol-0.001/blib/lib:/home/cpan/pit/thr/conf/perl-5.14.3/.cpanplus/5.14.3/build/UAV-Pilot-ArdupilotProtocol-0.001/blib/arch"
    PERL5_CPANPLUS_IS_RUNNING="15464"
    PERL5_CPANPLUS_IS_VERSION="0.9148"
    PERL5_MINISMOKEBOX="0.58"
    PERL5_YACSMOKE_BASE="/home/cpan/pit/thr/conf/perl-5.14.3"
    PERL_EXTUTILS_AUTOINSTALL="--defaultdeps"
    PERL_MM_USE_DEFAULT="1"
  @INC:
    /home/cpan/pit/thr/conf/perl-5.14.3/.cpanplus/5.14.3/build/UAV-Pilot-ArdupilotProtocol-0.001/blib/lib
    /home/cpan/pit/thr/conf/perl-5.14.3/.cpanplus/5.14.3/build/UAV-Pilot-ArdupilotProtocol-0.001/blib/arch
    /home/cpan/pit/thr/perl-5.14.3/lib/site_perl/5.14.3/OpenBSD.amd64-openbsd-thread-multi
    /home/cpan/pit/thr/perl-5.14.3/lib/site_perl/5.14.3
    /home/cpan/pit/thr/perl-5.14.3/lib/5.14.3/OpenBSD.amd64-openbsd-thread-multi
    /home/cpan/pit/thr/perl-5.14.3/lib/5.14.3
    .