Report for Music-Tag-0.4103

Back
From: metabase:user:3198cbe2-2aae-11df-837a-5e0a49663a4f
Subject: FAIL Music-Tag-0.4103 v5.14.3 GNU/Linux
Date: 2012-12-14T15:43:13Z

This distribution has been tested as part of the CPAN Testers
project, supporting the Perl programming language.  See
http://wiki.cpantesters.org/ for more information or email
questions to cpan-testers-discuss@perl.org


--
Dear Edward J. Allen III,

This is a computer-generated report for Music-Tag-0.4103
on perl 5.14.3, created by CPAN-Reporter-1.2007.

Thank you for uploading your work to CPAN.  However, there was a problem
testing your distribution.

If you think this report is invalid, please consult the CPAN Testers Wiki
for suggestions on how to avoid getting FAIL reports for missing library
or binary dependencies, unsupported operating systems, and so on:

http://wiki.cpantesters.org/wiki/CPANAuthorNotes

Sections of this report:

    * Tester comments
    * Program output
    * Prerequisites
    * Environment and other context

------------------------------
TESTER COMMENTS
------------------------------

Additional comments from tester:

this report is from an automated smoke testing program
and was not reviewed by a human for accuracy

------------------------------
PROGRAM OUTPUT
------------------------------

Output from '/usr/bin/make test':

PERL_DL_NONLAZY=1 /home/graham/perls/perl-5.14.3/bin/perl "-MExtUtils::Command::MM" "-e" "test_harness(0, 'blib/lib', 'blib/arch')" t/*.t
Useless use of a variable in void context at /home/graham/perls/perl-5.14.3/lib/site_perl/5.14.3/x86_64-linux/List/MoreUtils.pm line 362.
Name "DateTime::Locale::Base::b" used only once: possible typo at /home/graham/perls/perl-5.14.3/lib/site_perl/5.14.3/x86_64-linux/List/MoreUtils.pm line 362.
Name "DateTime::Locale::Base::a" used only once: possible typo at /home/graham/perls/perl-5.14.3/lib/site_perl/5.14.3/x86_64-linux/List/MoreUtils.pm line 362.
t/1-general.t ........ ok
Useless use of a variable in void context at /home/graham/perls/perl-5.14.3/lib/site_perl/5.14.3/x86_64-linux/List/MoreUtils.pm line 362.
Name "DateTime::Locale::Base::b" used only once: possible typo at /home/graham/perls/perl-5.14.3/lib/site_perl/5.14.3/x86_64-linux/List/MoreUtils.pm line 362.
Name "DateTime::Locale::Base::a" used only once: possible typo at /home/graham/perls/perl-5.14.3/lib/site_perl/5.14.3/x86_64-linux/List/MoreUtils.pm line 362.
t/2-options.t ........ ok
Useless use of a variable in void context at /home/graham/perls/perl-5.14.3/lib/site_perl/5.14.3/x86_64-linux/List/MoreUtils.pm line 362.
Name "DateTime::Locale::Base::b" used only once: possible typo at /home/graham/perls/perl-5.14.3/lib/site_perl/5.14.3/x86_64-linux/List/MoreUtils.pm line 362.
Name "DateTime::Locale::Base::a" used only once: possible typo at /home/graham/perls/perl-5.14.3/lib/site_perl/5.14.3/x86_64-linux/List/MoreUtils.pm line 362.
Music::Tag::Auto Sorry, I can't find a plugin for /home/graham/perls/caches/perl-5.14.3/build/Music-Tag-0.4103-WW3EtG/t/fake.music at /home/graham/perls/caches/perl-5.14.3/build/Music-Tag-0.4103-WW3EtG/blib/lib/Music/Tag.pm line 146.
t/3-auto.t ........... ok
Useless use of a variable in void context at /home/graham/perls/perl-5.14.3/lib/site_perl/5.14.3/x86_64-linux/List/MoreUtils.pm line 362.
Name "DateTime::Locale::Base::b" used only once: possible typo at /home/graham/perls/perl-5.14.3/lib/site_perl/5.14.3/x86_64-linux/List/MoreUtils.pm line 362.
Name "DateTime::Locale::Base::a" used only once: possible typo at /home/graham/perls/perl-5.14.3/lib/site_perl/5.14.3/x86_64-linux/List/MoreUtils.pm line 362.
t/5-generic.t ........ ok
Useless use of a variable in void context at /home/graham/perls/perl-5.14.3/lib/site_perl/5.14.3/x86_64-linux/List/MoreUtils.pm line 362.
Name "DateTime::Locale::Base::b" used only once: possible typo at /home/graham/perls/perl-5.14.3/lib/site_perl/5.14.3/x86_64-linux/List/MoreUtils.pm line 362.
Name "DateTime::Locale::Base::a" used only once: possible typo at /home/graham/perls/perl-5.14.3/lib/site_perl/5.14.3/x86_64-linux/List/MoreUtils.pm line 362.
t/6-unaccent.t ....... skipped: Text::Unaccent::PurePerl required for testing accent changes

#   Failed test 'POD test for blib/lib/Music/Tag.pm'
#   at /home/graham/perls/perl-5.14.3/lib/site_perl/5.14.3/Test/Pod.pm line 182.
# blib/lib/Music/Tag.pm (2085): Non-ASCII character seen before =encoding in '©'. Assuming UTF-8

#   Failed test 'POD test for blib/lib/Music/Tag/Generic.pm'
#   at /home/graham/perls/perl-5.14.3/lib/site_perl/5.14.3/Test/Pod.pm line 182.
# blib/lib/Music/Tag/Generic.pm (364): Non-ASCII character seen before =encoding in '©'. Assuming UTF-8

#   Failed test 'POD test for blib/lib/Music/Tag/Auto.pm'
#   at /home/graham/perls/perl-5.14.3/lib/site_perl/5.14.3/Test/Pod.pm line 182.
# blib/lib/Music/Tag/Auto.pm (175): Non-ASCII character seen before =encoding in '©'. Assuming UTF-8

#   Failed test 'POD test for blib/lib/Music/Tag/Test.pm'
#   at /home/graham/perls/perl-5.14.3/lib/site_perl/5.14.3/Test/Pod.pm line 182.
# blib/lib/Music/Tag/Test.pm (328): Non-ASCII character seen before =encoding in '©'. Assuming UTF-8

#   Failed test 'POD test for blib/lib/Music/Tag/Option.pm'
#   at /home/graham/perls/perl-5.14.3/lib/site_perl/5.14.3/Test/Pod.pm line 182.
# blib/lib/Music/Tag/Option.pm (131): Non-ASCII character seen before =encoding in '©'. Assuming UTF-8
# Looks like you failed 5 tests of 6.
t/97-pod.t ........... 
Dubious, test returned 5 (wstat 1280, 0x500)
Failed 5/6 subtests 
Useless use of a variable in void context at /home/graham/perls/perl-5.14.3/lib/site_perl/5.14.3/x86_64-linux/List/MoreUtils.pm line 362.
t/98-pod-coverage.t .. ok

Test Summary Report
-------------------
t/97-pod.t         (Wstat: 1280 Tests: 6 Failed: 5)
  Failed tests:  2-6
  Non-zero exit status: 5
Files=7, Tests=249,  6 wallclock secs ( 0.08 usr  0.02 sys +  3.22 cusr  0.32 csys =  3.64 CPU)
Result: FAIL
Failed 1/7 test programs. 5/249 subtests failed.
make: *** [test_dynamic] Error 255

------------------------------
PREREQUISITES
------------------------------

Prerequisite modules loaded:

requires:

    Module              Need   Have   
    ------------------- ------ -------
    Config::Options     0.07   0.08   
    Data::Dumper        2      2.139  
    DateTimeX::Easy     0.088  0.089  
    Digest::SHA1        2.11   2.13   
    Encode              2.12   2.47   
    File::Copy          2      2.21   
    File::Slurp         1      9999.19
    File::Spec          3.24   3.33   
    File::stat          1      1.05   
    IO::Dir             1      1.08   
    IO::File            1.13   1.15   
    Locale::Country     2.07   3.24   
    Readonly            1      1.03   
    Scalar::Util        1.21   1.25   
    Test::More          0.1    0.98   
    Time::Local         1.1901 1.2300 

build_requires:

    Module              Need   Have   
    ------------------- ------ -------
    ExtUtils::MakeMaker 0      6.63_04

configure_requires:

    Module              Need   Have   
    ------------------- ------ -------
    ExtUtils::MakeMaker 0      6.63_04


------------------------------
ENVIRONMENT AND OTHER CONTEXT
------------------------------

Environment variables:

    AUTOMATED_TESTING = 1
    LANG = C
    PATH = /home/graham/perls/perl-5.14.3/bin:/home/graham/perls/perl-5.14.3/bin:/usr/local/bin:/usr/bin:/bin:/usr/local/sbin:/usr/sbin:/sbin:/usr/bin/core_perl
    PERL5LIB = 
    PERL5OPT = 
    PERL5_CPANPLUS_IS_RUNNING = 18193
    PERL5_CPAN_IS_RUNNING = 18193
    PERL5_CPAN_IS_RUNNING_IN_RECURSION = 15047,18193
    PERL_CR_SMOKER_CURRENT = Music-Tag-0.4103
    PERL_EXTUTILS_AUTOINSTALL = --defaultdeps
    PERL_MM_USE_DEFAULT = 1
    SHELL = /bin/bash
    TERM = xterm

Perl special variables (and OS-specific diagnostics, for MSWin32):

    $^X = /home/graham/perls/perl-5.14.3/bin/perl
    $UID/$EUID = 1000 / 1000
    $GID = 100 100
    $EGID = 100 100

Perl module toolchain versions installed:

    Module              Have    
    ------------------- --------
    CPAN                1.9800  
    CPAN::Meta          2.120351
    Cwd                 3.33    
    ExtUtils::CBuilder  0.280205
    ExtUtils::Command   1.17    
    ExtUtils::Install   1.56    
    ExtUtils::MakeMaker 6.63_04 
    ExtUtils::Manifest  1.61    
    ExtUtils::ParseXS   3.18    
    File::Spec          3.33    
    JSON                2.27    
    JSON::PP            2.27008 
    Module::Build       0.4003  
    Module::Signature   0.70    
    Parse::CPAN::Meta   1.4404  
    Test::Harness       3.23    
    Test::More          0.98    
    YAML                0.73    
    YAML::Syck          1.22    
    version             0.9901  


--

Summary of my perl5 (revision 5 version 14 subversion 3) configuration:
   
  Platform:
    osname=linux, osvers=3.5.6-1-arch, archname=x86_64-linux
    uname='linux grosics 3.5.6-1-arch #1 smp preempt sun oct 7 19:30:49 cest 2012 x86_64 gnulinux '
    config_args=''
    hint=recommended, useposix=true, d_sigaction=define
    useithreads=undef, usemultiplicity=undef
    useperlio=define, d_sfio=undef, uselargefiles=define, usesocks=undef
    use64bitint=define, use64bitall=define, uselongdouble=undef
    usemymalloc=n, bincompat5005=undef
  Compiler:
    cc='cc', ccflags ='-fno-strict-aliasing -pipe -fstack-protector -I/usr/local/include -D_LARGEFILE_SOURCE -D_FILE_OFFSET_BITS=64',
    optimize='-O2',
    cppflags='-fno-strict-aliasing -pipe -fstack-protector -I/usr/local/include'
    ccversion='', gccversion='4.7.2', gccosandvers=''
    intsize=4, longsize=8, ptrsize=8, doublesize=8, byteorder=12345678
    d_longlong=define, longlongsize=8, d_longdbl=define, longdblsize=16
    ivtype='long', ivsize=8, nvtype='double', nvsize=8, Off_t='off_t', lseeksize=8
    alignbytes=8, prototype=define
  Linker and Libraries:
    ld='cc', ldflags =' -fstack-protector -L/usr/local/lib'
    libpth=/usr/local/lib /lib/../lib /usr/lib/../lib /lib /usr/lib
    libs=-lnsl -lgdbm -ldb -ldl -lm -lcrypt -lutil -lc -lgdbm_compat
    perllibs=-lnsl -ldl -lm -lcrypt -lutil -lc
    libc=/lib/libc-2.16.so, so=so, useshrplib=false, libperl=libperl.a
    gnulibc_version='2.16'
  Dynamic Linking:
    dlsrc=dl_dlopen.xs, dlext=so, d_dlsymun=undef, ccdlflags='-Wl,-E'
    cccdlflags='-fPIC', lddlflags='-shared -O2 -L/usr/local/lib -fstack-protector'


Characteristics of this binary (from libperl): 
  Compile-time options: PERL_DONT_CREATE_GVSV PERL_MALLOC_WRAP
                        PERL_PRESERVE_IVUV USE_64_BIT_ALL USE_64_BIT_INT
                        USE_LARGE_FILES USE_PERLIO USE_PERL_ATOF
  Built under linux
  Compiled at Dec 10 2012 17:55:35
  %ENV:
    PERL5LIB=""
    PERL5OPT=""
    PERL5_CPANPLUS_IS_RUNNING="18193"
    PERL5_CPAN_IS_RUNNING="18193"
    PERL5_CPAN_IS_RUNNING_IN_RECURSION="15047,18193"
    PERL_CR_SMOKER_CURRENT="Music-Tag-0.4103"
    PERL_EXTUTILS_AUTOINSTALL="--defaultdeps"
    PERL_MM_USE_DEFAULT="1"
  @INC:
    /home/graham/perls/perl-5.14.3/lib/site_perl/5.14.3/x86_64-linux
    /home/graham/perls/perl-5.14.3/lib/site_perl/5.14.3
    /home/graham/perls/perl-5.14.3/lib/5.14.3/x86_64-linux
    /home/graham/perls/perl-5.14.3/lib/5.14.3
    .