Report for LWP-Protocol-Coro-http-v1.0.2

Back
From: metabase:user:320bfe00-2aae-11df-837a-5e0a49663a4f
Subject: FAIL LWP-Protocol-Coro-http-v1.0.2 v5.15.0 GNU/Linux
Date: 2011-06-13T19:47:27Z

This distribution has been tested as part of the CPAN Testers
project, supporting the Perl programming language.  See
http://wiki.cpantesters.org/ for more information or email
questions to cpan-testers-discuss@perl.org


--
Dear ikegami,

This is a computer-generated report for LWP-Protocol-Coro-http-v1.0.2
on perl 5.15.0, created by CPAN-Reporter-1.1902.

Thank you for uploading your work to CPAN.  However, there was a problem
testing your distribution.

If you think this report is invalid, please consult the CPAN Testers Wiki
for suggestions on how to avoid getting FAIL reports for missing library
or binary dependencies, unsupported operating systems, and so on:

http://wiki.cpantesters.org/wiki/CPANAuthorNotes

Sections of this report:

    * Tester comments
    * Program output
    * Prerequisites
    * Environment and other context

------------------------------
TESTER COMMENTS
------------------------------

Additional comments from tester:

this report is from an automated smoke testing program
and was not reviewed by a human for accuracy

------------------------------
PROGRAM OUTPUT
------------------------------

Output from './Build test':

# Testing LWP::Protocol::Coro::http v1.0.2, Perl 5.015000
# AnyEvent 5.34
# AnyEvent::HTTP 2.11
# AnyEvent::Handle 5.34
# AnyEvent::Util 5.34
# Carp 1.20
# Config <unknown>
# Coro 5.372
# Coro::Channel 5.372
# Coro::Semaphore 5.372
# Coro::State 5.372
# Errno 1.13
# Exporter 5.64_03
# Exporter::Heavy 5.64_03
# Fcntl 1.11
# Guard 1.021
# HTTP::Headers 6.00
# HTTP::Message 6.02
# HTTP::Response 6.01
# HTTP::Status 6.00
# LWP::MemberMixin <unknown>
# LWP::Protocol 6.00
# LWP::Protocol::Coro::http v1.0.2
# List::Util 1.23
# PerlIO 1.07
# Scalar::Util 1.23
# Socket 1.94
# Storable 2.28
# Test::Builder 0.98
# Test::Builder::Module 0.98
# Test::More 0.98
# URI 1.58
# URI::Escape 3.30
# XSLoader 0.15
# base 2.17
# common::sense 3.4
# overload 1.14
# strict 1.04
# vars 1.02
# version 0.88
# warnings 1.12
# warnings::register 1.02
t/00_load.t .................. ok
# Retrieving URL: http://localhost:39768/
# Waiting for reply
# Waiting for reply
# Waiting for reply
# Waiting for reply
# Shutting down server
# Done
t/01_timer.t ................. ok
# Retrieving URL: http://localhost:49942/chunks
# Waiting for reply
# Got chunk
# Waiting for reply
# Got chunk
# Waiting for reply
# Got chunk
# Waiting for reply
# Got chunk
# Waiting for reply
# Got chunk
# Waiting for reply
# Shutting down server
# Done
t/02_large.t ................. ok
# Retrieving URL: http://localhost:50491/
# Waiting for reply
# Got chunk
# Waiting for reply
# Got chunk
# Waiting for reply
# Shutting down server
# Done
t/03_error_after_headers.t ... ok
# Retrieving URL: http://localhost:35655/
# Waiting for reply
# Shutting down server
# Done
t/04_error_404.t ............. ok
# Retrieving URL: http://doesnotexist.example

#   Failed test 'The request was not successfull, as planned'
#   at t/05_error_500_bogus_host.t line 26.

#   Failed test 'We caught the remote error (5xx)'
#   at t/05_error_500_bogus_host.t line 27.
#                   '200'
#     doesn't match '(?^:^5\d\d)'

#   Failed test 'We received no chunks either'
#   at t/05_error_500_bogus_host.t line 29.
#          got: '3'
#     expected: '0'
# Looks like you failed 3 tests of 4.
t/05_error_500_bogus_host.t .. 
Dubious, test returned 3 (wstat 768, 0x300)
Failed 3/4 subtests 

Test Summary Report
-------------------
t/05_error_500_bogus_host.t (Wstat: 768 Tests: 4 Failed: 3)
  Failed tests:  1-2, 4
  Non-zero exit status: 3
Files=6, Tests=20, 21 wallclock secs ( 0.05 usr  0.02 sys +  1.16 cusr  0.19 csys =  1.42 CPU)
Result: FAIL
Failed 1/6 test programs. 3/20 subtests failed.

------------------------------
PREREQUISITES
------------------------------

Prerequisite modules loaded:

requires:

    Module         Need  Have  
    -------------- ----- ------
    AnyEvent::HTTP 2     2.11  
    Coro::Channel  0     5.372 
    HTTP::Response 0     6.01  
    LWP::Protocol  0     6.00  
    LWP::Simple    5.827 6.00  
    version        0     0.88  

build_requires:

    Module         Need  Have  
    -------------- ----- ------
    AnyEvent       0     5.34  
    Carp           0     1.20  
    CGI            0     3.54  
    File::Spec     0     3.33  
    File::Temp     0     0.22  
    FindBin        0     1.51  
    Getopt::Long   0     2.38  
    HTTP::Daemon   0     6.00  
    LWP::Simple    0     6.00  
    Test::More     0     0.98  
    URI            0     1.58  
    URI::URL       0     5.03  

configure_requires:

    Module         Need  Have  
    -------------- ----- ------
    Module::Build  0     0.3800


------------------------------
ENVIRONMENT AND OTHER CONTEXT
------------------------------

Environment variables:

    AUTOMATED_TESTING = 1
    LANG = en_US.UTF-8
    LANGUAGE = en_US:en
    PATH = /usr/lib/ccache:/home/sand/bin:/usr/local/bin:/usr/bin:/bin:/usr/bin/X11:/usr/games:/usr/local/perl/bin:/usr/X11/bin:/sbin:/usr/sbin
    PERL5LIB = 
    PERL5OPT = 
    PERL5_CPANPLUS_IS_RUNNING = 2944
    PERL5_CPAN_IS_RUNNING = 2944
    PERL_MM_USE_DEFAULT = 1
    SHELL = /usr/bin/zsh
    TERM = screen

Perl special variables (and OS-specific diagnostics, for MSWin32):

    $^X = /home/sand/src/perl/repoperls/installed-perls/perl/v5.14.0-576-g6693394/ba65/bin/perl
    $UID/$EUID = 1001 / 1001
    $GID = 1001 1001
    $EGID = 1001 1001

Perl module toolchain versions installed:

    Module              Have    
    ------------------- --------
    CPAN                1.9600  
    Cwd                 3.36    
    ExtUtils::CBuilder  0.280204
    ExtUtils::Command   1.17    
    ExtUtils::Install   1.56    
    ExtUtils::MakeMaker 6.57_05 
    ExtUtils::Manifest  1.58    
    ExtUtils::ParseXS   2.2210  
    File::Spec          3.33    
    Module::Build       0.3800  
    Module::Signature   0.68    
    Test::Harness       3.23    
    Test::More          0.98    
    YAML                0.73    
    YAML::Syck          1.17    
    version             0.88    


--

Summary of my perl5 (revision 5 version 15 subversion 0) configuration:
  Commit id: 6693394dc44f43f2a9c540e9e28782a02ea5fae9
  Platform:
    osname=linux, osvers=2.6.38-2-amd64, archname=x86_64-linux-thread-multi
    uname='linux k81 2.6.38-2-amd64 #1 smp sun may 8 13:51:57 utc 2011 x86_64 gnulinux '
    config_args='-Dprefix=/home/src/perl/repoperls/installed-perls/perl/v5.14.0-576-g6693394/ba65 -Dinstallusrbinperl=n -Uversiononly -Dusedevel -des -Ui_db -Duseithreads -Uuselongdouble -DDEBUGGING=-g'
    hint=recommended, useposix=true, d_sigaction=define
    useithreads=define, usemultiplicity=define
    useperlio=define, d_sfio=undef, uselargefiles=define, usesocks=undef
    use64bitint=define, use64bitall=define, uselongdouble=undef
    usemymalloc=n, bincompat5005=undef
  Compiler:
    cc='cc', ccflags ='-D_REENTRANT -D_GNU_SOURCE -fno-strict-aliasing -pipe -fstack-protector -I/usr/local/include -D_LARGEFILE_SOURCE -D_FILE_OFFSET_BITS=64',
    optimize='-O2 -g',
    cppflags='-D_REENTRANT -D_GNU_SOURCE -fno-strict-aliasing -pipe -fstack-protector -I/usr/local/include'
    ccversion='', gccversion='4.6.1 20110526 (prerelease)', gccosandvers=''
    intsize=4, longsize=8, ptrsize=8, doublesize=8, byteorder=12345678
    d_longlong=define, longlongsize=8, d_longdbl=define, longdblsize=16
    ivtype='long', ivsize=8, nvtype='double', nvsize=8, Off_t='off_t', lseeksize=8
    alignbytes=8, prototype=define
  Linker and Libraries:
    ld='cc', ldflags =' -fstack-protector -L/usr/local/lib'
    libpth=/usr/local/lib /lib/../lib /usr/lib/../lib /lib /usr/lib /usr/lib/x86_64-linux-gnu /lib64 /usr/lib64
    libs=-lnsl -ldb -ldl -lm -lcrypt -lutil -lpthread -lc
    perllibs=-lnsl -ldl -lm -lcrypt -lutil -lpthread -lc
    libc=/lib/libc-2.13.so, so=so, useshrplib=false, libperl=libperl.a
    gnulibc_version='2.13'
  Dynamic Linking:
    dlsrc=dl_dlopen.xs, dlext=so, d_dlsymun=undef, ccdlflags='-Wl,-E'
    cccdlflags='-fPIC', lddlflags='-shared -O2 -g -L/usr/local/lib -fstack-protector'


Characteristics of this binary (from libperl): 
  Compile-time options: MULTIPLICITY PERL_DONT_CREATE_GVSV
                        PERL_IMPLICIT_CONTEXT PERL_MALLOC_WRAP
                        PERL_PRESERVE_IVUV PERL_USE_DEVEL USE_64_BIT_ALL
                        USE_64_BIT_INT USE_ITHREADS USE_LARGE_FILES
                        USE_LOCALE USE_LOCALE_COLLATE USE_LOCALE_CTYPE
                        USE_LOCALE_NUMERIC USE_PERLIO USE_PERL_ATOF
                        USE_REENTRANT_API
  Built under linux
  Compiled at Jun 13 2011 06:04:47
  %ENV:
    PERL5LIB=""
    PERL5OPT=""
    PERL5_CPANPLUS_IS_RUNNING="2944"
    PERL5_CPAN_IS_RUNNING="2944"
    PERL_MM_USE_DEFAULT="1"
  @INC:
    /home/src/perl/repoperls/installed-perls/perl/v5.14.0-576-g6693394/ba65/lib/site_perl/5.15.0/x86_64-linux-thread-multi
    /home/src/perl/repoperls/installed-perls/perl/v5.14.0-576-g6693394/ba65/lib/site_perl/5.15.0
    /home/src/perl/repoperls/installed-perls/perl/v5.14.0-576-g6693394/ba65/lib/5.15.0/x86_64-linux-thread-multi
    /home/src/perl/repoperls/installed-perls/perl/v5.14.0-576-g6693394/ba65/lib/5.15.0
    .