W3C-SOAP-WADL v0.007 Perl 5 v5.27.9 x86_64-linux
- Status
- Fail
- From
- Slaven Rezić (SREZIC)
- Dist
-
W3C-SOAP-WADL v0.007
- Platform
- Perl 5 v5.27.9 x86_64-linux
- Date
- 2018-02-26 23:37:10
- ID
- f6fd0752-1b4d-11e8-a817-f6ee6e5b15f0
This distribution has been tested as part of the CPAN Testers
project, supporting the Perl programming language. See
http://wiki.cpantesters.org/ for more information or email
questions to cpan-testers-discuss@perl.org
--
Dear Ivan Wills,
This is a computer-generated report for W3C-SOAP-WADL-0.007
on perl 5.27.9, created by CPAN-Reporter-1.2018.
Thank you for uploading your work to CPAN. However, there was a problem
testing your distribution.
If you think this report is invalid, please consult the CPAN Testers Wiki
for suggestions on how to avoid getting FAIL reports for missing library
or binary dependencies, unsupported operating systems, and so on:
http://wiki.cpantesters.org/wiki/CPANAuthorNotes
Sections of this report:
* Tester comments
* Program output
* Prerequisites
* Environment and other context
------------------------------
TESTER COMMENTS
------------------------------
Additional comments from tester:
none provided
------------------------------
PROGRAM OUTPUT
------------------------------
Output from './Build test':
# Testing W3C::SOAP::WADL 0.007, Perl 5.027009, /bbbike/perl-5.27.9/bin/perl5.27.9
t/00-load.t ....... ok
Error GETing http://localhost:4001/wadl: Can't connect to localhost:4001 (Connection refused) at t/app-static.t line 36.
t/app-static.t ....
Dubious, test returned 111 (wstat 28416, 0x6f00)
No subtests run
Error GETing http://localhost:4000/wadl: Can't connect to localhost:4000 (Connection refused) at t/app.t line 33.
t/app.t ...........
Dubious, test returned 111 (wstat 28416, 0x6f00)
No subtests run
t/boilerplate.t ... ok
t/critic.t ........ skipped: Author test. Set TEST_AUTHOR environment variable to a true value to run.
t/kwalitee.t ...... skipped: Author test. Set TEST_AUTHOR environment variable to a true value to run.
t/pod-coverage.t .. skipped: Author test. Set TEST_AUTHOR environment variable to a true value to run.
t/pod.t ........... ok
t/spelling.t ...... skipped: Author test. Set TEST_AUTHOR environment variable to a true value to run.
Test Summary Report
-------------------
t/app-static.t (Wstat: 28416 Tests: 0 Failed: 0)
Non-zero exit status: 111
Parse errors: No plan found in TAP output
t/app.t (Wstat: 28416 Tests: 0 Failed: 0)
Non-zero exit status: 111
Parse errors: No plan found in TAP output
Files=9, Tests=66, 6 wallclock secs ( 0.02 usr 0.05 sys + 2.69 cusr 0.41 csys = 3.17 CPU)
Result: FAIL
Failed 2/9 test programs. 0/66 subtests failed.
------------------------------
PREREQUISITES
------------------------------
Prerequisite modules loaded:
requires:
Module Need Have
---------------------------- ------ --------
File::ShareDir 1.00 1.104
JSON 0 2.97001
List::Util 0 1.50
Moose 0 2.2010
Moose::Meta::Method 2.1206 2.2010
Moose::Role 0 2.2010
Moose::Util::TypeConstraints 0 2.2010
MooseX::Types::Moose 0 0.50
namespace::autoclean 0 0.28
Path::Tiny 0 0.104
perl 5.006 5.027009
Scalar::Util 0 1.50
Template 0 2.27
TryCatch 0 1.003002
version 0 0.9918
W3C::SOAP::Client 0.08 0.14
W3C::SOAP::Parser 0.08 0.14
W3C::SOAP::Utils 0.08 0.14
W3C::SOAP::XSD 0.08 0.14
W3C::SOAP::XSD::Document 0.08 0.14
W3C::SOAP::XSD::Parser 0.08 0.14
XML::Rabbit 0 0.4.1
XML::Rabbit::Root 0 0.4.1
build_requires:
Module Need Have
---------------------------- ------ --------
Mojolicious 5 7.69
Mojolicious::Lite 0 0
Test::More 0.88 1.302125
Test::Warnings 0 0.026
WWW::Mechanize 0 1.87
configure_requires:
Module Need Have
---------------------------- ------ --------
Module::Build 0.38 0.4224
------------------------------
ENVIRONMENT AND OTHER CONTEXT
------------------------------
Environment variables:
LANG = C
LC_ALL = de_DE.UTF-8
PATH = /usr/local/bin:/usr/bin:/bin:/usr/local/sbin:/usr/sbin:/sbin:/home/cpansand/bin/linux-gnu:/home/cpansand/bin/sh:/home/cpansand/bin:/usr/games:/home/cpansand/devel:/home/eserte/src/srezic-misc/scripts
PERL5LIB =
PERL5OPT =
PERL5_CPANPLUS_IS_RUNNING = 6816
PERL5_CPAN_IS_RUNNING = 6816
PERL5_CPAN_IS_RUNNING_IN_RECURSION = 12558,6816
PERLDOC = -MPod::Perldoc::ToTextOverstrike
PERL_BATCH = yes
PERL_CANARY_STABILITY_NOPROMPT = 1
PERL_CPAN_REPORTER_CONFIG = /var/tmp/cpansmoker-1023/2018022518/cpanreporter_000_config.ini
PERL_EXTUTILS_AUTOINSTALL = --defaultdeps
PERL_PARALLEL_SMOKER = yes
PERL_USE_UNSAFE_INC = 1
SHELL = /bin/zsh
TERM = screen
TMPDIR = /var/tmp/cpansmoker-1023/2018022518
Perl special variables (and OS-specific diagnostics, for MSWin32):
$^X = /bbbike/perl-5.27.9/bin/perl5.27.9
$UID/$EUID = 1023 / 1023
$GID = 1023 1023
$EGID = 1023 1023
Perl module toolchain versions installed:
Module Have
------------------- --------
CPAN 2.20
CPAN::Meta 2.150010
Cwd 3.74
ExtUtils::CBuilder 0.280230
ExtUtils::Command 7.32
ExtUtils::Install 2.14
ExtUtils::MakeMaker 7.32
ExtUtils::Manifest 1.70
ExtUtils::ParseXS 3.35
File::Spec 3.74
JSON 2.97001
JSON::PP 2.97001
Module::Build 0.4224
Module::Signature 0.81
Parse::CPAN::Meta 2.150010
Test::Harness 3.39
Test::More 1.302125
YAML 1.24
YAML::Syck 1.30
version 0.9918
--
Summary of my perl5 (revision 5 version 27 subversion 9) configuration:
Platform:
osname=linux
osvers=3.16.0-4-amd64
archname=x86_64-linux
uname='linux eserte 3.16.0-4-amd64 #1 smp debian 3.16.51-2 (2017-12-03) x86_64 gnulinux '
config_args='-ds -e -Dprefix=/opt/perl-5.27.9 -Dusedevel -Dusemallocwrap=no -Dcf_email=srezic@cpan.org'
hint=recommended
useposix=true
d_sigaction=define
useithreads=undef
usemultiplicity=undef
use64bitint=define
use64bitall=define
uselongdouble=undef
usemymalloc=n
default_inc_excludes_dot=define
bincompat5005=undef
Compiler:
cc='cc'
ccflags ='-fwrapv -fno-strict-aliasing -pipe -fstack-protector-strong -I/usr/local/include -D_LARGEFILE_SOURCE -D_FILE_OFFSET_BITS=64 -D_FORTIFY_SOURCE=2'
optimize='-O2'
cppflags='-fwrapv -fno-strict-aliasing -pipe -fstack-protector-strong -I/usr/local/include'
ccversion=''
gccversion='4.9.2'
gccosandvers=''
intsize=4
longsize=8
ptrsize=8
doublesize=8
byteorder=12345678
doublekind=3
d_longlong=define
longlongsize=8
d_longdbl=define
longdblsize=16
longdblkind=3
ivtype='long'
ivsize=8
nvtype='double'
nvsize=8
Off_t='off_t'
lseeksize=8
alignbytes=8
prototype=define
Linker and Libraries:
ld='cc'
ldflags =' -fstack-protector-strong -L/usr/local/lib'
libpth=/usr/local/lib /usr/lib/gcc/x86_64-linux-gnu/4.9/include-fixed /usr/include/x86_64-linux-gnu /usr/lib /lib/x86_64-linux-gnu /lib/../lib /usr/lib/x86_64-linux-gnu /usr/lib/../lib /lib
libs=-lpthread -lnsl -lgdbm -ldb -ldl -lm -lcrypt -lutil -lc -lgdbm_compat
perllibs=-lpthread -lnsl -ldl -lm -lcrypt -lutil -lc
libc=libc-2.19.so
so=so
useshrplib=false
libperl=libperl.a
gnulibc_version='2.19'
Dynamic Linking:
dlsrc=dl_dlopen.xs
dlext=so
d_dlsymun=undef
ccdlflags='-Wl,-E'
cccdlflags='-fPIC'
lddlflags='-shared -O2 -L/usr/local/lib -fstack-protector-strong'
Characteristics of this binary (from libperl):
Compile-time options:
HAS_TIMES
PERLIO_LAYERS
PERL_COPY_ON_WRITE
PERL_DONT_CREATE_GVSV
PERL_OP_PARENT
PERL_PRESERVE_IVUV
PERL_USE_DEVEL
USE_64_BIT_ALL
USE_64_BIT_INT
USE_LARGE_FILES
USE_LOCALE
USE_LOCALE_COLLATE
USE_LOCALE_CTYPE
USE_LOCALE_NUMERIC
USE_LOCALE_TIME
USE_PERLIO
USE_PERL_ATOF
Built under linux
Compiled at Feb 20 2018 21:07:44
%ENV:
PERL5LIB=""
PERL5OPT=""
PERL5_CPANPLUS_IS_RUNNING="6816"
PERL5_CPAN_IS_RUNNING="6816"
PERL5_CPAN_IS_RUNNING_IN_RECURSION="12558,6816"
PERLDOC="-MPod::Perldoc::ToTextOverstrike"
PERL_BATCH="yes"
PERL_CANARY_STABILITY_NOPROMPT="1"
PERL_CPAN_REPORTER_CONFIG="/var/tmp/cpansmoker-1023/2018022518/cpanreporter_000_config.ini"
PERL_EXTUTILS_AUTOINSTALL="--defaultdeps"
PERL_PARALLEL_SMOKER="yes"
PERL_USE_UNSAFE_INC="1"
@INC:
/opt/perl-5.27.9/lib/site_perl/5.27.9/x86_64-linux
/opt/perl-5.27.9/lib/site_perl/5.27.9
/opt/perl-5.27.9/lib/5.27.9/x86_64-linux
/opt/perl-5.27.9/lib/5.27.9
.