Report for WebService-Lob-0.0107

Back
From: metabase:user:0d96120c-29e2-11e5-b049-ede3035d37de
Subject: FAIL WebService-Lob-0.0107 v5.23.1 GNU/Linux
Date: 2015-08-07T14:02:39Z

This distribution has been tested as part of the CPAN Testers
project, supporting the Perl programming language.  See
http://wiki.cpantesters.org/ for more information or email
questions to cpan-testers-discuss@perl.org


--
Dear Ali Anari,

This is a computer-generated report for WebService-Lob-0.0107
on perl 5.23.1, created by CPAN-Reporter-1.2015.

Thank you for uploading your work to CPAN.  However, there was a problem
testing your distribution.

If you think this report is invalid, please consult the CPAN Testers Wiki
for suggestions on how to avoid getting FAIL reports for missing library
or binary dependencies, unsupported operating systems, and so on:

http://wiki.cpantesters.org/wiki/CPANAuthorNotes

Sections of this report:

    * Tester comments
    * Program output
    * Prerequisites
    * Environment and other context

------------------------------
TESTER COMMENTS
------------------------------

Additional comments from tester:

this report is from an automated smoke testing program
and was not reviewed by a human for accuracy

CPU            : Intel(R) Xeon(R) CPU E5-2680 v2 @ 2.80GHz
MEMORY         : 1.94 GB
ARCH           : x86_64
OS             : CentOS 7.1.1503
KERNEL         : Linux 4.1.0-x86_64-linode59
VIRTUALIZATION : xen0

------------------------------
PROGRAM OUTPUT
------------------------------

Output from '/usr/bin/make test':

PERL_DL_NONLAZY=1 "/home/jmaslak/perl5/perlbrew/perls/perl-5.23.1-thread-multi-ld/bin/perl5.23.1" "-MExtUtils::Command::MM" "-MTest::Harness" "-e" "undef *Test::Harness::Switches; test_harness(0, 'blib/lib', 'blib/arch')" t/*.t
t/00-basic.t ............ ok
t/00-compile.t .......... ok
t/01-resources.t ........ ok
    
    #   Failed test 'An object of class 'HTTP::Response__WITH__HTTP::Response::Stringable' isa 'WebService::Lob::Exception::AddressNotFound''
    #   at t/02-verify.t line 32.
    #     The object of class 'HTTP::Response__WITH__HTTP::Response::Stringable' isn't a 'WebService::Lob::Exception::AddressNotFound'
    # Looks like you failed 1 test of 2.

#   Failed test 'Testing verify_address address errors'
#   at t/02-verify.t line 41.
# Looks like you failed 1 test of 4.
t/02-verify.t ........... 
Dubious, test returned 1 (wstat 256, 0x100)
Failed 1/4 subtests 
t/release-pod-syntax.t .. skipped: these tests are for release candidate testing

Test Summary Report
-------------------
t/02-verify.t         (Wstat: 256 Tests: 4 Failed: 1)
  Failed test:  2
  Non-zero exit status: 1
Files=5, Tests=12,  7 wallclock secs ( 0.04 usr  0.03 sys +  1.66 cusr  0.40 csys =  2.13 CPU)
Result: FAIL
Failed 1/5 test programs. 1/12 subtests failed.
make: *** [test_dynamic] Error 255

------------------------------
PREREQUISITES
------------------------------

Prerequisite modules loaded:

requires:

    Module                     Need     Have    
    -------------------------- -------- --------
    aliased                    0        0.34    
    Method::Signatures         0        20141021
    Moo                        1.006000 2.000002
    Throwable::Error           0        0.200013
    WebService::BaseClientRole 0.0004   0.0008  
    WebService::Client         0        0.0400  

build_requires:

    Module                     Need     Have    
    -------------------------- -------- --------
    Exporter                   0        5.72    
    ExtUtils::MakeMaker        0        7.04_01 
    File::Spec                 0        3.56    
    IO::Handle                 0        1.35    
    IPC::Open3                 0        1.19    
    Memoize                    0        1.03    
    Storable                   0        2.54    
    strict                     0        1.09    
    Test::Modern               0        0.013   
    Test::More                 0        1.001014
    warnings                   0        1.33    

configure_requires:

    Module                     Need     Have    
    -------------------------- -------- --------
    ExtUtils::MakeMaker        0        7.04_01 


------------------------------
ENVIRONMENT AND OTHER CONTEXT
------------------------------

Environment variables:

    AUTOMATED_TESTING = 1
    LANG = en_US.UTF-8
    NONINTERACTIVE_TESTING = 1
    PATH = /home/jmaslak/perl5/perlbrew/bin:/home/jmaslak/perl5/perlbrew/perls/perl-5.23.1-thread-multi-ld/bin:/home/jmaslak/perltest/bin:/home/jmaslak/perltest/bin:/home/jmaslak/perltest/bin:/home/jmaslak/perl5/perlbrew/bin:/home/jmaslak/perl5/perlbrew/perls/perl-5.23.1/bin:/usr/local/bin:/usr/bin:/usr/local/sbin:/usr/sbin:/usr/sbin:~/perltest/bin
    PERL5LIB = /home/jmaslak/.cpan/build/WebService-BaseClientRole-0.0008-M9ae79/blib/arch:/home/jmaslak/.cpan/build/WebService-BaseClientRole-0.0008-M9ae79/blib/lib:/home/jmaslak/.cpan/build/WebService-Client-0.0400-xvBv5B/blib/arch:/home/jmaslak/.cpan/build/WebService-Client-0.0400-xvBv5B/blib/lib:/home/jmaslak/.cpan/build/HTTP-Response-Stringable-0.0002-RGR_9l/blib/arch:/home/jmaslak/.cpan/build/HTTP-Response-Stringable-0.0002-RGR_9l/blib/lib:/home/jmaslak/.cpan/build/Test-Modern-0.013-xNNFmb/blib/arch:/home/jmaslak/.cpan/build/Test-Modern-0.013-xNNFmb/blib/lib:/home/jmaslak/.cpan/build/Test-API-0.005-OZW00b/blib/arch:/home/jmaslak/.cpan/build/Test-API-0.005-OZW00b/blib/lib:/home/jmaslak/.cpan/build/Method-Signatures-20141021-EbTZuT/blib/arch:/home/jmaslak/.cpan/build/Method-Signatures-20141021-EbTZuT/blib/lib:/home/jmaslak/.cpan/build/Const-Fast-0.014-zy1PRd/blib/arch:/home/jmaslak/.cpan/build/Const-Fast-0.014-zy1PRd/blib/lib
    PERL5OPT = 
    PERL5_CPANPLUS_IS_RUNNING = 27021
    PERL5_CPAN_IS_RUNNING = 27021
    PERL5_CPAN_IS_RUNNING_IN_RECURSION = 32699,27021
    PERLBREW_BASHRC_VERSION = 0.73
    PERLBREW_HOME = /home/jmaslak/.perlbrew
    PERLBREW_LIB = 
    PERLBREW_MANPATH = /home/jmaslak/perl5/perlbrew/perls/perl-5.23.1-thread-multi-ld/man
    PERLBREW_PATH = /home/jmaslak/perl5/perlbrew/bin:/home/jmaslak/perl5/perlbrew/perls/perl-5.23.1-thread-multi-ld/bin
    PERLBREW_PERL = perl-5.23.1-thread-multi-ld
    PERLBREW_ROOT = /home/jmaslak/perl5/perlbrew
    PERLBREW_VERSION = 0.73
    PERL_CR_SMOKER_CURRENT = WebService-Lob-0.0107
    PERL_EXTUTILS_AUTOINSTALL = --defaultdeps
    PERL_LOCAL_LIB_ROOT = 
    PERL_MM_USE_DEFAULT = 1
    SHELL = /bin/bash
    TERM = screen

Perl special variables (and OS-specific diagnostics, for MSWin32):

    $^X = /home/jmaslak/perl5/perlbrew/perls/perl-5.23.1-thread-multi-ld/bin/perl5.23.1
    $UID/$EUID = 1000 / 1000
    $GID = 1000 10 1000
    $EGID = 1000 10 1000

Perl module toolchain versions installed:

    Module              Have    
    ------------------- --------
    CPAN                2.11    
    CPAN::Meta          2.150005
    Cwd                 3.56    
    ExtUtils::CBuilder  0.280223
    ExtUtils::Command   1.20    
    ExtUtils::Install   2.04    
    ExtUtils::MakeMaker 7.04_01 
    ExtUtils::Manifest  1.70    
    ExtUtils::ParseXS   3.28    
    File::Spec          3.56    
    JSON                2.90    
    JSON::PP            2.27300 
    Module::Build       0.4214  
    Module::Signature   n/a     
    Parse::CPAN::Meta   1.4417  
    Test::Harness       3.35    
    Test::More          1.001014
    YAML                1.15    
    YAML::Syck          n/a     
    version             0.9909  


--

Summary of my perl5 (revision 5 version 23 subversion 1) configuration:
   
  Platform:
    osname=linux, osvers=4.1.0-x86_64-linode59, archname=x86_64-linux-thread-multi-ld
    uname='linux cpantest.antelope.net 4.1.0-x86_64-linode59 #1 smp mon jun 22 10:39:23 edt 2015 x86_64 x86_64 x86_64 gnulinux '
    config_args='-de -Dprefix=/home/jmaslak/perl5/perlbrew/perls/perl-5.23.1-thread-multi-ld -Dusethreads -Duselongdouble -Dusemultiplicity -Dusedevel -Aeval:scriptdir=/home/jmaslak/perl5/perlbrew/perls/perl-5.23.1-thread-multi-ld/bin'
    hint=recommended, useposix=true, d_sigaction=define
    useithreads=define, usemultiplicity=define
    use64bitint=define, use64bitall=define, uselongdouble=define
    usemymalloc=n, bincompat5005=undef
  Compiler:
    cc='cc', ccflags ='-D_REENTRANT -D_GNU_SOURCE -fwrapv -fno-strict-aliasing -pipe -fstack-protector-strong -I/usr/local/include -D_LARGEFILE_SOURCE -D_FILE_OFFSET_BITS=64 -D_FORTIFY_SOURCE=2',
    optimize='-O2',
    cppflags='-D_REENTRANT -D_GNU_SOURCE -fwrapv -fno-strict-aliasing -pipe -fstack-protector-strong -I/usr/local/include'
    ccversion='', gccversion='4.8.3 20140911 (Red Hat 4.8.3-9)', gccosandvers=''
    intsize=4, longsize=8, ptrsize=8, doublesize=8, byteorder=12345678, doublekind=3
    d_longlong=define, longlongsize=8, d_longdbl=define, longdblsize=16, longdblkind=3
    ivtype='long', ivsize=8, nvtype='long double', nvsize=16, Off_t='off_t', lseeksize=8
    alignbytes=16, prototype=define
  Linker and Libraries:
    ld='cc', ldflags =' -fstack-protector-strong -L/usr/local/lib'
    libpth=/usr/local/lib /usr/lib /lib/../lib64 /usr/lib/../lib64 /lib /lib64 /usr/lib64 /usr/local/lib64
    libs=-lpthread -lnsl -ldl -lm -lcrypt -lutil -lc
    perllibs=-lpthread -lnsl -ldl -lm -lcrypt -lutil -lc
    libc=libc-2.17.so, so=so, useshrplib=false, libperl=libperl.a
    gnulibc_version='2.17'
  Dynamic Linking:
    dlsrc=dl_dlopen.xs, dlext=so, d_dlsymun=undef, ccdlflags='-Wl,-E'
    cccdlflags='-fPIC', lddlflags='-shared -O2 -L/usr/local/lib -fstack-protector-strong'


Characteristics of this binary (from libperl): 
  Compile-time options: HAS_TIMES MULTIPLICITY PERLIO_LAYERS
                        PERL_COPY_ON_WRITE PERL_DONT_CREATE_GVSV
                        PERL_HASH_FUNC_ONE_AT_A_TIME_HARD
                        PERL_IMPLICIT_CONTEXT PERL_MALLOC_WRAP
                        PERL_PRESERVE_IVUV PERL_USE_DEVEL USE_64_BIT_ALL
                        USE_64_BIT_INT USE_ITHREADS USE_LARGE_FILES
                        USE_LOCALE USE_LOCALE_COLLATE USE_LOCALE_CTYPE
                        USE_LOCALE_NUMERIC USE_LOCALE_TIME USE_LONG_DOUBLE
                        USE_PERLIO USE_PERL_ATOF USE_REENTRANT_API
  Locally applied patches:
	Devel::PatchPerl 1.38
  Built under linux
  Compiled at Jul 26 2015 05:30:26
  %ENV:
    PERL5LIB="/home/jmaslak/.cpan/build/WebService-BaseClientRole-0.0008-M9ae79/blib/arch:/home/jmaslak/.cpan/build/WebService-BaseClientRole-0.0008-M9ae79/blib/lib:/home/jmaslak/.cpan/build/WebService-Client-0.0400-xvBv5B/blib/arch:/home/jmaslak/.cpan/build/WebService-Client-0.0400-xvBv5B/blib/lib:/home/jmaslak/.cpan/build/HTTP-Response-Stringable-0.0002-RGR_9l/blib/arch:/home/jmaslak/.cpan/build/HTTP-Response-Stringable-0.0002-RGR_9l/blib/lib:/home/jmaslak/.cpan/build/Test-Modern-0.013-xNNFmb/blib/arch:/home/jmaslak/.cpan/build/Test-Modern-0.013-xNNFmb/blib/lib:/home/jmaslak/.cpan/build/Test-API-0.005-OZW00b/blib/arch:/home/jmaslak/.cpan/build/Test-API-0.005-OZW00b/blib/lib:/home/jmaslak/.cpan/build/Method-Signatures-20141021-EbTZuT/blib/arch:/home/jmaslak/.cpan/build/Method-Signatures-20141021-EbTZuT/blib/lib:/home/jmaslak/.cpan/build/Const-Fast-0.014-zy1PRd/blib/arch:/home/jmaslak/.cpan/build/Const-Fast-0.014-zy1PRd/blib/lib"
    PERL5OPT=""
    PERL5_CPANPLUS_IS_RUNNING="27021"
    PERL5_CPAN_IS_RUNNING="27021"
    PERL5_CPAN_IS_RUNNING_IN_RECURSION="32699,27021"
    PERLBREW_BASHRC_VERSION="0.73"
    PERLBREW_HOME="/home/jmaslak/.perlbrew"
    PERLBREW_LIB=""
    PERLBREW_MANPATH="/home/jmaslak/perl5/perlbrew/perls/perl-5.23.1-thread-multi-ld/man"
    PERLBREW_PATH="/home/jmaslak/perl5/perlbrew/bin:/home/jmaslak/perl5/perlbrew/perls/perl-5.23.1-thread-multi-ld/bin"
    PERLBREW_PERL="perl-5.23.1-thread-multi-ld"
    PERLBREW_ROOT="/home/jmaslak/perl5/perlbrew"
    PERLBREW_VERSION="0.73"
    PERL_CR_SMOKER_CURRENT="WebService-Lob-0.0107"
    PERL_EXTUTILS_AUTOINSTALL="--defaultdeps"
    PERL_LOCAL_LIB_ROOT=""
    PERL_MM_USE_DEFAULT="1"
  @INC:
    /home/jmaslak/.cpan/build/WebService-BaseClientRole-0.0008-M9ae79/blib/arch
    /home/jmaslak/.cpan/build/WebService-BaseClientRole-0.0008-M9ae79/blib/lib
    /home/jmaslak/.cpan/build/WebService-Client-0.0400-xvBv5B/blib/arch
    /home/jmaslak/.cpan/build/WebService-Client-0.0400-xvBv5B/blib/lib
    /home/jmaslak/.cpan/build/HTTP-Response-Stringable-0.0002-RGR_9l/blib/arch
    /home/jmaslak/.cpan/build/HTTP-Response-Stringable-0.0002-RGR_9l/blib/lib
    /home/jmaslak/.cpan/build/Test-Modern-0.013-xNNFmb/blib/arch
    /home/jmaslak/.cpan/build/Test-Modern-0.013-xNNFmb/blib/lib
    /home/jmaslak/.cpan/build/Test-API-0.005-OZW00b/blib/arch
    /home/jmaslak/.cpan/build/Test-API-0.005-OZW00b/blib/lib
    /home/jmaslak/.cpan/build/Method-Signatures-20141021-EbTZuT/blib/arch
    /home/jmaslak/.cpan/build/Method-Signatures-20141021-EbTZuT/blib/lib
    /home/jmaslak/.cpan/build/Const-Fast-0.014-zy1PRd/blib/arch
    /home/jmaslak/.cpan/build/Const-Fast-0.014-zy1PRd/blib/lib
    /home/jmaslak/perl5/perlbrew/perls/perl-5.23.1-thread-multi-ld/lib/site_perl/5.23.1/x86_64-linux-thread-multi-ld
    /home/jmaslak/perl5/perlbrew/perls/perl-5.23.1-thread-multi-ld/lib/site_perl/5.23.1
    /home/jmaslak/perl5/perlbrew/perls/perl-5.23.1-thread-multi-ld/lib/5.23.1/x86_64-linux-thread-multi-ld
    /home/jmaslak/perl5/perlbrew/perls/perl-5.23.1-thread-multi-ld/lib/5.23.1
    .