Back
From: metabase:user:320bfe00-2aae-11df-837a-5e0a49663a4f
Subject: FAIL Catalyst-Plugin-OrderedParams-0.06 v5.12.4 GNU/Linux
Date: 2012-01-25T01:50:31Z
This distribution has been tested as part of the CPAN Testers
project, supporting the Perl programming language. See
http://wiki.cpantesters.org/ for more information or email
questions to cpan-testers-discuss@perl.org
--
Dear Andy Grundman,
This is a computer-generated report for Catalyst-Plugin-OrderedParams-0.06
on perl 5.12.4, created by CPAN-Reporter-1.2003.
Thank you for uploading your work to CPAN. However, there was a problem
testing your distribution.
If you think this report is invalid, please consult the CPAN Testers Wiki
for suggestions on how to avoid getting FAIL reports for missing library
or binary dependencies, unsupported operating systems, and so on:
http://wiki.cpantesters.org/wiki/CPANAuthorNotes
Sections of this report:
* Tester comments
* Program output
* Prerequisites
* Environment and other context
------------------------------
TESTER COMMENTS
------------------------------
Additional comments from tester:
this report is from an automated smoke testing program
and was not reviewed by a human for accuracy
------------------------------
PROGRAM OUTPUT
------------------------------
Output from './Build test':
t/01use.t .......... ok
t/02pod.t .......... skipped: set TEST_POD to enable this test
t/03podcoverage.t .. skipped: set TEST_POD to enable this test
[warn] Action methods (default) found defined in your application class, TestApp. This is deprecated, please move them into a Root controller.
Catalyst::Plugin::OrderedParams uses NEXT, which is deprecated. Please see the Class::C3::Adopt::NEXT documentation for details. NEXT used at /tmp/loop_over_bdir-9eRgM2/Catalyst-Plugin-OrderedParams-0.06-0FLup0/blib/lib/Catalyst/Plugin/OrderedParams.pm line 34
Use of uninitialized value $content_type in lc at /home/src/perl/repoperls/installed-perls/perl/v5.12.4/2a56/lib/site_perl/5.12.4/HTTP/Body.pm line 96.
Use of uninitialized value $content_type in lc at /home/src/perl/repoperls/installed-perls/perl/v5.12.4/2a56/lib/site_perl/5.12.4/HTTP/Body.pm line 96.
Use of uninitialized value $content_type in lc at /home/src/perl/repoperls/installed-perls/perl/v5.12.4/2a56/lib/site_perl/5.12.4/HTTP/Body.pm line 96.
Use of uninitialized value $content_type in lc at /home/src/perl/repoperls/installed-perls/perl/v5.12.4/2a56/lib/site_perl/5.12.4/HTTP/Body.pm line 96.
Use of uninitialized value $content_type in lc at /home/src/perl/repoperls/installed-perls/perl/v5.12.4/2a56/lib/site_perl/5.12.4/HTTP/Body.pm line 96.
# Failed test 'ordered GET params ok'
# at t/04params.t line 34.
# Structures begin differing at:
# $got->[1] = 'p'
# $expected->[1] = 'm'
# Looks like you failed 1 test of 7.
t/04params.t .......
Dubious, test returned 1 (wstat 256, 0x100)
Failed 1/7 subtests
Test Summary Report
-------------------
t/04params.t (Wstat: 256 Tests: 7 Failed: 1)
Failed test: 7
Non-zero exit status: 1
Files=4, Tests=9, 2 wallclock secs ( 0.02 usr 0.00 sys + 1.26 cusr 0.12 csys = 1.40 CPU)
Result: FAIL
Failed 1/4 test programs. 1/9 subtests failed.
------------------------------
PREREQUISITES
------------------------------
Prerequisite modules loaded:
requires:
Module Need Have
------------------ ---- -------
Catalyst 5.30 5.90007
Tie::Hash::Indexed 0 0.05
------------------------------
ENVIRONMENT AND OTHER CONTEXT
------------------------------
Environment variables:
AUTOMATED_TESTING = 1
LANG = en_US.UTF-8
LANGUAGE = en_US:en
PATH = /home/sand/bin:/usr/local/bin:/usr/bin:/bin:/usr/bin/X11:/usr/games:/usr/local/perl/bin:/usr/X11/bin:/sbin:/usr/sbin
PERL5LIB =
PERL5OPT =
PERL5_CPANPLUS_IS_RUNNING = 10862
PERL5_CPAN_IS_RUNNING = 10862
PERL_MM_USE_DEFAULT = 1
SHELL = /usr/bin/zsh
TERM = screen
Perl special variables (and OS-specific diagnostics, for MSWin32):
$^X = /home/sand/src/perl/repoperls/installed-perls/perl/v5.12.4/2a56/bin/perl
$UID/$EUID = 1005 / 1005
$GID = 1005 1005
$EGID = 1005 1005
Perl module toolchain versions installed:
Module Have
------------------- --------
CPAN 1.9800
CPAN::Meta 2.113640
Cwd 3.39_01
ExtUtils::CBuilder 0.280202
ExtUtils::Command 1.17
ExtUtils::Install 1.55
ExtUtils::MakeMaker 6.63_02
ExtUtils::Manifest 1.58
ExtUtils::ParseXS 3.09
File::Spec 3.39_01
JSON 2.53
JSON::PP 2.27200
Module::Build 0.39_01
Module::Signature 0.68
Parse::CPAN::Meta 1.4401
Test::Harness 3.23
Test::More 0.98
YAML 0.73
YAML::Syck 1.19
version 0.95
--
Summary of my perl5 (revision 5 version 12 subversion 4) configuration:
Commit id: 0cfb50b2327c758fdfe77a5cda07b115e58aed0b
Platform:
osname=linux, osvers=2.6.32-5-amd64, archname=x86_64-linux-thread-multi-ld
uname='linux k83 2.6.32-5-amd64 #1 smp mon oct 3 03:59:20 utc 2011 x86_64 gnulinux '
config_args='-Dprefix=/home/src/perl/repoperls/installed-perls/perl/v5.12.4/2a56 -Dinstallusrbinperl=n -Uversiononly -Dusedevel -des -Ui_db -Duseithreads -Duselongdouble -DDEBUGGING=-g'
hint=recommended, useposix=true, d_sigaction=define
useithreads=define, usemultiplicity=define
useperlio=define, d_sfio=undef, uselargefiles=define, usesocks=undef
use64bitint=define, use64bitall=define, uselongdouble=define
usemymalloc=n, bincompat5005=undef
Compiler:
cc='cc', ccflags ='-D_REENTRANT -D_GNU_SOURCE -fno-strict-aliasing -pipe -fstack-protector -I/usr/local/include -D_LARGEFILE_SOURCE -D_FILE_OFFSET_BITS=64',
optimize='-O2 -g',
cppflags='-D_REENTRANT -D_GNU_SOURCE -fno-strict-aliasing -pipe -fstack-protector -I/usr/local/include'
ccversion='', gccversion='4.4.5', gccosandvers=''
intsize=4, longsize=8, ptrsize=8, doublesize=8, byteorder=12345678
d_longlong=define, longlongsize=8, d_longdbl=define, longdblsize=16
ivtype='long', ivsize=8, nvtype='long double', nvsize=16, Off_t='off_t', lseeksize=8
alignbytes=16, prototype=define
Linker and Libraries:
ld='cc', ldflags =' -fstack-protector -L/usr/local/lib'
libpth=/usr/local/lib /lib/../lib /usr/lib/../lib /lib /usr/lib /lib64 /usr/lib64
libs=-lnsl -ldl -lm -lcrypt -lutil -lpthread -lc
perllibs=-lnsl -ldl -lm -lcrypt -lutil -lpthread -lc
libc=/lib/libc-2.11.2.so, so=so, useshrplib=false, libperl=libperl.a
gnulibc_version='2.11.2'
Dynamic Linking:
dlsrc=dl_dlopen.xs, dlext=so, d_dlsymun=undef, ccdlflags='-Wl,-E'
cccdlflags='-fPIC', lddlflags='-shared -O2 -g -L/usr/local/lib -fstack-protector'
Characteristics of this binary (from libperl):
Compile-time options: MULTIPLICITY PERL_DONT_CREATE_GVSV
PERL_IMPLICIT_CONTEXT PERL_MALLOC_WRAP PERL_USE_DEVEL
USE_64_BIT_ALL USE_64_BIT_INT USE_ITHREADS
USE_LARGE_FILES USE_LONG_DOUBLE USE_PERLIO
USE_PERL_ATOF USE_REENTRANT_API
Built under linux
Compiled at Oct 10 2011 08:05:04
%ENV:
PERL5LIB=""
PERL5OPT=""
PERL5_CPANPLUS_IS_RUNNING="10862"
PERL5_CPAN_IS_RUNNING="10862"
PERL_MM_USE_DEFAULT="1"
@INC:
/home/src/perl/repoperls/installed-perls/perl/v5.12.4/2a56/lib/site_perl/5.12.4/x86_64-linux-thread-multi-ld
/home/src/perl/repoperls/installed-perls/perl/v5.12.4/2a56/lib/site_perl/5.12.4
/home/src/perl/repoperls/installed-perls/perl/v5.12.4/2a56/lib/5.12.4/x86_64-linux-thread-multi-ld
/home/src/perl/repoperls/installed-perls/perl/v5.12.4/2a56/lib/5.12.4
.