Back
From: metabase:user:30ae4450-2aae-11df-837a-5e0a49663a4f
Subject: FAIL AnyEvent-DBI-MySQL-v2.1.0 v5.22.1
Date: 2016-11-23T10:57:28Z
This distribution has been tested as part of the CPAN Testers
project, supporting the Perl programming language. See
http://wiki.cpantesters.org/ for more information or email
questions to cpan-testers-discuss@perl.org
--
Dear Alex Efros,
This is a computer-generated report for AnyEvent-DBI-MySQL-v2.1.0
on perl 5.22.1, created by CPAN-Reporter-1.2017.
Thank you for uploading your work to CPAN. However, there was a problem
testing your distribution.
If you think this report is invalid, please consult the CPAN Testers Wiki
for suggestions on how to avoid getting FAIL reports for missing library
or binary dependencies, unsupported operating systems, and so on:
http://wiki.cpantesters.org/wiki/CPANAuthorNotes
Sections of this report:
* Tester comments
* Program output
* Prerequisites
* Environment and other context
------------------------------
TESTER COMMENTS
------------------------------
Additional comments from tester:
this report is from an automated smoke testing program
and was not reviewed by a human for accuracy
------------------------------
PROGRAM OUTPUT
------------------------------
Output from 'C:\Strawberry221\perl\bin\perl.exe ./Build test':
# Testing AnyEvent::DBI::MySQL v2.1.0, Perl 5.022001, C:\Strawberry221\perl\bin\perl.exe
t/00.load.t ............... ok
t/01.export.t ............. skipped: This module doesn't export anything
(libev) select: Unknown error
This application has requested the Runtime to terminate it in an unusual way.
Please contact the application's support team for more information.
t/async.t .................
Dubious, test returned 3 (wstat 768, 0x300)
No subtests run
(libev) select: Unknown error
This application has requested the Runtime to terminate it in an unusual way.
Please contact the application's support team for more information.
t/async_cv.t ..............
Dubious, test returned 3 (wstat 768, 0x300)
No subtests run
t/author-perlcritic.t ..... skipped: these tests are for testing by the author
t/author-pod-syntax.t ..... skipped: these tests are for testing by the author
t/connect.t ............... ok
(libev) select: Unknown error
This application has requested the Runtime to terminate it in an unusual way.
Please contact the application's support team for more information.
t/err.t ...................
Dubious, test returned 3 (wstat 768, 0x300)
All 36 subtests passed
t/failed_connect.t ........ ok
DBD::mysql::db do failed: Async support was not built into this version of DBD::mysql at t/gone.t line 30.
(libev) select: Unknown error
This application has requested the Runtime to terminate it in an unusual way.
Please contact the application's support team for more information.
t/gone.t ..................
Dubious, test returned 3 (wstat 768, 0x300)
No subtests run
DBD::mysql::db prepare failed: Async support was not built into this version of DBD::mysql at t/prepare.t line 21.
DBD::mysql::db prepare failed: Async support was not built into this version of DBD::mysql at t/prepare.t line 22.
Can't call method "execute" on an undefined value at t/prepare.t line 35.
# Tests were run but no plan was declared and done_testing() was not seen.
# Looks like your test exited with 255 just after 2.
t/prepare.t ...............
Dubious, test returned 255 (wstat 65280, 0xff00)
All 2 subtests passed
t/release-distribution.t .. skipped: these tests are for release candidate testing
DBD::mysql::db selectcol_arrayref failed: Async support was not built into this version of DBD::mysql at t/simultanous.t line 28.
DBD::mysql::db selectcol_arrayref failed: Async support was not built into this version of DBD::mysql at t/simultanous.t line 29.
(libev) select: Unknown error
This application has requested the Runtime to terminate it in an unusual way.
Please contact the application's support team for more information.
t/simultanous.t ...........
Dubious, test returned 3 (wstat 768, 0x300)
All 3 subtests passed
t/superfluous_warning.t ... ok
t/sync.t .................. ok
Test Summary Report
-------------------
t/async.t (Wstat: 768 Tests: 0 Failed: 0)
Non-zero exit status: 3
Parse errors: No plan found in TAP output
t/async_cv.t (Wstat: 768 Tests: 0 Failed: 0)
Non-zero exit status: 3
Parse errors: No plan found in TAP output
t/err.t (Wstat: 768 Tests: 36 Failed: 0)
Non-zero exit status: 3
Parse errors: No plan found in TAP output
t/gone.t (Wstat: 768 Tests: 0 Failed: 0)
Non-zero exit status: 3
Parse errors: No plan found in TAP output
t/prepare.t (Wstat: 65280 Tests: 2 Failed: 0)
Non-zero exit status: 255
Parse errors: No plan found in TAP output
t/simultanous.t (Wstat: 768 Tests: 3 Failed: 0)
Non-zero exit status: 3
Parse errors: No plan found in TAP output
Files=15, Tests=101, 22 wallclock secs ( 0.06 usr + 0.13 sys = 0.19 CPU)
Result: FAIL
------------------------------
PREREQUISITES
------------------------------
Prerequisite modules loaded:
requires:
Module Need Have
------------------- -------- --------
AnyEvent 0 7.12
DBD::mysql 0 4.033
DBI 0 1.634
perl 5.010001 5.022001
Scalar::Util 0 1.45
build_requires:
Module Need Have
------------------- -------- --------
Test::Database 0 1.113
Test::Exception 0 0.43
Test::More 0 1.001014
Time::HiRes 0 1.9732
configure_requires:
Module Need Have
------------------- -------- --------
Module::Build::Tiny 0.034 0.039
------------------------------
ENVIRONMENT AND OTHER CONTEXT
------------------------------
Environment variables:
AUTOMATED_TESTING = 1
COMSPEC = C:\WINDOWS\system32\cmd.exe
NUMBER_OF_PROCESSORS = 1
PATH = C:\WINDOWS\system32;C:\WINDOWS;C:\WINDOWS\System32\Wbem;C:\Strawberry221\c\bin;C:\Strawberry221\perl\site\bin;C:\Strawberry221\perl\bin;C:\Git\cmd
PERL5LIB =
PERL5OPT =
PERL5_CPANPLUS_IS_RUNNING = 1092
PERL5_CPAN_IS_RUNNING = 1092
PERL5_CPAN_IS_RUNNING_IN_RECURSION = 1532,1092
PERL_CR_SMOKER_CURRENT = AnyEvent-DBI-MySQL-v2.1.0
PERL_CR_SMOKER_RUNONCE = 1
PERL_EXTUTILS_AUTOINSTALL = --defaultdeps
PERL_HASH_SEED = 0x11111111
PERL_MM_USE_DEFAULT = 1
PROCESSOR_IDENTIFIER = x86 Family 16 Model 5 Stepping 3, AuthenticAMD
TEMP = C:\DOCUME~1\c\LOCALS~1\Temp
Perl special variables (and OS-specific diagnostics, for MSWin32):
$^X = C:\Strawberry221\perl\bin\perl.exe
$UID/$EUID = 0 / 0
$GID = 0
$EGID = 0
Win32::GetOSName = WinXP/.Net
Win32::GetOSVersion = Service Pack 3, 5, 1, 2600, 2, 3, 0, 256, 1
Win32::FsType = NTFS
Win32::IsAdminUser = 1
Perl module toolchain versions installed:
Module Have
------------------- --------
CPAN 2.11
CPAN::Meta 2.150005
Cwd 3.62
ExtUtils::CBuilder 0.280224
ExtUtils::Command 7.10
ExtUtils::Install 2.04
ExtUtils::MakeMaker 7.10
ExtUtils::Manifest 1.70
ExtUtils::ParseXS 3.30
File::Spec 3.62
JSON 2.90
JSON::PP 2.27300
Module::Build 0.4216
Module::Signature 0.79
Parse::CPAN::Meta 1.4417
Test::Harness 3.36
Test::More 1.001014
YAML 1.15
YAML::Syck 1.29
version 0.9916
--
Summary of my perl5 (revision 5 version 22 subversion 1) configuration:
Platform:
osname=MSWin32, osvers=4.0, archname=MSWin32-x86-multi-thread-64int
uname='Win32 strawberry-perl 5.22.1.4 #1 Sat Mar 26 14:08:02 2016 i386'
config_args='undef'
hint=recommended, useposix=true, d_sigaction=undef
useithreads=define, usemultiplicity=define
use64bitint=define, use64bitall=undef, uselongdouble=undef
usemymalloc=n, bincompat5005=undef
Compiler:
cc='gcc', ccflags =' -s -O2 -DWIN32 -DPERL_TEXTMODE_SCRIPTS -DPERL_IMPLICIT_CONTEXT -DPERL_IMPLICIT_SYS -fwrapv -fno-strict-aliasing -mms-bitfields',
optimize='-s -O2',
cppflags='-DWIN32'
ccversion='', gccversion='4.9.2', gccosandvers=''
intsize=4, longsize=4, ptrsize=4, doublesize=8, byteorder=12345678, doublekind=3
d_longlong=define, longlongsize=8, d_longdbl=define, longdblsize=12, longdblkind=3
ivtype='long long', ivsize=8, nvtype='double', nvsize=8, Off_t='long long', lseeksize=8
alignbytes=8, prototype=define
Linker and Libraries:
ld='g++', ldflags ='-s -L"C:\STRAWB~1\perl\lib\CORE" -L"C:\STRAWB~1\c\lib"'
libpth=C:\STRAWB~1\c\lib C:\STRAWB~1\c\i686-w64-mingw32\lib C:\STRAWB~1\c\lib\gcc\i686-w64-mingw32\4.9.2
libs=-lmoldname -lkernel32 -luser32 -lgdi32 -lwinspool -lcomdlg32 -ladvapi32 -lshell32 -lole32 -loleaut32 -lnetapi32 -luuid -lws2_32 -lmpr -lwinmm -lversion -lodbc32 -lodbccp32 -lcomctl32
perllibs=-lmoldname -lkernel32 -luser32 -lgdi32 -lwinspool -lcomdlg32 -ladvapi32 -lshell32 -lole32 -loleaut32 -lnetapi32 -luuid -lws2_32 -lmpr -lwinmm -lversion -lodbc32 -lodbccp32 -lcomctl32
libc=, so=dll, useshrplib=true, libperl=libperl522.a
gnulibc_version=''
Dynamic Linking:
dlsrc=dl_win32.xs, dlext=xs.dll, d_dlsymun=undef, ccdlflags=' '
cccdlflags=' ', lddlflags='-mdll -s -L"C:\STRAWB~1\perl\lib\CORE" -L"C:\STRAWB~1\c\lib"'
Characteristics of this binary (from libperl):
Compile-time options: HAS_TIMES HAVE_INTERP_INTERN MULTIPLICITY
PERLIO_LAYERS PERL_DONT_CREATE_GVSV
PERL_HASH_FUNC_ONE_AT_A_TIME_HARD
PERL_IMPLICIT_CONTEXT PERL_IMPLICIT_SYS
PERL_MALLOC_WRAP PERL_NEW_COPY_ON_WRITE
PERL_PRESERVE_IVUV USE_64_BIT_INT USE_ITHREADS
USE_LARGE_FILES USE_LOCALE USE_LOCALE_COLLATE
USE_LOCALE_CTYPE USE_LOCALE_NUMERIC USE_LOCALE_TIME
USE_PERLIO USE_PERL_ATOF
Built under MSWin32
Compiled at Mar 26 2016 14:12:26
%ENV:
PERL5_CPANPLUS_IS_RUNNING="1092"
PERL5_CPAN_IS_RUNNING="1092"
PERL5_CPAN_IS_RUNNING_IN_RECURSION="1532,1092"
PERL_CR_SMOKER_CURRENT="AnyEvent-DBI-MySQL-v2.1.0"
PERL_CR_SMOKER_RUNONCE="1"
PERL_EXTUTILS_AUTOINSTALL="--defaultdeps"
PERL_HASH_SEED="0x11111111"
PERL_MM_USE_DEFAULT="1"
@INC:
C:/Strawberry221/perl/site/lib
C:/Strawberry221/perl/vendor/lib
C:/Strawberry221/perl/lib
.