Report for Bio-Das-Lite-2.11

Back
From: metabase:user:315f03b2-2aae-11df-837a-5e0a49663a4f
Subject: FAIL Bio-Das-Lite-2.11 v5.10.1 SunOS/Solaris
Date: 2013-07-07T03:54:46Z

This distribution has been tested as part of the CPAN Testers
project, supporting the Perl programming language.  See
http://wiki.cpantesters.org/ for more information or email
questions to cpan-testers-discuss@perl.org


--
Dear Roger Pettett,

This is a computer-generated report for Bio-Das-Lite-2.11
on perl 5.10.1, created by CPAN-Reporter-1.2010.

Thank you for uploading your work to CPAN.  However, there was a problem
testing your distribution.

If you think this report is invalid, please consult the CPAN Testers Wiki
for suggestions on how to avoid getting FAIL reports for missing library
or binary dependencies, unsupported operating systems, and so on:

http://wiki.cpantesters.org/wiki/CPANAuthorNotes

Sections of this report:

    * Tester comments
    * Program output
    * Prerequisites
    * Environment and other context

------------------------------
TESTER COMMENTS
------------------------------

Additional comments from tester:

this report is from an automated smoke testing program
and was not reviewed by a human for accuracy

------------------------------
PROGRAM OUTPUT
------------------------------

Output from './Build test':

t/00-critic.t ............... skipped: Author test.  Set $ENV{TEST_AUTHOR} to a true value to run.
t/00-distribution.t ......... ok
t/00-pod.t .................. ok
t/00-podcoverage.t .......... ok
t/01-general.t .............. ok
t/02-statuscodes.t .......... ok

#   Failed test 'dsns call returned OK status (service http://das.ensembl.org/das/dsn status 404 Not Found)'
#   at t/05-singledsn.t line 38.

#   Failed test 'dsns call gave a arrayref value (service http://das.ensembl.org/das/dsn)'
#   at t/05-singledsn.t line 39.

#   Failed test 'dsns call returned at least one source (service http://das.ensembl.org/das/dsn)'
#   at t/05-singledsn.t line 41.

#   Failed test 'dsns call returned OK status (service http://das.ensembl.org/das/dsn\#foo status 404 Not Found)'
#   at t/05-singledsn.t line 38.

#   Failed test 'dsns call gave a arrayref value (service http://das.ensembl.org/das/dsn\#foo)'
#   at t/05-singledsn.t line 39.

#   Failed test 'dsns call returned at least one source (service http://das.ensembl.org/das/dsn\#foo)'
#   at t/05-singledsn.t line 41.
# Looks like you failed 6 tests of 33.
t/05-singledsn.t ............ 
Dubious, test returned 6 (wstat 1536, 0x600)
Failed 6/33 subtests 
t/06-singledsn-singleseg.t .. ok
t/07-singledsn-multiseg.t ... ok

#   Failed test 'dsns call returned OK status (status is 404 Not Found)'
#   at t/10-multidsn.t line 34.

#   Failed test 'dsns call gave a arrayref value for the one key'
#   at t/10-multidsn.t line 36.
Can't use an undefined value as an ARRAY reference at t/10-multidsn.t line 38.
# Looks like you planned 11 tests but ran 9.
# Looks like you failed 2 tests of 9 run.
# Looks like your test exited with 150 just after 9.
t/10-multidsn.t ............. 
Dubious, test returned 150 (wstat 38400, 0x9600)
Failed 4/11 subtests 
t/20-authentication.t ....... ok
t/21-proxy.t ................ skipped: Proxy testing requires POE and WWW::Curl::Simple
t/40-dna.t .................. ok
t/45-sequence.t ............. ok
t/50-entry_points.t ......... ok
t/60-features.t ............. ok
t/60-features_chunked.t ..... ok
t/60-features_empty.t ....... ok
t/61-features_group.t ....... ok
t/70-alignment.t ............ ok
t/80-structure.t ............ ok
t/90-sources.t .............. ok

Test Summary Report
-------------------
t/05-singledsn.t          (Wstat: 1536 Tests: 33 Failed: 6)
  Failed tests:  19-21, 30-32
  Non-zero exit status: 6
t/10-multidsn.t           (Wstat: 38400 Tests: 9 Failed: 2)
  Failed tests:  8-9
  Non-zero exit status: 150
  Parse errors: Bad plan.  You planned 11 tests but ran 9.
Files=22, Tests=124, 21 wallclock secs ( 0.31 usr  0.11 sys +  9.83 cusr  2.12 csys = 12.37 CPU)
Result: FAIL
Failed 2/22 test programs. 8/124 subtests failed.

------------------------------
PREREQUISITES
------------------------------

Prerequisite modules loaded:

requires:

    Module         Need Have   
    -------------- ---- -------
    Carp           1.02 1.26   
    English        1.01 1.04   
    HTTP::Response 1.49 6.04   
    Readonly       1.03 1.03   
    WWW::Curl      4.07 4.15   

build_requires:

    Module         Need Have   
    -------------- ---- -------
    Test::More     0.8  0.98_05

configure_requires:

    Module         Need Have   
    -------------- ---- -------
    Module::Build  0.36 0.4005 


------------------------------
ENVIRONMENT AND OTHER CONTEXT
------------------------------

Environment variables:

    AUTOMATED_TESTING = 1
    LANG = en_US.UTF-8
    LC_CTYPE = en_US.UTF-8
    PATH = /export/home/smoke/perl5/perlbrew/bin:/export/home/smoke/perl5/perlbrew/perls/perl-5.10.1/bin:/usr/local/bin:/usr/local/sbin:/usr/sbin:/sbin:/usr/bin:/bin:/export/home/smoke/bin:/usr/bin
    PATH_WITHOUT_PERLBREW = /usr/local/bin:/usr/local/sbin:/usr/sbin:/sbin:/usr/bin:/bin:/export/home/smoke/bin:/usr/bin
    PERL5LIB = 
    PERL5OPT = 
    PERL5_CPANPLUS_IS_RUNNING = 5853
    PERL5_CPAN_IS_RUNNING = 5853
    PERL5_CPAN_IS_RUNNING_IN_RECURSION = 13694,5853
    PERLBREW_MANPATH = /export/home/smoke/perl5/perlbrew/perls/perl-5.10.1/man
    PERLBREW_PATH = /export/home/smoke/perl5/perlbrew/bin:/export/home/smoke/perl5/perlbrew/perls/perl-5.10.1/bin
    PERLBREW_PERL = perl-5.10.1
    PERLBREW_ROOT = /export/home/smoke/perl5/perlbrew
    PERLBREW_VERSION = 0.59
    PERL_CR_SMOKER_CURRENT = Bio-Das-Lite-2.11
    PERL_EXTUTILS_AUTOINSTALL = --defaultdeps
    PERL_MM_USE_DEFAULT = 1
    SHELL = /usr/bin/bash
    TERM = xterm

Perl special variables (and OS-specific diagnostics, for MSWin32):

    $^X = /export/home/smoke/perl5/perlbrew/perls/perl-5.10.1/bin/perl5.10.1
    $UID/$EUID = 101 / 101
    $GID = 1 1
    $EGID = 1 1

Perl module toolchain versions installed:

    Module              Have    
    ------------------- --------
    CPAN                2.02    
    CPAN::Meta          2.120351
    Cwd                 3.40    
    ExtUtils::CBuilder  0.280205
    ExtUtils::Command   1.16    
    ExtUtils::Install   1.54    
    ExtUtils::MakeMaker 6.69_02 
    ExtUtils::Manifest  1.61    
    ExtUtils::ParseXS   3.18_04 
    File::Spec          3.40    
    JSON                2.59    
    JSON::PP            2.27200 
    Module::Build       0.4005  
    Module::Signature   n/a     
    Parse::CPAN::Meta   1.4404  
    Test::Harness       3.28    
    Test::More          0.98_05 
    YAML                0.81    
    YAML::Syck          1.27    
    version             0.9902  


--

Summary of my perl5 (revision 5 version 10 subversion 1) configuration:
   
  Platform:
    osname=solaris, osvers=2.10, archname=sun4-solaris-thread-multi-64int
    uname='sunos sparcy 5.10 generic_142909-17 sun4u sparc sunw,a70 '
    config_args='-de -Dprefix=/export/home/smoke/perl5/perlbrew/perls/perl-5.10.1 -Duse64bitint -Duse4bitall -Dusethreads -Dcc=gcc -Dusedevel'
    hint=recommended, useposix=true, d_sigaction=define
    useithreads=define, usemultiplicity=define
    useperlio=define, d_sfio=undef, uselargefiles=define, usesocks=undef
    use64bitint=define, use64bitall=undef, uselongdouble=undef
    usemymalloc=n, bincompat5005=undef
  Compiler:
    cc='gcc', ccflags ='-D_REENTRANT -fno-strict-aliasing -pipe -I/usr/local/include -D_LARGEFILE_SOURCE -D_FILE_OFFSET_BITS=64 -DPERL_USE_SAFE_PUTENV',
    optimize='-O',
    cppflags='-D_REENTRANT -fno-strict-aliasing -pipe -I/usr/local/include'
    ccversion='', gccversion='3.4.6', gccosandvers='solaris2.10'
    intsize=4, longsize=4, ptrsize=4, doublesize=8, byteorder=87654321
    d_longlong=define, longlongsize=8, d_longdbl=define, longdblsize=16
    ivtype='long long', ivsize=8, nvtype='double', nvsize=8, Off_t='off_t', lseeksize=8
    alignbytes=8, prototype=define
  Linker and Libraries:
    ld='gcc', ldflags =' -L/usr/local/lib '
    libpth=/usr/local/lib /usr/lib /usr/ccs/lib
    libs=-lsocket -lnsl -lgdbm -ldl -lm -lpthread -lc
    perllibs=-lsocket -lnsl -ldl -lm -lpthread -lc
    libc=/lib/libc.so, so=so, useshrplib=false, libperl=libperl.a
    gnulibc_version=''
  Dynamic Linking:
    dlsrc=dl_dlopen.xs, dlext=so, d_dlsymun=undef, ccdlflags=' '
    cccdlflags='-fPIC', lddlflags='-G -L/usr/local/lib'


Characteristics of this binary (from libperl): 
  Compile-time options: MULTIPLICITY PERL_DONT_CREATE_GVSV
                        PERL_IMPLICIT_CONTEXT PERL_MALLOC_WRAP PERL_USE_DEVEL
                        PERL_USE_SAFE_PUTENV USE_64_BIT_INT USE_ITHREADS
                        USE_LARGE_FILES USE_PERLIO USE_REENTRANT_API
  Built under solaris
  Compiled at Dec  4 2012 15:26:14
  %ENV:
    PERL5LIB=""
    PERL5OPT=""
    PERL5_CPANPLUS_IS_RUNNING="5853"
    PERL5_CPAN_IS_RUNNING="5853"
    PERL5_CPAN_IS_RUNNING_IN_RECURSION="13694,5853"
    PERLBREW_MANPATH="/export/home/smoke/perl5/perlbrew/perls/perl-5.10.1/man"
    PERLBREW_PATH="/export/home/smoke/perl5/perlbrew/bin:/export/home/smoke/perl5/perlbrew/perls/perl-5.10.1/bin"
    PERLBREW_PERL="perl-5.10.1"
    PERLBREW_ROOT="/export/home/smoke/perl5/perlbrew"
    PERLBREW_VERSION="0.59"
    PERL_CR_SMOKER_CURRENT="Bio-Das-Lite-2.11"
    PERL_EXTUTILS_AUTOINSTALL="--defaultdeps"
    PERL_MM_USE_DEFAULT="1"
  @INC:
    /export/home/smoke/perl5/perlbrew/perls/perl-5.10.1/lib/5.10.1/sun4-solaris-thread-multi-64int
    /export/home/smoke/perl5/perlbrew/perls/perl-5.10.1/lib/5.10.1
    /export/home/smoke/perl5/perlbrew/perls/perl-5.10.1/lib/site_perl/5.10.1/sun4-solaris-thread-multi-64int
    /export/home/smoke/perl5/perlbrew/perls/perl-5.10.1/lib/site_perl/5.10.1
    .