Report for HTTP-Server-Simple-0.45_02

Back
From: metabase:user:322078bc-2aae-11df-837a-5e0a49663a4f
Subject: FAIL HTTP-Server-Simple-0.45_02 v5.8.9 GNU/Linux
Date: 2012-05-26T10:45:51Z

This distribution has been tested as part of the CPAN Testers
project, supporting the Perl programming language.  See
http://wiki.cpantesters.org/ for more information or email
questions to cpan-testers-discuss@perl.org


--

Dear JESSE,

This is a computer-generated error report created automatically by
CPANPLUS, version 0.9129. Testers personal comments may appear
at the end of this report.


Thank you for uploading your work to CPAN.  However, it appears that
there were some problems testing your distribution.

TEST RESULTS:

Below is the error stack from stage 'make test':

PERL_DL_NONLAZY=1 /home/cpan/pit/thr/perl-5.8.9/bin/perl "-MExtUtils::Command::MM" "-e" "test_harness(0, 'inc', 'blib/lib', 'blib/arch')" t/*.t
t/00signature.t .... ok

#   Failed test 'use HTTP::Server::Simple;'
#   at t/00smoke.t line 3.
#     Tried to use 'HTTP::Server::Simple'.
#     Error:  Bareword "Socket::IN6ADDR_ANY" not allowed while "strict subs" in use at /home/cpan/pit/thr/conf/perl-5.8.9/.cpanplus/5.8.9/build/HTTP-Server-Simple-0.45_02/blib/lib/HTTP/Server/Simple.pm line 718.
# Compilation failed in require at (eval 4) line 2.
# BEGIN failed--compilation aborted at (eval 4) line 2.
# Looks like you failed 1 test of 8.
t/00smoke.t ........ 
Dubious, test returned 1 (wstat 256, 0x100)
Failed 1/8 subtests 
Bareword "Socket::IN6ADDR_ANY" not allowed while "strict subs" in use at /home/cpan/pit/thr/conf/perl-5.8.9/.cpanplus/5.8.9/build/HTTP-Server-Simple-0.45_02/blib/lib/HTTP/Server/Simple.pm line 718.
Compilation failed in require at t/01live.t line 13.
BEGIN failed--compilation aborted at t/01live.t line 13.
# Looks like your test exited with 255 before it could output anything.
t/01live.t ......... 
Dubious, test returned 255 (wstat 65280, 0xff00)
Failed 34/34 subtests 
t/02pod.t .......... skipped: Test::Pod 1.14 required for testing POD
t/03podcoverage.t .. skipped: Test::Pod::Coverage 1.04 required for testing POD coverage
Bareword "Socket::IN6ADDR_ANY" not allowed while "strict subs" in use at /home/cpan/pit/thr/conf/perl-5.8.9/.cpanplus/5.8.9/build/HTTP-Server-Simple-0.45_02/blib/lib/HTTP/Server/Simple.pm line 718.
Compilation failed in require at (eval 5) line 3.
	...propagated at /home/cpan/pit/thr/perl-5.8.9/lib/5.8.9/base.pm line 93.
BEGIN failed--compilation aborted at /home/cpan/pit/thr/conf/perl-5.8.9/.cpanplus/5.8.9/build/HTTP-Server-Simple-0.45_02/blib/lib/HTTP/Server/Simple/CGI.pm line 4.
Compilation failed in require at (eval 4) line 3.
	...propagated at /home/cpan/pit/thr/perl-5.8.9/lib/5.8.9/base.pm line 93.
BEGIN failed--compilation aborted at t/04cgi.t line 183.
t/04cgi.t .......... 
Dubious, test returned 255 (wstat 65280, 0xff00)
No subtests run 

Test Summary Report
-------------------
t/00smoke.t      (Wstat: 256 Tests: 8 Failed: 1)
  Failed test:  1
  Non-zero exit status: 1
t/01live.t       (Wstat: 65280 Tests: 0 Failed: 0)
  Non-zero exit status: 255
  Parse errors: Bad plan.  You planned 34 tests but ran 0.
t/04cgi.t        (Wstat: 65280 Tests: 0 Failed: 0)
  Non-zero exit status: 255
  Parse errors: No plan found in TAP output
Files=6, Tests=9,  0 wallclock secs ( 0.01 usr  0.02 sys +  0.10 cusr  0.00 csys =  0.13 CPU)
Result: FAIL
Failed 3/6 test programs. 1/9 subtests failed.
make: *** [test_dynamic] Error 255


PREREQUISITES:

Here is a list of prerequisites you specified and versions we
managed to load:

	  Module Name                        Have     Want
	  CGI                                3.42        0
	  ExtUtils::MakeMaker                6.62     6.36
	  Socket                             1.81        0
	  Test::More                         0.98        0

Perl module toolchain versions installed:
	Module Name                        Have
	CPANPLUS                         0.9129
	CPANPLUS::Dist::Build              0.62
	Cwd                                3.33
	ExtUtils::CBuilder             0.280205
	ExtUtils::Command                  1.16
	ExtUtils::Install                  1.54
	ExtUtils::MakeMaker                6.62
	ExtUtils::Manifest                 1.60
	ExtUtils::ParseXS                  3.15
	File::Spec                         3.33
	Module::Build                      0.40
	Test::Harness                      3.23
	Test::More                         0.98
	version                            0.99

******************************** NOTE ********************************
The comments above are created mechanically, possibly without manual
checking by the sender.  As there are many people performing automatic
tests on each upload to CPAN, it is likely that you will receive
identical messages about the same problem.

If you believe that the message is mistaken, please reply to the first
one with correction and/or additional informations, and do not take
it personally.  We appreciate your patience. :)
**********************************************************************

Additional comments:


This report was machine-generated by CPANPLUS::Dist::YACSmoke 0.80.
Powered by minismokebox version 0.54

------------------------------
ENVIRONMENT AND OTHER CONTEXT
------------------------------

Environment variables:

    AUTOMATED_TESTING = 1
    LANG = en_GB.UTF-8
    LANGUAGE = en_GB:en
    PATH = /usr/local/sbin:/usr/local/bin:/usr/sbin:/usr/bin:/sbin:/bin:/usr/games
    PERL5LIB = :/home/cpan/pit/thr/conf/perl-5.8.9/.cpanplus/5.8.9/build/HTTP-Server-Simple-0.45_02/blib/lib:/home/cpan/pit/thr/conf/perl-5.8.9/.cpanplus/5.8.9/build/HTTP-Server-Simple-0.45_02/blib/arch
    PERL5_CPANPLUS_IS_RUNNING = 22580
    PERL5_CPANPLUS_IS_VERSION = 0.9129
    PERL5_MINISMOKEBOX = 0.54
    PERL5_YACSMOKE_BASE = /home/cpan/pit/thr/conf/perl-5.8.9
    PERL_EXTUTILS_AUTOINSTALL = --defaultdeps
    PERL_MM_USE_DEFAULT = 1
    SHELL = /bin/bash
    TERM = screen

Perl special variables (and OS-specific diagnostics, for MSWin32):

    Perl: $^X = /home/cpan/pit/thr/perl-5.8.9/bin/perl
    UID:  $<  = 1001
    EUID: $>  = 1001
    GID:  $(  = 1001 1001
    EGID: $)  = 1001 1001


-------------------------------


--

Summary of my perl5 (revision 5 version 8 subversion 9) configuration:
  Platform:
    osname=linux, osvers=3.2.0-24-generic, archname=x86_64-linux-thread-multi
    uname='linux pluto 3.2.0-24-generic #37-ubuntu smp wed apr 25 08:43:22 utc 2012 x86_64 x86_64 x86_64 gnulinux '
    config_args='-des -Dprefix=/home/cpan/pit/thr/perl-5.8.9 -Dusethreads'
    hint=recommended, useposix=true, d_sigaction=define
    usethreads=define use5005threads=undef useithreads=define usemultiplicity=define
    useperlio=define d_sfio=undef uselargefiles=define usesocks=undef
    use64bitint=define use64bitall=define uselongdouble=undef
    usemymalloc=n, bincompat5005=undef
  Compiler:
    cc='cc', ccflags ='-D_REENTRANT -D_GNU_SOURCE -fno-strict-aliasing -pipe -I/usr/local/include -D_LARGEFILE_SOURCE -D_FILE_OFFSET_BITS=64',
    optimize='-O2',
    cppflags='-D_REENTRANT -D_GNU_SOURCE -fno-strict-aliasing -pipe -I/usr/local/include'
    ccversion='', gccversion='4.6.3', gccosandvers=''
    intsize=4, longsize=8, ptrsize=8, doublesize=8, byteorder=12345678
    d_longlong=define, longlongsize=8, d_longdbl=define, longdblsize=16
    ivtype='long', ivsize=8, nvtype='double', nvsize=8, Off_t='off_t', lseeksize=8
    alignbytes=8, prototype=define
  Linker and Libraries:
    ld='cc', ldflags =' -L/usr/local/lib'
    libpth=/usr/local/lib /lib/x86_64-linux-gnu /lib/../lib /usr/lib/x86_64-linux-gnu /usr/lib/../lib /lib /usr/lib
    libs=-lnsl -lgdbm -ldl -lm -lcrypt -lutil -lpthread -lc -lgdbm_compat
    perllibs=-lnsl -ldl -lm -lcrypt -lutil -lpthread -lc -lgdbm_compat
    libc=, so=so, useshrplib=false, libperl=libperl.a
    gnulibc_version='2.15'
  Dynamic Linking:
    dlsrc=dl_dlopen.xs, dlext=so, d_dlsymun=undef, ccdlflags='-Wl,-E'
    cccdlflags='-fPIC', lddlflags='-shared -O2 -L/usr/local/lib'


Characteristics of this binary (from libperl): 
  Compile-time options: MULTIPLICITY PERL_IMPLICIT_CONTEXT PERL_MALLOC_WRAP
                        USE_64_BIT_ALL USE_64_BIT_INT USE_FAST_STDIO
                        USE_ITHREADS USE_LARGE_FILES USE_PERLIO
                        USE_REENTRANT_API
  Built under linux
  Compiled at May 14 2012 17:34:30
  %ENV:
    PERL5LIB=":/home/cpan/pit/thr/conf/perl-5.8.9/.cpanplus/5.8.9/build/HTTP-Server-Simple-0.45_02/blib/lib:/home/cpan/pit/thr/conf/perl-5.8.9/.cpanplus/5.8.9/build/HTTP-Server-Simple-0.45_02/blib/arch"
    PERL5_CPANPLUS_IS_RUNNING="22580"
    PERL5_CPANPLUS_IS_VERSION="0.9129"
    PERL5_MINISMOKEBOX="0.54"
    PERL5_YACSMOKE_BASE="/home/cpan/pit/thr/conf/perl-5.8.9"
    PERL_EXTUTILS_AUTOINSTALL="--defaultdeps"
    PERL_MM_USE_DEFAULT="1"
  @INC:
    /home/cpan/pit/thr/conf/perl-5.8.9/.cpanplus/5.8.9/build/HTTP-Server-Simple-0.45_02/blib/lib
    /home/cpan/pit/thr/conf/perl-5.8.9/.cpanplus/5.8.9/build/HTTP-Server-Simple-0.45_02/blib/arch
    /home/cpan/pit/thr/perl-5.8.9/lib/5.8.9/x86_64-linux-thread-multi
    /home/cpan/pit/thr/perl-5.8.9/lib/5.8.9
    /home/cpan/pit/thr/perl-5.8.9/lib/site_perl/5.8.9/x86_64-linux-thread-multi
    /home/cpan/pit/thr/perl-5.8.9/lib/site_perl/5.8.9
    .